{"id":9922,"date":"2025-01-13T14:00:59","date_gmt":"2025-01-13T14:00:59","guid":{"rendered":"https:\/\/aivlisoft.com\/?post_type=product&#038;p=9922"},"modified":"2025-01-14T10:49:15","modified_gmt":"2025-01-14T10:49:15","slug":"keep-out-xgm40uw5k-monitor-40-5k-1ms-mm-curv","status":"publish","type":"product","link":"https:\/\/aivlisoft.net\/shop\/producto\/keep-out-xgm40uw5k-monitor-40-5k-1ms-mm-curv\/","title":{"rendered":"Keep Out XGM40UW5K  monitor 40&#8243; 5K 1ms MM curv"},"content":{"rendered":"<p>El XGM40UW5K es un monitor UltraWide curvo de 40&rdquo; con resoluci&oacute;n 5K WUHD (5120&times;2160), que te ofrece una combinaci&oacute;n de experiencia sin precedentes para trabajar en la oficina o disfrutar de tus mejores juegos, con comodidad para tus ojos y gran nitidez de im&aacute;genes. Su pantalla LG IPS est&aacute; optimizada para reducir la emisi&oacute;n de ondas de luz azul y minimizar el parpadeo, proteger&aacute; tus ojos para que puedas estar m&aacute;s tiempo frente a la pantalla, adem&aacute;s es compatible con FreeSync y G-Sync.Si lo tuyo es el Gaming a gran nivel con un tiempo de respuesta de 4ms jugar&aacute;s con mayor fluidez. Incluye altavoces traseros y soporte inclinable, girable y regulable en altura. Dispone de dos entradas HDMI 2.1 y dos entradas DisplayPort 1.4.<\/p>\n<table class=\"tabla_caracteristicas k-table\" width=\"100%\">\n<tr>\n<td valign=\"top\"><strong>Marca<\/strong><\/td>\n<td>KEEP OUT<\/td>\n<\/tr>\n<tr>\n<td valign=\"top\"><strong>Modelo<\/strong><\/td>\n<td><strong>XGM40UW5K<\/strong><\/td>\n<\/tr>\n<tr>\n<td valign=\"top\"><strong>Pantalla<\/strong><\/td>\n<td>&#8211; Diagonal de la pantalla: <strong>40&#8243; <\/strong><br \/>\t\t\t&#8211; Curvo Grado A mate<br \/>\t\t\t&#8211; Tipo:<strong> LG<\/strong> <strong>IPS<\/strong><br \/>\t\t\t&#8211; Curvatura: R2500<br \/>\t\t\t&#8211; Resoluci&oacute;n: UltraWide WUHD 5K 5120&times;2160<br \/>\t\t\t&#8211; Frecuencia: 60Hz<br \/>\t\t\t&#8211; Tiempo de respuesta: 4ms<br \/>\t\t\t&#8211; &Aacute;ngulo de visi&oacute;n: H:178&deg; V:178&deg;<br \/>\t\t\t&#8211; Brillo: 300cd\/m2<br \/>\t\t\t&#8211; Contraste: 1000:1<br \/>\t\t\t&#8211; Formato: 21:9<\/td>\n<\/tr>\n<tr>\n<td valign=\"top\"><strong>Conexi&oacute;n<\/strong><\/td>\n<td><strong>Entradas<\/strong><br \/>\t\t\t&#8211; 2 x DisplayPort 1.4<br \/>\t\t\t&#8211; 2 x HDMI 2.1<br \/>\t\t\t&#8211; Audio Jack 3.5 mm salida<\/td>\n<\/tr>\n<tr>\n<td valign=\"top\"><strong>Caracter&iacute;sticas<\/strong><\/td>\n<td>&#8211; Vesa: 100mm x 100mm<br \/>\t\t\t&#8211; Altavoces: 2 x 3W<br \/>\t\t\t&#8211; Soporte: Inclinable 27&ordm;, giro 30&ordm;<br \/>\t\t\t&#8211; G-Sync y FreeSync soportados<br \/>\t\t\t&#8211; Soporte regulable en altura 127mm<br \/>\t\t\t<strong>Dimensiones y peso<\/strong><br \/>\t\t\t&#8211; 946 x 580 x 252 mm<br \/>\t\t\t&#8211; 9,4 kg<br \/>\t\t\t<strong>Contiene<\/strong><br \/>\t\t\t&#8211; XGM40UW5K<br \/>\t\t\t&#8211; Gu&iacute;a de usuario<br \/>\t\t\t&#8211; Base y tornillos<br \/>\t\t\t&#8211; Adaptador de corriente<br \/>\t\t\t&#8211; Cable HDMI<\/td>\n<\/tr>\n<tr>\n<td valign=\"top\"><strong>Certificado energ&eacute;tico<\/strong><\/td>\n<td><a alt=\"Certificado energ&Atilde;&#402;?&Atilde;&#8218;&Acirc;&copy;tico\" href=\"https:\/\/www.infortisa.com\/images\/content\/2024091215182428844FMOMLE0902_1.webp\" target=\"_blank\">Ver certificado<\/a><\/td>\n<\/tr>\n<tr>\n<td valign=\"top\"><strong>Fecha de revisi&oacute;n<\/strong><\/td>\n<td>12-09-2024 por RTY<\/td>\n<\/tr>\n<\/table>\n","protected":false},"excerpt":{"rendered":"<p>El XGM40UW5K es un monitor UltraWide curvo de 40&rdquo; con resoluci&oacute;n 5K WUHD (5120&times;2160), que te ofrece una combinaci&oacute;n de experiencia sin precedentes para trabajar en la oficina o disfrutar de tus mejores juegos, con comodidad para tus ojos y gran nitidez de im&aacute;genes. Su pantalla LG IPS est&aacute; optimizada para reducir la emisi&oacute;n de&hellip;&nbsp;<a href=\"https:\/\/aivlisoft.net\/shop\/producto\/keep-out-xgm40uw5k-monitor-40-5k-1ms-mm-curv\/\" rel=\"bookmark\"><span class=\"screen-reader-text\">Keep Out XGM40UW5K  monitor 40&#8243; 5K 1ms MM curv<\/span><\/a><\/p>\n","protected":false},"featured_media":0,"template":"","meta":{"neve_meta_sidebar":"","neve_meta_container":"","neve_meta_enable_content_width":"","neve_meta_content_width":0,"neve_meta_title_alignment":"","neve_meta_author_avatar":"","neve_post_elements_order":"","neve_meta_disable_header":"","neve_meta_disable_footer":"","neve_meta_disable_title":""},"product_brand":[],"product_cat":[8720],"product_tag":[3877],"class_list":{"0":"post-9922","1":"product","2":"type-product","3":"status-publish","5":"product_cat-monitores-led","6":"product_tag-xgm40uw5k","8":"first","9":"instock","10":"taxable","11":"shipping-taxable","12":"purchasable","13":"product-type-simple"},"yoast_head":"<!-- This site is optimized with the Yoast SEO plugin v26.0 - https:\/\/yoast.com\/wordpress\/plugins\/seo\/ -->\n<title>Keep Out XGM40UW5K monitor 40&quot; 5K 1ms MM curv - Aivlisoft Inform\u00e1tica<\/title>\n<meta name=\"robots\" content=\"index, follow, max-snippet:-1, max-image-preview:large, max-video-preview:-1\" \/>\n<link rel=\"canonical\" href=\"https:\/\/aivlisoft.net\/shop\/producto\/keep-out-xgm40uw5k-monitor-40-5k-1ms-mm-curv\/\" \/>\n<meta property=\"og:locale\" content=\"es_ES\" \/>\n<meta property=\"og:type\" content=\"article\" \/>\n<meta property=\"og:title\" content=\"Keep Out XGM40UW5K monitor 40&quot; 5K 1ms MM curv - Aivlisoft Inform\u00e1tica\" \/>\n<meta property=\"og:description\" content=\"El XGM40UW5K es un monitor UltraWide curvo de 40&rdquo; con resoluci&oacute;n 5K WUHD (5120&times;2160), que te ofrece una combinaci&oacute;n de experiencia sin precedentes para trabajar en la oficina o disfrutar de tus mejores juegos, con comodidad para tus ojos y gran nitidez de im&aacute;genes. Su pantalla LG IPS est&aacute; optimizada para reducir la emisi&oacute;n de&hellip;&nbsp;Keep Out XGM40UW5K monitor 40&#8243; 5K 1ms MM curv\" \/>\n<meta property=\"og:url\" content=\"https:\/\/aivlisoft.net\/shop\/producto\/keep-out-xgm40uw5k-monitor-40-5k-1ms-mm-curv\/\" \/>\n<meta property=\"og:site_name\" content=\"Aivlisoft Inform\u00e1tica\" \/>\n<meta property=\"article:modified_time\" content=\"2025-01-14T10:49:15+00:00\" \/>\n<meta name=\"twitter:card\" content=\"summary_large_image\" \/>\n<meta name=\"twitter:label1\" content=\"Tiempo de lectura\" \/>\n\t<meta name=\"twitter:data1\" content=\"1 minuto\" \/>\n<script type=\"application\/ld+json\" class=\"yoast-schema-graph\">{\"@context\":\"https:\/\/schema.org\",\"@graph\":[{\"@type\":\"WebPage\",\"@id\":\"https:\/\/aivlisoft.net\/shop\/producto\/keep-out-xgm40uw5k-monitor-40-5k-1ms-mm-curv\/\",\"url\":\"https:\/\/aivlisoft.net\/shop\/producto\/keep-out-xgm40uw5k-monitor-40-5k-1ms-mm-curv\/\",\"name\":\"Keep Out XGM40UW5K monitor 40\\\" 5K 1ms MM curv - Aivlisoft Inform\u00e1tica\",\"isPartOf\":{\"@id\":\"https:\/\/aivlisoft.net\/shop\/#website\"},\"datePublished\":\"2025-01-13T14:00:59+00:00\",\"dateModified\":\"2025-01-14T10:49:15+00:00\",\"breadcrumb\":{\"@id\":\"https:\/\/aivlisoft.net\/shop\/producto\/keep-out-xgm40uw5k-monitor-40-5k-1ms-mm-curv\/#breadcrumb\"},\"inLanguage\":\"es\",\"potentialAction\":[{\"@type\":\"ReadAction\",\"target\":[\"https:\/\/aivlisoft.net\/shop\/producto\/keep-out-xgm40uw5k-monitor-40-5k-1ms-mm-curv\/\"]}]},{\"@type\":\"BreadcrumbList\",\"@id\":\"https:\/\/aivlisoft.net\/shop\/producto\/keep-out-xgm40uw5k-monitor-40-5k-1ms-mm-curv\/#breadcrumb\",\"itemListElement\":[{\"@type\":\"ListItem\",\"position\":1,\"name\":\"Portada\",\"item\":\"https:\/\/aivlisoft.net\/shop\/\"},{\"@type\":\"ListItem\",\"position\":2,\"name\":\"Tienda\",\"item\":\"https:\/\/aivlisoft.net\/shop\/tienda\/\"},{\"@type\":\"ListItem\",\"position\":3,\"name\":\"Keep Out XGM40UW5K monitor 40&#8243; 5K 1ms MM curv\"}]},{\"@type\":\"WebSite\",\"@id\":\"https:\/\/aivlisoft.net\/shop\/#website\",\"url\":\"https:\/\/aivlisoft.net\/shop\/\",\"name\":\"Aivlisoft Inform\u00e1tica\",\"description\":\"En Aivlisoft Inform\u00e1tica ofrecemos soluciones tecnol\u00f3gicas para empresas: venta de ordenadores, consumibles, perif\u00e9ricos y m\u00e1s. Calidad, atenci\u00f3n personalizada y los mejores precios para tu negocio.\",\"publisher\":{\"@id\":\"https:\/\/aivlisoft.net\/shop\/#organization\"},\"potentialAction\":[{\"@type\":\"SearchAction\",\"target\":{\"@type\":\"EntryPoint\",\"urlTemplate\":\"https:\/\/aivlisoft.net\/shop\/?s={search_term_string}\"},\"query-input\":{\"@type\":\"PropertyValueSpecification\",\"valueRequired\":true,\"valueName\":\"search_term_string\"}}],\"inLanguage\":\"es\"},{\"@type\":\"Organization\",\"@id\":\"https:\/\/aivlisoft.net\/shop\/#organization\",\"name\":\"Aivlisoft Inform\u00e1tica\",\"url\":\"https:\/\/aivlisoft.net\/shop\/\",\"logo\":{\"@type\":\"ImageObject\",\"inLanguage\":\"es\",\"@id\":\"https:\/\/aivlisoft.net\/shop\/#\/schema\/logo\/image\/\",\"url\":\"https:\/\/aivlisoft.net\/shop\/wp-content\/uploads\/2024\/12\/removal.ai_5b848c54-0cdf-4140-95c5-c5536bb7573b-logodef.png\",\"contentUrl\":\"https:\/\/aivlisoft.net\/shop\/wp-content\/uploads\/2024\/12\/removal.ai_5b848c54-0cdf-4140-95c5-c5536bb7573b-logodef.png\",\"width\":484,\"height\":182,\"caption\":\"Aivlisoft Inform\u00e1tica\"},\"image\":{\"@id\":\"https:\/\/aivlisoft.net\/shop\/#\/schema\/logo\/image\/\"}}]}<\/script>\n<!-- \/ Yoast SEO plugin. -->","yoast_head_json":{"title":"Keep Out XGM40UW5K monitor 40\" 5K 1ms MM curv - Aivlisoft Inform\u00e1tica","robots":{"index":"index","follow":"follow","max-snippet":"max-snippet:-1","max-image-preview":"max-image-preview:large","max-video-preview":"max-video-preview:-1"},"canonical":"https:\/\/aivlisoft.net\/shop\/producto\/keep-out-xgm40uw5k-monitor-40-5k-1ms-mm-curv\/","og_locale":"es_ES","og_type":"article","og_title":"Keep Out XGM40UW5K monitor 40\" 5K 1ms MM curv - Aivlisoft Inform\u00e1tica","og_description":"El XGM40UW5K es un monitor UltraWide curvo de 40&rdquo; con resoluci&oacute;n 5K WUHD (5120&times;2160), que te ofrece una combinaci&oacute;n de experiencia sin precedentes para trabajar en la oficina o disfrutar de tus mejores juegos, con comodidad para tus ojos y gran nitidez de im&aacute;genes. Su pantalla LG IPS est&aacute; optimizada para reducir la emisi&oacute;n de&hellip;&nbsp;Keep Out XGM40UW5K monitor 40&#8243; 5K 1ms MM curv","og_url":"https:\/\/aivlisoft.net\/shop\/producto\/keep-out-xgm40uw5k-monitor-40-5k-1ms-mm-curv\/","og_site_name":"Aivlisoft Inform\u00e1tica","article_modified_time":"2025-01-14T10:49:15+00:00","twitter_card":"summary_large_image","twitter_misc":{"Tiempo de lectura":"1 minuto"},"schema":{"@context":"https:\/\/schema.org","@graph":[{"@type":"WebPage","@id":"https:\/\/aivlisoft.net\/shop\/producto\/keep-out-xgm40uw5k-monitor-40-5k-1ms-mm-curv\/","url":"https:\/\/aivlisoft.net\/shop\/producto\/keep-out-xgm40uw5k-monitor-40-5k-1ms-mm-curv\/","name":"Keep Out XGM40UW5K monitor 40\" 5K 1ms MM curv - Aivlisoft Inform\u00e1tica","isPartOf":{"@id":"https:\/\/aivlisoft.net\/shop\/#website"},"datePublished":"2025-01-13T14:00:59+00:00","dateModified":"2025-01-14T10:49:15+00:00","breadcrumb":{"@id":"https:\/\/aivlisoft.net\/shop\/producto\/keep-out-xgm40uw5k-monitor-40-5k-1ms-mm-curv\/#breadcrumb"},"inLanguage":"es","potentialAction":[{"@type":"ReadAction","target":["https:\/\/aivlisoft.net\/shop\/producto\/keep-out-xgm40uw5k-monitor-40-5k-1ms-mm-curv\/"]}]},{"@type":"BreadcrumbList","@id":"https:\/\/aivlisoft.net\/shop\/producto\/keep-out-xgm40uw5k-monitor-40-5k-1ms-mm-curv\/#breadcrumb","itemListElement":[{"@type":"ListItem","position":1,"name":"Portada","item":"https:\/\/aivlisoft.net\/shop\/"},{"@type":"ListItem","position":2,"name":"Tienda","item":"https:\/\/aivlisoft.net\/shop\/tienda\/"},{"@type":"ListItem","position":3,"name":"Keep Out XGM40UW5K monitor 40&#8243; 5K 1ms MM curv"}]},{"@type":"WebSite","@id":"https:\/\/aivlisoft.net\/shop\/#website","url":"https:\/\/aivlisoft.net\/shop\/","name":"Aivlisoft Inform\u00e1tica","description":"En Aivlisoft Inform\u00e1tica ofrecemos soluciones tecnol\u00f3gicas para empresas: venta de ordenadores, consumibles, perif\u00e9ricos y m\u00e1s. Calidad, atenci\u00f3n personalizada y los mejores precios para tu negocio.","publisher":{"@id":"https:\/\/aivlisoft.net\/shop\/#organization"},"potentialAction":[{"@type":"SearchAction","target":{"@type":"EntryPoint","urlTemplate":"https:\/\/aivlisoft.net\/shop\/?s={search_term_string}"},"query-input":{"@type":"PropertyValueSpecification","valueRequired":true,"valueName":"search_term_string"}}],"inLanguage":"es"},{"@type":"Organization","@id":"https:\/\/aivlisoft.net\/shop\/#organization","name":"Aivlisoft Inform\u00e1tica","url":"https:\/\/aivlisoft.net\/shop\/","logo":{"@type":"ImageObject","inLanguage":"es","@id":"https:\/\/aivlisoft.net\/shop\/#\/schema\/logo\/image\/","url":"https:\/\/aivlisoft.net\/shop\/wp-content\/uploads\/2024\/12\/removal.ai_5b848c54-0cdf-4140-95c5-c5536bb7573b-logodef.png","contentUrl":"https:\/\/aivlisoft.net\/shop\/wp-content\/uploads\/2024\/12\/removal.ai_5b848c54-0cdf-4140-95c5-c5536bb7573b-logodef.png","width":484,"height":182,"caption":"Aivlisoft Inform\u00e1tica"},"image":{"@id":"https:\/\/aivlisoft.net\/shop\/#\/schema\/logo\/image\/"}}]}},"_links":{"self":[{"href":"https:\/\/aivlisoft.net\/shop\/wp-json\/wp\/v2\/product\/9922","targetHints":{"allow":["GET"]}}],"collection":[{"href":"https:\/\/aivlisoft.net\/shop\/wp-json\/wp\/v2\/product"}],"about":[{"href":"https:\/\/aivlisoft.net\/shop\/wp-json\/wp\/v2\/types\/product"}],"wp:attachment":[{"href":"https:\/\/aivlisoft.net\/shop\/wp-json\/wp\/v2\/media?parent=9922"}],"wp:term":[{"taxonomy":"product_brand","embeddable":true,"href":"https:\/\/aivlisoft.net\/shop\/wp-json\/wp\/v2\/product_brand?post=9922"},{"taxonomy":"product_cat","embeddable":true,"href":"https:\/\/aivlisoft.net\/shop\/wp-json\/wp\/v2\/product_cat?post=9922"},{"taxonomy":"product_tag","embeddable":true,"href":"https:\/\/aivlisoft.net\/shop\/wp-json\/wp\/v2\/product_tag?post=9922"}],"curies":[{"name":"wp","href":"https:\/\/api.w.org\/{rel}","templated":true}]}}