{"id":9465,"date":"2025-01-13T13:57:21","date_gmt":"2025-01-13T13:57:21","guid":{"rendered":"https:\/\/aivlisoft.com\/?post_type=product&#038;p=9465"},"modified":"2025-01-14T10:47:02","modified_gmt":"2025-01-14T10:47:02","slug":"spc-monitor-24-fhd-smartchromecast-12v-mm-wf","status":"publish","type":"product","link":"https:\/\/aivlisoft.net\/shop\/producto\/spc-monitor-24-fhd-smartchromecast-12v-mm-wf\/","title":{"rendered":"SPC Monitor 24&#8243; FHD Smart+Chromecast 12V MM Wf"},"content":{"rendered":"<p><\/p>\n<p>&nbsp;<\/p>\n<table class=\"tabla_caracteristicas k-table\" width=\"100%\">\n<tr>\n<td valign=\"top\"><strong>Marca<\/strong><\/td>\n<td><strong>SPC<\/strong><\/td>\n<\/tr>\n<tr>\n<td valign=\"top\"><strong>Modelo<\/strong><\/td>\n<td><strong>900024N<\/strong><\/td>\n<\/tr>\n<tr>\n<td valign=\"top\"><strong>Pantalla<\/strong><\/td>\n<td>&#8211; Tama&ntilde;o del panel: <strong>23,8&#8243;<\/strong><br \/>\t\t\t&#8211; Medidas: 537.85 x 315.6 x 46.33 mm<br \/>\t\t\t&#8211; Resoluci&oacute;n: 1920 x 1080<br \/>\t\t\t&#8211; Relaci&oacute;n aspecto: 16:09<br \/>\t\t\t&#8211; Panel: VA<br \/>\t\t\t&#8211; Brillo (Normal): 250 cd\/m&sup2; (Typ.)<br \/>\t\t\t&#8211; Tiempo de respuesta: 16ms Typ<br \/>\t\t\t&#8211; &Aacute;ngulo de visi&oacute;n (H\/V): 178&deg;(H) \/178&deg;(V)<br \/>\t\t\t&#8211; Refresco: 60Hz<br \/>\t\t\t&#8211; Filtro luz azul<\/td>\n<\/tr>\n<tr>\n<td valign=\"top\"><strong>Conexi&oacute;n<\/strong><\/td>\n<td>&#8211; 1 x USB 2.0<br \/>\t\t\t&#8211; 2 x HDMI (v1.4)<br \/>\t\t\t&#8211; Wi-Fi 5 (a\/b\/g\/n\/ac)<\/td>\n<\/tr>\n<tr>\n<td valign=\"top\"><strong>Caracter&iacute;sticas<\/strong><\/td>\n<td><strong>Ajustes Smart<\/strong><br \/>\t\t\t&#8211; SOC: MT9216<br \/>\t\t\t&#8211; OS: Android TV<br \/>\t\t\t&#8211; Idiomas: Ingl&eacute;s, alem&aacute;n, espa&ntilde;ol, franc&eacute;s, italiano, portugu&eacute;s, turco, ruso, &aacute;rabe, coreano, japon&eacute;s<br \/>\t\t\t&#8211; Interacci&oacute;n por voz<br \/>\t\t\t&#8211; Asistente Google<br \/>\t\t\t&#8211; Chromecast<br \/>\t\t\t&#8211; Acceso remoto<br \/>\t\t\t&#8211; Del m&oacute;vil a la pantalla<br \/>\t\t\t&#8211; Apps preinstaladas: Netflix, Youtube, Prime Video, Google Play<br \/>\t\t\t<strong>Caracter&iacute;stica de audio<\/strong><br \/>\t\t\t&#8211; Altavoces<br \/>\t\t\t<strong>Alimentaci&oacute;n<\/strong><br \/>\t\t\t&#8211; Entrada alimentador: 100-240V~, 50\/60Hz<br \/>\t\t\t&#8211; Salida alimentador: 12V 3A 36W<br \/>\t\t\t&#8211; Indicador de luz: Encendido: azul \/ Apagado: rojo<br \/>\t\t\t&#8211; Energ&iacute;a: 18W<br \/>\t\t\t<strong>Dise&ntilde;o mecanico<\/strong><br \/>\t\t\t&#8211; Inclinaci&oacute;n: Sde 5&ordm; a 15&ordm;<br \/>\t\t\t&#8211; Montaje en pared<br \/>\t\t\t<strong>Dimensiones y peso<\/strong><br \/>\t\t\t&#8211; Dimensiones: 537.85 x 315.6 x 46.33 mm<br \/>\t\t\t&#8211; Peso con soporte: 2,8 kg<br \/>\t\t\t<strong>Contenido<\/strong><br \/>\t\t\t&#8211; SPC Smart Monitor<br \/>\t\t\t&#8211; Control remoto con Google Assistant<br \/>\t\t\t&#8211; Base<br \/>\t\t\t&#8211; Cable de carga<br \/>\t\t\t&#8211; Alimentador<br \/>\t\t\t&#8211; Cable HDMI<br \/>\t\t\t&#8211; Manual<\/td>\n<\/tr>\n<tr>\n<td valign=\"top\"><strong>Fecha de revisi&oacute;n<\/strong><\/td>\n<td>14-03-2023 por RTY<\/td>\n<\/tr>\n<\/table>\n","protected":false},"excerpt":{"rendered":"<p>&nbsp; Marca SPC Modelo 900024N Pantalla &#8211; Tama&ntilde;o del panel: 23,8&#8243; &#8211; Medidas: 537.85 x 315.6 x 46.33 mm &#8211; Resoluci&oacute;n: 1920 x 1080 &#8211; Relaci&oacute;n aspecto: 16:09 &#8211; Panel: VA &#8211; Brillo (Normal): 250 cd\/m&sup2; (Typ.) &#8211; Tiempo de respuesta: 16ms Typ &#8211; &Aacute;ngulo de visi&oacute;n (H\/V): 178&deg;(H) \/178&deg;(V) &#8211; Refresco: 60Hz &#8211; Filtro&hellip;&nbsp;<a href=\"https:\/\/aivlisoft.net\/shop\/producto\/spc-monitor-24-fhd-smartchromecast-12v-mm-wf\/\" rel=\"bookmark\"><span class=\"screen-reader-text\">SPC Monitor 24&#8243; FHD Smart+Chromecast 12V MM Wf<\/span><\/a><\/p>\n","protected":false},"featured_media":9466,"template":"","meta":{"neve_meta_sidebar":"","neve_meta_container":"","neve_meta_enable_content_width":"","neve_meta_content_width":0,"neve_meta_title_alignment":"","neve_meta_author_avatar":"","neve_post_elements_order":"","neve_meta_disable_header":"","neve_meta_disable_footer":"","neve_meta_disable_title":""},"product_brand":[],"product_cat":[8720],"product_tag":[3763],"class_list":{"0":"post-9465","1":"product","2":"type-product","3":"status-publish","4":"has-post-thumbnail","6":"product_cat-monitores-led","7":"product_tag-900024n","9":"first","10":"instock","11":"taxable","12":"shipping-taxable","13":"purchasable","14":"product-type-simple"},"yoast_head":"<!-- This site is optimized with the Yoast SEO plugin v26.0 - https:\/\/yoast.com\/wordpress\/plugins\/seo\/ -->\n<title>SPC Monitor 24&quot; FHD Smart+Chromecast 12V MM Wf - Aivlisoft Inform\u00e1tica<\/title>\n<meta name=\"robots\" content=\"index, follow, max-snippet:-1, max-image-preview:large, max-video-preview:-1\" \/>\n<link rel=\"canonical\" href=\"https:\/\/aivlisoft.net\/shop\/producto\/spc-monitor-24-fhd-smartchromecast-12v-mm-wf\/\" \/>\n<meta property=\"og:locale\" content=\"es_ES\" \/>\n<meta property=\"og:type\" content=\"article\" \/>\n<meta property=\"og:title\" content=\"SPC Monitor 24&quot; FHD Smart+Chromecast 12V MM Wf - Aivlisoft Inform\u00e1tica\" \/>\n<meta property=\"og:description\" content=\"&nbsp; Marca SPC Modelo 900024N Pantalla &#8211; Tama&ntilde;o del panel: 23,8&#8243; &#8211; Medidas: 537.85 x 315.6 x 46.33 mm &#8211; Resoluci&oacute;n: 1920 x 1080 &#8211; Relaci&oacute;n aspecto: 16:09 &#8211; Panel: VA &#8211; Brillo (Normal): 250 cd\/m&sup2; (Typ.) &#8211; Tiempo de respuesta: 16ms Typ &#8211; &Aacute;ngulo de visi&oacute;n (H\/V): 178&deg;(H) \/178&deg;(V) &#8211; Refresco: 60Hz &#8211; Filtro&hellip;&nbsp;SPC Monitor 24&#8243; FHD Smart+Chromecast 12V MM Wf\" \/>\n<meta property=\"og:url\" content=\"https:\/\/aivlisoft.net\/shop\/producto\/spc-monitor-24-fhd-smartchromecast-12v-mm-wf\/\" \/>\n<meta property=\"og:site_name\" content=\"Aivlisoft Inform\u00e1tica\" \/>\n<meta property=\"article:modified_time\" content=\"2025-01-14T10:47:02+00:00\" \/>\n<meta property=\"og:image\" content=\"https:\/\/aivlisoft.net\/shop\/wp-content\/uploads\/2025\/01\/FMOMLE0698_800.jpg\" \/>\n\t<meta property=\"og:image:width\" content=\"800\" \/>\n\t<meta property=\"og:image:height\" content=\"800\" \/>\n\t<meta property=\"og:image:type\" content=\"image\/jpeg\" \/>\n<meta name=\"twitter:card\" content=\"summary_large_image\" \/>\n<meta name=\"twitter:label1\" content=\"Tiempo de lectura\" \/>\n\t<meta name=\"twitter:data1\" content=\"1 minuto\" \/>\n<script type=\"application\/ld+json\" class=\"yoast-schema-graph\">{\"@context\":\"https:\/\/schema.org\",\"@graph\":[{\"@type\":\"WebPage\",\"@id\":\"https:\/\/aivlisoft.net\/shop\/producto\/spc-monitor-24-fhd-smartchromecast-12v-mm-wf\/\",\"url\":\"https:\/\/aivlisoft.net\/shop\/producto\/spc-monitor-24-fhd-smartchromecast-12v-mm-wf\/\",\"name\":\"SPC Monitor 24\\\" FHD Smart+Chromecast 12V MM Wf - Aivlisoft Inform\u00e1tica\",\"isPartOf\":{\"@id\":\"https:\/\/aivlisoft.net\/shop\/#website\"},\"primaryImageOfPage\":{\"@id\":\"https:\/\/aivlisoft.net\/shop\/producto\/spc-monitor-24-fhd-smartchromecast-12v-mm-wf\/#primaryimage\"},\"image\":{\"@id\":\"https:\/\/aivlisoft.net\/shop\/producto\/spc-monitor-24-fhd-smartchromecast-12v-mm-wf\/#primaryimage\"},\"thumbnailUrl\":\"https:\/\/aivlisoft.net\/shop\/wp-content\/uploads\/2025\/01\/FMOMLE0698_800.jpg\",\"datePublished\":\"2025-01-13T13:57:21+00:00\",\"dateModified\":\"2025-01-14T10:47:02+00:00\",\"breadcrumb\":{\"@id\":\"https:\/\/aivlisoft.net\/shop\/producto\/spc-monitor-24-fhd-smartchromecast-12v-mm-wf\/#breadcrumb\"},\"inLanguage\":\"es\",\"potentialAction\":[{\"@type\":\"ReadAction\",\"target\":[\"https:\/\/aivlisoft.net\/shop\/producto\/spc-monitor-24-fhd-smartchromecast-12v-mm-wf\/\"]}]},{\"@type\":\"ImageObject\",\"inLanguage\":\"es\",\"@id\":\"https:\/\/aivlisoft.net\/shop\/producto\/spc-monitor-24-fhd-smartchromecast-12v-mm-wf\/#primaryimage\",\"url\":\"https:\/\/aivlisoft.net\/shop\/wp-content\/uploads\/2025\/01\/FMOMLE0698_800.jpg\",\"contentUrl\":\"https:\/\/aivlisoft.net\/shop\/wp-content\/uploads\/2025\/01\/FMOMLE0698_800.jpg\",\"width\":800,\"height\":800},{\"@type\":\"BreadcrumbList\",\"@id\":\"https:\/\/aivlisoft.net\/shop\/producto\/spc-monitor-24-fhd-smartchromecast-12v-mm-wf\/#breadcrumb\",\"itemListElement\":[{\"@type\":\"ListItem\",\"position\":1,\"name\":\"Portada\",\"item\":\"https:\/\/aivlisoft.net\/shop\/\"},{\"@type\":\"ListItem\",\"position\":2,\"name\":\"Tienda\",\"item\":\"https:\/\/aivlisoft.net\/shop\/tienda\/\"},{\"@type\":\"ListItem\",\"position\":3,\"name\":\"SPC Monitor 24&#8243; FHD Smart+Chromecast 12V MM Wf\"}]},{\"@type\":\"WebSite\",\"@id\":\"https:\/\/aivlisoft.net\/shop\/#website\",\"url\":\"https:\/\/aivlisoft.net\/shop\/\",\"name\":\"Aivlisoft Inform\u00e1tica\",\"description\":\"En Aivlisoft Inform\u00e1tica ofrecemos soluciones tecnol\u00f3gicas para empresas: venta de ordenadores, consumibles, perif\u00e9ricos y m\u00e1s. Calidad, atenci\u00f3n personalizada y los mejores precios para tu negocio.\",\"publisher\":{\"@id\":\"https:\/\/aivlisoft.net\/shop\/#organization\"},\"potentialAction\":[{\"@type\":\"SearchAction\",\"target\":{\"@type\":\"EntryPoint\",\"urlTemplate\":\"https:\/\/aivlisoft.net\/shop\/?s={search_term_string}\"},\"query-input\":{\"@type\":\"PropertyValueSpecification\",\"valueRequired\":true,\"valueName\":\"search_term_string\"}}],\"inLanguage\":\"es\"},{\"@type\":\"Organization\",\"@id\":\"https:\/\/aivlisoft.net\/shop\/#organization\",\"name\":\"Aivlisoft Inform\u00e1tica\",\"url\":\"https:\/\/aivlisoft.net\/shop\/\",\"logo\":{\"@type\":\"ImageObject\",\"inLanguage\":\"es\",\"@id\":\"https:\/\/aivlisoft.net\/shop\/#\/schema\/logo\/image\/\",\"url\":\"https:\/\/aivlisoft.net\/shop\/wp-content\/uploads\/2024\/12\/removal.ai_5b848c54-0cdf-4140-95c5-c5536bb7573b-logodef.png\",\"contentUrl\":\"https:\/\/aivlisoft.net\/shop\/wp-content\/uploads\/2024\/12\/removal.ai_5b848c54-0cdf-4140-95c5-c5536bb7573b-logodef.png\",\"width\":484,\"height\":182,\"caption\":\"Aivlisoft Inform\u00e1tica\"},\"image\":{\"@id\":\"https:\/\/aivlisoft.net\/shop\/#\/schema\/logo\/image\/\"}}]}<\/script>\n<!-- \/ Yoast SEO plugin. -->","yoast_head_json":{"title":"SPC Monitor 24\" FHD Smart+Chromecast 12V MM Wf - Aivlisoft Inform\u00e1tica","robots":{"index":"index","follow":"follow","max-snippet":"max-snippet:-1","max-image-preview":"max-image-preview:large","max-video-preview":"max-video-preview:-1"},"canonical":"https:\/\/aivlisoft.net\/shop\/producto\/spc-monitor-24-fhd-smartchromecast-12v-mm-wf\/","og_locale":"es_ES","og_type":"article","og_title":"SPC Monitor 24\" FHD Smart+Chromecast 12V MM Wf - Aivlisoft Inform\u00e1tica","og_description":"&nbsp; Marca SPC Modelo 900024N Pantalla &#8211; Tama&ntilde;o del panel: 23,8&#8243; &#8211; Medidas: 537.85 x 315.6 x 46.33 mm &#8211; Resoluci&oacute;n: 1920 x 1080 &#8211; Relaci&oacute;n aspecto: 16:09 &#8211; Panel: VA &#8211; Brillo (Normal): 250 cd\/m&sup2; (Typ.) &#8211; Tiempo de respuesta: 16ms Typ &#8211; &Aacute;ngulo de visi&oacute;n (H\/V): 178&deg;(H) \/178&deg;(V) &#8211; Refresco: 60Hz &#8211; Filtro&hellip;&nbsp;SPC Monitor 24&#8243; FHD Smart+Chromecast 12V MM Wf","og_url":"https:\/\/aivlisoft.net\/shop\/producto\/spc-monitor-24-fhd-smartchromecast-12v-mm-wf\/","og_site_name":"Aivlisoft Inform\u00e1tica","article_modified_time":"2025-01-14T10:47:02+00:00","og_image":[{"width":800,"height":800,"url":"https:\/\/aivlisoft.net\/shop\/wp-content\/uploads\/2025\/01\/FMOMLE0698_800.jpg","type":"image\/jpeg"}],"twitter_card":"summary_large_image","twitter_misc":{"Tiempo de lectura":"1 minuto"},"schema":{"@context":"https:\/\/schema.org","@graph":[{"@type":"WebPage","@id":"https:\/\/aivlisoft.net\/shop\/producto\/spc-monitor-24-fhd-smartchromecast-12v-mm-wf\/","url":"https:\/\/aivlisoft.net\/shop\/producto\/spc-monitor-24-fhd-smartchromecast-12v-mm-wf\/","name":"SPC Monitor 24\" FHD Smart+Chromecast 12V MM Wf - Aivlisoft Inform\u00e1tica","isPartOf":{"@id":"https:\/\/aivlisoft.net\/shop\/#website"},"primaryImageOfPage":{"@id":"https:\/\/aivlisoft.net\/shop\/producto\/spc-monitor-24-fhd-smartchromecast-12v-mm-wf\/#primaryimage"},"image":{"@id":"https:\/\/aivlisoft.net\/shop\/producto\/spc-monitor-24-fhd-smartchromecast-12v-mm-wf\/#primaryimage"},"thumbnailUrl":"https:\/\/aivlisoft.net\/shop\/wp-content\/uploads\/2025\/01\/FMOMLE0698_800.jpg","datePublished":"2025-01-13T13:57:21+00:00","dateModified":"2025-01-14T10:47:02+00:00","breadcrumb":{"@id":"https:\/\/aivlisoft.net\/shop\/producto\/spc-monitor-24-fhd-smartchromecast-12v-mm-wf\/#breadcrumb"},"inLanguage":"es","potentialAction":[{"@type":"ReadAction","target":["https:\/\/aivlisoft.net\/shop\/producto\/spc-monitor-24-fhd-smartchromecast-12v-mm-wf\/"]}]},{"@type":"ImageObject","inLanguage":"es","@id":"https:\/\/aivlisoft.net\/shop\/producto\/spc-monitor-24-fhd-smartchromecast-12v-mm-wf\/#primaryimage","url":"https:\/\/aivlisoft.net\/shop\/wp-content\/uploads\/2025\/01\/FMOMLE0698_800.jpg","contentUrl":"https:\/\/aivlisoft.net\/shop\/wp-content\/uploads\/2025\/01\/FMOMLE0698_800.jpg","width":800,"height":800},{"@type":"BreadcrumbList","@id":"https:\/\/aivlisoft.net\/shop\/producto\/spc-monitor-24-fhd-smartchromecast-12v-mm-wf\/#breadcrumb","itemListElement":[{"@type":"ListItem","position":1,"name":"Portada","item":"https:\/\/aivlisoft.net\/shop\/"},{"@type":"ListItem","position":2,"name":"Tienda","item":"https:\/\/aivlisoft.net\/shop\/tienda\/"},{"@type":"ListItem","position":3,"name":"SPC Monitor 24&#8243; FHD Smart+Chromecast 12V MM Wf"}]},{"@type":"WebSite","@id":"https:\/\/aivlisoft.net\/shop\/#website","url":"https:\/\/aivlisoft.net\/shop\/","name":"Aivlisoft Inform\u00e1tica","description":"En Aivlisoft Inform\u00e1tica ofrecemos soluciones tecnol\u00f3gicas para empresas: venta de ordenadores, consumibles, perif\u00e9ricos y m\u00e1s. Calidad, atenci\u00f3n personalizada y los mejores precios para tu negocio.","publisher":{"@id":"https:\/\/aivlisoft.net\/shop\/#organization"},"potentialAction":[{"@type":"SearchAction","target":{"@type":"EntryPoint","urlTemplate":"https:\/\/aivlisoft.net\/shop\/?s={search_term_string}"},"query-input":{"@type":"PropertyValueSpecification","valueRequired":true,"valueName":"search_term_string"}}],"inLanguage":"es"},{"@type":"Organization","@id":"https:\/\/aivlisoft.net\/shop\/#organization","name":"Aivlisoft Inform\u00e1tica","url":"https:\/\/aivlisoft.net\/shop\/","logo":{"@type":"ImageObject","inLanguage":"es","@id":"https:\/\/aivlisoft.net\/shop\/#\/schema\/logo\/image\/","url":"https:\/\/aivlisoft.net\/shop\/wp-content\/uploads\/2024\/12\/removal.ai_5b848c54-0cdf-4140-95c5-c5536bb7573b-logodef.png","contentUrl":"https:\/\/aivlisoft.net\/shop\/wp-content\/uploads\/2024\/12\/removal.ai_5b848c54-0cdf-4140-95c5-c5536bb7573b-logodef.png","width":484,"height":182,"caption":"Aivlisoft Inform\u00e1tica"},"image":{"@id":"https:\/\/aivlisoft.net\/shop\/#\/schema\/logo\/image\/"}}]}},"_links":{"self":[{"href":"https:\/\/aivlisoft.net\/shop\/wp-json\/wp\/v2\/product\/9465","targetHints":{"allow":["GET"]}}],"collection":[{"href":"https:\/\/aivlisoft.net\/shop\/wp-json\/wp\/v2\/product"}],"about":[{"href":"https:\/\/aivlisoft.net\/shop\/wp-json\/wp\/v2\/types\/product"}],"wp:featuredmedia":[{"embeddable":true,"href":"https:\/\/aivlisoft.net\/shop\/wp-json\/wp\/v2\/media\/9466"}],"wp:attachment":[{"href":"https:\/\/aivlisoft.net\/shop\/wp-json\/wp\/v2\/media?parent=9465"}],"wp:term":[{"taxonomy":"product_brand","embeddable":true,"href":"https:\/\/aivlisoft.net\/shop\/wp-json\/wp\/v2\/product_brand?post=9465"},{"taxonomy":"product_cat","embeddable":true,"href":"https:\/\/aivlisoft.net\/shop\/wp-json\/wp\/v2\/product_cat?post=9465"},{"taxonomy":"product_tag","embeddable":true,"href":"https:\/\/aivlisoft.net\/shop\/wp-json\/wp\/v2\/product_tag?post=9465"}],"curies":[{"name":"wp","href":"https:\/\/api.w.org\/{rel}","templated":true}]}}