{"id":9351,"date":"2025-01-13T13:56:16","date_gmt":"2025-01-13T13:56:16","guid":{"rendered":"https:\/\/aivlisoft.com\/?post_type=product&#038;p=9351"},"modified":"2025-01-15T11:09:09","modified_gmt":"2025-01-15T11:09:09","slug":"posiberica-impresora-termica-p88ul-usb-ethernet","status":"publish","type":"product","link":"https:\/\/aivlisoft.net\/shop\/producto\/posiberica-impresora-termica-p88ul-usb-ethernet\/","title":{"rendered":"Posiberica Impresora Termica P88UL USB\/Ethernet"},"content":{"rendered":"<p><\/p>\n<table class=\"tabla_caracteristicas\" width=\"100%\">\n<tr>\n<td valign=\"top\"><strong>Marca<\/strong><\/td>\n<td>Posiberica<\/td>\n<\/tr>\n<tr>\n<td valign=\"top\"><strong>Modelo<\/strong><\/td>\n<td><strong>IDRO88P8D<\/strong><\/td>\n<\/tr>\n<tr>\n<td valign=\"top\"><strong>Caracter&iacute;sticas<\/strong><\/td>\n<td>&#8211; Impresora t&eacute;rmica:<br \/>\t\t\t&nbsp; Tickets<br \/>\t\t\t&nbsp; Gr&aacute;ficos<br \/>\t\t\t&nbsp; C&oacute;digos de barras<br \/>\t\t\t&#8211; Auto-corte parcial y total<br \/>\t\t\t&#8211; Apertura del caj&oacute;n portamonedas<br \/>\t\t\t&#8211; Fuente de alimentaci&oacute;n viene incluida<br \/>\t\t\t&#8211; Cuneta con drivers para Windows XP, Win7, Win8, Win10, Win11, Linux, MacOS.<br \/>\t\t\t&#8211; Facilidad de uso y f&aacute;cil mantenimiento<br \/>\t\t\t&#8211; M&eacute;todo impresi&oacute;n: Impresi&oacute;n t&eacute;rmica directa<br \/>\t\t\t&#8211; Anchura Papel: 72mm<br \/>\t\t\t&#8211; Velocidad de impresi&oacute;n: 250mm\/s<br \/>\t\t\t&#8211; Resoluci&oacute;n: 203dpi<br \/>\t\t\t&#8211; C&oacute;digos de barras: UPCA\/UPCE\/EAN13\/EANB8\/CODE39\/l25\/CodeBar\/CODE128\/CODE93\/CODE11\/MSI\/ORCORE\/PDF417<br \/>\t\t\t&#8211; Interfaces: USB + Ethernet<br \/>\t\t\t&#8211; Puerto de caj&oacute;n portamonedas: C.C 24V, 1A<br \/>\t\t\t&#8211; Accesorios opcionales: Soporte de pared y tapa anti-l&iacute;quidos<br \/>\t\t\t<strong>Dimensiones<\/strong><br \/>\t\t\t&#8211; 156 &times; 125 &times; 120mm<\/td>\n<\/tr>\n<tr>\n<td valign=\"top\"><strong>Fecha de revisi&oacute;n<\/strong><\/td>\n<td>12-09-2024 por RTY<\/td>\n<\/tr>\n<\/table>\n","protected":false},"excerpt":{"rendered":"<p>Marca Posiberica Modelo IDRO88P8D Caracter&iacute;sticas &#8211; Impresora t&eacute;rmica: &nbsp; Tickets &nbsp; Gr&aacute;ficos &nbsp; C&oacute;digos de barras &#8211; Auto-corte parcial y total &#8211; Apertura del caj&oacute;n portamonedas &#8211; Fuente de alimentaci&oacute;n viene incluida &#8211; Cuneta con drivers para Windows XP, Win7, Win8, Win10, Win11, Linux, MacOS. &#8211; Facilidad de uso y f&aacute;cil mantenimiento &#8211; M&eacute;todo impresi&oacute;n:&hellip;&nbsp;<a href=\"https:\/\/aivlisoft.net\/shop\/producto\/posiberica-impresora-termica-p88ul-usb-ethernet\/\" rel=\"bookmark\"><span class=\"screen-reader-text\">Posiberica Impresora Termica P88UL USB\/Ethernet<\/span><\/a><\/p>\n","protected":false},"featured_media":9352,"template":"","meta":{"neve_meta_sidebar":"","neve_meta_container":"","neve_meta_enable_content_width":"","neve_meta_content_width":0,"neve_meta_title_alignment":"","neve_meta_author_avatar":"","neve_post_elements_order":"","neve_meta_disable_header":"","neve_meta_disable_footer":"","neve_meta_disable_title":""},"product_brand":[],"product_cat":[15,3529],"product_tag":[3702],"class_list":{"0":"post-9351","1":"product","2":"type-product","3":"status-publish","4":"has-post-thumbnail","6":"product_cat-sin-categorizar","7":"product_cat-impresoras","8":"product_tag-idro88p8d","10":"first","11":"instock","12":"taxable","13":"shipping-taxable","14":"purchasable","15":"product-type-simple"},"yoast_head":"<!-- This site is optimized with the Yoast SEO plugin v26.0 - https:\/\/yoast.com\/wordpress\/plugins\/seo\/ -->\n<title>Posiberica Impresora Termica P88UL USB\/Ethernet - Aivlisoft Inform\u00e1tica<\/title>\n<meta name=\"robots\" content=\"index, follow, max-snippet:-1, max-image-preview:large, max-video-preview:-1\" \/>\n<link rel=\"canonical\" href=\"https:\/\/aivlisoft.net\/shop\/producto\/posiberica-impresora-termica-p88ul-usb-ethernet\/\" \/>\n<meta property=\"og:locale\" content=\"es_ES\" \/>\n<meta property=\"og:type\" content=\"article\" \/>\n<meta property=\"og:title\" content=\"Posiberica Impresora Termica P88UL USB\/Ethernet - Aivlisoft Inform\u00e1tica\" \/>\n<meta property=\"og:description\" content=\"Marca Posiberica Modelo IDRO88P8D Caracter&iacute;sticas &#8211; Impresora t&eacute;rmica: &nbsp; Tickets &nbsp; Gr&aacute;ficos &nbsp; C&oacute;digos de barras &#8211; Auto-corte parcial y total &#8211; Apertura del caj&oacute;n portamonedas &#8211; Fuente de alimentaci&oacute;n viene incluida &#8211; Cuneta con drivers para Windows XP, Win7, Win8, Win10, Win11, Linux, MacOS. &#8211; Facilidad de uso y f&aacute;cil mantenimiento &#8211; M&eacute;todo impresi&oacute;n:&hellip;&nbsp;Posiberica Impresora Termica P88UL USB\/Ethernet\" \/>\n<meta property=\"og:url\" content=\"https:\/\/aivlisoft.net\/shop\/producto\/posiberica-impresora-termica-p88ul-usb-ethernet\/\" \/>\n<meta property=\"og:site_name\" content=\"Aivlisoft Inform\u00e1tica\" \/>\n<meta property=\"article:modified_time\" content=\"2025-01-15T11:09:09+00:00\" \/>\n<meta property=\"og:image\" content=\"https:\/\/aivlisoft.net\/shop\/wp-content\/uploads\/2025\/01\/FIMITE0441_800.jpg\" \/>\n\t<meta property=\"og:image:width\" content=\"800\" \/>\n\t<meta property=\"og:image:height\" content=\"800\" \/>\n\t<meta property=\"og:image:type\" content=\"image\/jpeg\" \/>\n<meta name=\"twitter:card\" content=\"summary_large_image\" \/>\n<meta name=\"twitter:label1\" content=\"Tiempo de lectura\" \/>\n\t<meta name=\"twitter:data1\" content=\"1 minuto\" \/>\n<script type=\"application\/ld+json\" class=\"yoast-schema-graph\">{\"@context\":\"https:\/\/schema.org\",\"@graph\":[{\"@type\":\"WebPage\",\"@id\":\"https:\/\/aivlisoft.net\/shop\/producto\/posiberica-impresora-termica-p88ul-usb-ethernet\/\",\"url\":\"https:\/\/aivlisoft.net\/shop\/producto\/posiberica-impresora-termica-p88ul-usb-ethernet\/\",\"name\":\"Posiberica Impresora Termica P88UL USB\/Ethernet - Aivlisoft Inform\u00e1tica\",\"isPartOf\":{\"@id\":\"https:\/\/aivlisoft.net\/shop\/#website\"},\"primaryImageOfPage\":{\"@id\":\"https:\/\/aivlisoft.net\/shop\/producto\/posiberica-impresora-termica-p88ul-usb-ethernet\/#primaryimage\"},\"image\":{\"@id\":\"https:\/\/aivlisoft.net\/shop\/producto\/posiberica-impresora-termica-p88ul-usb-ethernet\/#primaryimage\"},\"thumbnailUrl\":\"https:\/\/aivlisoft.net\/shop\/wp-content\/uploads\/2025\/01\/FIMITE0441_800.jpg\",\"datePublished\":\"2025-01-13T13:56:16+00:00\",\"dateModified\":\"2025-01-15T11:09:09+00:00\",\"breadcrumb\":{\"@id\":\"https:\/\/aivlisoft.net\/shop\/producto\/posiberica-impresora-termica-p88ul-usb-ethernet\/#breadcrumb\"},\"inLanguage\":\"es\",\"potentialAction\":[{\"@type\":\"ReadAction\",\"target\":[\"https:\/\/aivlisoft.net\/shop\/producto\/posiberica-impresora-termica-p88ul-usb-ethernet\/\"]}]},{\"@type\":\"ImageObject\",\"inLanguage\":\"es\",\"@id\":\"https:\/\/aivlisoft.net\/shop\/producto\/posiberica-impresora-termica-p88ul-usb-ethernet\/#primaryimage\",\"url\":\"https:\/\/aivlisoft.net\/shop\/wp-content\/uploads\/2025\/01\/FIMITE0441_800.jpg\",\"contentUrl\":\"https:\/\/aivlisoft.net\/shop\/wp-content\/uploads\/2025\/01\/FIMITE0441_800.jpg\",\"width\":800,\"height\":800},{\"@type\":\"BreadcrumbList\",\"@id\":\"https:\/\/aivlisoft.net\/shop\/producto\/posiberica-impresora-termica-p88ul-usb-ethernet\/#breadcrumb\",\"itemListElement\":[{\"@type\":\"ListItem\",\"position\":1,\"name\":\"Portada\",\"item\":\"https:\/\/aivlisoft.net\/shop\/\"},{\"@type\":\"ListItem\",\"position\":2,\"name\":\"Tienda\",\"item\":\"https:\/\/aivlisoft.net\/shop\/tienda\/\"},{\"@type\":\"ListItem\",\"position\":3,\"name\":\"Posiberica Impresora Termica P88UL USB\/Ethernet\"}]},{\"@type\":\"WebSite\",\"@id\":\"https:\/\/aivlisoft.net\/shop\/#website\",\"url\":\"https:\/\/aivlisoft.net\/shop\/\",\"name\":\"Aivlisoft Inform\u00e1tica\",\"description\":\"En Aivlisoft Inform\u00e1tica ofrecemos soluciones tecnol\u00f3gicas para empresas: venta de ordenadores, consumibles, perif\u00e9ricos y m\u00e1s. Calidad, atenci\u00f3n personalizada y los mejores precios para tu negocio.\",\"publisher\":{\"@id\":\"https:\/\/aivlisoft.net\/shop\/#organization\"},\"potentialAction\":[{\"@type\":\"SearchAction\",\"target\":{\"@type\":\"EntryPoint\",\"urlTemplate\":\"https:\/\/aivlisoft.net\/shop\/?s={search_term_string}\"},\"query-input\":{\"@type\":\"PropertyValueSpecification\",\"valueRequired\":true,\"valueName\":\"search_term_string\"}}],\"inLanguage\":\"es\"},{\"@type\":\"Organization\",\"@id\":\"https:\/\/aivlisoft.net\/shop\/#organization\",\"name\":\"Aivlisoft Inform\u00e1tica\",\"url\":\"https:\/\/aivlisoft.net\/shop\/\",\"logo\":{\"@type\":\"ImageObject\",\"inLanguage\":\"es\",\"@id\":\"https:\/\/aivlisoft.net\/shop\/#\/schema\/logo\/image\/\",\"url\":\"https:\/\/aivlisoft.net\/shop\/wp-content\/uploads\/2024\/12\/removal.ai_5b848c54-0cdf-4140-95c5-c5536bb7573b-logodef.png\",\"contentUrl\":\"https:\/\/aivlisoft.net\/shop\/wp-content\/uploads\/2024\/12\/removal.ai_5b848c54-0cdf-4140-95c5-c5536bb7573b-logodef.png\",\"width\":484,\"height\":182,\"caption\":\"Aivlisoft Inform\u00e1tica\"},\"image\":{\"@id\":\"https:\/\/aivlisoft.net\/shop\/#\/schema\/logo\/image\/\"}}]}<\/script>\n<!-- \/ Yoast SEO plugin. -->","yoast_head_json":{"title":"Posiberica Impresora Termica P88UL USB\/Ethernet - Aivlisoft Inform\u00e1tica","robots":{"index":"index","follow":"follow","max-snippet":"max-snippet:-1","max-image-preview":"max-image-preview:large","max-video-preview":"max-video-preview:-1"},"canonical":"https:\/\/aivlisoft.net\/shop\/producto\/posiberica-impresora-termica-p88ul-usb-ethernet\/","og_locale":"es_ES","og_type":"article","og_title":"Posiberica Impresora Termica P88UL USB\/Ethernet - Aivlisoft Inform\u00e1tica","og_description":"Marca Posiberica Modelo IDRO88P8D Caracter&iacute;sticas &#8211; Impresora t&eacute;rmica: &nbsp; Tickets &nbsp; Gr&aacute;ficos &nbsp; C&oacute;digos de barras &#8211; Auto-corte parcial y total &#8211; Apertura del caj&oacute;n portamonedas &#8211; Fuente de alimentaci&oacute;n viene incluida &#8211; Cuneta con drivers para Windows XP, Win7, Win8, Win10, Win11, Linux, MacOS. &#8211; Facilidad de uso y f&aacute;cil mantenimiento &#8211; M&eacute;todo impresi&oacute;n:&hellip;&nbsp;Posiberica Impresora Termica P88UL USB\/Ethernet","og_url":"https:\/\/aivlisoft.net\/shop\/producto\/posiberica-impresora-termica-p88ul-usb-ethernet\/","og_site_name":"Aivlisoft Inform\u00e1tica","article_modified_time":"2025-01-15T11:09:09+00:00","og_image":[{"width":800,"height":800,"url":"https:\/\/aivlisoft.net\/shop\/wp-content\/uploads\/2025\/01\/FIMITE0441_800.jpg","type":"image\/jpeg"}],"twitter_card":"summary_large_image","twitter_misc":{"Tiempo de lectura":"1 minuto"},"schema":{"@context":"https:\/\/schema.org","@graph":[{"@type":"WebPage","@id":"https:\/\/aivlisoft.net\/shop\/producto\/posiberica-impresora-termica-p88ul-usb-ethernet\/","url":"https:\/\/aivlisoft.net\/shop\/producto\/posiberica-impresora-termica-p88ul-usb-ethernet\/","name":"Posiberica Impresora Termica P88UL USB\/Ethernet - Aivlisoft Inform\u00e1tica","isPartOf":{"@id":"https:\/\/aivlisoft.net\/shop\/#website"},"primaryImageOfPage":{"@id":"https:\/\/aivlisoft.net\/shop\/producto\/posiberica-impresora-termica-p88ul-usb-ethernet\/#primaryimage"},"image":{"@id":"https:\/\/aivlisoft.net\/shop\/producto\/posiberica-impresora-termica-p88ul-usb-ethernet\/#primaryimage"},"thumbnailUrl":"https:\/\/aivlisoft.net\/shop\/wp-content\/uploads\/2025\/01\/FIMITE0441_800.jpg","datePublished":"2025-01-13T13:56:16+00:00","dateModified":"2025-01-15T11:09:09+00:00","breadcrumb":{"@id":"https:\/\/aivlisoft.net\/shop\/producto\/posiberica-impresora-termica-p88ul-usb-ethernet\/#breadcrumb"},"inLanguage":"es","potentialAction":[{"@type":"ReadAction","target":["https:\/\/aivlisoft.net\/shop\/producto\/posiberica-impresora-termica-p88ul-usb-ethernet\/"]}]},{"@type":"ImageObject","inLanguage":"es","@id":"https:\/\/aivlisoft.net\/shop\/producto\/posiberica-impresora-termica-p88ul-usb-ethernet\/#primaryimage","url":"https:\/\/aivlisoft.net\/shop\/wp-content\/uploads\/2025\/01\/FIMITE0441_800.jpg","contentUrl":"https:\/\/aivlisoft.net\/shop\/wp-content\/uploads\/2025\/01\/FIMITE0441_800.jpg","width":800,"height":800},{"@type":"BreadcrumbList","@id":"https:\/\/aivlisoft.net\/shop\/producto\/posiberica-impresora-termica-p88ul-usb-ethernet\/#breadcrumb","itemListElement":[{"@type":"ListItem","position":1,"name":"Portada","item":"https:\/\/aivlisoft.net\/shop\/"},{"@type":"ListItem","position":2,"name":"Tienda","item":"https:\/\/aivlisoft.net\/shop\/tienda\/"},{"@type":"ListItem","position":3,"name":"Posiberica Impresora Termica P88UL USB\/Ethernet"}]},{"@type":"WebSite","@id":"https:\/\/aivlisoft.net\/shop\/#website","url":"https:\/\/aivlisoft.net\/shop\/","name":"Aivlisoft Inform\u00e1tica","description":"En Aivlisoft Inform\u00e1tica ofrecemos soluciones tecnol\u00f3gicas para empresas: venta de ordenadores, consumibles, perif\u00e9ricos y m\u00e1s. Calidad, atenci\u00f3n personalizada y los mejores precios para tu negocio.","publisher":{"@id":"https:\/\/aivlisoft.net\/shop\/#organization"},"potentialAction":[{"@type":"SearchAction","target":{"@type":"EntryPoint","urlTemplate":"https:\/\/aivlisoft.net\/shop\/?s={search_term_string}"},"query-input":{"@type":"PropertyValueSpecification","valueRequired":true,"valueName":"search_term_string"}}],"inLanguage":"es"},{"@type":"Organization","@id":"https:\/\/aivlisoft.net\/shop\/#organization","name":"Aivlisoft Inform\u00e1tica","url":"https:\/\/aivlisoft.net\/shop\/","logo":{"@type":"ImageObject","inLanguage":"es","@id":"https:\/\/aivlisoft.net\/shop\/#\/schema\/logo\/image\/","url":"https:\/\/aivlisoft.net\/shop\/wp-content\/uploads\/2024\/12\/removal.ai_5b848c54-0cdf-4140-95c5-c5536bb7573b-logodef.png","contentUrl":"https:\/\/aivlisoft.net\/shop\/wp-content\/uploads\/2024\/12\/removal.ai_5b848c54-0cdf-4140-95c5-c5536bb7573b-logodef.png","width":484,"height":182,"caption":"Aivlisoft Inform\u00e1tica"},"image":{"@id":"https:\/\/aivlisoft.net\/shop\/#\/schema\/logo\/image\/"}}]}},"_links":{"self":[{"href":"https:\/\/aivlisoft.net\/shop\/wp-json\/wp\/v2\/product\/9351","targetHints":{"allow":["GET"]}}],"collection":[{"href":"https:\/\/aivlisoft.net\/shop\/wp-json\/wp\/v2\/product"}],"about":[{"href":"https:\/\/aivlisoft.net\/shop\/wp-json\/wp\/v2\/types\/product"}],"wp:featuredmedia":[{"embeddable":true,"href":"https:\/\/aivlisoft.net\/shop\/wp-json\/wp\/v2\/media\/9352"}],"wp:attachment":[{"href":"https:\/\/aivlisoft.net\/shop\/wp-json\/wp\/v2\/media?parent=9351"}],"wp:term":[{"taxonomy":"product_brand","embeddable":true,"href":"https:\/\/aivlisoft.net\/shop\/wp-json\/wp\/v2\/product_brand?post=9351"},{"taxonomy":"product_cat","embeddable":true,"href":"https:\/\/aivlisoft.net\/shop\/wp-json\/wp\/v2\/product_cat?post=9351"},{"taxonomy":"product_tag","embeddable":true,"href":"https:\/\/aivlisoft.net\/shop\/wp-json\/wp\/v2\/product_tag?post=9351"}],"curies":[{"name":"wp","href":"https:\/\/api.w.org\/{rel}","templated":true}]}}