{"id":9125,"date":"2025-01-13T13:54:13","date_gmt":"2025-01-13T13:54:13","guid":{"rendered":"https:\/\/aivlisoft.com\/?post_type=product&#038;p=9125"},"modified":"2025-01-15T11:13:35","modified_gmt":"2025-01-15T11:13:35","slug":"brother-rotuladora-electronica-ptp750w-usb-wifi","status":"publish","type":"product","link":"https:\/\/aivlisoft.net\/shop\/producto\/brother-rotuladora-electronica-ptp750w-usb-wifi\/","title":{"rendered":"Brother Rotuladora Electronica PTP750W  Usb Wifi"},"content":{"rendered":"<div>\n<div style=\"text-align: justify;\">Sus posibilidades de conexi&oacute;n (PC, WiFi y NFC) hacen de esta rotuladora una herramienta que puede ser utilizada y compartida por todos los miembros de una empresa para dise&ntilde;ar e imprimir r&aacute;pidamente etiquetas de hasta 24mm de ancho.<\/div>\n<div style=\"text-align: justify;\">Las etiquetas ayudan a identificar art&iacute;culos de oficina tales que carpetas, documentos, discos de copias de seguridad, unidades USB y estanter&iacute;as, y a crear se&ntilde;alizaci&oacute;n personalizada.<\/div>\n<div style=\"text-align: justify;\">El software P-touch Editor 5 incluido permite utilizar las fuentes de un PC e incluir im&aacute;genes, s&iacute;mbolos y c&oacute;digos de barras en las etiquetas. Si se requiere movilidad, recomendamos la aplicaci&oacute;n iPrint&amp;Label para dise&ntilde;ar e imprimir etiquetas desde un smartphone o tablet. Para descargar gratuitamente las aplicaciones de Brother, visita App Store o Google Play.<\/div>\n<\/div>\n<p><\/p>\n<table class=\"Tabla_Caracteristicas\" width=\"100%\">\n<tbody>\n<tr>\n<td valign=\"top\"><strong>Marca<\/strong><\/td>\n<td>Brother<\/td>\n<\/tr>\n<tr>\n<td valign=\"top\"><strong>Modelo<\/strong><\/td>\n<td>\n<div>Impresora T&eacute;rmica de tickets<\/div>\n<div>(<strong>PTP750WZX1<\/strong>)<\/div>\n<\/td>\n<\/tr>\n<tr>\n<td valign=\"top\"><strong>M&eacute;todo de impresi&oacute;n<\/strong><\/td>\n<td>T&eacute;rmica directa<\/td>\n<\/tr>\n<tr>\n<td valign=\"top\"><strong>Interfaz<\/strong><\/td>\n<td>&#8211; USB: USB 2.0 (High Speed)<br \/>\t\t\t&#8211; Red inal&aacute;mbrica: Wi-Fi y Wireless Direct<\/td>\n<\/tr>\n<tr>\n<td valign=\"top\"><strong>Otras caracter&iacute;sticas<\/strong><\/td>\n<td>\n<div>&#8211; Adaptador de CA: S&iacute;<br \/>\t\t\t&#8211; Tipo de equipo: Con conexi&oacute;n a PC<br \/>\t\t\t&#8211; Ancho m&aacute;ximo de cinta (mm): 24<br \/>\t\t\t&#8211; Tipo de uso: Oficina<br \/>\t\t\t&#8211; Pilas alcalinas: 6 tipo AA<br \/>\t\t\t&#8211; Apagado de alimentaci&oacute;n autom&aacute;tico: S&iacute;<br \/>\t\t\t&#8211; Bater&iacute;a: BA-E001<br \/>\t\t\t&#8211; Botones: Encendido, Cortar<br \/>\t\t\t&#8211; Tipo de cortador: Lleno y mitad, Autom&aacute;tico<br \/>\t\t\t&#8211; LED: Alimentaci&oacute;n<br \/>\t\t\t&#8211; Bater&iacute;a recargable de iones de litio: opcional<br \/>\t\t\t&#8211; Tecnolog&iacute;a: Transferencia t&eacute;rmica<br \/>\t\t\tDimensiones y pesos<br \/>\t\t\t&#8211; Dimensiones: 78 x 152 x 143 mm<br \/>\t\t\t&#8211; Peso: 710 g<br \/>\t\t\tContenido<br \/>\t\t\t&#8211; Adaptador de CA: S&iacute;<br \/>\t\t\t&#8211; Suministros: Cintas Tze\/Hse<br \/>\t\t\t&#8211; Casetes de cinta:<\/div>\n<div>&nbsp; 1 cinta Laminada Negro sobre blanco 24mm x 4m<br \/>\t\t\t&#8211; Cable USB: S&iacute;<br \/>\t\t\t&#8211; Gu&iacute;a del usuario: S&iacute;<br \/>\t\t\t&#8211; Tarjeta de garant&iacute;a: S&iacute;<br \/>\t\t\t&#8211; Gu&iacute;a de configuraci&oacute;n r&aacute;pida: S&iacute;<br \/>\t\t\t-Sistemas operativos y software<br \/>\t\t\t&#8211; Windows: Windows 7, Windows 8, Windows Vista<br \/>\t\t\t&#8211; Software de dise&ntilde;o de etiquetas de P-touch Editor<br \/>\t\t\t&#8211; Copias: 200<br \/>\t\t\t&#8211; Compatibilidad con archivos de bases de datos:<\/div>\n<div>&nbsp; csv, Microsoft Access, Microsoft Excel<br \/>\t\t\t&#8211; Fuentes: Todas instaladas en el PC<br \/>\t\t\t&#8211; Marcos: 154<br \/>\t\t\t&#8211; Orientaciones de etiquetas:<\/div>\n<div>&nbsp; Horizontal, Horizontal, Vertical, Vertical<br \/>\t\t\t&#8211; Idiomas: Ingl&eacute;s \/ Dinamarqu&eacute;s \/ Holand&eacute;s \/Alem&aacute;n \/<\/div>\n<div>&nbsp; Franc&eacute;s \/ Italiano \/ Noruegu&eacute;s \/ Portugu&eacute;s \/ Espa&ntilde;ol \/<\/div>\n<div>&nbsp; Sueco \/ Finland&eacute;s \/ Checo \/ Polaco \/ H&uacute;ngaro \/<\/div>\n<div>&nbsp; Chino simplificado \/ Ruso \/ Turco \/ Japon&eacute;s<br \/>\t\t\t&#8211; Captura de pantalla: S&iacute;<br \/>\t\t\t&#8211; Numeraci&oacute;n secuencial: 1 &#8211; 200 \/ A-Z \/a-z<br \/>\t\t\t&#8211; Detecci&oacute;n del tama&ntilde;o de cinta: S&iacute;<br \/>\t\t\t&#8211; Alineaci&oacute;n de texto: Centrar, Justificar, Izqda., Derch.<br \/>\t\t\t&#8211; Suministros y accesorios<br \/>\t\t\t&#8211; Adaptador de CA: AD-E001<\/div>\n<div>&#8211; Anchos de cinta: 3.5, 6, 9, 12, 18, 24mm<\/div>\n<\/td>\n<\/tr>\n<tr>\n<td valign=\"top\"><strong>Fecha Revisi&oacute;n<\/strong><\/td>\n<td>20-02-2015 por MSB<\/td>\n<\/tr>\n<\/tbody>\n<\/table>\n","protected":false},"excerpt":{"rendered":"<p>Sus posibilidades de conexi&oacute;n (PC, WiFi y NFC) hacen de esta rotuladora una herramienta que puede ser utilizada y compartida por todos los miembros de una empresa para dise&ntilde;ar e imprimir r&aacute;pidamente etiquetas de hasta 24mm de ancho. Las etiquetas ayudan a identificar art&iacute;culos de oficina tales que carpetas, documentos, discos de copias de seguridad,&hellip;&nbsp;<a href=\"https:\/\/aivlisoft.net\/shop\/producto\/brother-rotuladora-electronica-ptp750w-usb-wifi\/\" rel=\"bookmark\"><span class=\"screen-reader-text\">Brother Rotuladora Electronica PTP750W  Usb Wifi<\/span><\/a><\/p>\n","protected":false},"featured_media":9126,"template":"","meta":{"neve_meta_sidebar":"","neve_meta_container":"","neve_meta_enable_content_width":"","neve_meta_content_width":0,"neve_meta_title_alignment":"","neve_meta_author_avatar":"","neve_post_elements_order":"","neve_meta_disable_header":"","neve_meta_disable_footer":"","neve_meta_disable_title":""},"product_brand":[],"product_cat":[15,3529],"product_tag":[3596],"class_list":{"0":"post-9125","1":"product","2":"type-product","3":"status-publish","4":"has-post-thumbnail","6":"product_cat-sin-categorizar","7":"product_cat-impresoras","8":"product_tag-ptp750wzx1","10":"first","11":"instock","12":"taxable","13":"shipping-taxable","14":"purchasable","15":"product-type-simple"},"yoast_head":"<!-- This site is optimized with the Yoast SEO plugin v26.0 - https:\/\/yoast.com\/wordpress\/plugins\/seo\/ -->\n<title>Brother Rotuladora Electronica PTP750W Usb Wifi - Aivlisoft Inform\u00e1tica<\/title>\n<meta name=\"robots\" content=\"index, follow, max-snippet:-1, max-image-preview:large, max-video-preview:-1\" \/>\n<link rel=\"canonical\" href=\"https:\/\/aivlisoft.net\/shop\/producto\/brother-rotuladora-electronica-ptp750w-usb-wifi\/\" \/>\n<meta property=\"og:locale\" content=\"es_ES\" \/>\n<meta property=\"og:type\" content=\"article\" \/>\n<meta property=\"og:title\" content=\"Brother Rotuladora Electronica PTP750W Usb Wifi - Aivlisoft Inform\u00e1tica\" \/>\n<meta property=\"og:description\" content=\"Sus posibilidades de conexi&oacute;n (PC, WiFi y NFC) hacen de esta rotuladora una herramienta que puede ser utilizada y compartida por todos los miembros de una empresa para dise&ntilde;ar e imprimir r&aacute;pidamente etiquetas de hasta 24mm de ancho. Las etiquetas ayudan a identificar art&iacute;culos de oficina tales que carpetas, documentos, discos de copias de seguridad,&hellip;&nbsp;Brother Rotuladora Electronica PTP750W Usb Wifi\" \/>\n<meta property=\"og:url\" content=\"https:\/\/aivlisoft.net\/shop\/producto\/brother-rotuladora-electronica-ptp750w-usb-wifi\/\" \/>\n<meta property=\"og:site_name\" content=\"Aivlisoft Inform\u00e1tica\" \/>\n<meta property=\"article:modified_time\" content=\"2025-01-15T11:13:35+00:00\" \/>\n<meta property=\"og:image\" content=\"https:\/\/aivlisoft.net\/shop\/wp-content\/uploads\/2025\/01\/FIMITE0103_800.jpg\" \/>\n\t<meta property=\"og:image:width\" content=\"800\" \/>\n\t<meta property=\"og:image:height\" content=\"800\" \/>\n\t<meta property=\"og:image:type\" content=\"image\/jpeg\" \/>\n<meta name=\"twitter:card\" content=\"summary_large_image\" \/>\n<meta name=\"twitter:label1\" content=\"Tiempo de lectura\" \/>\n\t<meta name=\"twitter:data1\" content=\"3 minutos\" \/>\n<script type=\"application\/ld+json\" class=\"yoast-schema-graph\">{\"@context\":\"https:\/\/schema.org\",\"@graph\":[{\"@type\":\"WebPage\",\"@id\":\"https:\/\/aivlisoft.net\/shop\/producto\/brother-rotuladora-electronica-ptp750w-usb-wifi\/\",\"url\":\"https:\/\/aivlisoft.net\/shop\/producto\/brother-rotuladora-electronica-ptp750w-usb-wifi\/\",\"name\":\"Brother Rotuladora Electronica PTP750W Usb Wifi - Aivlisoft Inform\u00e1tica\",\"isPartOf\":{\"@id\":\"https:\/\/aivlisoft.net\/shop\/#website\"},\"primaryImageOfPage\":{\"@id\":\"https:\/\/aivlisoft.net\/shop\/producto\/brother-rotuladora-electronica-ptp750w-usb-wifi\/#primaryimage\"},\"image\":{\"@id\":\"https:\/\/aivlisoft.net\/shop\/producto\/brother-rotuladora-electronica-ptp750w-usb-wifi\/#primaryimage\"},\"thumbnailUrl\":\"https:\/\/aivlisoft.net\/shop\/wp-content\/uploads\/2025\/01\/FIMITE0103_800.jpg\",\"datePublished\":\"2025-01-13T13:54:13+00:00\",\"dateModified\":\"2025-01-15T11:13:35+00:00\",\"breadcrumb\":{\"@id\":\"https:\/\/aivlisoft.net\/shop\/producto\/brother-rotuladora-electronica-ptp750w-usb-wifi\/#breadcrumb\"},\"inLanguage\":\"es\",\"potentialAction\":[{\"@type\":\"ReadAction\",\"target\":[\"https:\/\/aivlisoft.net\/shop\/producto\/brother-rotuladora-electronica-ptp750w-usb-wifi\/\"]}]},{\"@type\":\"ImageObject\",\"inLanguage\":\"es\",\"@id\":\"https:\/\/aivlisoft.net\/shop\/producto\/brother-rotuladora-electronica-ptp750w-usb-wifi\/#primaryimage\",\"url\":\"https:\/\/aivlisoft.net\/shop\/wp-content\/uploads\/2025\/01\/FIMITE0103_800.jpg\",\"contentUrl\":\"https:\/\/aivlisoft.net\/shop\/wp-content\/uploads\/2025\/01\/FIMITE0103_800.jpg\",\"width\":800,\"height\":800},{\"@type\":\"BreadcrumbList\",\"@id\":\"https:\/\/aivlisoft.net\/shop\/producto\/brother-rotuladora-electronica-ptp750w-usb-wifi\/#breadcrumb\",\"itemListElement\":[{\"@type\":\"ListItem\",\"position\":1,\"name\":\"Portada\",\"item\":\"https:\/\/aivlisoft.net\/shop\/\"},{\"@type\":\"ListItem\",\"position\":2,\"name\":\"Tienda\",\"item\":\"https:\/\/aivlisoft.net\/shop\/tienda\/\"},{\"@type\":\"ListItem\",\"position\":3,\"name\":\"Brother Rotuladora Electronica PTP750W Usb Wifi\"}]},{\"@type\":\"WebSite\",\"@id\":\"https:\/\/aivlisoft.net\/shop\/#website\",\"url\":\"https:\/\/aivlisoft.net\/shop\/\",\"name\":\"Aivlisoft Inform\u00e1tica\",\"description\":\"En Aivlisoft Inform\u00e1tica ofrecemos soluciones tecnol\u00f3gicas para empresas: venta de ordenadores, consumibles, perif\u00e9ricos y m\u00e1s. Calidad, atenci\u00f3n personalizada y los mejores precios para tu negocio.\",\"publisher\":{\"@id\":\"https:\/\/aivlisoft.net\/shop\/#organization\"},\"potentialAction\":[{\"@type\":\"SearchAction\",\"target\":{\"@type\":\"EntryPoint\",\"urlTemplate\":\"https:\/\/aivlisoft.net\/shop\/?s={search_term_string}\"},\"query-input\":{\"@type\":\"PropertyValueSpecification\",\"valueRequired\":true,\"valueName\":\"search_term_string\"}}],\"inLanguage\":\"es\"},{\"@type\":\"Organization\",\"@id\":\"https:\/\/aivlisoft.net\/shop\/#organization\",\"name\":\"Aivlisoft Inform\u00e1tica\",\"url\":\"https:\/\/aivlisoft.net\/shop\/\",\"logo\":{\"@type\":\"ImageObject\",\"inLanguage\":\"es\",\"@id\":\"https:\/\/aivlisoft.net\/shop\/#\/schema\/logo\/image\/\",\"url\":\"https:\/\/aivlisoft.net\/shop\/wp-content\/uploads\/2024\/12\/removal.ai_5b848c54-0cdf-4140-95c5-c5536bb7573b-logodef.png\",\"contentUrl\":\"https:\/\/aivlisoft.net\/shop\/wp-content\/uploads\/2024\/12\/removal.ai_5b848c54-0cdf-4140-95c5-c5536bb7573b-logodef.png\",\"width\":484,\"height\":182,\"caption\":\"Aivlisoft Inform\u00e1tica\"},\"image\":{\"@id\":\"https:\/\/aivlisoft.net\/shop\/#\/schema\/logo\/image\/\"}}]}<\/script>\n<!-- \/ Yoast SEO plugin. -->","yoast_head_json":{"title":"Brother Rotuladora Electronica PTP750W Usb Wifi - Aivlisoft Inform\u00e1tica","robots":{"index":"index","follow":"follow","max-snippet":"max-snippet:-1","max-image-preview":"max-image-preview:large","max-video-preview":"max-video-preview:-1"},"canonical":"https:\/\/aivlisoft.net\/shop\/producto\/brother-rotuladora-electronica-ptp750w-usb-wifi\/","og_locale":"es_ES","og_type":"article","og_title":"Brother Rotuladora Electronica PTP750W Usb Wifi - Aivlisoft Inform\u00e1tica","og_description":"Sus posibilidades de conexi&oacute;n (PC, WiFi y NFC) hacen de esta rotuladora una herramienta que puede ser utilizada y compartida por todos los miembros de una empresa para dise&ntilde;ar e imprimir r&aacute;pidamente etiquetas de hasta 24mm de ancho. Las etiquetas ayudan a identificar art&iacute;culos de oficina tales que carpetas, documentos, discos de copias de seguridad,&hellip;&nbsp;Brother Rotuladora Electronica PTP750W Usb Wifi","og_url":"https:\/\/aivlisoft.net\/shop\/producto\/brother-rotuladora-electronica-ptp750w-usb-wifi\/","og_site_name":"Aivlisoft Inform\u00e1tica","article_modified_time":"2025-01-15T11:13:35+00:00","og_image":[{"width":800,"height":800,"url":"https:\/\/aivlisoft.net\/shop\/wp-content\/uploads\/2025\/01\/FIMITE0103_800.jpg","type":"image\/jpeg"}],"twitter_card":"summary_large_image","twitter_misc":{"Tiempo de lectura":"3 minutos"},"schema":{"@context":"https:\/\/schema.org","@graph":[{"@type":"WebPage","@id":"https:\/\/aivlisoft.net\/shop\/producto\/brother-rotuladora-electronica-ptp750w-usb-wifi\/","url":"https:\/\/aivlisoft.net\/shop\/producto\/brother-rotuladora-electronica-ptp750w-usb-wifi\/","name":"Brother Rotuladora Electronica PTP750W Usb Wifi - Aivlisoft Inform\u00e1tica","isPartOf":{"@id":"https:\/\/aivlisoft.net\/shop\/#website"},"primaryImageOfPage":{"@id":"https:\/\/aivlisoft.net\/shop\/producto\/brother-rotuladora-electronica-ptp750w-usb-wifi\/#primaryimage"},"image":{"@id":"https:\/\/aivlisoft.net\/shop\/producto\/brother-rotuladora-electronica-ptp750w-usb-wifi\/#primaryimage"},"thumbnailUrl":"https:\/\/aivlisoft.net\/shop\/wp-content\/uploads\/2025\/01\/FIMITE0103_800.jpg","datePublished":"2025-01-13T13:54:13+00:00","dateModified":"2025-01-15T11:13:35+00:00","breadcrumb":{"@id":"https:\/\/aivlisoft.net\/shop\/producto\/brother-rotuladora-electronica-ptp750w-usb-wifi\/#breadcrumb"},"inLanguage":"es","potentialAction":[{"@type":"ReadAction","target":["https:\/\/aivlisoft.net\/shop\/producto\/brother-rotuladora-electronica-ptp750w-usb-wifi\/"]}]},{"@type":"ImageObject","inLanguage":"es","@id":"https:\/\/aivlisoft.net\/shop\/producto\/brother-rotuladora-electronica-ptp750w-usb-wifi\/#primaryimage","url":"https:\/\/aivlisoft.net\/shop\/wp-content\/uploads\/2025\/01\/FIMITE0103_800.jpg","contentUrl":"https:\/\/aivlisoft.net\/shop\/wp-content\/uploads\/2025\/01\/FIMITE0103_800.jpg","width":800,"height":800},{"@type":"BreadcrumbList","@id":"https:\/\/aivlisoft.net\/shop\/producto\/brother-rotuladora-electronica-ptp750w-usb-wifi\/#breadcrumb","itemListElement":[{"@type":"ListItem","position":1,"name":"Portada","item":"https:\/\/aivlisoft.net\/shop\/"},{"@type":"ListItem","position":2,"name":"Tienda","item":"https:\/\/aivlisoft.net\/shop\/tienda\/"},{"@type":"ListItem","position":3,"name":"Brother Rotuladora Electronica PTP750W Usb Wifi"}]},{"@type":"WebSite","@id":"https:\/\/aivlisoft.net\/shop\/#website","url":"https:\/\/aivlisoft.net\/shop\/","name":"Aivlisoft Inform\u00e1tica","description":"En Aivlisoft Inform\u00e1tica ofrecemos soluciones tecnol\u00f3gicas para empresas: venta de ordenadores, consumibles, perif\u00e9ricos y m\u00e1s. Calidad, atenci\u00f3n personalizada y los mejores precios para tu negocio.","publisher":{"@id":"https:\/\/aivlisoft.net\/shop\/#organization"},"potentialAction":[{"@type":"SearchAction","target":{"@type":"EntryPoint","urlTemplate":"https:\/\/aivlisoft.net\/shop\/?s={search_term_string}"},"query-input":{"@type":"PropertyValueSpecification","valueRequired":true,"valueName":"search_term_string"}}],"inLanguage":"es"},{"@type":"Organization","@id":"https:\/\/aivlisoft.net\/shop\/#organization","name":"Aivlisoft Inform\u00e1tica","url":"https:\/\/aivlisoft.net\/shop\/","logo":{"@type":"ImageObject","inLanguage":"es","@id":"https:\/\/aivlisoft.net\/shop\/#\/schema\/logo\/image\/","url":"https:\/\/aivlisoft.net\/shop\/wp-content\/uploads\/2024\/12\/removal.ai_5b848c54-0cdf-4140-95c5-c5536bb7573b-logodef.png","contentUrl":"https:\/\/aivlisoft.net\/shop\/wp-content\/uploads\/2024\/12\/removal.ai_5b848c54-0cdf-4140-95c5-c5536bb7573b-logodef.png","width":484,"height":182,"caption":"Aivlisoft Inform\u00e1tica"},"image":{"@id":"https:\/\/aivlisoft.net\/shop\/#\/schema\/logo\/image\/"}}]}},"_links":{"self":[{"href":"https:\/\/aivlisoft.net\/shop\/wp-json\/wp\/v2\/product\/9125","targetHints":{"allow":["GET"]}}],"collection":[{"href":"https:\/\/aivlisoft.net\/shop\/wp-json\/wp\/v2\/product"}],"about":[{"href":"https:\/\/aivlisoft.net\/shop\/wp-json\/wp\/v2\/types\/product"}],"wp:featuredmedia":[{"embeddable":true,"href":"https:\/\/aivlisoft.net\/shop\/wp-json\/wp\/v2\/media\/9126"}],"wp:attachment":[{"href":"https:\/\/aivlisoft.net\/shop\/wp-json\/wp\/v2\/media?parent=9125"}],"wp:term":[{"taxonomy":"product_brand","embeddable":true,"href":"https:\/\/aivlisoft.net\/shop\/wp-json\/wp\/v2\/product_brand?post=9125"},{"taxonomy":"product_cat","embeddable":true,"href":"https:\/\/aivlisoft.net\/shop\/wp-json\/wp\/v2\/product_cat?post=9125"},{"taxonomy":"product_tag","embeddable":true,"href":"https:\/\/aivlisoft.net\/shop\/wp-json\/wp\/v2\/product_tag?post=9125"}],"curies":[{"name":"wp","href":"https:\/\/api.w.org\/{rel}","templated":true}]}}