{"id":9035,"date":"2025-01-13T13:53:35","date_gmt":"2025-01-13T13:53:35","guid":{"rendered":"https:\/\/aivlisoft.com\/?post_type=product&#038;p=9035"},"modified":"2025-01-14T16:17:45","modified_gmt":"2025-01-14T16:17:45","slug":"canon-impresora-i-sensys-lbp122dw","status":"publish","type":"product","link":"https:\/\/aivlisoft.net\/shop\/producto\/canon-impresora-i-sensys-lbp122dw\/","title":{"rendered":"Canon Impresora i-SENSYS LBP122dw"},"content":{"rendered":"<p><\/p>\n<p>&nbsp;<\/p>\n<table class=\"tabla_caracteristicas k-table\" width=\"100%\">\n<tr>\n<td><strong>Marca<\/strong><\/td>\n<td>Canon<\/td>\n<\/tr>\n<tr>\n<td><strong>Modelo<\/strong><\/td>\n<td><strong>5620C001<\/strong><\/td>\n<\/tr>\n<tr>\n<td><strong>Caracter&iacute;sticas&nbsp;&nbsp;&nbsp;&nbsp;&nbsp;&nbsp; <\/strong><\/td>\n<td>&#8211; Volumen de impresi&oacute;n mensual recomendado: 150 &#8211; 1500 p&aacute;ginas al mes<br \/>\t\t\t&#8211; Ciclo de trabajo: M&aacute;x. 20.000 p&aacute;ginas al mes<br \/>\t\t\t* El ciclo de trabajo se define como el n&uacute;mero m&aacute;ximo de p&aacute;ginas impresas en un &uacute;nico mes con gran volumen de trabajo. Cualquier uso por encima del ciclo de trabajo recomendado puede reducir la vida &uacute;til del producto<br \/>\t\t\t&#8211; Velocidad de procesador: 1200 MHz<br \/>\t\t\t&#8211; Memoria: 256 MB<br \/>\t\t\t&#8211; Panel de control: LCD de 5 l&iacute;neas, 5 LED<\/td>\n<\/tr>\n<tr>\n<td valign=\"top\"><strong>Impresi&oacute;n<\/strong><\/td>\n<td>&#8211; Velocidad de impresi&oacute;n:<br \/>\t\t\t&nbsp; A una cara (A4): hasta 29 ppm<br \/>\t\t\t&nbsp; A doble cara (A4): hasta 18,5 ipm<br \/>\t\t\t&#8211; M&eacute;todo de impresi&oacute;n: Impresi&oacute;n <strong>l&aacute;ser en blanco y negro<\/strong><br \/>\t\t\t&#8211; Resoluci&oacute;n de impresi&oacute;n: Hasta 2400 x 600 ppp<br \/>\t\t\t&#8211; Tiempo de calentamiento: Aprox. 7,5 segundos o menos desde el encendido<br \/>\t\t\t&#8211; Tiempo de salida de la primera p&aacute;gina:<br \/>\t\t\t&nbsp; Aprox. 5,4 segundos o menos (400p)<br \/>\t\t\t&nbsp; Aprox. 7,1 segundos o menos (600p)<br \/>\t\t\t&#8211; Lenguajes de impresi&oacute;n: UFRII<br \/>\t\t\t&#8211; M&aacute;rgenes de impresi&oacute;n: Superior, inferior, izquierda y derecha: 5 mm<br \/>\t\t\t&#8211; Caracter&iacute;sticas de impresi&oacute;n avanzadas:<br \/>\t\t\t&nbsp; iOS: AirPrint, aplicaci&oacute;n Canon PRINT Business<br \/>\t\t\t&nbsp; Android: certificaci&oacute;n Mopria, complemento Canon Print Service, aplicaci&oacute;n Canon PRINT Business<br \/>\t\t\t&nbsp; Admite Microsoft Universal Print<\/td>\n<\/tr>\n<tr>\n<td valign=\"top\"><strong>Interfaz<\/strong><\/td>\n<td>&#8211; USB 2.0 High-Speed, 10BASE-T\/100 BASE-TX\/1000BASE-T<br \/>\t\t\t&#8211; Conexi&oacute;n inal&aacute;mbrica 802.11b\/g\/n, Wireless Direct<\/td>\n<\/tr>\n<tr>\n<td valign=\"top\"><strong>Software<\/strong><\/td>\n<td>&#8211; Sistemas operativos compatibles:<br \/>\t\t\t&nbsp; Windows 11\/ Windows 10\/ Windows 8.1\/<br \/>\t\t\t&nbsp; Server 2022\/ Server 2019\/ Server 2016\/ Server 2012R2\/ Server 2012<br \/>\t\t\t&nbsp; Mac OS X versi&oacute;n 10.12 y superior, Linux<br \/>\t\t\t<strong>Protocolo de red<\/strong><br \/>\t\t\t&#8211; Impresi&oacute;n: TCP\/IP (LPD\/Port9100\/WSD)<br \/>\t\t\t&#8211; Gesti&oacute;n: SNMPv1, SNMPv3 (IPv4,IPv6)<br \/>\t\t\t&#8211; Seguridad: TLS1.3, filtrado de direcciones IP\/Mac, IEEE802.1X, SNMPv3, SSL (HTTPS, IPPS)<br \/>\t\t\t&#8211; Seguridad (inal&aacute;mbrica): IEEE802.1x<br \/>\t\t\t&#8211; Modo infraestructura: WEP (64\/128 bits), WPA-PSK (TKIP\/AES), WPA2-PSK (TKIP\/AES), WPA-EAP (AES), WPA2-EAP (AES)<br \/>\t\t\t&#8211; Modo de punto de acceso: WPA2-PSK (AES)<br \/>\t\t\t<strong>Gesti&oacute;n de software e impresi&oacute;n<\/strong><br \/>\t\t\t&#8211; Interfaz de usuario remoto (RUI)<br \/>\t\t\t&#8211; Gesti&oacute;n por ID de departamento<br \/>\t\t\t&#8211; Herramienta de estado del t&oacute;ner<\/td>\n<\/tr>\n<tr>\n<td valign=\"top\">\n<div><strong>Manejo<\/strong><\/div>\n<div><strong>de papel<\/strong><\/div>\n<\/td>\n<td>&#8211; Entrada de papel (est&aacute;ndar): Casete de 150 hojas<br \/>\t\t\t&#8211; Salida del papel: 50 hojas<br \/>\t\t\t&#8211; Tipo de papel:<br \/>\t\t\t&nbsp; BPapel normal, papel reciclado, papel grueso, papel fino, papel Bond, etiqueta, postal, sobre<br \/>\t\t\t&#8211; Tama&ntilde;os de papel:<br \/>\t\t\t&nbsp; Casete: A4, A5, B5, A6, Legal, Carta, Ejecutivo, Informe, OFFICIO, B-OFFICIO, M-OFFICIO, GLTR, GLGL, Tama&ntilde;o folio, 16K, Sobre (COM10, Monarch, DL, C5)<br \/>\t\t\t&nbsp; Tama&ntilde;os personalizados: m&iacute;n. 76 x 127 mm; m&aacute;x. 216 x 356 mm<br \/>\t\t\t&#8211; Pesos de soportes<br \/>\t\t\t&nbsp; Casete: de 60 a 163 g\/m&sup2;<\/td>\n<\/tr>\n<tr>\n<td valign=\"top\"><strong>Otras caracteristicas<\/strong><\/td>\n<td><strong>Alimentaci&oacute;n<\/strong><br \/>\t\t\t&#8211; Fuente de alimentaci&oacute;n: 220-240 V (&plusmn;10%) 50\/60 Hz (&plusmn;2 Hz)<br \/>\t\t\t&#8211; Consumo el&eacute;ctrico<br \/>\t\t\t&nbsp; M&aacute;ximo: aprox. 1300 W<br \/>\t\t\t&nbsp; En funcionamiento: aprox. 539 W<br \/>\t\t\t&nbsp; En espera: aprox. 3,5 W<br \/>\t\t\t&nbsp; Modo de suspensi&oacute;n: aprox. 1,0 W<br \/>\t\t\t&nbsp; Consumo el&eacute;ctrico t&iacute;pico (TEC): 0,21 kWh\/semana*<br \/>\t\t\t&nbsp; Para obtener informaci&oacute;n detallada relativa a la normativa Lot26, visita: http:\/\/www.canon-europe.com\/For_Work\/Lot26\/<br \/>\t\t\t* Seg&uacute;n la versi&oacute;n 3.0 de ENERGY STAR de EE. UU.<br \/>\t\t\t<strong>Consumibles<\/strong><br \/>\t\t\t&#8211; Cartucho 071 (1200 p&aacute;ginas)<br \/>\t\t\t&#8211; Cartucho 071H (2500 p&aacute;ginas)<br \/>\t\t\t* Seg&uacute;n la norma ISO\/IEC 19752<br \/>\t\t\t** La impresora se suministra con un cartucho de cortes&iacute;a (700 p&aacute;ginas)<br \/>\t\t\t<strong>Entorno<\/strong><br \/>\t\t\t&#8211; Niveles de ruido Potencia:<br \/>\t\t\t&nbsp; En funcionamiento: 69,3 dB<br \/>\t\t\t&#8211; Presi&oacute;n sonora:<br \/>\t\t\t&nbsp; En funcionamiento: 52 dB<br \/>\t\t\t&nbsp; En espera: inaudible<br \/>\t\t\t* Emisi&oacute;n de ruido declarada de acuerdo con ISO 9296<br \/>\t\t\t&#8211; Temperatura: de 10 a 30 &deg;C (de 50 a 86 &deg;F)<br \/>\t\t\t&#8211; Humedad: del 20 al 80 % de humedad relativa (sin condensaci&oacute;n)<br \/>\t\t\t<strong>Dimensiones<\/strong><br \/>\t\t\t&#8211; Con bandejas: 356 mm x 283 mm x 213 mm<br \/>\t\t\t&#8211; Peso: Aprox. 6 kg<\/td>\n<\/tr>\n<tr>\n<td><strong>Fecha Revisi&oacute;n<\/strong><\/td>\n<td>16-05-2023 por RTY<\/td>\n<\/tr>\n<\/table>\n","protected":false},"excerpt":{"rendered":"<p>&nbsp; Marca Canon Modelo 5620C001 Caracter&iacute;sticas&nbsp;&nbsp;&nbsp;&nbsp;&nbsp;&nbsp; &#8211; Volumen de impresi&oacute;n mensual recomendado: 150 &#8211; 1500 p&aacute;ginas al mes &#8211; Ciclo de trabajo: M&aacute;x. 20.000 p&aacute;ginas al mes * El ciclo de trabajo se define como el n&uacute;mero m&aacute;ximo de p&aacute;ginas impresas en un &uacute;nico mes con gran volumen de trabajo. Cualquier uso por encima del&hellip;&nbsp;<a href=\"https:\/\/aivlisoft.net\/shop\/producto\/canon-impresora-i-sensys-lbp122dw\/\" rel=\"bookmark\"><span class=\"screen-reader-text\">Canon Impresora i-SENSYS LBP122dw<\/span><\/a><\/p>\n","protected":false},"featured_media":9036,"template":"","meta":{"neve_meta_sidebar":"","neve_meta_container":"","neve_meta_enable_content_width":"","neve_meta_content_width":0,"neve_meta_title_alignment":"","neve_meta_author_avatar":"","neve_post_elements_order":"","neve_meta_disable_header":"","neve_meta_disable_footer":"","neve_meta_disable_title":""},"product_brand":[],"product_cat":[15,3529],"product_tag":[3570],"class_list":{"0":"post-9035","1":"product","2":"type-product","3":"status-publish","4":"has-post-thumbnail","6":"product_cat-sin-categorizar","7":"product_cat-impresoras","8":"product_tag-5620c001","10":"first","11":"instock","12":"taxable","13":"shipping-taxable","14":"purchasable","15":"product-type-simple"},"yoast_head":"<!-- This site is optimized with the Yoast SEO plugin v26.0 - https:\/\/yoast.com\/wordpress\/plugins\/seo\/ -->\n<title>Canon Impresora i-SENSYS LBP122dw - Aivlisoft Inform\u00e1tica<\/title>\n<meta name=\"robots\" content=\"index, follow, max-snippet:-1, max-image-preview:large, max-video-preview:-1\" \/>\n<link rel=\"canonical\" href=\"https:\/\/aivlisoft.net\/shop\/producto\/canon-impresora-i-sensys-lbp122dw\/\" \/>\n<meta property=\"og:locale\" content=\"es_ES\" \/>\n<meta property=\"og:type\" content=\"article\" \/>\n<meta property=\"og:title\" content=\"Canon Impresora i-SENSYS LBP122dw - Aivlisoft Inform\u00e1tica\" \/>\n<meta property=\"og:description\" content=\"&nbsp; Marca Canon Modelo 5620C001 Caracter&iacute;sticas&nbsp;&nbsp;&nbsp;&nbsp;&nbsp;&nbsp; &#8211; Volumen de impresi&oacute;n mensual recomendado: 150 &#8211; 1500 p&aacute;ginas al mes &#8211; Ciclo de trabajo: M&aacute;x. 20.000 p&aacute;ginas al mes * El ciclo de trabajo se define como el n&uacute;mero m&aacute;ximo de p&aacute;ginas impresas en un &uacute;nico mes con gran volumen de trabajo. Cualquier uso por encima del&hellip;&nbsp;Canon Impresora i-SENSYS LBP122dw\" \/>\n<meta property=\"og:url\" content=\"https:\/\/aivlisoft.net\/shop\/producto\/canon-impresora-i-sensys-lbp122dw\/\" \/>\n<meta property=\"og:site_name\" content=\"Aivlisoft Inform\u00e1tica\" \/>\n<meta property=\"article:modified_time\" content=\"2025-01-14T16:17:45+00:00\" \/>\n<meta property=\"og:image\" content=\"https:\/\/aivlisoft.net\/shop\/wp-content\/uploads\/2025\/01\/FIMILM0191_800.jpg\" \/>\n\t<meta property=\"og:image:width\" content=\"800\" \/>\n\t<meta property=\"og:image:height\" content=\"800\" \/>\n\t<meta property=\"og:image:type\" content=\"image\/jpeg\" \/>\n<meta name=\"twitter:card\" content=\"summary_large_image\" \/>\n<meta name=\"twitter:label1\" content=\"Tiempo de lectura\" \/>\n\t<meta name=\"twitter:data1\" content=\"3 minutos\" \/>\n<script type=\"application\/ld+json\" class=\"yoast-schema-graph\">{\"@context\":\"https:\/\/schema.org\",\"@graph\":[{\"@type\":\"WebPage\",\"@id\":\"https:\/\/aivlisoft.net\/shop\/producto\/canon-impresora-i-sensys-lbp122dw\/\",\"url\":\"https:\/\/aivlisoft.net\/shop\/producto\/canon-impresora-i-sensys-lbp122dw\/\",\"name\":\"Canon Impresora i-SENSYS LBP122dw - Aivlisoft Inform\u00e1tica\",\"isPartOf\":{\"@id\":\"https:\/\/aivlisoft.net\/shop\/#website\"},\"primaryImageOfPage\":{\"@id\":\"https:\/\/aivlisoft.net\/shop\/producto\/canon-impresora-i-sensys-lbp122dw\/#primaryimage\"},\"image\":{\"@id\":\"https:\/\/aivlisoft.net\/shop\/producto\/canon-impresora-i-sensys-lbp122dw\/#primaryimage\"},\"thumbnailUrl\":\"https:\/\/aivlisoft.net\/shop\/wp-content\/uploads\/2025\/01\/FIMILM0191_800.jpg\",\"datePublished\":\"2025-01-13T13:53:35+00:00\",\"dateModified\":\"2025-01-14T16:17:45+00:00\",\"breadcrumb\":{\"@id\":\"https:\/\/aivlisoft.net\/shop\/producto\/canon-impresora-i-sensys-lbp122dw\/#breadcrumb\"},\"inLanguage\":\"es\",\"potentialAction\":[{\"@type\":\"ReadAction\",\"target\":[\"https:\/\/aivlisoft.net\/shop\/producto\/canon-impresora-i-sensys-lbp122dw\/\"]}]},{\"@type\":\"ImageObject\",\"inLanguage\":\"es\",\"@id\":\"https:\/\/aivlisoft.net\/shop\/producto\/canon-impresora-i-sensys-lbp122dw\/#primaryimage\",\"url\":\"https:\/\/aivlisoft.net\/shop\/wp-content\/uploads\/2025\/01\/FIMILM0191_800.jpg\",\"contentUrl\":\"https:\/\/aivlisoft.net\/shop\/wp-content\/uploads\/2025\/01\/FIMILM0191_800.jpg\",\"width\":800,\"height\":800},{\"@type\":\"BreadcrumbList\",\"@id\":\"https:\/\/aivlisoft.net\/shop\/producto\/canon-impresora-i-sensys-lbp122dw\/#breadcrumb\",\"itemListElement\":[{\"@type\":\"ListItem\",\"position\":1,\"name\":\"Portada\",\"item\":\"https:\/\/aivlisoft.net\/shop\/\"},{\"@type\":\"ListItem\",\"position\":2,\"name\":\"Tienda\",\"item\":\"https:\/\/aivlisoft.net\/shop\/tienda\/\"},{\"@type\":\"ListItem\",\"position\":3,\"name\":\"Canon Impresora i-SENSYS LBP122dw\"}]},{\"@type\":\"WebSite\",\"@id\":\"https:\/\/aivlisoft.net\/shop\/#website\",\"url\":\"https:\/\/aivlisoft.net\/shop\/\",\"name\":\"Aivlisoft Inform\u00e1tica\",\"description\":\"En Aivlisoft Inform\u00e1tica ofrecemos soluciones tecnol\u00f3gicas para empresas: venta de ordenadores, consumibles, perif\u00e9ricos y m\u00e1s. Calidad, atenci\u00f3n personalizada y los mejores precios para tu negocio.\",\"publisher\":{\"@id\":\"https:\/\/aivlisoft.net\/shop\/#organization\"},\"potentialAction\":[{\"@type\":\"SearchAction\",\"target\":{\"@type\":\"EntryPoint\",\"urlTemplate\":\"https:\/\/aivlisoft.net\/shop\/?s={search_term_string}\"},\"query-input\":{\"@type\":\"PropertyValueSpecification\",\"valueRequired\":true,\"valueName\":\"search_term_string\"}}],\"inLanguage\":\"es\"},{\"@type\":\"Organization\",\"@id\":\"https:\/\/aivlisoft.net\/shop\/#organization\",\"name\":\"Aivlisoft Inform\u00e1tica\",\"url\":\"https:\/\/aivlisoft.net\/shop\/\",\"logo\":{\"@type\":\"ImageObject\",\"inLanguage\":\"es\",\"@id\":\"https:\/\/aivlisoft.net\/shop\/#\/schema\/logo\/image\/\",\"url\":\"https:\/\/aivlisoft.net\/shop\/wp-content\/uploads\/2024\/12\/removal.ai_5b848c54-0cdf-4140-95c5-c5536bb7573b-logodef.png\",\"contentUrl\":\"https:\/\/aivlisoft.net\/shop\/wp-content\/uploads\/2024\/12\/removal.ai_5b848c54-0cdf-4140-95c5-c5536bb7573b-logodef.png\",\"width\":484,\"height\":182,\"caption\":\"Aivlisoft Inform\u00e1tica\"},\"image\":{\"@id\":\"https:\/\/aivlisoft.net\/shop\/#\/schema\/logo\/image\/\"}}]}<\/script>\n<!-- \/ Yoast SEO plugin. -->","yoast_head_json":{"title":"Canon Impresora i-SENSYS LBP122dw - Aivlisoft Inform\u00e1tica","robots":{"index":"index","follow":"follow","max-snippet":"max-snippet:-1","max-image-preview":"max-image-preview:large","max-video-preview":"max-video-preview:-1"},"canonical":"https:\/\/aivlisoft.net\/shop\/producto\/canon-impresora-i-sensys-lbp122dw\/","og_locale":"es_ES","og_type":"article","og_title":"Canon Impresora i-SENSYS LBP122dw - Aivlisoft Inform\u00e1tica","og_description":"&nbsp; Marca Canon Modelo 5620C001 Caracter&iacute;sticas&nbsp;&nbsp;&nbsp;&nbsp;&nbsp;&nbsp; &#8211; Volumen de impresi&oacute;n mensual recomendado: 150 &#8211; 1500 p&aacute;ginas al mes &#8211; Ciclo de trabajo: M&aacute;x. 20.000 p&aacute;ginas al mes * El ciclo de trabajo se define como el n&uacute;mero m&aacute;ximo de p&aacute;ginas impresas en un &uacute;nico mes con gran volumen de trabajo. Cualquier uso por encima del&hellip;&nbsp;Canon Impresora i-SENSYS LBP122dw","og_url":"https:\/\/aivlisoft.net\/shop\/producto\/canon-impresora-i-sensys-lbp122dw\/","og_site_name":"Aivlisoft Inform\u00e1tica","article_modified_time":"2025-01-14T16:17:45+00:00","og_image":[{"width":800,"height":800,"url":"https:\/\/aivlisoft.net\/shop\/wp-content\/uploads\/2025\/01\/FIMILM0191_800.jpg","type":"image\/jpeg"}],"twitter_card":"summary_large_image","twitter_misc":{"Tiempo de lectura":"3 minutos"},"schema":{"@context":"https:\/\/schema.org","@graph":[{"@type":"WebPage","@id":"https:\/\/aivlisoft.net\/shop\/producto\/canon-impresora-i-sensys-lbp122dw\/","url":"https:\/\/aivlisoft.net\/shop\/producto\/canon-impresora-i-sensys-lbp122dw\/","name":"Canon Impresora i-SENSYS LBP122dw - Aivlisoft Inform\u00e1tica","isPartOf":{"@id":"https:\/\/aivlisoft.net\/shop\/#website"},"primaryImageOfPage":{"@id":"https:\/\/aivlisoft.net\/shop\/producto\/canon-impresora-i-sensys-lbp122dw\/#primaryimage"},"image":{"@id":"https:\/\/aivlisoft.net\/shop\/producto\/canon-impresora-i-sensys-lbp122dw\/#primaryimage"},"thumbnailUrl":"https:\/\/aivlisoft.net\/shop\/wp-content\/uploads\/2025\/01\/FIMILM0191_800.jpg","datePublished":"2025-01-13T13:53:35+00:00","dateModified":"2025-01-14T16:17:45+00:00","breadcrumb":{"@id":"https:\/\/aivlisoft.net\/shop\/producto\/canon-impresora-i-sensys-lbp122dw\/#breadcrumb"},"inLanguage":"es","potentialAction":[{"@type":"ReadAction","target":["https:\/\/aivlisoft.net\/shop\/producto\/canon-impresora-i-sensys-lbp122dw\/"]}]},{"@type":"ImageObject","inLanguage":"es","@id":"https:\/\/aivlisoft.net\/shop\/producto\/canon-impresora-i-sensys-lbp122dw\/#primaryimage","url":"https:\/\/aivlisoft.net\/shop\/wp-content\/uploads\/2025\/01\/FIMILM0191_800.jpg","contentUrl":"https:\/\/aivlisoft.net\/shop\/wp-content\/uploads\/2025\/01\/FIMILM0191_800.jpg","width":800,"height":800},{"@type":"BreadcrumbList","@id":"https:\/\/aivlisoft.net\/shop\/producto\/canon-impresora-i-sensys-lbp122dw\/#breadcrumb","itemListElement":[{"@type":"ListItem","position":1,"name":"Portada","item":"https:\/\/aivlisoft.net\/shop\/"},{"@type":"ListItem","position":2,"name":"Tienda","item":"https:\/\/aivlisoft.net\/shop\/tienda\/"},{"@type":"ListItem","position":3,"name":"Canon Impresora i-SENSYS LBP122dw"}]},{"@type":"WebSite","@id":"https:\/\/aivlisoft.net\/shop\/#website","url":"https:\/\/aivlisoft.net\/shop\/","name":"Aivlisoft Inform\u00e1tica","description":"En Aivlisoft Inform\u00e1tica ofrecemos soluciones tecnol\u00f3gicas para empresas: venta de ordenadores, consumibles, perif\u00e9ricos y m\u00e1s. Calidad, atenci\u00f3n personalizada y los mejores precios para tu negocio.","publisher":{"@id":"https:\/\/aivlisoft.net\/shop\/#organization"},"potentialAction":[{"@type":"SearchAction","target":{"@type":"EntryPoint","urlTemplate":"https:\/\/aivlisoft.net\/shop\/?s={search_term_string}"},"query-input":{"@type":"PropertyValueSpecification","valueRequired":true,"valueName":"search_term_string"}}],"inLanguage":"es"},{"@type":"Organization","@id":"https:\/\/aivlisoft.net\/shop\/#organization","name":"Aivlisoft Inform\u00e1tica","url":"https:\/\/aivlisoft.net\/shop\/","logo":{"@type":"ImageObject","inLanguage":"es","@id":"https:\/\/aivlisoft.net\/shop\/#\/schema\/logo\/image\/","url":"https:\/\/aivlisoft.net\/shop\/wp-content\/uploads\/2024\/12\/removal.ai_5b848c54-0cdf-4140-95c5-c5536bb7573b-logodef.png","contentUrl":"https:\/\/aivlisoft.net\/shop\/wp-content\/uploads\/2024\/12\/removal.ai_5b848c54-0cdf-4140-95c5-c5536bb7573b-logodef.png","width":484,"height":182,"caption":"Aivlisoft Inform\u00e1tica"},"image":{"@id":"https:\/\/aivlisoft.net\/shop\/#\/schema\/logo\/image\/"}}]}},"_links":{"self":[{"href":"https:\/\/aivlisoft.net\/shop\/wp-json\/wp\/v2\/product\/9035","targetHints":{"allow":["GET"]}}],"collection":[{"href":"https:\/\/aivlisoft.net\/shop\/wp-json\/wp\/v2\/product"}],"about":[{"href":"https:\/\/aivlisoft.net\/shop\/wp-json\/wp\/v2\/types\/product"}],"wp:featuredmedia":[{"embeddable":true,"href":"https:\/\/aivlisoft.net\/shop\/wp-json\/wp\/v2\/media\/9036"}],"wp:attachment":[{"href":"https:\/\/aivlisoft.net\/shop\/wp-json\/wp\/v2\/media?parent=9035"}],"wp:term":[{"taxonomy":"product_brand","embeddable":true,"href":"https:\/\/aivlisoft.net\/shop\/wp-json\/wp\/v2\/product_brand?post=9035"},{"taxonomy":"product_cat","embeddable":true,"href":"https:\/\/aivlisoft.net\/shop\/wp-json\/wp\/v2\/product_cat?post=9035"},{"taxonomy":"product_tag","embeddable":true,"href":"https:\/\/aivlisoft.net\/shop\/wp-json\/wp\/v2\/product_tag?post=9035"}],"curies":[{"name":"wp","href":"https:\/\/api.w.org\/{rel}","templated":true}]}}