{"id":9030,"date":"2025-01-13T13:53:33","date_gmt":"2025-01-13T13:53:33","guid":{"rendered":"https:\/\/aivlisoft.com\/?post_type=product&#038;p=9030"},"modified":"2025-01-15T11:17:20","modified_gmt":"2025-01-15T11:17:20","slug":"hp-impresora-laserjet-tank-1504w-wifi-blanca","status":"publish","type":"product","link":"https:\/\/aivlisoft.net\/shop\/producto\/hp-impresora-laserjet-tank-1504w-wifi-blanca\/","title":{"rendered":"HP Impresora Laserjet Tank 1504W WiFi\/ Blanca"},"content":{"rendered":"<p><\/p>\n<table class=\"tabla_caracteristicas k-table\" width=\"100%\">\n<tr>\n<td><strong>Marca<\/strong><\/td>\n<td>HP<\/td>\n<\/tr>\n<tr>\n<td><strong>Modelo<\/strong><\/td>\n<td><strong>2R7F3A<\/strong><\/td>\n<\/tr>\n<tr>\n<td valign=\"top\"><strong>Impresi&oacute;n<\/strong><\/td>\n<td>&#8211; Funciones: Impresi&oacute;n<br \/>\t\t\t&#8211; Tecnolog&iacute;a de impresi&oacute;n: Laser<br \/>\t\t\t&#8211; Ciclo de trabajo (mensual, A4): Hasta 25 000 p&aacute;ginas<br \/>\t\t\t&#8211; Ciclo de trabajo (mensual, carta): Hasta 25 000 pages<br \/>\t\t\t&#8211; Volumen de p&aacute;ginas mensuales recomendado: De 250 a 2500<br \/>\t\t\t&#8211; Impresi&oacute;n a doble cara: Manual (soporte para controlador suministrado)<br \/>\t\t\t&#8211; Calidad de impresi&oacute;n en negro (&oacute;ptima): Hasta 600 x 600 ppp<br \/>\t\t\t&#8211; Lenguajes de impresi&oacute;n: PCLmS, URF, PWG<br \/>\t\t\t<strong>Hora de impresi&oacute;n<\/strong><br \/>\t\t\t&#8211; Primera p&aacute;gina impresa en negro (carta, lista): Hasta 7.9 sec<br \/>\t\t\t&#8211; Salida de primera p&aacute;gina impresa en negro (A4, preparada):&nbsp; 8.0 segundos<br \/>\t\t\t<strong>Velocidad de impresi&oacute;n<\/strong><br \/>\t\t\t&#8211; Velocidad de impresi&oacute;n monocrom&aacute;tica (ISO, carta): Hasta 23 ppm<br \/>\t\t\t&#8211; Velocidad de impresi&oacute;n monocrom&aacute;tica (ISO, A4): Hasta 22 ppm<br \/>\t\t\t<strong>Requisitos<\/strong><br \/>\t\t\t&#8211; Requisitos m&iacute;nimos del sistema para Macintosh: Apple macOS v10.15 Catalina, macOSv11 Big Sur, macOS v12 Monterey; Disco duro de 2 GB; Se requiere acceso a Internet<br \/>\t\t\t&#8211; Requisitos m&iacute;nimos del sistema: Microsoft Windows 11, 10 y 7 SP1: 32 bits o 64 bits, 2 GB de espacio disponible en el disco duro, conexi&oacute;n a Internet, Microsoft Internet Explorer o Edge.<\/td>\n<\/tr>\n<tr>\n<td valign=\"top\"><strong>Conectividad<\/strong><\/td>\n<td><strong>Funci&oacute;n de impresi&oacute;n m&oacute;vil<\/strong><br \/>\t\t\t&#8211; Aplicaci&oacute;n HP Smart<br \/>\t\t\t&#8211; Apple AirPrint<br \/>\t\t\t&#8211; Certificaci&oacute;n Mopria<br \/>\t\t\t&#8211; ROAM opcional para una impresi&oacute;n sencilla<br \/>\t\t\t<strong>Funciones de red<\/strong><br \/>\t\t\t&#8211; Capacidades de red: WiFi 802.11b\/g\/n (2,4\/5 GHz) integrada<br \/>\t\t\t&#8211; Capacidad inal&aacute;mbrica: Wi-Fi 802.11b\/g\/n integrada (2,4\/5 GHz)<\/td>\n<\/tr>\n<tr>\n<td valign=\"top\">\n<div><strong>Gesti&oacute;n de soportes de impresi&oacute;n<\/strong><\/div>\n<\/td>\n<td>&#8211; Capacidad m&aacute;xima de entrada (hojas): Hasta 150 hojas<br \/>\t\t\t&#8211; Capacidad de entrada: Hasta 650 hojas<br \/>\t\t\t&#8211; Salida de manejo de papel, est&aacute;ndar: Hasta 100 hojas<br \/>\t\t\t&#8211; Manejo de impresiones terminadas: Papel de hoja de corte de 60 a 163 gramos.<br \/>\t\t\t&#8211; Tipos de soportes: Papel normal, papel de gramaje alto, papel bond, etiqueta, papel ligero, sobre<br \/>\t\t\t&#8211; Tama&ntilde;os de soportes de impresi&oacute;n admitidos: A6; A5; A4; Sobre n.&ordm; 10; Sobre C5; Sobre DL; Sobre B5; B5 (JIS); B6 (JIS); Oficio de 216 x 340; personalizado<br \/>\t\t\t&#8211; Tama&ntilde;os de soportes, personalizado: 102 x 152 a 215,9 x 355,6 mm<\/td>\n<\/tr>\n<tr>\n<td valign=\"top\">\n<div><strong>Otras <\/strong><\/div>\n<div><strong>caracter&iacute;sticas<\/strong><\/div>\n<\/td>\n<td><strong>Pantalla<\/strong><br \/>\t\t\t&#8211; Icon LCD<br \/>\t\t\t<strong>Software<\/strong><br \/>\t\t\t&#8211; Velocidad del procesador: 500 MHz<br \/>\t\t\t&#8211; Memoria m&aacute;xima: 64 MB de SDRAM<br \/>\t\t\t&#8211; Memoria: 64 MB<br \/>\t\t\t<strong>Sistemas operativos<br \/>\t\t\t&#8211; <\/strong>Windows 11; Windows 10; Windows 7<br \/>\t\t\t&#8211; macOS 10.15 Catalina; macOS 11 Big Sur; macOS 12 Monterey<br \/>\t\t\t&#8211; Linux<br \/>\t\t\t<strong>Consumo de energ&iacute;a<\/strong><br \/>\t\t\t&#8211; Impresi&oacute;n activa: 354 W, Lista: 1,59 W, Suspenci&oacute;n: 0,46 W, Apagado manual: 0,05 W, Apagado autom&aacute;tico\/Encendido manual: 0,05 W, Apagado autom&aacute;tico\/Activaci&oacute;n por LAN: 0,4 W<br \/>\t\t\t(Los requisitos de alimentaci&oacute;n se basan en el pa&iacute;s o la regi&oacute;n donde se vende la impresora. No convierta los voltajes de funcionamiento. Esto da&ntilde;ar&aacute; la impresora y anular&aacute; la garant&iacute;a del producto. En general, los valores de consumo de energ&iacute;a se basan en la medici&oacute;n del dispositivo de 115 V. )<br \/>\t\t\t&#8211; Voltaje nominal: 110 a 127 V, corriente nominal: 5,2 A, frecuencia: 50\/60 Hz, RMN:L12543E, voltaje nominal: 220 a 240 V, corriente nominal: 2,9 A, frecuencia: 50\/60 Hz<br \/>\t\t\t&#8211; N&uacute;mero de Consumo el&eacute;ctrico t&iacute;pico (TEC): Energy Star: 0,187 kWh\/semana; Blue Angel: 0,197 kWh\/semana<br \/>\t\t\t&#8211; Tecnolog&iacute;a de recurso de ahorro de energ&iacute;a: Tecnolog&iacute;a HP Auto-On\/Auto-Off; Tecnolog&iacute;a Instant-on<br \/>\t\t\t&#8211; Etiquetas ecol&oacute;gicas: Blue Angel; Registro EPEAT Silver<br \/>\t\t\t<strong>Funciones de seguridad<\/strong><br \/>\t\t\t&#8211; IEC 60950-1:2005 +A1:2009+A2:2013<br \/>\t\t\t&#8211; IEC\/EN 62368-1:2014; CAN\/CSA C22.2 n.&ordm; 62368-1, 3.&ordf; edici&oacute;n; UL62368-1, 3.&ordf; edici&oacute;n<br \/>\t\t\t&#8211; IEC 60825-1 3.&ordf; edici&oacute;n (producto l&aacute;ser de clase 1)<br \/>\t\t\t&#8211; EN 62479:2010\/IEC 62479:2010;<br \/>\t\t\t&#8211; La conformidad de la norma IEC 60950-1 considera todas las variantes por pa&iacute;s seg&uacute;n el bolet&iacute;n IECEE CB m&aacute;s reciente; Cumple con los est&aacute;ndares de rendimiento de la FDA para productos l&aacute;ser, con la excepci&oacute;n de la norma IEC 60825-1 3.&ordf; edici&oacute;n, tal como se describe en el anuncio l&aacute;ser n.&ordm; 56, con fecha del 8 de mayo de 2019<br \/>\t\t\t<strong>Dimensiones y pesos<\/strong><br \/>\t\t\t&#8211; 348,7 x 390,5 x 214,8 mm&nbsp;<br \/>\t\t\t&#8211; Peso: 6,2 kg<br \/>\t\t\t<strong>Contenido<\/strong><br \/>\t\t\t&#8211; Tambor de imagen de tanque LaserJet HP original negro (rendimiento de t&oacute;ner negro suministrado de aproximadamente 5000 p&aacute;ginas)<br \/>\t\t\t&#8211; Cable de alimentaci&oacute;n<br \/>\t\t\t&#8211; Gu&iacute;a de configuraci&oacute;n<br \/>\t\t\t&#8211; Gu&iacute;a de referencia<br \/>\t\t\t&#8211; Folletos reglamentarios\/de ayuda<br \/>\t\t\t&#8211; Cable USB (solo est&aacute;ndar EM)<br \/>\t\t\t&#8211; CD (solo APJ) 5<\/td>\n<\/tr>\n<tr>\n<td><strong>Fecha Revisi&oacute;n<\/strong><\/td>\n<td>22-05-2023 por RTY<\/td>\n<\/tr>\n<\/table>\n","protected":false},"excerpt":{"rendered":"<p>Marca HP Modelo 2R7F3A Impresi&oacute;n &#8211; Funciones: Impresi&oacute;n &#8211; Tecnolog&iacute;a de impresi&oacute;n: Laser &#8211; Ciclo de trabajo (mensual, A4): Hasta 25 000 p&aacute;ginas &#8211; Ciclo de trabajo (mensual, carta): Hasta 25 000 pages &#8211; Volumen de p&aacute;ginas mensuales recomendado: De 250 a 2500 &#8211; Impresi&oacute;n a doble cara: Manual (soporte para controlador suministrado) &#8211; Calidad&hellip;&nbsp;<a href=\"https:\/\/aivlisoft.net\/shop\/producto\/hp-impresora-laserjet-tank-1504w-wifi-blanca\/\" rel=\"bookmark\"><span class=\"screen-reader-text\">HP Impresora Laserjet Tank 1504W WiFi\/ Blanca<\/span><\/a><\/p>\n","protected":false},"featured_media":9031,"template":"","meta":{"neve_meta_sidebar":"","neve_meta_container":"","neve_meta_enable_content_width":"","neve_meta_content_width":0,"neve_meta_title_alignment":"","neve_meta_author_avatar":"","neve_post_elements_order":"","neve_meta_disable_header":"","neve_meta_disable_footer":"","neve_meta_disable_title":""},"product_brand":[],"product_cat":[15,3529],"product_tag":[3568],"class_list":{"0":"post-9030","1":"product","2":"type-product","3":"status-publish","4":"has-post-thumbnail","6":"product_cat-sin-categorizar","7":"product_cat-impresoras","8":"product_tag-2r7f3a","10":"first","11":"instock","12":"taxable","13":"shipping-taxable","14":"purchasable","15":"product-type-simple"},"yoast_head":"<!-- This site is optimized with the Yoast SEO plugin v26.0 - https:\/\/yoast.com\/wordpress\/plugins\/seo\/ -->\n<title>HP Impresora Laserjet Tank 1504W WiFi\/ Blanca - Aivlisoft Inform\u00e1tica<\/title>\n<meta name=\"robots\" content=\"index, follow, max-snippet:-1, max-image-preview:large, max-video-preview:-1\" \/>\n<link rel=\"canonical\" href=\"https:\/\/aivlisoft.net\/shop\/producto\/hp-impresora-laserjet-tank-1504w-wifi-blanca\/\" \/>\n<meta property=\"og:locale\" content=\"es_ES\" \/>\n<meta property=\"og:type\" content=\"article\" \/>\n<meta property=\"og:title\" content=\"HP Impresora Laserjet Tank 1504W WiFi\/ Blanca - Aivlisoft Inform\u00e1tica\" \/>\n<meta property=\"og:description\" content=\"Marca HP Modelo 2R7F3A Impresi&oacute;n &#8211; Funciones: Impresi&oacute;n &#8211; Tecnolog&iacute;a de impresi&oacute;n: Laser &#8211; Ciclo de trabajo (mensual, A4): Hasta 25 000 p&aacute;ginas &#8211; Ciclo de trabajo (mensual, carta): Hasta 25 000 pages &#8211; Volumen de p&aacute;ginas mensuales recomendado: De 250 a 2500 &#8211; Impresi&oacute;n a doble cara: Manual (soporte para controlador suministrado) &#8211; Calidad&hellip;&nbsp;HP Impresora Laserjet Tank 1504W WiFi\/ Blanca\" \/>\n<meta property=\"og:url\" content=\"https:\/\/aivlisoft.net\/shop\/producto\/hp-impresora-laserjet-tank-1504w-wifi-blanca\/\" \/>\n<meta property=\"og:site_name\" content=\"Aivlisoft Inform\u00e1tica\" \/>\n<meta property=\"article:modified_time\" content=\"2025-01-15T11:17:20+00:00\" \/>\n<meta property=\"og:image\" content=\"https:\/\/aivlisoft.net\/shop\/wp-content\/uploads\/2025\/01\/FIMILM0189_800.jpg\" \/>\n\t<meta property=\"og:image:width\" content=\"800\" \/>\n\t<meta property=\"og:image:height\" content=\"800\" \/>\n\t<meta property=\"og:image:type\" content=\"image\/jpeg\" \/>\n<meta name=\"twitter:card\" content=\"summary_large_image\" \/>\n<meta name=\"twitter:label1\" content=\"Tiempo de lectura\" \/>\n\t<meta name=\"twitter:data1\" content=\"4 minutos\" \/>\n<script type=\"application\/ld+json\" class=\"yoast-schema-graph\">{\"@context\":\"https:\/\/schema.org\",\"@graph\":[{\"@type\":\"WebPage\",\"@id\":\"https:\/\/aivlisoft.net\/shop\/producto\/hp-impresora-laserjet-tank-1504w-wifi-blanca\/\",\"url\":\"https:\/\/aivlisoft.net\/shop\/producto\/hp-impresora-laserjet-tank-1504w-wifi-blanca\/\",\"name\":\"HP Impresora Laserjet Tank 1504W WiFi\/ Blanca - Aivlisoft Inform\u00e1tica\",\"isPartOf\":{\"@id\":\"https:\/\/aivlisoft.net\/shop\/#website\"},\"primaryImageOfPage\":{\"@id\":\"https:\/\/aivlisoft.net\/shop\/producto\/hp-impresora-laserjet-tank-1504w-wifi-blanca\/#primaryimage\"},\"image\":{\"@id\":\"https:\/\/aivlisoft.net\/shop\/producto\/hp-impresora-laserjet-tank-1504w-wifi-blanca\/#primaryimage\"},\"thumbnailUrl\":\"https:\/\/aivlisoft.net\/shop\/wp-content\/uploads\/2025\/01\/FIMILM0189_800.jpg\",\"datePublished\":\"2025-01-13T13:53:33+00:00\",\"dateModified\":\"2025-01-15T11:17:20+00:00\",\"breadcrumb\":{\"@id\":\"https:\/\/aivlisoft.net\/shop\/producto\/hp-impresora-laserjet-tank-1504w-wifi-blanca\/#breadcrumb\"},\"inLanguage\":\"es\",\"potentialAction\":[{\"@type\":\"ReadAction\",\"target\":[\"https:\/\/aivlisoft.net\/shop\/producto\/hp-impresora-laserjet-tank-1504w-wifi-blanca\/\"]}]},{\"@type\":\"ImageObject\",\"inLanguage\":\"es\",\"@id\":\"https:\/\/aivlisoft.net\/shop\/producto\/hp-impresora-laserjet-tank-1504w-wifi-blanca\/#primaryimage\",\"url\":\"https:\/\/aivlisoft.net\/shop\/wp-content\/uploads\/2025\/01\/FIMILM0189_800.jpg\",\"contentUrl\":\"https:\/\/aivlisoft.net\/shop\/wp-content\/uploads\/2025\/01\/FIMILM0189_800.jpg\",\"width\":800,\"height\":800},{\"@type\":\"BreadcrumbList\",\"@id\":\"https:\/\/aivlisoft.net\/shop\/producto\/hp-impresora-laserjet-tank-1504w-wifi-blanca\/#breadcrumb\",\"itemListElement\":[{\"@type\":\"ListItem\",\"position\":1,\"name\":\"Portada\",\"item\":\"https:\/\/aivlisoft.net\/shop\/\"},{\"@type\":\"ListItem\",\"position\":2,\"name\":\"Tienda\",\"item\":\"https:\/\/aivlisoft.net\/shop\/tienda\/\"},{\"@type\":\"ListItem\",\"position\":3,\"name\":\"HP Impresora Laserjet Tank 1504W WiFi\/ Blanca\"}]},{\"@type\":\"WebSite\",\"@id\":\"https:\/\/aivlisoft.net\/shop\/#website\",\"url\":\"https:\/\/aivlisoft.net\/shop\/\",\"name\":\"Aivlisoft Inform\u00e1tica\",\"description\":\"En Aivlisoft Inform\u00e1tica ofrecemos soluciones tecnol\u00f3gicas para empresas: venta de ordenadores, consumibles, perif\u00e9ricos y m\u00e1s. Calidad, atenci\u00f3n personalizada y los mejores precios para tu negocio.\",\"publisher\":{\"@id\":\"https:\/\/aivlisoft.net\/shop\/#organization\"},\"potentialAction\":[{\"@type\":\"SearchAction\",\"target\":{\"@type\":\"EntryPoint\",\"urlTemplate\":\"https:\/\/aivlisoft.net\/shop\/?s={search_term_string}\"},\"query-input\":{\"@type\":\"PropertyValueSpecification\",\"valueRequired\":true,\"valueName\":\"search_term_string\"}}],\"inLanguage\":\"es\"},{\"@type\":\"Organization\",\"@id\":\"https:\/\/aivlisoft.net\/shop\/#organization\",\"name\":\"Aivlisoft Inform\u00e1tica\",\"url\":\"https:\/\/aivlisoft.net\/shop\/\",\"logo\":{\"@type\":\"ImageObject\",\"inLanguage\":\"es\",\"@id\":\"https:\/\/aivlisoft.net\/shop\/#\/schema\/logo\/image\/\",\"url\":\"https:\/\/aivlisoft.net\/shop\/wp-content\/uploads\/2024\/12\/removal.ai_5b848c54-0cdf-4140-95c5-c5536bb7573b-logodef.png\",\"contentUrl\":\"https:\/\/aivlisoft.net\/shop\/wp-content\/uploads\/2024\/12\/removal.ai_5b848c54-0cdf-4140-95c5-c5536bb7573b-logodef.png\",\"width\":484,\"height\":182,\"caption\":\"Aivlisoft Inform\u00e1tica\"},\"image\":{\"@id\":\"https:\/\/aivlisoft.net\/shop\/#\/schema\/logo\/image\/\"}}]}<\/script>\n<!-- \/ Yoast SEO plugin. -->","yoast_head_json":{"title":"HP Impresora Laserjet Tank 1504W WiFi\/ Blanca - Aivlisoft Inform\u00e1tica","robots":{"index":"index","follow":"follow","max-snippet":"max-snippet:-1","max-image-preview":"max-image-preview:large","max-video-preview":"max-video-preview:-1"},"canonical":"https:\/\/aivlisoft.net\/shop\/producto\/hp-impresora-laserjet-tank-1504w-wifi-blanca\/","og_locale":"es_ES","og_type":"article","og_title":"HP Impresora Laserjet Tank 1504W WiFi\/ Blanca - Aivlisoft Inform\u00e1tica","og_description":"Marca HP Modelo 2R7F3A Impresi&oacute;n &#8211; Funciones: Impresi&oacute;n &#8211; Tecnolog&iacute;a de impresi&oacute;n: Laser &#8211; Ciclo de trabajo (mensual, A4): Hasta 25 000 p&aacute;ginas &#8211; Ciclo de trabajo (mensual, carta): Hasta 25 000 pages &#8211; Volumen de p&aacute;ginas mensuales recomendado: De 250 a 2500 &#8211; Impresi&oacute;n a doble cara: Manual (soporte para controlador suministrado) &#8211; Calidad&hellip;&nbsp;HP Impresora Laserjet Tank 1504W WiFi\/ Blanca","og_url":"https:\/\/aivlisoft.net\/shop\/producto\/hp-impresora-laserjet-tank-1504w-wifi-blanca\/","og_site_name":"Aivlisoft Inform\u00e1tica","article_modified_time":"2025-01-15T11:17:20+00:00","og_image":[{"width":800,"height":800,"url":"https:\/\/aivlisoft.net\/shop\/wp-content\/uploads\/2025\/01\/FIMILM0189_800.jpg","type":"image\/jpeg"}],"twitter_card":"summary_large_image","twitter_misc":{"Tiempo de lectura":"4 minutos"},"schema":{"@context":"https:\/\/schema.org","@graph":[{"@type":"WebPage","@id":"https:\/\/aivlisoft.net\/shop\/producto\/hp-impresora-laserjet-tank-1504w-wifi-blanca\/","url":"https:\/\/aivlisoft.net\/shop\/producto\/hp-impresora-laserjet-tank-1504w-wifi-blanca\/","name":"HP Impresora Laserjet Tank 1504W WiFi\/ Blanca - Aivlisoft Inform\u00e1tica","isPartOf":{"@id":"https:\/\/aivlisoft.net\/shop\/#website"},"primaryImageOfPage":{"@id":"https:\/\/aivlisoft.net\/shop\/producto\/hp-impresora-laserjet-tank-1504w-wifi-blanca\/#primaryimage"},"image":{"@id":"https:\/\/aivlisoft.net\/shop\/producto\/hp-impresora-laserjet-tank-1504w-wifi-blanca\/#primaryimage"},"thumbnailUrl":"https:\/\/aivlisoft.net\/shop\/wp-content\/uploads\/2025\/01\/FIMILM0189_800.jpg","datePublished":"2025-01-13T13:53:33+00:00","dateModified":"2025-01-15T11:17:20+00:00","breadcrumb":{"@id":"https:\/\/aivlisoft.net\/shop\/producto\/hp-impresora-laserjet-tank-1504w-wifi-blanca\/#breadcrumb"},"inLanguage":"es","potentialAction":[{"@type":"ReadAction","target":["https:\/\/aivlisoft.net\/shop\/producto\/hp-impresora-laserjet-tank-1504w-wifi-blanca\/"]}]},{"@type":"ImageObject","inLanguage":"es","@id":"https:\/\/aivlisoft.net\/shop\/producto\/hp-impresora-laserjet-tank-1504w-wifi-blanca\/#primaryimage","url":"https:\/\/aivlisoft.net\/shop\/wp-content\/uploads\/2025\/01\/FIMILM0189_800.jpg","contentUrl":"https:\/\/aivlisoft.net\/shop\/wp-content\/uploads\/2025\/01\/FIMILM0189_800.jpg","width":800,"height":800},{"@type":"BreadcrumbList","@id":"https:\/\/aivlisoft.net\/shop\/producto\/hp-impresora-laserjet-tank-1504w-wifi-blanca\/#breadcrumb","itemListElement":[{"@type":"ListItem","position":1,"name":"Portada","item":"https:\/\/aivlisoft.net\/shop\/"},{"@type":"ListItem","position":2,"name":"Tienda","item":"https:\/\/aivlisoft.net\/shop\/tienda\/"},{"@type":"ListItem","position":3,"name":"HP Impresora Laserjet Tank 1504W WiFi\/ Blanca"}]},{"@type":"WebSite","@id":"https:\/\/aivlisoft.net\/shop\/#website","url":"https:\/\/aivlisoft.net\/shop\/","name":"Aivlisoft Inform\u00e1tica","description":"En Aivlisoft Inform\u00e1tica ofrecemos soluciones tecnol\u00f3gicas para empresas: venta de ordenadores, consumibles, perif\u00e9ricos y m\u00e1s. Calidad, atenci\u00f3n personalizada y los mejores precios para tu negocio.","publisher":{"@id":"https:\/\/aivlisoft.net\/shop\/#organization"},"potentialAction":[{"@type":"SearchAction","target":{"@type":"EntryPoint","urlTemplate":"https:\/\/aivlisoft.net\/shop\/?s={search_term_string}"},"query-input":{"@type":"PropertyValueSpecification","valueRequired":true,"valueName":"search_term_string"}}],"inLanguage":"es"},{"@type":"Organization","@id":"https:\/\/aivlisoft.net\/shop\/#organization","name":"Aivlisoft Inform\u00e1tica","url":"https:\/\/aivlisoft.net\/shop\/","logo":{"@type":"ImageObject","inLanguage":"es","@id":"https:\/\/aivlisoft.net\/shop\/#\/schema\/logo\/image\/","url":"https:\/\/aivlisoft.net\/shop\/wp-content\/uploads\/2024\/12\/removal.ai_5b848c54-0cdf-4140-95c5-c5536bb7573b-logodef.png","contentUrl":"https:\/\/aivlisoft.net\/shop\/wp-content\/uploads\/2024\/12\/removal.ai_5b848c54-0cdf-4140-95c5-c5536bb7573b-logodef.png","width":484,"height":182,"caption":"Aivlisoft Inform\u00e1tica"},"image":{"@id":"https:\/\/aivlisoft.net\/shop\/#\/schema\/logo\/image\/"}}]}},"_links":{"self":[{"href":"https:\/\/aivlisoft.net\/shop\/wp-json\/wp\/v2\/product\/9030","targetHints":{"allow":["GET"]}}],"collection":[{"href":"https:\/\/aivlisoft.net\/shop\/wp-json\/wp\/v2\/product"}],"about":[{"href":"https:\/\/aivlisoft.net\/shop\/wp-json\/wp\/v2\/types\/product"}],"wp:featuredmedia":[{"embeddable":true,"href":"https:\/\/aivlisoft.net\/shop\/wp-json\/wp\/v2\/media\/9031"}],"wp:attachment":[{"href":"https:\/\/aivlisoft.net\/shop\/wp-json\/wp\/v2\/media?parent=9030"}],"wp:term":[{"taxonomy":"product_brand","embeddable":true,"href":"https:\/\/aivlisoft.net\/shop\/wp-json\/wp\/v2\/product_brand?post=9030"},{"taxonomy":"product_cat","embeddable":true,"href":"https:\/\/aivlisoft.net\/shop\/wp-json\/wp\/v2\/product_cat?post=9030"},{"taxonomy":"product_tag","embeddable":true,"href":"https:\/\/aivlisoft.net\/shop\/wp-json\/wp\/v2\/product_tag?post=9030"}],"curies":[{"name":"wp","href":"https:\/\/api.w.org\/{rel}","templated":true}]}}