{"id":8992,"date":"2025-01-13T13:53:14","date_gmt":"2025-01-13T13:53:14","guid":{"rendered":"https:\/\/aivlisoft.com\/?post_type=product&#038;p=8992"},"modified":"2025-01-14T10:44:03","modified_gmt":"2025-01-14T10:44:03","slug":"canon-impresora-i-sensys-lbp633cdw","status":"publish","type":"product","link":"https:\/\/aivlisoft.net\/shop\/producto\/canon-impresora-i-sensys-lbp633cdw\/","title":{"rendered":"Canon Impresora i-SENSYS LBP633cdw"},"content":{"rendered":"<p><\/p>\n<table class=\"tabla_caracteristicas k-table\" width=\"100%\">\n<tr>\n<td valign=\"top\"><strong>Marca<\/strong><\/td>\n<td>Canon<\/td>\n<\/tr>\n<tr>\n<td valign=\"top\"><strong>Modelo<\/strong><\/td>\n<td><strong>5159C001<\/strong><\/td>\n<\/tr>\n<tr>\n<td valign=\"top\"><strong>Impresi&oacute;n<\/strong><\/td>\n<td><strong>Especificaciones de la impresora<\/strong><br \/>\t\t\t&#8211; Resoluci&oacute;n m&aacute;xima de impresi&oacute;n: 1200 x 1200 ppp<br \/>\t\t\t&#8211; Velocidad de impresi&oacute;n: Hasta 21 ppm (color) \/ hasta 38 ppm (A5)<br \/>\t\t\t&#8211; Paleta de tinta admitida (colores)&nbsp;&nbsp; &nbsp;4 tintas<br \/>\t\t\t&#8211; Emulaciones: PCL 5C,PostScript,PCL 6,Canon Ultra Fast Rendering (UFRII)<br \/>\t\t\t&#8211; Tiempo de impresi&oacute;n 1&ordf; p&aacute;gina: 10.4 segundos<br \/>\t\t\t&#8211; Volumen mensual recomendado: 250 &#8211; 2500 p&aacute;ginas<br \/>\t\t\t&#8211; Impresi&oacute;n a doble cara autom&aacute;tico<\/td>\n<\/tr>\n<tr>\n<td valign=\"top\"><strong>Memoria<\/strong><\/td>\n<td>&#8211; Memoria: 1Gb<\/td>\n<\/tr>\n<tr>\n<td valign=\"top\"><strong>Conectividad y comunicaciones<\/strong><\/td>\n<td><strong>Interfaces<\/strong><br \/>\t\t\t&#8211; 1 x USB 2.0 &#8211; USB Tipo B de 4 clavijas<br \/>\t\t\t&#8211; 1 x LAN Gigabit &#8211; RJ-45<br \/>\t\t\t&#8211; 1 x USB host &#8211; USB de 4 clavijas Tipo A<\/td>\n<\/tr>\n<tr>\n<td valign=\"top\"><strong>Otras caracter&iacute;sticas<\/strong><\/td>\n<td valign=\"top\"><strong>General<\/strong><br \/>\t\t\t&#8211; Tipo de impresora: Impresora de grupo de trabajo &#8211; laser &#8211; color<br \/>\t\t\t&#8211; Pantalla: LCD de 5 l&iacute;neas<br \/>\t\t\t&#8211; Tama&ntilde;o m&aacute;ximo del papel: A4<br \/>\t\t\t&#8211; Emisi&oacute;n de sonido: 66 dB<br \/>\t\t\t<strong>Sistemas operativos y software<\/strong><br \/>\t\t\t&#8211; Software incluido: Controladores y utilidades<br \/>\t\t\t&#8211; Soporte del sitema operativo: Linux,Windows 8.1,Windows 10,Apple MacOS X 10.11 o posterior,Microsoft Windows Server 2022,Windows 11<br \/>\t\t\t<strong>Tratamiento de documentos y medios<\/strong><br \/>\t\t\t&#8211; Tipos de papel: Sobres,etiquetas,papel normal,papel reciclado,papel fino,tarjetas postales,coated paper,papel a color,papel grueso<br \/>\t\t\t&#8211; Tama&ntilde;o m&aacute;ximo del original: A4 (210 x 297 mm),Legal (216 x 356 mm)<br \/>\t\t\t&#8211; Cassette de papel:1 &#8211; 250 hojas &#8211; Legal (216 x 356 mm)\/A4 (210 x 297 mm) peso:60 g\/m&sup2; &#8211; 200 g\/m<br \/>\t\t\t&#8211; Bandeja multiusos:1 &#8211; 1 hoja &#8211; Legal (216 x 356 mm)\/A4 (210 x 297 mm) peso:60 g\/m&sup2; &#8211; 200 g\/m&sup2;<br \/>\t\t\t&#8211; Bandeja de salida:1 &#8211; 100 hojas<br \/>\t\t\t&#8211; Capacidad m&aacute;xima para soportes: 251 hojas<br \/>\t\t\t<strong>Protocolos de seguridad<\/strong><br \/>\t\t\t&#8211; Secure Print<br \/>\t\t\t<strong>Alimentaci&oacute;n<\/strong><br \/>\t\t\t&#8211; Consumo de energ&iacute;a: Imprimiendo 850W, modo espera 8.,5W, reposo 0,8W<br \/>\t\t\t&#8211; Consumo el&eacute;ctrico: AC 220-240 V (50\/60Hz)<br \/>\t\t\t<strong>Consumibles incluidos<\/strong><br \/>\t\t\t&#8211; 1 x cartucho de t&oacute;ner (negro) &#8211; hasta 910 p&aacute;ginas &#8211; Canon 067 Starter<br \/>\t\t\t&#8211; 1 x cartucho de t&oacute;ner (ci&aacute;n) &#8211; hasta 680 p&aacute;ginas &#8211; Canon 067 Starter<br \/>\t\t\t&#8211; 1 x cartucho de t&oacute;ner (magenta) &#8211; hasta 680 p&aacute;ginas &#8211; Canon 067 Starter<br \/>\t\t\t&#8211; 1 x cartucho de t&oacute;ner (amarillo) &#8211; hasta 680 p&aacute;ginas &#8211; Canon 067 Starter<br \/>\t\t\t<strong>Dimensiones y peso<\/strong><br \/>\t\t\t&#8211; Dimensiones: 430 x 418 x 287 mm<br \/>\t\t\t&#8211; Peso: 16.1 kg<\/td>\n<\/tr>\n<tr>\n<td valign=\"top\"><strong>Fecha Revisi&oacute;n<\/strong><\/td>\n<td>16-05-2024 por RTY<\/td>\n<\/tr>\n<\/table>\n","protected":false},"excerpt":{"rendered":"<p>Marca Canon Modelo 5159C001 Impresi&oacute;n Especificaciones de la impresora &#8211; Resoluci&oacute;n m&aacute;xima de impresi&oacute;n: 1200 x 1200 ppp &#8211; Velocidad de impresi&oacute;n: Hasta 21 ppm (color) \/ hasta 38 ppm (A5) &#8211; Paleta de tinta admitida (colores)&nbsp;&nbsp; &nbsp;4 tintas &#8211; Emulaciones: PCL 5C,PostScript,PCL 6,Canon Ultra Fast Rendering (UFRII) &#8211; Tiempo de impresi&oacute;n 1&ordf; p&aacute;gina: 10.4&hellip;&nbsp;<a href=\"https:\/\/aivlisoft.net\/shop\/producto\/canon-impresora-i-sensys-lbp633cdw\/\" rel=\"bookmark\"><span class=\"screen-reader-text\">Canon Impresora i-SENSYS LBP633cdw<\/span><\/a><\/p>\n","protected":false},"featured_media":8993,"template":"","meta":{"neve_meta_sidebar":"","neve_meta_container":"","neve_meta_enable_content_width":"","neve_meta_content_width":0,"neve_meta_title_alignment":"","neve_meta_author_avatar":"","neve_post_elements_order":"","neve_meta_disable_header":"","neve_meta_disable_footer":"","neve_meta_disable_title":""},"product_brand":[],"product_cat":[8715],"product_tag":[3555],"class_list":{"0":"post-8992","1":"product","2":"type-product","3":"status-publish","4":"has-post-thumbnail","6":"product_cat-impresoras-laser-color","7":"product_tag-5159c001","9":"first","10":"instock","11":"taxable","12":"shipping-taxable","13":"purchasable","14":"product-type-simple"},"yoast_head":"<!-- This site is optimized with the Yoast SEO plugin v26.0 - https:\/\/yoast.com\/wordpress\/plugins\/seo\/ -->\n<title>Canon Impresora i-SENSYS LBP633cdw - Aivlisoft Inform\u00e1tica<\/title>\n<meta name=\"robots\" content=\"index, follow, max-snippet:-1, max-image-preview:large, max-video-preview:-1\" \/>\n<link rel=\"canonical\" href=\"https:\/\/aivlisoft.net\/shop\/producto\/canon-impresora-i-sensys-lbp633cdw\/\" \/>\n<meta property=\"og:locale\" content=\"es_ES\" \/>\n<meta property=\"og:type\" content=\"article\" \/>\n<meta property=\"og:title\" content=\"Canon Impresora i-SENSYS LBP633cdw - Aivlisoft Inform\u00e1tica\" \/>\n<meta property=\"og:description\" content=\"Marca Canon Modelo 5159C001 Impresi&oacute;n Especificaciones de la impresora &#8211; Resoluci&oacute;n m&aacute;xima de impresi&oacute;n: 1200 x 1200 ppp &#8211; Velocidad de impresi&oacute;n: Hasta 21 ppm (color) \/ hasta 38 ppm (A5) &#8211; Paleta de tinta admitida (colores)&nbsp;&nbsp; &nbsp;4 tintas &#8211; Emulaciones: PCL 5C,PostScript,PCL 6,Canon Ultra Fast Rendering (UFRII) &#8211; Tiempo de impresi&oacute;n 1&ordf; p&aacute;gina: 10.4&hellip;&nbsp;Canon Impresora i-SENSYS LBP633cdw\" \/>\n<meta property=\"og:url\" content=\"https:\/\/aivlisoft.net\/shop\/producto\/canon-impresora-i-sensys-lbp633cdw\/\" \/>\n<meta property=\"og:site_name\" content=\"Aivlisoft Inform\u00e1tica\" \/>\n<meta property=\"article:modified_time\" content=\"2025-01-14T10:44:03+00:00\" \/>\n<meta property=\"og:image\" content=\"https:\/\/aivlisoft.net\/shop\/wp-content\/uploads\/2025\/01\/FIMILC0131_800.jpg\" \/>\n\t<meta property=\"og:image:width\" content=\"800\" \/>\n\t<meta property=\"og:image:height\" content=\"800\" \/>\n\t<meta property=\"og:image:type\" content=\"image\/jpeg\" \/>\n<meta name=\"twitter:card\" content=\"summary_large_image\" \/>\n<meta name=\"twitter:label1\" content=\"Tiempo de lectura\" \/>\n\t<meta name=\"twitter:data1\" content=\"2 minutos\" \/>\n<script type=\"application\/ld+json\" class=\"yoast-schema-graph\">{\"@context\":\"https:\/\/schema.org\",\"@graph\":[{\"@type\":\"WebPage\",\"@id\":\"https:\/\/aivlisoft.net\/shop\/producto\/canon-impresora-i-sensys-lbp633cdw\/\",\"url\":\"https:\/\/aivlisoft.net\/shop\/producto\/canon-impresora-i-sensys-lbp633cdw\/\",\"name\":\"Canon Impresora i-SENSYS LBP633cdw - Aivlisoft Inform\u00e1tica\",\"isPartOf\":{\"@id\":\"https:\/\/aivlisoft.net\/shop\/#website\"},\"primaryImageOfPage\":{\"@id\":\"https:\/\/aivlisoft.net\/shop\/producto\/canon-impresora-i-sensys-lbp633cdw\/#primaryimage\"},\"image\":{\"@id\":\"https:\/\/aivlisoft.net\/shop\/producto\/canon-impresora-i-sensys-lbp633cdw\/#primaryimage\"},\"thumbnailUrl\":\"https:\/\/aivlisoft.net\/shop\/wp-content\/uploads\/2025\/01\/FIMILC0131_800.jpg\",\"datePublished\":\"2025-01-13T13:53:14+00:00\",\"dateModified\":\"2025-01-14T10:44:03+00:00\",\"breadcrumb\":{\"@id\":\"https:\/\/aivlisoft.net\/shop\/producto\/canon-impresora-i-sensys-lbp633cdw\/#breadcrumb\"},\"inLanguage\":\"es\",\"potentialAction\":[{\"@type\":\"ReadAction\",\"target\":[\"https:\/\/aivlisoft.net\/shop\/producto\/canon-impresora-i-sensys-lbp633cdw\/\"]}]},{\"@type\":\"ImageObject\",\"inLanguage\":\"es\",\"@id\":\"https:\/\/aivlisoft.net\/shop\/producto\/canon-impresora-i-sensys-lbp633cdw\/#primaryimage\",\"url\":\"https:\/\/aivlisoft.net\/shop\/wp-content\/uploads\/2025\/01\/FIMILC0131_800.jpg\",\"contentUrl\":\"https:\/\/aivlisoft.net\/shop\/wp-content\/uploads\/2025\/01\/FIMILC0131_800.jpg\",\"width\":800,\"height\":800},{\"@type\":\"BreadcrumbList\",\"@id\":\"https:\/\/aivlisoft.net\/shop\/producto\/canon-impresora-i-sensys-lbp633cdw\/#breadcrumb\",\"itemListElement\":[{\"@type\":\"ListItem\",\"position\":1,\"name\":\"Portada\",\"item\":\"https:\/\/aivlisoft.net\/shop\/\"},{\"@type\":\"ListItem\",\"position\":2,\"name\":\"Tienda\",\"item\":\"https:\/\/aivlisoft.net\/shop\/tienda\/\"},{\"@type\":\"ListItem\",\"position\":3,\"name\":\"Canon Impresora i-SENSYS LBP633cdw\"}]},{\"@type\":\"WebSite\",\"@id\":\"https:\/\/aivlisoft.net\/shop\/#website\",\"url\":\"https:\/\/aivlisoft.net\/shop\/\",\"name\":\"Aivlisoft Inform\u00e1tica\",\"description\":\"En Aivlisoft Inform\u00e1tica ofrecemos soluciones tecnol\u00f3gicas para empresas: venta de ordenadores, consumibles, perif\u00e9ricos y m\u00e1s. Calidad, atenci\u00f3n personalizada y los mejores precios para tu negocio.\",\"publisher\":{\"@id\":\"https:\/\/aivlisoft.net\/shop\/#organization\"},\"potentialAction\":[{\"@type\":\"SearchAction\",\"target\":{\"@type\":\"EntryPoint\",\"urlTemplate\":\"https:\/\/aivlisoft.net\/shop\/?s={search_term_string}\"},\"query-input\":{\"@type\":\"PropertyValueSpecification\",\"valueRequired\":true,\"valueName\":\"search_term_string\"}}],\"inLanguage\":\"es\"},{\"@type\":\"Organization\",\"@id\":\"https:\/\/aivlisoft.net\/shop\/#organization\",\"name\":\"Aivlisoft Inform\u00e1tica\",\"url\":\"https:\/\/aivlisoft.net\/shop\/\",\"logo\":{\"@type\":\"ImageObject\",\"inLanguage\":\"es\",\"@id\":\"https:\/\/aivlisoft.net\/shop\/#\/schema\/logo\/image\/\",\"url\":\"https:\/\/aivlisoft.net\/shop\/wp-content\/uploads\/2024\/12\/removal.ai_5b848c54-0cdf-4140-95c5-c5536bb7573b-logodef.png\",\"contentUrl\":\"https:\/\/aivlisoft.net\/shop\/wp-content\/uploads\/2024\/12\/removal.ai_5b848c54-0cdf-4140-95c5-c5536bb7573b-logodef.png\",\"width\":484,\"height\":182,\"caption\":\"Aivlisoft Inform\u00e1tica\"},\"image\":{\"@id\":\"https:\/\/aivlisoft.net\/shop\/#\/schema\/logo\/image\/\"}}]}<\/script>\n<!-- \/ Yoast SEO plugin. -->","yoast_head_json":{"title":"Canon Impresora i-SENSYS LBP633cdw - Aivlisoft Inform\u00e1tica","robots":{"index":"index","follow":"follow","max-snippet":"max-snippet:-1","max-image-preview":"max-image-preview:large","max-video-preview":"max-video-preview:-1"},"canonical":"https:\/\/aivlisoft.net\/shop\/producto\/canon-impresora-i-sensys-lbp633cdw\/","og_locale":"es_ES","og_type":"article","og_title":"Canon Impresora i-SENSYS LBP633cdw - Aivlisoft Inform\u00e1tica","og_description":"Marca Canon Modelo 5159C001 Impresi&oacute;n Especificaciones de la impresora &#8211; Resoluci&oacute;n m&aacute;xima de impresi&oacute;n: 1200 x 1200 ppp &#8211; Velocidad de impresi&oacute;n: Hasta 21 ppm (color) \/ hasta 38 ppm (A5) &#8211; Paleta de tinta admitida (colores)&nbsp;&nbsp; &nbsp;4 tintas &#8211; Emulaciones: PCL 5C,PostScript,PCL 6,Canon Ultra Fast Rendering (UFRII) &#8211; Tiempo de impresi&oacute;n 1&ordf; p&aacute;gina: 10.4&hellip;&nbsp;Canon Impresora i-SENSYS LBP633cdw","og_url":"https:\/\/aivlisoft.net\/shop\/producto\/canon-impresora-i-sensys-lbp633cdw\/","og_site_name":"Aivlisoft Inform\u00e1tica","article_modified_time":"2025-01-14T10:44:03+00:00","og_image":[{"width":800,"height":800,"url":"https:\/\/aivlisoft.net\/shop\/wp-content\/uploads\/2025\/01\/FIMILC0131_800.jpg","type":"image\/jpeg"}],"twitter_card":"summary_large_image","twitter_misc":{"Tiempo de lectura":"2 minutos"},"schema":{"@context":"https:\/\/schema.org","@graph":[{"@type":"WebPage","@id":"https:\/\/aivlisoft.net\/shop\/producto\/canon-impresora-i-sensys-lbp633cdw\/","url":"https:\/\/aivlisoft.net\/shop\/producto\/canon-impresora-i-sensys-lbp633cdw\/","name":"Canon Impresora i-SENSYS LBP633cdw - Aivlisoft Inform\u00e1tica","isPartOf":{"@id":"https:\/\/aivlisoft.net\/shop\/#website"},"primaryImageOfPage":{"@id":"https:\/\/aivlisoft.net\/shop\/producto\/canon-impresora-i-sensys-lbp633cdw\/#primaryimage"},"image":{"@id":"https:\/\/aivlisoft.net\/shop\/producto\/canon-impresora-i-sensys-lbp633cdw\/#primaryimage"},"thumbnailUrl":"https:\/\/aivlisoft.net\/shop\/wp-content\/uploads\/2025\/01\/FIMILC0131_800.jpg","datePublished":"2025-01-13T13:53:14+00:00","dateModified":"2025-01-14T10:44:03+00:00","breadcrumb":{"@id":"https:\/\/aivlisoft.net\/shop\/producto\/canon-impresora-i-sensys-lbp633cdw\/#breadcrumb"},"inLanguage":"es","potentialAction":[{"@type":"ReadAction","target":["https:\/\/aivlisoft.net\/shop\/producto\/canon-impresora-i-sensys-lbp633cdw\/"]}]},{"@type":"ImageObject","inLanguage":"es","@id":"https:\/\/aivlisoft.net\/shop\/producto\/canon-impresora-i-sensys-lbp633cdw\/#primaryimage","url":"https:\/\/aivlisoft.net\/shop\/wp-content\/uploads\/2025\/01\/FIMILC0131_800.jpg","contentUrl":"https:\/\/aivlisoft.net\/shop\/wp-content\/uploads\/2025\/01\/FIMILC0131_800.jpg","width":800,"height":800},{"@type":"BreadcrumbList","@id":"https:\/\/aivlisoft.net\/shop\/producto\/canon-impresora-i-sensys-lbp633cdw\/#breadcrumb","itemListElement":[{"@type":"ListItem","position":1,"name":"Portada","item":"https:\/\/aivlisoft.net\/shop\/"},{"@type":"ListItem","position":2,"name":"Tienda","item":"https:\/\/aivlisoft.net\/shop\/tienda\/"},{"@type":"ListItem","position":3,"name":"Canon Impresora i-SENSYS LBP633cdw"}]},{"@type":"WebSite","@id":"https:\/\/aivlisoft.net\/shop\/#website","url":"https:\/\/aivlisoft.net\/shop\/","name":"Aivlisoft Inform\u00e1tica","description":"En Aivlisoft Inform\u00e1tica ofrecemos soluciones tecnol\u00f3gicas para empresas: venta de ordenadores, consumibles, perif\u00e9ricos y m\u00e1s. Calidad, atenci\u00f3n personalizada y los mejores precios para tu negocio.","publisher":{"@id":"https:\/\/aivlisoft.net\/shop\/#organization"},"potentialAction":[{"@type":"SearchAction","target":{"@type":"EntryPoint","urlTemplate":"https:\/\/aivlisoft.net\/shop\/?s={search_term_string}"},"query-input":{"@type":"PropertyValueSpecification","valueRequired":true,"valueName":"search_term_string"}}],"inLanguage":"es"},{"@type":"Organization","@id":"https:\/\/aivlisoft.net\/shop\/#organization","name":"Aivlisoft Inform\u00e1tica","url":"https:\/\/aivlisoft.net\/shop\/","logo":{"@type":"ImageObject","inLanguage":"es","@id":"https:\/\/aivlisoft.net\/shop\/#\/schema\/logo\/image\/","url":"https:\/\/aivlisoft.net\/shop\/wp-content\/uploads\/2024\/12\/removal.ai_5b848c54-0cdf-4140-95c5-c5536bb7573b-logodef.png","contentUrl":"https:\/\/aivlisoft.net\/shop\/wp-content\/uploads\/2024\/12\/removal.ai_5b848c54-0cdf-4140-95c5-c5536bb7573b-logodef.png","width":484,"height":182,"caption":"Aivlisoft Inform\u00e1tica"},"image":{"@id":"https:\/\/aivlisoft.net\/shop\/#\/schema\/logo\/image\/"}}]}},"_links":{"self":[{"href":"https:\/\/aivlisoft.net\/shop\/wp-json\/wp\/v2\/product\/8992","targetHints":{"allow":["GET"]}}],"collection":[{"href":"https:\/\/aivlisoft.net\/shop\/wp-json\/wp\/v2\/product"}],"about":[{"href":"https:\/\/aivlisoft.net\/shop\/wp-json\/wp\/v2\/types\/product"}],"wp:featuredmedia":[{"embeddable":true,"href":"https:\/\/aivlisoft.net\/shop\/wp-json\/wp\/v2\/media\/8993"}],"wp:attachment":[{"href":"https:\/\/aivlisoft.net\/shop\/wp-json\/wp\/v2\/media?parent=8992"}],"wp:term":[{"taxonomy":"product_brand","embeddable":true,"href":"https:\/\/aivlisoft.net\/shop\/wp-json\/wp\/v2\/product_brand?post=8992"},{"taxonomy":"product_cat","embeddable":true,"href":"https:\/\/aivlisoft.net\/shop\/wp-json\/wp\/v2\/product_cat?post=8992"},{"taxonomy":"product_tag","embeddable":true,"href":"https:\/\/aivlisoft.net\/shop\/wp-json\/wp\/v2\/product_tag?post=8992"}],"curies":[{"name":"wp","href":"https:\/\/api.w.org\/{rel}","templated":true}]}}