{"id":8935,"date":"2025-01-13T13:52:45","date_gmt":"2025-01-13T13:52:45","guid":{"rendered":"https:\/\/aivlisoft.com\/?post_type=product&#038;p=8935"},"modified":"2025-01-14T13:04:18","modified_gmt":"2025-01-14T13:04:18","slug":"canon-impresora-maxify-ib4150","status":"publish","type":"product","link":"https:\/\/aivlisoft.net\/shop\/producto\/canon-impresora-maxify-ib4150\/","title":{"rendered":"Canon Impresora MAXIFY iB4150"},"content":{"rendered":"<p>Hazte con una impresora de inyecci&oacute;n de tinta a color r&aacute;pida y de gran calidad creada para mayor productividad, rendimiento y fiabilidad en un entorno de oficina peque&ntilde;a. Disfruta de velocidades de impresi&oacute;n de 24 imp mono y 15,5 imp en color con un rendimiento de hasta 2500 p&aacute;ginas mono y costes de mantenimiento bajos. Saca el m&aacute;ximo partido de la impresi&oacute;n inal&aacute;mbrica sencilla donde quiera que te encuentres.<\/p>\n<p><strong>Ventajas<\/strong><br \/>&#8211; Disfruta de una impresi&oacute;n r&aacute;pida de 24 im&aacute;genes por minuto (ipm) en blanco y negro y 15,5 ipm en color<br \/>&#8211; Existencias y eficacia para largos periodos de tiempo con una capacidad de papel de 500 hojas<br \/>&#8211; Saca el m&aacute;ximo partido de rendimientos de tinta altos de hasta 2500 p&aacute;ginas mono y 1500 p&aacute;ginas en color<br \/>&#8211; Imprime a partir de aplicaciones populares en la nube como Evernote, Dropbox, OneDrive o Google Drive mediante la aplicaci&oacute;n Canon PRINT para dispositivos Android e iOS<br \/>&#8211; Imprime de forma inal&aacute;mbrica a trav&eacute;s de Wi-Fi y conectividad LAN<\/p>\n<table class=\"tabla_caracteristicas k-table\" width=\"100%\">\n<tbody>\n<tr>\n<td><strong>Marca<\/strong><\/td>\n<td>Canon<\/td>\n<\/tr>\n<tr>\n<td><strong>Modelo<\/strong><\/td>\n<td><strong><\/strong><strong>0972C009<\/strong><\/td>\n<\/tr>\n<tr>\n<td valign=\"top\"><strong>Conexi&oacute;n<\/strong><\/td>\n<td>&#8211; USB<br \/>&#8211; Modo de punto de acceso<\/td>\n<\/tr>\n<tr>\n<td valign=\"top\"><strong>Impresi&oacute;n<\/strong><\/td>\n<td>&#8211; Velocidad de impresi&oacute;n en blanco y negro: Aprox. 24,0 ipm en blanco y negro A4<br \/>&#8211; Velocidad de impresi&oacute;n en color: Aprox. 15,5 ipm en color A4<br \/>&#8211; Tiempo de salida de la primera p&aacute;gina (FPOT): Blanco y negro: 6 s (listo) \/ 10 s (suspensi&oacute;n) Color: 7 s (listo) \/ 12 s (suspensi&oacute;n)<br \/>&#8211; M&aacute;rgenes de impresi&oacute;n: Superior: 3 mm, inferior: 5 mm, izquierda y derecha: 3,4 mm<br \/>&#8211; Impresi&oacute;n a dos caras: Impresi&oacute;n autom&aacute;tica a doble cara (A4, LTR, papel normal)<br \/>&#8211; Resoluci&oacute;n de impresi&oacute;n: Up to 600 x 1200 dpi<br \/>&#8211; Tecnolog&iacute;a de impresi&oacute;n: Inyecci&oacute;n de tinta, cabezales FINE<\/td>\n<\/tr>\n<tr>\n<td valign=\"top\"><strong>Especificaciones f&iacute;sicas<\/strong><\/td>\n<td>&#8211; Dimensiones del producto (an. x al. x pr.): Approx. 463 x 290 x 394 mm<br \/>&#8211; Entrada de peso de producto &#8211; 1: 9.6 kg<br \/>&#8211; Rango de humedad de funcionamiento: 10-80%RH (no dew condensation)<br \/>&#8211; Rango de temperaturas de funcionamiento: 15-30&deg;C<br \/>&#8211; Ancho de producto: 463 mm<br \/>&#8211; Profundidad de producto: 394<br \/>&#8211; Altura de producto: 290<\/td>\n<\/tr>\n<tr>\n<td valign=\"top\"><strong>Otras caracter&iacute;sticas<\/strong><\/td>\n<td>\n<p><strong>Soportes y cartuchos<\/strong><br \/>&#8211; Rendimiento del cartucho (papel normal): PGI-2500XL BK (2500 p&aacute;ginas) PGI-2500XL C (1755 p&aacute;ginas) PGI-2500XL M (1295 p&aacute;ginas) PGI-2500XL Y (1520 p&aacute;ginas) Rendimiento medio de los dep&oacute;sitos de tinta de color (CMY): 1500 p&aacute;ginas<br \/>&#8211; Tipo de tinta: Tinta Dual Resistant High Density PGI-2500XL BK PGI-2500XL C PGI-2500XL M PGI-2500XL Y<br \/>&#8211; Cartuchos de tinta xl opcionales: PGI-2500XL BK (2500 p&aacute;ginas) 2 PGI-2500XL C (1755 p&aacute;ginas) 2 PGI-2500XL M (1295 p&aacute;ginas) 2 PGI-2500XL Y (1520 p&aacute;ginas) 2 Rendimiento medio de los dep&oacute;sitos de tinta de color (CMY): 1500 p&aacute;ginas 2<br \/><strong>Caracter&iacute;sticas generales<\/strong><br \/>&#8211; Rendimiento: Hasta 30 000 p&aacute;ginas \/ mes<br \/>&#8211; Volumen de impresi&oacute;n recomendado: 200-1500 p&aacute;ginas\/mes<br \/><strong>Especificaciones del producto<\/strong><br \/>&#8211; Panel de operaci&oacute;n: Pantalla LCD de matriz de puntos completa<br \/><strong>Sistemas operativos compatibles<\/strong><br \/><strong>SO <\/strong><br \/>&#8211; MAC<br \/>&#8211; iOS<br \/><strong>Requisitos m&iacute;nimos del sistema<\/strong><br \/>&#8211; Mac: Safari 5 y conexi&oacute;n a InternetPantalla: 1024 x 768 o superior<br \/>&#8211; Windows: Internet Explorer 8, conexi&oacute;n a Internet o CD-ROM Pantalla: 1024 x 768 o superior<br \/><strong>Versi&oacute;n <\/strong><br \/>&#8211; Mac OS X v10.8.5 o posterior<br \/>&#8211; Windows 10 \/ 8.1 \/ 8 \/ 7 \/ 7 SP1 \/ Vista SP2, Windows Server 2008 \/ 2008 R2 \/ 2012 \/ 2012 R2<br \/><strong>Gesti&oacute;n de soportes<\/strong><br \/>&#8211; Entrada m&aacute;xima de papel: Cassette superior: 250 hojas de papel normal Cassette inferior: 250 hojas de papel normal<br \/>&#8211; Tipos de papel: Papel normal Sobres (DL, COM10, C5, Monarch) Papel Canon de alta resoluci&oacute;n (HR-101N) Canon mate (MP-101) Canon Pro brillante (LU-101) Canon Plus satinado (SG-201) Canon Plus con brillo II (PP-201) Canon con brillo de &laquo;uso diario&raquo; (GP-501)<br \/>&#8211; Gramaje del papel: Papel normal: 64 &#8211; 105 g\/m&sup2; Papel fotogr&aacute;fico Canon: hasta 275 g\/m&sup2;<br \/><strong>Software incluido<\/strong><br \/>&#8211; Driver de la impresora<br \/>&#8211; Easy-webprint ex (para windows)<br \/>&#8211; Quick utility toolbox <br \/><strong>Fuentes de alimentaci&oacute;n<\/strong><br \/>&#8211; Requisitos el&eacute;ctricos: Alimentaci&oacute;n de CA<br \/>&#8211; Alimentaci&oacute;n el&eacute;ctrica: 100-240 V CA, 50\/60 Hz<br \/>&#8211; Consumo el&eacute;ctrico: En espera (la l&aacute;mpara del esc&aacute;ner est&aacute; apagada) &#8211; Conexi&oacute;n USB a PC: aprox. 0,9 W DESACTIVADO: aprox. 0,2 <br \/>WImpresi&oacute;n (conexi&oacute;n USB a PC): aprox. 27 W 4<br \/>&#8211; Fuentes de alimentaci&oacute;n: CA 100-240 V, 50\/60 Hz<br \/>&#8211; Alimentaci&oacute;n el&eacute;ctrica: En espera (la l&aacute;mpara del esc&aacute;ner est&aacute; apagada) Conexi&oacute;n USB a PC: aprox. 0,9 W DESACTIVADO: aprox. 0,2 W Impresi&oacute;n (conexi&oacute;n USB a PC): aprox. 27 W 4<br \/><strong>Entradas\/Salidas<\/strong><br \/><strong>Protocolo de interfaz <\/strong><br \/>&#8211; Hi-Speed USB (USB2.0)<br \/>&#8211; IEEE 802.11b\/g\/n (2.4GHz band)<\/p>\n<p><strong>Gesti&oacute;n de soportes &#8211; Tama&ntilde;os de papel&nbsp;&nbsp;<\/strong> &nbsp;<br \/><strong>Tama&ntilde;o <\/strong>&nbsp;&nbsp; &nbsp;<br \/>&#8211; Papel normal A4, A5, B5, Carta, Legal<br \/>&#8211; Papel fotogr&aacute;fico A4, Carta, 10&#215;15 cm (4&#215;6&#8243;), 13&#215;18 cm (5&#215;7&#8243;), 20&#215;25 cm (8&#215;10&#8243;)<\/p>\n<p>&nbsp;&nbsp; <\/td>\n<\/tr>\n<tr>\n<td><strong>Fecha Revisi&oacute;n<\/strong><\/td>\n<td>26-02-2019 por AVN<\/td>\n<\/tr>\n<\/tbody>\n<\/table>\n","protected":false},"excerpt":{"rendered":"<p>Hazte con una impresora de inyecci&oacute;n de tinta a color r&aacute;pida y de gran calidad creada para mayor productividad, rendimiento y fiabilidad en un entorno de oficina peque&ntilde;a. Disfruta de velocidades de impresi&oacute;n de 24 imp mono y 15,5 imp en color con un rendimiento de hasta 2500 p&aacute;ginas mono y costes de mantenimiento bajos.&hellip;&nbsp;<a href=\"https:\/\/aivlisoft.net\/shop\/producto\/canon-impresora-maxify-ib4150\/\" rel=\"bookmark\"><span class=\"screen-reader-text\">Canon Impresora MAXIFY iB4150<\/span><\/a><\/p>\n","protected":false},"featured_media":8936,"template":"","meta":{"neve_meta_sidebar":"","neve_meta_container":"","neve_meta_enable_content_width":"","neve_meta_content_width":0,"neve_meta_title_alignment":"","neve_meta_author_avatar":"","neve_post_elements_order":"","neve_meta_disable_header":"","neve_meta_disable_footer":"","neve_meta_disable_title":""},"product_brand":[],"product_cat":[15,3529],"product_tag":[3534],"class_list":{"0":"post-8935","1":"product","2":"type-product","3":"status-publish","4":"has-post-thumbnail","6":"product_cat-sin-categorizar","7":"product_cat-impresoras","8":"product_tag-0972c009","10":"first","11":"instock","12":"taxable","13":"shipping-taxable","14":"purchasable","15":"product-type-simple"},"yoast_head":"<!-- This site is optimized with the Yoast SEO plugin v26.0 - https:\/\/yoast.com\/wordpress\/plugins\/seo\/ -->\n<title>Canon Impresora MAXIFY iB4150 - Aivlisoft Inform\u00e1tica<\/title>\n<meta name=\"robots\" content=\"index, follow, max-snippet:-1, max-image-preview:large, max-video-preview:-1\" \/>\n<link rel=\"canonical\" href=\"https:\/\/aivlisoft.net\/shop\/producto\/canon-impresora-maxify-ib4150\/\" \/>\n<meta property=\"og:locale\" content=\"es_ES\" \/>\n<meta property=\"og:type\" content=\"article\" \/>\n<meta property=\"og:title\" content=\"Canon Impresora MAXIFY iB4150 - Aivlisoft Inform\u00e1tica\" \/>\n<meta property=\"og:description\" content=\"Hazte con una impresora de inyecci&oacute;n de tinta a color r&aacute;pida y de gran calidad creada para mayor productividad, rendimiento y fiabilidad en un entorno de oficina peque&ntilde;a. Disfruta de velocidades de impresi&oacute;n de 24 imp mono y 15,5 imp en color con un rendimiento de hasta 2500 p&aacute;ginas mono y costes de mantenimiento bajos.&hellip;&nbsp;Canon Impresora MAXIFY iB4150\" \/>\n<meta property=\"og:url\" content=\"https:\/\/aivlisoft.net\/shop\/producto\/canon-impresora-maxify-ib4150\/\" \/>\n<meta property=\"og:site_name\" content=\"Aivlisoft Inform\u00e1tica\" \/>\n<meta property=\"article:modified_time\" content=\"2025-01-14T13:04:18+00:00\" \/>\n<meta property=\"og:image\" content=\"https:\/\/aivlisoft.net\/shop\/wp-content\/uploads\/2025\/01\/FIMIIN0078_800.jpg\" \/>\n\t<meta property=\"og:image:width\" content=\"800\" \/>\n\t<meta property=\"og:image:height\" content=\"800\" \/>\n\t<meta property=\"og:image:type\" content=\"image\/jpeg\" \/>\n<meta name=\"twitter:card\" content=\"summary_large_image\" \/>\n<meta name=\"twitter:label1\" content=\"Tiempo de lectura\" \/>\n\t<meta name=\"twitter:data1\" content=\"4 minutos\" \/>\n<script type=\"application\/ld+json\" class=\"yoast-schema-graph\">{\"@context\":\"https:\/\/schema.org\",\"@graph\":[{\"@type\":\"WebPage\",\"@id\":\"https:\/\/aivlisoft.net\/shop\/producto\/canon-impresora-maxify-ib4150\/\",\"url\":\"https:\/\/aivlisoft.net\/shop\/producto\/canon-impresora-maxify-ib4150\/\",\"name\":\"Canon Impresora MAXIFY iB4150 - Aivlisoft Inform\u00e1tica\",\"isPartOf\":{\"@id\":\"https:\/\/aivlisoft.net\/shop\/#website\"},\"primaryImageOfPage\":{\"@id\":\"https:\/\/aivlisoft.net\/shop\/producto\/canon-impresora-maxify-ib4150\/#primaryimage\"},\"image\":{\"@id\":\"https:\/\/aivlisoft.net\/shop\/producto\/canon-impresora-maxify-ib4150\/#primaryimage\"},\"thumbnailUrl\":\"https:\/\/aivlisoft.net\/shop\/wp-content\/uploads\/2025\/01\/FIMIIN0078_800.jpg\",\"datePublished\":\"2025-01-13T13:52:45+00:00\",\"dateModified\":\"2025-01-14T13:04:18+00:00\",\"breadcrumb\":{\"@id\":\"https:\/\/aivlisoft.net\/shop\/producto\/canon-impresora-maxify-ib4150\/#breadcrumb\"},\"inLanguage\":\"es\",\"potentialAction\":[{\"@type\":\"ReadAction\",\"target\":[\"https:\/\/aivlisoft.net\/shop\/producto\/canon-impresora-maxify-ib4150\/\"]}]},{\"@type\":\"ImageObject\",\"inLanguage\":\"es\",\"@id\":\"https:\/\/aivlisoft.net\/shop\/producto\/canon-impresora-maxify-ib4150\/#primaryimage\",\"url\":\"https:\/\/aivlisoft.net\/shop\/wp-content\/uploads\/2025\/01\/FIMIIN0078_800.jpg\",\"contentUrl\":\"https:\/\/aivlisoft.net\/shop\/wp-content\/uploads\/2025\/01\/FIMIIN0078_800.jpg\",\"width\":800,\"height\":800},{\"@type\":\"BreadcrumbList\",\"@id\":\"https:\/\/aivlisoft.net\/shop\/producto\/canon-impresora-maxify-ib4150\/#breadcrumb\",\"itemListElement\":[{\"@type\":\"ListItem\",\"position\":1,\"name\":\"Portada\",\"item\":\"https:\/\/aivlisoft.net\/shop\/\"},{\"@type\":\"ListItem\",\"position\":2,\"name\":\"Tienda\",\"item\":\"https:\/\/aivlisoft.net\/shop\/tienda\/\"},{\"@type\":\"ListItem\",\"position\":3,\"name\":\"Canon Impresora MAXIFY iB4150\"}]},{\"@type\":\"WebSite\",\"@id\":\"https:\/\/aivlisoft.net\/shop\/#website\",\"url\":\"https:\/\/aivlisoft.net\/shop\/\",\"name\":\"Aivlisoft Inform\u00e1tica\",\"description\":\"En Aivlisoft Inform\u00e1tica ofrecemos soluciones tecnol\u00f3gicas para empresas: venta de ordenadores, consumibles, perif\u00e9ricos y m\u00e1s. Calidad, atenci\u00f3n personalizada y los mejores precios para tu negocio.\",\"publisher\":{\"@id\":\"https:\/\/aivlisoft.net\/shop\/#organization\"},\"potentialAction\":[{\"@type\":\"SearchAction\",\"target\":{\"@type\":\"EntryPoint\",\"urlTemplate\":\"https:\/\/aivlisoft.net\/shop\/?s={search_term_string}\"},\"query-input\":{\"@type\":\"PropertyValueSpecification\",\"valueRequired\":true,\"valueName\":\"search_term_string\"}}],\"inLanguage\":\"es\"},{\"@type\":\"Organization\",\"@id\":\"https:\/\/aivlisoft.net\/shop\/#organization\",\"name\":\"Aivlisoft Inform\u00e1tica\",\"url\":\"https:\/\/aivlisoft.net\/shop\/\",\"logo\":{\"@type\":\"ImageObject\",\"inLanguage\":\"es\",\"@id\":\"https:\/\/aivlisoft.net\/shop\/#\/schema\/logo\/image\/\",\"url\":\"https:\/\/aivlisoft.net\/shop\/wp-content\/uploads\/2024\/12\/removal.ai_5b848c54-0cdf-4140-95c5-c5536bb7573b-logodef.png\",\"contentUrl\":\"https:\/\/aivlisoft.net\/shop\/wp-content\/uploads\/2024\/12\/removal.ai_5b848c54-0cdf-4140-95c5-c5536bb7573b-logodef.png\",\"width\":484,\"height\":182,\"caption\":\"Aivlisoft Inform\u00e1tica\"},\"image\":{\"@id\":\"https:\/\/aivlisoft.net\/shop\/#\/schema\/logo\/image\/\"}}]}<\/script>\n<!-- \/ Yoast SEO plugin. -->","yoast_head_json":{"title":"Canon Impresora MAXIFY iB4150 - Aivlisoft Inform\u00e1tica","robots":{"index":"index","follow":"follow","max-snippet":"max-snippet:-1","max-image-preview":"max-image-preview:large","max-video-preview":"max-video-preview:-1"},"canonical":"https:\/\/aivlisoft.net\/shop\/producto\/canon-impresora-maxify-ib4150\/","og_locale":"es_ES","og_type":"article","og_title":"Canon Impresora MAXIFY iB4150 - Aivlisoft Inform\u00e1tica","og_description":"Hazte con una impresora de inyecci&oacute;n de tinta a color r&aacute;pida y de gran calidad creada para mayor productividad, rendimiento y fiabilidad en un entorno de oficina peque&ntilde;a. Disfruta de velocidades de impresi&oacute;n de 24 imp mono y 15,5 imp en color con un rendimiento de hasta 2500 p&aacute;ginas mono y costes de mantenimiento bajos.&hellip;&nbsp;Canon Impresora MAXIFY iB4150","og_url":"https:\/\/aivlisoft.net\/shop\/producto\/canon-impresora-maxify-ib4150\/","og_site_name":"Aivlisoft Inform\u00e1tica","article_modified_time":"2025-01-14T13:04:18+00:00","og_image":[{"width":800,"height":800,"url":"https:\/\/aivlisoft.net\/shop\/wp-content\/uploads\/2025\/01\/FIMIIN0078_800.jpg","type":"image\/jpeg"}],"twitter_card":"summary_large_image","twitter_misc":{"Tiempo de lectura":"4 minutos"},"schema":{"@context":"https:\/\/schema.org","@graph":[{"@type":"WebPage","@id":"https:\/\/aivlisoft.net\/shop\/producto\/canon-impresora-maxify-ib4150\/","url":"https:\/\/aivlisoft.net\/shop\/producto\/canon-impresora-maxify-ib4150\/","name":"Canon Impresora MAXIFY iB4150 - Aivlisoft Inform\u00e1tica","isPartOf":{"@id":"https:\/\/aivlisoft.net\/shop\/#website"},"primaryImageOfPage":{"@id":"https:\/\/aivlisoft.net\/shop\/producto\/canon-impresora-maxify-ib4150\/#primaryimage"},"image":{"@id":"https:\/\/aivlisoft.net\/shop\/producto\/canon-impresora-maxify-ib4150\/#primaryimage"},"thumbnailUrl":"https:\/\/aivlisoft.net\/shop\/wp-content\/uploads\/2025\/01\/FIMIIN0078_800.jpg","datePublished":"2025-01-13T13:52:45+00:00","dateModified":"2025-01-14T13:04:18+00:00","breadcrumb":{"@id":"https:\/\/aivlisoft.net\/shop\/producto\/canon-impresora-maxify-ib4150\/#breadcrumb"},"inLanguage":"es","potentialAction":[{"@type":"ReadAction","target":["https:\/\/aivlisoft.net\/shop\/producto\/canon-impresora-maxify-ib4150\/"]}]},{"@type":"ImageObject","inLanguage":"es","@id":"https:\/\/aivlisoft.net\/shop\/producto\/canon-impresora-maxify-ib4150\/#primaryimage","url":"https:\/\/aivlisoft.net\/shop\/wp-content\/uploads\/2025\/01\/FIMIIN0078_800.jpg","contentUrl":"https:\/\/aivlisoft.net\/shop\/wp-content\/uploads\/2025\/01\/FIMIIN0078_800.jpg","width":800,"height":800},{"@type":"BreadcrumbList","@id":"https:\/\/aivlisoft.net\/shop\/producto\/canon-impresora-maxify-ib4150\/#breadcrumb","itemListElement":[{"@type":"ListItem","position":1,"name":"Portada","item":"https:\/\/aivlisoft.net\/shop\/"},{"@type":"ListItem","position":2,"name":"Tienda","item":"https:\/\/aivlisoft.net\/shop\/tienda\/"},{"@type":"ListItem","position":3,"name":"Canon Impresora MAXIFY iB4150"}]},{"@type":"WebSite","@id":"https:\/\/aivlisoft.net\/shop\/#website","url":"https:\/\/aivlisoft.net\/shop\/","name":"Aivlisoft Inform\u00e1tica","description":"En Aivlisoft Inform\u00e1tica ofrecemos soluciones tecnol\u00f3gicas para empresas: venta de ordenadores, consumibles, perif\u00e9ricos y m\u00e1s. Calidad, atenci\u00f3n personalizada y los mejores precios para tu negocio.","publisher":{"@id":"https:\/\/aivlisoft.net\/shop\/#organization"},"potentialAction":[{"@type":"SearchAction","target":{"@type":"EntryPoint","urlTemplate":"https:\/\/aivlisoft.net\/shop\/?s={search_term_string}"},"query-input":{"@type":"PropertyValueSpecification","valueRequired":true,"valueName":"search_term_string"}}],"inLanguage":"es"},{"@type":"Organization","@id":"https:\/\/aivlisoft.net\/shop\/#organization","name":"Aivlisoft Inform\u00e1tica","url":"https:\/\/aivlisoft.net\/shop\/","logo":{"@type":"ImageObject","inLanguage":"es","@id":"https:\/\/aivlisoft.net\/shop\/#\/schema\/logo\/image\/","url":"https:\/\/aivlisoft.net\/shop\/wp-content\/uploads\/2024\/12\/removal.ai_5b848c54-0cdf-4140-95c5-c5536bb7573b-logodef.png","contentUrl":"https:\/\/aivlisoft.net\/shop\/wp-content\/uploads\/2024\/12\/removal.ai_5b848c54-0cdf-4140-95c5-c5536bb7573b-logodef.png","width":484,"height":182,"caption":"Aivlisoft Inform\u00e1tica"},"image":{"@id":"https:\/\/aivlisoft.net\/shop\/#\/schema\/logo\/image\/"}}]}},"_links":{"self":[{"href":"https:\/\/aivlisoft.net\/shop\/wp-json\/wp\/v2\/product\/8935","targetHints":{"allow":["GET"]}}],"collection":[{"href":"https:\/\/aivlisoft.net\/shop\/wp-json\/wp\/v2\/product"}],"about":[{"href":"https:\/\/aivlisoft.net\/shop\/wp-json\/wp\/v2\/types\/product"}],"wp:featuredmedia":[{"embeddable":true,"href":"https:\/\/aivlisoft.net\/shop\/wp-json\/wp\/v2\/media\/8936"}],"wp:attachment":[{"href":"https:\/\/aivlisoft.net\/shop\/wp-json\/wp\/v2\/media?parent=8935"}],"wp:term":[{"taxonomy":"product_brand","embeddable":true,"href":"https:\/\/aivlisoft.net\/shop\/wp-json\/wp\/v2\/product_brand?post=8935"},{"taxonomy":"product_cat","embeddable":true,"href":"https:\/\/aivlisoft.net\/shop\/wp-json\/wp\/v2\/product_cat?post=8935"},{"taxonomy":"product_tag","embeddable":true,"href":"https:\/\/aivlisoft.net\/shop\/wp-json\/wp\/v2\/product_tag?post=8935"}],"curies":[{"name":"wp","href":"https:\/\/api.w.org\/{rel}","templated":true}]}}