{"id":8895,"date":"2025-01-13T13:52:14","date_gmt":"2025-01-13T13:52:14","guid":{"rendered":"https:\/\/aivlisoft.com\/?post_type=product&#038;p=8895"},"modified":"2025-01-14T10:43:15","modified_gmt":"2025-01-14T10:43:15","slug":"mustek-detector-billetes-falsos-d9","status":"publish","type":"product","link":"https:\/\/aivlisoft.net\/shop\/producto\/mustek-detector-billetes-falsos-d9\/","title":{"rendered":"Mustek Detector Billetes Falsos D9"},"content":{"rendered":"<p>Mustek Detector Billetes Falsos D9<br \/>&nbsp;<\/p>\n<table width=\"100%\">\n<tr>\n<td valign=\"top\" width=\"35%\"><b>Marca<\/b><\/td>\n<td valign=\"top\">Mustek<\/td>\n<\/tr>\n<tr>\n<td valign=\"top\" width=\"35%\"><b>Modelo<\/b><\/td>\n<td valign=\"top\">D9<\/td>\n<\/tr>\n<tr>\n<td valign=\"top\" width=\"35%\"><b>Caracter&iacute;sticas<\/b><\/td>\n<td valign=\"top\">&#8211; Divisas: EU,GBP,CHFyPLN<br \/>\t\t\t&#8211; Actualizaciones: Si, porUSB.<br \/>\t\t\t&#8211; Velocidad: &lt;0,5seg.por billete<br \/>\t\t\t&#8211; Tipos de detecci&oacute;n: Detecci&oacute;n 2D (tama&ntilde;o)<br \/>\t\t\t&#8211; Ultravioleta (tambi&eacute;n para documentos)<br \/>\t\t\t&#8211; Tinta magn&eacute;tica<br \/>\t\t\t&#8211; Banda met&aacute;lica<br \/>\t\t\t&#8211; Infrarroja (precisa)<br \/>\t\t\t&#8211; Calidad de papel<br \/>\t\t\t&#8211; Contador: Detecci&oacute;n autom&aacute;tica y recuento de billetes por tipo<br \/>\t\t\t&#8211; Temperatura trabajo: 0&ordm;C~40&ordm;C<br \/>\t\t\t&#8211; Temperatura almac&eacute;n: -20&ordm;C~70&ordm;C<br \/>\t\t\t&#8211; Humedad ambiental: 25%~80%<br \/>\t\t\t&#8211; Dimensiones: 143*128*75mm<br \/>\t\t\t&#8211; Peso Neto: 0,6Kg<br \/>\t\t\t&#8211; Pantalla: LCD de 12 bits (digital) con retroiluminaci&oacute;n azul.<br \/>\t\t\t&#8211; Alimentaci&oacute;n: +9V(F.alimentaci&oacute;n incluida) o bater&iacute;a 7.5 V opcional.<br \/>\t\t\t&#8211; Consumo: 3<\/td>\n<\/tr>\n<tr>\n<td valign=\"top\"><b>Fecha Revisi&oacute;n<\/b><\/td>\n<td valign=\"top\">06-09-2021 por YMC<\/td>\n<\/tr>\n<\/table>\n","protected":false},"excerpt":{"rendered":"<p>Mustek Detector Billetes Falsos D9&nbsp; Marca Mustek Modelo D9 Caracter&iacute;sticas &#8211; Divisas: EU,GBP,CHFyPLN &#8211; Actualizaciones: Si, porUSB. &#8211; Velocidad: &lt;0,5seg.por billete &#8211; Tipos de detecci&oacute;n: Detecci&oacute;n 2D (tama&ntilde;o) &#8211; Ultravioleta (tambi&eacute;n para documentos) &#8211; Tinta magn&eacute;tica &#8211; Banda met&aacute;lica &#8211; Infrarroja (precisa) &#8211; Calidad de papel &#8211; Contador: Detecci&oacute;n autom&aacute;tica y recuento de billetes por&hellip;&nbsp;<a href=\"https:\/\/aivlisoft.net\/shop\/producto\/mustek-detector-billetes-falsos-d9\/\" rel=\"bookmark\"><span class=\"screen-reader-text\">Mustek Detector Billetes Falsos D9<\/span><\/a><\/p>\n","protected":false},"featured_media":8896,"template":"","meta":{"neve_meta_sidebar":"","neve_meta_container":"","neve_meta_enable_content_width":"","neve_meta_content_width":0,"neve_meta_title_alignment":"","neve_meta_author_avatar":"","neve_post_elements_order":"","neve_meta_disable_header":"","neve_meta_disable_footer":"","neve_meta_disable_title":""},"product_brand":[],"product_cat":[8713],"product_tag":[3483],"class_list":{"0":"post-8895","1":"product","2":"type-product","3":"status-publish","4":"has-post-thumbnail","6":"product_cat-lectores-billetes","7":"product_tag-d9","9":"first","10":"instock","11":"taxable","12":"shipping-taxable","13":"purchasable","14":"product-type-simple"},"yoast_head":"<!-- This site is optimized with the Yoast SEO plugin v26.0 - https:\/\/yoast.com\/wordpress\/plugins\/seo\/ -->\n<title>Mustek Detector Billetes Falsos D9 - Aivlisoft Inform\u00e1tica<\/title>\n<meta name=\"robots\" content=\"index, follow, max-snippet:-1, max-image-preview:large, max-video-preview:-1\" \/>\n<link rel=\"canonical\" href=\"https:\/\/aivlisoft.net\/shop\/producto\/mustek-detector-billetes-falsos-d9\/\" \/>\n<meta property=\"og:locale\" content=\"es_ES\" \/>\n<meta property=\"og:type\" content=\"article\" \/>\n<meta property=\"og:title\" content=\"Mustek Detector Billetes Falsos D9 - Aivlisoft Inform\u00e1tica\" \/>\n<meta property=\"og:description\" content=\"Mustek Detector Billetes Falsos D9&nbsp; Marca Mustek Modelo D9 Caracter&iacute;sticas &#8211; Divisas: EU,GBP,CHFyPLN &#8211; Actualizaciones: Si, porUSB. &#8211; Velocidad: &lt;0,5seg.por billete &#8211; Tipos de detecci&oacute;n: Detecci&oacute;n 2D (tama&ntilde;o) &#8211; Ultravioleta (tambi&eacute;n para documentos) &#8211; Tinta magn&eacute;tica &#8211; Banda met&aacute;lica &#8211; Infrarroja (precisa) &#8211; Calidad de papel &#8211; Contador: Detecci&oacute;n autom&aacute;tica y recuento de billetes por&hellip;&nbsp;Mustek Detector Billetes Falsos D9\" \/>\n<meta property=\"og:url\" content=\"https:\/\/aivlisoft.net\/shop\/producto\/mustek-detector-billetes-falsos-d9\/\" \/>\n<meta property=\"og:site_name\" content=\"Aivlisoft Inform\u00e1tica\" \/>\n<meta property=\"article:modified_time\" content=\"2025-01-14T10:43:15+00:00\" \/>\n<meta property=\"og:image\" content=\"https:\/\/aivlisoft.net\/shop\/wp-content\/uploads\/2025\/01\/FESLBI0019_800.jpg\" \/>\n\t<meta property=\"og:image:width\" content=\"800\" \/>\n\t<meta property=\"og:image:height\" content=\"800\" \/>\n\t<meta property=\"og:image:type\" content=\"image\/jpeg\" \/>\n<meta name=\"twitter:card\" content=\"summary_large_image\" \/>\n<meta name=\"twitter:label1\" content=\"Tiempo de lectura\" \/>\n\t<meta name=\"twitter:data1\" content=\"1 minuto\" \/>\n<script type=\"application\/ld+json\" class=\"yoast-schema-graph\">{\"@context\":\"https:\/\/schema.org\",\"@graph\":[{\"@type\":\"WebPage\",\"@id\":\"https:\/\/aivlisoft.net\/shop\/producto\/mustek-detector-billetes-falsos-d9\/\",\"url\":\"https:\/\/aivlisoft.net\/shop\/producto\/mustek-detector-billetes-falsos-d9\/\",\"name\":\"Mustek Detector Billetes Falsos D9 - Aivlisoft Inform\u00e1tica\",\"isPartOf\":{\"@id\":\"https:\/\/aivlisoft.net\/shop\/#website\"},\"primaryImageOfPage\":{\"@id\":\"https:\/\/aivlisoft.net\/shop\/producto\/mustek-detector-billetes-falsos-d9\/#primaryimage\"},\"image\":{\"@id\":\"https:\/\/aivlisoft.net\/shop\/producto\/mustek-detector-billetes-falsos-d9\/#primaryimage\"},\"thumbnailUrl\":\"https:\/\/aivlisoft.net\/shop\/wp-content\/uploads\/2025\/01\/FESLBI0019_800.jpg\",\"datePublished\":\"2025-01-13T13:52:14+00:00\",\"dateModified\":\"2025-01-14T10:43:15+00:00\",\"breadcrumb\":{\"@id\":\"https:\/\/aivlisoft.net\/shop\/producto\/mustek-detector-billetes-falsos-d9\/#breadcrumb\"},\"inLanguage\":\"es\",\"potentialAction\":[{\"@type\":\"ReadAction\",\"target\":[\"https:\/\/aivlisoft.net\/shop\/producto\/mustek-detector-billetes-falsos-d9\/\"]}]},{\"@type\":\"ImageObject\",\"inLanguage\":\"es\",\"@id\":\"https:\/\/aivlisoft.net\/shop\/producto\/mustek-detector-billetes-falsos-d9\/#primaryimage\",\"url\":\"https:\/\/aivlisoft.net\/shop\/wp-content\/uploads\/2025\/01\/FESLBI0019_800.jpg\",\"contentUrl\":\"https:\/\/aivlisoft.net\/shop\/wp-content\/uploads\/2025\/01\/FESLBI0019_800.jpg\",\"width\":800,\"height\":800},{\"@type\":\"BreadcrumbList\",\"@id\":\"https:\/\/aivlisoft.net\/shop\/producto\/mustek-detector-billetes-falsos-d9\/#breadcrumb\",\"itemListElement\":[{\"@type\":\"ListItem\",\"position\":1,\"name\":\"Portada\",\"item\":\"https:\/\/aivlisoft.net\/shop\/\"},{\"@type\":\"ListItem\",\"position\":2,\"name\":\"Tienda\",\"item\":\"https:\/\/aivlisoft.net\/shop\/tienda\/\"},{\"@type\":\"ListItem\",\"position\":3,\"name\":\"Mustek Detector Billetes Falsos D9\"}]},{\"@type\":\"WebSite\",\"@id\":\"https:\/\/aivlisoft.net\/shop\/#website\",\"url\":\"https:\/\/aivlisoft.net\/shop\/\",\"name\":\"Aivlisoft Inform\u00e1tica\",\"description\":\"En Aivlisoft Inform\u00e1tica ofrecemos soluciones tecnol\u00f3gicas para empresas: venta de ordenadores, consumibles, perif\u00e9ricos y m\u00e1s. Calidad, atenci\u00f3n personalizada y los mejores precios para tu negocio.\",\"publisher\":{\"@id\":\"https:\/\/aivlisoft.net\/shop\/#organization\"},\"potentialAction\":[{\"@type\":\"SearchAction\",\"target\":{\"@type\":\"EntryPoint\",\"urlTemplate\":\"https:\/\/aivlisoft.net\/shop\/?s={search_term_string}\"},\"query-input\":{\"@type\":\"PropertyValueSpecification\",\"valueRequired\":true,\"valueName\":\"search_term_string\"}}],\"inLanguage\":\"es\"},{\"@type\":\"Organization\",\"@id\":\"https:\/\/aivlisoft.net\/shop\/#organization\",\"name\":\"Aivlisoft Inform\u00e1tica\",\"url\":\"https:\/\/aivlisoft.net\/shop\/\",\"logo\":{\"@type\":\"ImageObject\",\"inLanguage\":\"es\",\"@id\":\"https:\/\/aivlisoft.net\/shop\/#\/schema\/logo\/image\/\",\"url\":\"https:\/\/aivlisoft.net\/shop\/wp-content\/uploads\/2024\/12\/removal.ai_5b848c54-0cdf-4140-95c5-c5536bb7573b-logodef.png\",\"contentUrl\":\"https:\/\/aivlisoft.net\/shop\/wp-content\/uploads\/2024\/12\/removal.ai_5b848c54-0cdf-4140-95c5-c5536bb7573b-logodef.png\",\"width\":484,\"height\":182,\"caption\":\"Aivlisoft Inform\u00e1tica\"},\"image\":{\"@id\":\"https:\/\/aivlisoft.net\/shop\/#\/schema\/logo\/image\/\"}}]}<\/script>\n<!-- \/ Yoast SEO plugin. -->","yoast_head_json":{"title":"Mustek Detector Billetes Falsos D9 - Aivlisoft Inform\u00e1tica","robots":{"index":"index","follow":"follow","max-snippet":"max-snippet:-1","max-image-preview":"max-image-preview:large","max-video-preview":"max-video-preview:-1"},"canonical":"https:\/\/aivlisoft.net\/shop\/producto\/mustek-detector-billetes-falsos-d9\/","og_locale":"es_ES","og_type":"article","og_title":"Mustek Detector Billetes Falsos D9 - Aivlisoft Inform\u00e1tica","og_description":"Mustek Detector Billetes Falsos D9&nbsp; Marca Mustek Modelo D9 Caracter&iacute;sticas &#8211; Divisas: EU,GBP,CHFyPLN &#8211; Actualizaciones: Si, porUSB. &#8211; Velocidad: &lt;0,5seg.por billete &#8211; Tipos de detecci&oacute;n: Detecci&oacute;n 2D (tama&ntilde;o) &#8211; Ultravioleta (tambi&eacute;n para documentos) &#8211; Tinta magn&eacute;tica &#8211; Banda met&aacute;lica &#8211; Infrarroja (precisa) &#8211; Calidad de papel &#8211; Contador: Detecci&oacute;n autom&aacute;tica y recuento de billetes por&hellip;&nbsp;Mustek Detector Billetes Falsos D9","og_url":"https:\/\/aivlisoft.net\/shop\/producto\/mustek-detector-billetes-falsos-d9\/","og_site_name":"Aivlisoft Inform\u00e1tica","article_modified_time":"2025-01-14T10:43:15+00:00","og_image":[{"width":800,"height":800,"url":"https:\/\/aivlisoft.net\/shop\/wp-content\/uploads\/2025\/01\/FESLBI0019_800.jpg","type":"image\/jpeg"}],"twitter_card":"summary_large_image","twitter_misc":{"Tiempo de lectura":"1 minuto"},"schema":{"@context":"https:\/\/schema.org","@graph":[{"@type":"WebPage","@id":"https:\/\/aivlisoft.net\/shop\/producto\/mustek-detector-billetes-falsos-d9\/","url":"https:\/\/aivlisoft.net\/shop\/producto\/mustek-detector-billetes-falsos-d9\/","name":"Mustek Detector Billetes Falsos D9 - Aivlisoft Inform\u00e1tica","isPartOf":{"@id":"https:\/\/aivlisoft.net\/shop\/#website"},"primaryImageOfPage":{"@id":"https:\/\/aivlisoft.net\/shop\/producto\/mustek-detector-billetes-falsos-d9\/#primaryimage"},"image":{"@id":"https:\/\/aivlisoft.net\/shop\/producto\/mustek-detector-billetes-falsos-d9\/#primaryimage"},"thumbnailUrl":"https:\/\/aivlisoft.net\/shop\/wp-content\/uploads\/2025\/01\/FESLBI0019_800.jpg","datePublished":"2025-01-13T13:52:14+00:00","dateModified":"2025-01-14T10:43:15+00:00","breadcrumb":{"@id":"https:\/\/aivlisoft.net\/shop\/producto\/mustek-detector-billetes-falsos-d9\/#breadcrumb"},"inLanguage":"es","potentialAction":[{"@type":"ReadAction","target":["https:\/\/aivlisoft.net\/shop\/producto\/mustek-detector-billetes-falsos-d9\/"]}]},{"@type":"ImageObject","inLanguage":"es","@id":"https:\/\/aivlisoft.net\/shop\/producto\/mustek-detector-billetes-falsos-d9\/#primaryimage","url":"https:\/\/aivlisoft.net\/shop\/wp-content\/uploads\/2025\/01\/FESLBI0019_800.jpg","contentUrl":"https:\/\/aivlisoft.net\/shop\/wp-content\/uploads\/2025\/01\/FESLBI0019_800.jpg","width":800,"height":800},{"@type":"BreadcrumbList","@id":"https:\/\/aivlisoft.net\/shop\/producto\/mustek-detector-billetes-falsos-d9\/#breadcrumb","itemListElement":[{"@type":"ListItem","position":1,"name":"Portada","item":"https:\/\/aivlisoft.net\/shop\/"},{"@type":"ListItem","position":2,"name":"Tienda","item":"https:\/\/aivlisoft.net\/shop\/tienda\/"},{"@type":"ListItem","position":3,"name":"Mustek Detector Billetes Falsos D9"}]},{"@type":"WebSite","@id":"https:\/\/aivlisoft.net\/shop\/#website","url":"https:\/\/aivlisoft.net\/shop\/","name":"Aivlisoft Inform\u00e1tica","description":"En Aivlisoft Inform\u00e1tica ofrecemos soluciones tecnol\u00f3gicas para empresas: venta de ordenadores, consumibles, perif\u00e9ricos y m\u00e1s. Calidad, atenci\u00f3n personalizada y los mejores precios para tu negocio.","publisher":{"@id":"https:\/\/aivlisoft.net\/shop\/#organization"},"potentialAction":[{"@type":"SearchAction","target":{"@type":"EntryPoint","urlTemplate":"https:\/\/aivlisoft.net\/shop\/?s={search_term_string}"},"query-input":{"@type":"PropertyValueSpecification","valueRequired":true,"valueName":"search_term_string"}}],"inLanguage":"es"},{"@type":"Organization","@id":"https:\/\/aivlisoft.net\/shop\/#organization","name":"Aivlisoft Inform\u00e1tica","url":"https:\/\/aivlisoft.net\/shop\/","logo":{"@type":"ImageObject","inLanguage":"es","@id":"https:\/\/aivlisoft.net\/shop\/#\/schema\/logo\/image\/","url":"https:\/\/aivlisoft.net\/shop\/wp-content\/uploads\/2024\/12\/removal.ai_5b848c54-0cdf-4140-95c5-c5536bb7573b-logodef.png","contentUrl":"https:\/\/aivlisoft.net\/shop\/wp-content\/uploads\/2024\/12\/removal.ai_5b848c54-0cdf-4140-95c5-c5536bb7573b-logodef.png","width":484,"height":182,"caption":"Aivlisoft Inform\u00e1tica"},"image":{"@id":"https:\/\/aivlisoft.net\/shop\/#\/schema\/logo\/image\/"}}]}},"_links":{"self":[{"href":"https:\/\/aivlisoft.net\/shop\/wp-json\/wp\/v2\/product\/8895","targetHints":{"allow":["GET"]}}],"collection":[{"href":"https:\/\/aivlisoft.net\/shop\/wp-json\/wp\/v2\/product"}],"about":[{"href":"https:\/\/aivlisoft.net\/shop\/wp-json\/wp\/v2\/types\/product"}],"wp:featuredmedia":[{"embeddable":true,"href":"https:\/\/aivlisoft.net\/shop\/wp-json\/wp\/v2\/media\/8896"}],"wp:attachment":[{"href":"https:\/\/aivlisoft.net\/shop\/wp-json\/wp\/v2\/media?parent=8895"}],"wp:term":[{"taxonomy":"product_brand","embeddable":true,"href":"https:\/\/aivlisoft.net\/shop\/wp-json\/wp\/v2\/product_brand?post=8895"},{"taxonomy":"product_cat","embeddable":true,"href":"https:\/\/aivlisoft.net\/shop\/wp-json\/wp\/v2\/product_cat?post=8895"},{"taxonomy":"product_tag","embeddable":true,"href":"https:\/\/aivlisoft.net\/shop\/wp-json\/wp\/v2\/product_tag?post=8895"}],"curies":[{"name":"wp","href":"https:\/\/api.w.org\/{rel}","templated":true}]}}