{"id":8525,"date":"2025-01-13T13:48:27","date_gmt":"2025-01-13T13:48:27","guid":{"rendered":"https:\/\/aivlisoft.com\/?post_type=product&#038;p=8525"},"modified":"2025-01-14T10:40:17","modified_gmt":"2025-01-14T10:40:17","slug":"goodram-ume3-care-64gb-usb-3-0-antibacterial","status":"publish","type":"product","link":"https:\/\/aivlisoft.net\/shop\/producto\/goodram-ume3-care-64gb-usb-3-0-antibacterial\/","title":{"rendered":"Goodram UME3 CARE 64GB USB 3.0 Antibacterial"},"content":{"rendered":"<p>UME CARE fue creado para aquellos para quienes la seguridad y la higiene son importantes, especialmente en el espacio de oficina. Gracias a la tecnolog&iacute;a Biomaster, la carcasa del producto contiene iones de plata con propiedades bactericidas. En consecuencia, el producto est&aacute; completamente protegido de las bacterias durante todo el per&iacute;odo de uso. Las propiedades antibacterianas del UME CARE han sido garantizadas por pruebas de laboratorio. Despu&eacute;s de 24 horas, la reducci&oacute;n de microorganismos en la superficie de UME CARE es de hasta el 99%.<br \/>&nbsp;<\/p>\n<table width=\"100%\">\n<tr>\n<td valign=\"top\"><strong>Marca<\/strong><\/td>\n<td>Goodram<\/td>\n<\/tr>\n<tr>\n<td valign=\"top\"><strong>Modelo<\/strong><\/td>\n<td><strong>UME3-0640CRR11<\/strong><\/td>\n<\/tr>\n<tr>\n<td valign=\"top\"><strong>Caracter&iacute;sticas<\/strong><\/td>\n<td>&#8211; Capacidades:&nbsp; 64GB<br \/>\t\t\t&#8211; Interfaz: USB 3.0, Compatibilidad con 3.1, 3.0, 2.0, 1.1<br \/>\t\t\t&#8211; Transferencia m&aacute;xima: lectura: hasta 60 MB\/s, escritura: hasta 20 MB\/s<br \/>\t\t\t&#8211; Dimensiones: 55,0 &times; 21,0 &times; 9,6 mm<br \/>\t\t\t&#8211; Peso: 9 g<br \/>\t\t\t&#8211; Temperatura de funcionamiento: 0 hacer +70&deg;C (recomendado)<br \/>\t\t\t&#8211; Temperatura de almacenamiento: -25 do +85&deg;C (recomendado)<br \/>\t\t\tCompatibilidad con el sistema operativo<br \/>\t\t\t&#8211; Windows 2000 SP4 y superior<br \/>\t\t\t&#8211; MacOS 10.5.x y superior<br \/>\t\t\t&#8211; Linux v.2.6.x y superior<\/td>\n<\/tr>\n<tr>\n<td valign=\"top\"><strong>Fecha de revisi&oacute;n<\/strong><\/td>\n<td>19-08-2021 por YMC<\/td>\n<\/tr>\n<\/table>\n","protected":false},"excerpt":{"rendered":"<p>UME CARE fue creado para aquellos para quienes la seguridad y la higiene son importantes, especialmente en el espacio de oficina. Gracias a la tecnolog&iacute;a Biomaster, la carcasa del producto contiene iones de plata con propiedades bactericidas. En consecuencia, el producto est&aacute; completamente protegido de las bacterias durante todo el per&iacute;odo de uso. Las propiedades&hellip;&nbsp;<a href=\"https:\/\/aivlisoft.net\/shop\/producto\/goodram-ume3-care-64gb-usb-3-0-antibacterial\/\" rel=\"bookmark\"><span class=\"screen-reader-text\">Goodram UME3 CARE 64GB USB 3.0 Antibacterial<\/span><\/a><\/p>\n","protected":false},"featured_media":8526,"template":"","meta":{"neve_meta_sidebar":"","neve_meta_container":"","neve_meta_enable_content_width":"","neve_meta_content_width":0,"neve_meta_title_alignment":"","neve_meta_author_avatar":"","neve_post_elements_order":"","neve_meta_disable_header":"","neve_meta_disable_footer":"","neve_meta_disable_title":""},"product_brand":[],"product_cat":[15],"product_tag":[3177],"class_list":{"0":"post-8525","1":"product","2":"type-product","3":"status-publish","4":"has-post-thumbnail","6":"product_cat-sin-categorizar","7":"product_tag-ume3-0640crr11","9":"first","10":"instock","11":"taxable","12":"shipping-taxable","13":"purchasable","14":"product-type-simple"},"yoast_head":"<!-- This site is optimized with the Yoast SEO plugin v26.0 - https:\/\/yoast.com\/wordpress\/plugins\/seo\/ -->\n<title>Goodram UME3 CARE 64GB USB 3.0 Antibacterial - Aivlisoft Inform\u00e1tica<\/title>\n<meta name=\"robots\" content=\"index, follow, max-snippet:-1, max-image-preview:large, max-video-preview:-1\" \/>\n<link rel=\"canonical\" href=\"https:\/\/aivlisoft.net\/shop\/producto\/goodram-ume3-care-64gb-usb-3-0-antibacterial\/\" \/>\n<meta property=\"og:locale\" content=\"es_ES\" \/>\n<meta property=\"og:type\" content=\"article\" \/>\n<meta property=\"og:title\" content=\"Goodram UME3 CARE 64GB USB 3.0 Antibacterial - Aivlisoft Inform\u00e1tica\" \/>\n<meta property=\"og:description\" content=\"UME CARE fue creado para aquellos para quienes la seguridad y la higiene son importantes, especialmente en el espacio de oficina. Gracias a la tecnolog&iacute;a Biomaster, la carcasa del producto contiene iones de plata con propiedades bactericidas. En consecuencia, el producto est&aacute; completamente protegido de las bacterias durante todo el per&iacute;odo de uso. Las propiedades&hellip;&nbsp;Goodram UME3 CARE 64GB USB 3.0 Antibacterial\" \/>\n<meta property=\"og:url\" content=\"https:\/\/aivlisoft.net\/shop\/producto\/goodram-ume3-care-64gb-usb-3-0-antibacterial\/\" \/>\n<meta property=\"og:site_name\" content=\"Aivlisoft Inform\u00e1tica\" \/>\n<meta property=\"article:modified_time\" content=\"2025-01-14T10:40:17+00:00\" \/>\n<meta property=\"og:image\" content=\"https:\/\/aivlisoft.net\/shop\/wp-content\/uploads\/2025\/01\/FAELAP0584_800.jpg\" \/>\n\t<meta property=\"og:image:width\" content=\"800\" \/>\n\t<meta property=\"og:image:height\" content=\"800\" \/>\n\t<meta property=\"og:image:type\" content=\"image\/jpeg\" \/>\n<meta name=\"twitter:card\" content=\"summary_large_image\" \/>\n<meta name=\"twitter:label1\" content=\"Tiempo de lectura\" \/>\n\t<meta name=\"twitter:data1\" content=\"1 minuto\" \/>\n<script type=\"application\/ld+json\" class=\"yoast-schema-graph\">{\"@context\":\"https:\/\/schema.org\",\"@graph\":[{\"@type\":\"WebPage\",\"@id\":\"https:\/\/aivlisoft.net\/shop\/producto\/goodram-ume3-care-64gb-usb-3-0-antibacterial\/\",\"url\":\"https:\/\/aivlisoft.net\/shop\/producto\/goodram-ume3-care-64gb-usb-3-0-antibacterial\/\",\"name\":\"Goodram UME3 CARE 64GB USB 3.0 Antibacterial - Aivlisoft Inform\u00e1tica\",\"isPartOf\":{\"@id\":\"https:\/\/aivlisoft.net\/shop\/#website\"},\"primaryImageOfPage\":{\"@id\":\"https:\/\/aivlisoft.net\/shop\/producto\/goodram-ume3-care-64gb-usb-3-0-antibacterial\/#primaryimage\"},\"image\":{\"@id\":\"https:\/\/aivlisoft.net\/shop\/producto\/goodram-ume3-care-64gb-usb-3-0-antibacterial\/#primaryimage\"},\"thumbnailUrl\":\"https:\/\/aivlisoft.net\/shop\/wp-content\/uploads\/2025\/01\/FAELAP0584_800.jpg\",\"datePublished\":\"2025-01-13T13:48:27+00:00\",\"dateModified\":\"2025-01-14T10:40:17+00:00\",\"breadcrumb\":{\"@id\":\"https:\/\/aivlisoft.net\/shop\/producto\/goodram-ume3-care-64gb-usb-3-0-antibacterial\/#breadcrumb\"},\"inLanguage\":\"es\",\"potentialAction\":[{\"@type\":\"ReadAction\",\"target\":[\"https:\/\/aivlisoft.net\/shop\/producto\/goodram-ume3-care-64gb-usb-3-0-antibacterial\/\"]}]},{\"@type\":\"ImageObject\",\"inLanguage\":\"es\",\"@id\":\"https:\/\/aivlisoft.net\/shop\/producto\/goodram-ume3-care-64gb-usb-3-0-antibacterial\/#primaryimage\",\"url\":\"https:\/\/aivlisoft.net\/shop\/wp-content\/uploads\/2025\/01\/FAELAP0584_800.jpg\",\"contentUrl\":\"https:\/\/aivlisoft.net\/shop\/wp-content\/uploads\/2025\/01\/FAELAP0584_800.jpg\",\"width\":800,\"height\":800},{\"@type\":\"BreadcrumbList\",\"@id\":\"https:\/\/aivlisoft.net\/shop\/producto\/goodram-ume3-care-64gb-usb-3-0-antibacterial\/#breadcrumb\",\"itemListElement\":[{\"@type\":\"ListItem\",\"position\":1,\"name\":\"Portada\",\"item\":\"https:\/\/aivlisoft.net\/shop\/\"},{\"@type\":\"ListItem\",\"position\":2,\"name\":\"Tienda\",\"item\":\"https:\/\/aivlisoft.net\/shop\/tienda\/\"},{\"@type\":\"ListItem\",\"position\":3,\"name\":\"Goodram UME3 CARE 64GB USB 3.0 Antibacterial\"}]},{\"@type\":\"WebSite\",\"@id\":\"https:\/\/aivlisoft.net\/shop\/#website\",\"url\":\"https:\/\/aivlisoft.net\/shop\/\",\"name\":\"Aivlisoft Inform\u00e1tica\",\"description\":\"En Aivlisoft Inform\u00e1tica ofrecemos soluciones tecnol\u00f3gicas para empresas: venta de ordenadores, consumibles, perif\u00e9ricos y m\u00e1s. Calidad, atenci\u00f3n personalizada y los mejores precios para tu negocio.\",\"publisher\":{\"@id\":\"https:\/\/aivlisoft.net\/shop\/#organization\"},\"potentialAction\":[{\"@type\":\"SearchAction\",\"target\":{\"@type\":\"EntryPoint\",\"urlTemplate\":\"https:\/\/aivlisoft.net\/shop\/?s={search_term_string}\"},\"query-input\":{\"@type\":\"PropertyValueSpecification\",\"valueRequired\":true,\"valueName\":\"search_term_string\"}}],\"inLanguage\":\"es\"},{\"@type\":\"Organization\",\"@id\":\"https:\/\/aivlisoft.net\/shop\/#organization\",\"name\":\"Aivlisoft Inform\u00e1tica\",\"url\":\"https:\/\/aivlisoft.net\/shop\/\",\"logo\":{\"@type\":\"ImageObject\",\"inLanguage\":\"es\",\"@id\":\"https:\/\/aivlisoft.net\/shop\/#\/schema\/logo\/image\/\",\"url\":\"https:\/\/aivlisoft.net\/shop\/wp-content\/uploads\/2024\/12\/removal.ai_5b848c54-0cdf-4140-95c5-c5536bb7573b-logodef.png\",\"contentUrl\":\"https:\/\/aivlisoft.net\/shop\/wp-content\/uploads\/2024\/12\/removal.ai_5b848c54-0cdf-4140-95c5-c5536bb7573b-logodef.png\",\"width\":484,\"height\":182,\"caption\":\"Aivlisoft Inform\u00e1tica\"},\"image\":{\"@id\":\"https:\/\/aivlisoft.net\/shop\/#\/schema\/logo\/image\/\"}}]}<\/script>\n<!-- \/ Yoast SEO plugin. -->","yoast_head_json":{"title":"Goodram UME3 CARE 64GB USB 3.0 Antibacterial - Aivlisoft Inform\u00e1tica","robots":{"index":"index","follow":"follow","max-snippet":"max-snippet:-1","max-image-preview":"max-image-preview:large","max-video-preview":"max-video-preview:-1"},"canonical":"https:\/\/aivlisoft.net\/shop\/producto\/goodram-ume3-care-64gb-usb-3-0-antibacterial\/","og_locale":"es_ES","og_type":"article","og_title":"Goodram UME3 CARE 64GB USB 3.0 Antibacterial - Aivlisoft Inform\u00e1tica","og_description":"UME CARE fue creado para aquellos para quienes la seguridad y la higiene son importantes, especialmente en el espacio de oficina. Gracias a la tecnolog&iacute;a Biomaster, la carcasa del producto contiene iones de plata con propiedades bactericidas. En consecuencia, el producto est&aacute; completamente protegido de las bacterias durante todo el per&iacute;odo de uso. Las propiedades&hellip;&nbsp;Goodram UME3 CARE 64GB USB 3.0 Antibacterial","og_url":"https:\/\/aivlisoft.net\/shop\/producto\/goodram-ume3-care-64gb-usb-3-0-antibacterial\/","og_site_name":"Aivlisoft Inform\u00e1tica","article_modified_time":"2025-01-14T10:40:17+00:00","og_image":[{"width":800,"height":800,"url":"https:\/\/aivlisoft.net\/shop\/wp-content\/uploads\/2025\/01\/FAELAP0584_800.jpg","type":"image\/jpeg"}],"twitter_card":"summary_large_image","twitter_misc":{"Tiempo de lectura":"1 minuto"},"schema":{"@context":"https:\/\/schema.org","@graph":[{"@type":"WebPage","@id":"https:\/\/aivlisoft.net\/shop\/producto\/goodram-ume3-care-64gb-usb-3-0-antibacterial\/","url":"https:\/\/aivlisoft.net\/shop\/producto\/goodram-ume3-care-64gb-usb-3-0-antibacterial\/","name":"Goodram UME3 CARE 64GB USB 3.0 Antibacterial - Aivlisoft Inform\u00e1tica","isPartOf":{"@id":"https:\/\/aivlisoft.net\/shop\/#website"},"primaryImageOfPage":{"@id":"https:\/\/aivlisoft.net\/shop\/producto\/goodram-ume3-care-64gb-usb-3-0-antibacterial\/#primaryimage"},"image":{"@id":"https:\/\/aivlisoft.net\/shop\/producto\/goodram-ume3-care-64gb-usb-3-0-antibacterial\/#primaryimage"},"thumbnailUrl":"https:\/\/aivlisoft.net\/shop\/wp-content\/uploads\/2025\/01\/FAELAP0584_800.jpg","datePublished":"2025-01-13T13:48:27+00:00","dateModified":"2025-01-14T10:40:17+00:00","breadcrumb":{"@id":"https:\/\/aivlisoft.net\/shop\/producto\/goodram-ume3-care-64gb-usb-3-0-antibacterial\/#breadcrumb"},"inLanguage":"es","potentialAction":[{"@type":"ReadAction","target":["https:\/\/aivlisoft.net\/shop\/producto\/goodram-ume3-care-64gb-usb-3-0-antibacterial\/"]}]},{"@type":"ImageObject","inLanguage":"es","@id":"https:\/\/aivlisoft.net\/shop\/producto\/goodram-ume3-care-64gb-usb-3-0-antibacterial\/#primaryimage","url":"https:\/\/aivlisoft.net\/shop\/wp-content\/uploads\/2025\/01\/FAELAP0584_800.jpg","contentUrl":"https:\/\/aivlisoft.net\/shop\/wp-content\/uploads\/2025\/01\/FAELAP0584_800.jpg","width":800,"height":800},{"@type":"BreadcrumbList","@id":"https:\/\/aivlisoft.net\/shop\/producto\/goodram-ume3-care-64gb-usb-3-0-antibacterial\/#breadcrumb","itemListElement":[{"@type":"ListItem","position":1,"name":"Portada","item":"https:\/\/aivlisoft.net\/shop\/"},{"@type":"ListItem","position":2,"name":"Tienda","item":"https:\/\/aivlisoft.net\/shop\/tienda\/"},{"@type":"ListItem","position":3,"name":"Goodram UME3 CARE 64GB USB 3.0 Antibacterial"}]},{"@type":"WebSite","@id":"https:\/\/aivlisoft.net\/shop\/#website","url":"https:\/\/aivlisoft.net\/shop\/","name":"Aivlisoft Inform\u00e1tica","description":"En Aivlisoft Inform\u00e1tica ofrecemos soluciones tecnol\u00f3gicas para empresas: venta de ordenadores, consumibles, perif\u00e9ricos y m\u00e1s. Calidad, atenci\u00f3n personalizada y los mejores precios para tu negocio.","publisher":{"@id":"https:\/\/aivlisoft.net\/shop\/#organization"},"potentialAction":[{"@type":"SearchAction","target":{"@type":"EntryPoint","urlTemplate":"https:\/\/aivlisoft.net\/shop\/?s={search_term_string}"},"query-input":{"@type":"PropertyValueSpecification","valueRequired":true,"valueName":"search_term_string"}}],"inLanguage":"es"},{"@type":"Organization","@id":"https:\/\/aivlisoft.net\/shop\/#organization","name":"Aivlisoft Inform\u00e1tica","url":"https:\/\/aivlisoft.net\/shop\/","logo":{"@type":"ImageObject","inLanguage":"es","@id":"https:\/\/aivlisoft.net\/shop\/#\/schema\/logo\/image\/","url":"https:\/\/aivlisoft.net\/shop\/wp-content\/uploads\/2024\/12\/removal.ai_5b848c54-0cdf-4140-95c5-c5536bb7573b-logodef.png","contentUrl":"https:\/\/aivlisoft.net\/shop\/wp-content\/uploads\/2024\/12\/removal.ai_5b848c54-0cdf-4140-95c5-c5536bb7573b-logodef.png","width":484,"height":182,"caption":"Aivlisoft Inform\u00e1tica"},"image":{"@id":"https:\/\/aivlisoft.net\/shop\/#\/schema\/logo\/image\/"}}]}},"_links":{"self":[{"href":"https:\/\/aivlisoft.net\/shop\/wp-json\/wp\/v2\/product\/8525","targetHints":{"allow":["GET"]}}],"collection":[{"href":"https:\/\/aivlisoft.net\/shop\/wp-json\/wp\/v2\/product"}],"about":[{"href":"https:\/\/aivlisoft.net\/shop\/wp-json\/wp\/v2\/types\/product"}],"wp:featuredmedia":[{"embeddable":true,"href":"https:\/\/aivlisoft.net\/shop\/wp-json\/wp\/v2\/media\/8526"}],"wp:attachment":[{"href":"https:\/\/aivlisoft.net\/shop\/wp-json\/wp\/v2\/media?parent=8525"}],"wp:term":[{"taxonomy":"product_brand","embeddable":true,"href":"https:\/\/aivlisoft.net\/shop\/wp-json\/wp\/v2\/product_brand?post=8525"},{"taxonomy":"product_cat","embeddable":true,"href":"https:\/\/aivlisoft.net\/shop\/wp-json\/wp\/v2\/product_cat?post=8525"},{"taxonomy":"product_tag","embeddable":true,"href":"https:\/\/aivlisoft.net\/shop\/wp-json\/wp\/v2\/product_tag?post=8525"}],"curies":[{"name":"wp","href":"https:\/\/api.w.org\/{rel}","templated":true}]}}