{"id":7954,"date":"2025-01-13T13:43:48","date_gmt":"2025-01-13T13:43:48","guid":{"rendered":"https:\/\/aivlisoft.com\/?post_type=product&#038;p=7954"},"modified":"2025-01-14T10:36:54","modified_gmt":"2025-01-14T10:36:54","slug":"spc-bom-intel-aura-1050-3-pk-wifi-color-e27-regul","status":"publish","type":"product","link":"https:\/\/aivlisoft.net\/shop\/producto\/spc-bom-intel-aura-1050-3-pk-wifi-color-e27-regul\/","title":{"rendered":"SPC Bom. Intel.Aura 1050 3-Pk WiFi Color E27 Regul"},"content":{"rendered":"<p><strong>Aura 1050<\/strong> es una bombilla inteligente LED Wi-Fi de colores y blanca regulable&nbsp; 2700K &#8211; 6500K de casquillo E27 y 133 mm de longitud, que permite elegir entre 16 millones de colores para ambientar tu hogar<\/p>\n<p>Controla remotamente la bombilla desde tu m&oacute;vil y establece reglas como encendido y apagado a horas determinadas. Consumo energ&eacute;tico de 10W (equivalente a 75W) para producir una emisi&oacute;n de luz de 1050 l&uacute;menes.<\/p>\n<p>Podr&aacute;s gestionar la bombilla <strong>Aura 1050<\/strong> por todas las personas que desees mediante la App SPC IoT. Se trata de una App para interconectar y controlar todos tus productos SPC Smart Home en cualquier momento y lugar.<\/p>\n<p>Con este producto y el resto de la gama<strong> SPC Smart Home<\/strong> podr&aacute;s construir tu propio ecosistema interconectado del hogar inteligente, para crear automatizaciones y escenarios personalidades enteramente por ti: si abres la puerta se encender&aacute; la bombilla, podr&aacute; sonar la alarma, etc.<\/p>\n<table class=\"Tabla_Caracteristicas k-table\" width=\"100%\">\n<tr>\n<td valign=\"top\"><strong>Marca<\/strong><\/td>\n<td>SPC<\/td>\n<\/tr>\n<tr>\n<td valign=\"top\"><strong>Modelo<\/strong><\/td>\n<td><strong>6113B<\/strong><\/td>\n<\/tr>\n<tr>\n<td valign=\"top\"><strong>Caracter&iacute;sticas<\/strong><\/td>\n<td><strong>Datos t&eacute;cnicos<\/strong><br \/>\t\t\t&#8211; Conector: Redes Wi-Fi de 2.4 Ghz.<br \/>\t\t\t&#8211; Casquillo: E27<br \/>\t\t\t&#8211; Di&aacute;metro: 70<br \/>\t\t\t&#8211; Color RGB y blanco (2700K-6500K)<br \/>\t\t\t&#8211; Potencia: 10W<br \/>\t\t\t&#8211; Equivalente: 70W<br \/>\t\t\t&#8211; Flujo luminoso total: 1050 (Im)<br \/>\t\t\t&#8211; 25000 horas de duraci&oacute;n.<br \/>\t\t\t&#8211; Longitud de 133 mm<br \/>\t\t\t&#8211; Peso: 56 gr<br \/>\t\t\t&#8211; Clase energ&eacute;tica A+<br \/>\t\t\t<strong>Compatible con<\/strong><br \/>\t\t\t&#8211; Android<br \/>\t\t\t&#8211; IOS &nbsp;<br \/>\t\t\t&#8211; Amazon Alexa<br \/>\t\t\t&#8211; Google Assistant<\/td>\n<\/tr>\n<tr>\n<td valign=\"top\"><strong>Fecha de revisi&oacute;n<\/strong><\/td>\n<td>29-04-2021 por MPM<\/td>\n<\/tr>\n<\/table>\n","protected":false},"excerpt":{"rendered":"<p>Aura 1050 es una bombilla inteligente LED Wi-Fi de colores y blanca regulable&nbsp; 2700K &#8211; 6500K de casquillo E27 y 133 mm de longitud, que permite elegir entre 16 millones de colores para ambientar tu hogar Controla remotamente la bombilla desde tu m&oacute;vil y establece reglas como encendido y apagado a horas determinadas. Consumo energ&eacute;tico&hellip;&nbsp;<a href=\"https:\/\/aivlisoft.net\/shop\/producto\/spc-bom-intel-aura-1050-3-pk-wifi-color-e27-regul\/\" rel=\"bookmark\"><span class=\"screen-reader-text\">SPC Bom. Intel.Aura 1050 3-Pk WiFi Color E27 Regul<\/span><\/a><\/p>\n","protected":false},"featured_media":7955,"template":"","meta":{"neve_meta_sidebar":"","neve_meta_container":"","neve_meta_enable_content_width":"","neve_meta_content_width":0,"neve_meta_title_alignment":"","neve_meta_author_avatar":"","neve_post_elements_order":"","neve_meta_disable_header":"","neve_meta_disable_footer":"","neve_meta_disable_title":""},"product_brand":[],"product_cat":[15],"product_tag":[2958],"class_list":{"0":"post-7954","1":"product","2":"type-product","3":"status-publish","4":"has-post-thumbnail","6":"product_cat-sin-categorizar","7":"product_tag-6113b","9":"first","10":"instock","11":"taxable","12":"shipping-taxable","13":"purchasable","14":"product-type-simple"},"yoast_head":"<!-- This site is optimized with the Yoast SEO plugin v26.0 - https:\/\/yoast.com\/wordpress\/plugins\/seo\/ -->\n<title>SPC Bom. Intel.Aura 1050 3-Pk WiFi Color E27 Regul - Aivlisoft Inform\u00e1tica<\/title>\n<meta name=\"robots\" content=\"index, follow, max-snippet:-1, max-image-preview:large, max-video-preview:-1\" \/>\n<link rel=\"canonical\" href=\"https:\/\/aivlisoft.net\/shop\/producto\/spc-bom-intel-aura-1050-3-pk-wifi-color-e27-regul\/\" \/>\n<meta property=\"og:locale\" content=\"es_ES\" \/>\n<meta property=\"og:type\" content=\"article\" \/>\n<meta property=\"og:title\" content=\"SPC Bom. Intel.Aura 1050 3-Pk WiFi Color E27 Regul - Aivlisoft Inform\u00e1tica\" \/>\n<meta property=\"og:description\" content=\"Aura 1050 es una bombilla inteligente LED Wi-Fi de colores y blanca regulable&nbsp; 2700K &#8211; 6500K de casquillo E27 y 133 mm de longitud, que permite elegir entre 16 millones de colores para ambientar tu hogar Controla remotamente la bombilla desde tu m&oacute;vil y establece reglas como encendido y apagado a horas determinadas. Consumo energ&eacute;tico&hellip;&nbsp;SPC Bom. Intel.Aura 1050 3-Pk WiFi Color E27 Regul\" \/>\n<meta property=\"og:url\" content=\"https:\/\/aivlisoft.net\/shop\/producto\/spc-bom-intel-aura-1050-3-pk-wifi-color-e27-regul\/\" \/>\n<meta property=\"og:site_name\" content=\"Aivlisoft Inform\u00e1tica\" \/>\n<meta property=\"article:modified_time\" content=\"2025-01-14T10:36:54+00:00\" \/>\n<meta property=\"og:image\" content=\"https:\/\/aivlisoft.net\/shop\/wp-content\/uploads\/2025\/01\/EILILU0150_800.jpg\" \/>\n\t<meta property=\"og:image:width\" content=\"800\" \/>\n\t<meta property=\"og:image:height\" content=\"800\" \/>\n\t<meta property=\"og:image:type\" content=\"image\/jpeg\" \/>\n<meta name=\"twitter:card\" content=\"summary_large_image\" \/>\n<meta name=\"twitter:label1\" content=\"Tiempo de lectura\" \/>\n\t<meta name=\"twitter:data1\" content=\"1 minuto\" \/>\n<script type=\"application\/ld+json\" class=\"yoast-schema-graph\">{\"@context\":\"https:\/\/schema.org\",\"@graph\":[{\"@type\":\"WebPage\",\"@id\":\"https:\/\/aivlisoft.net\/shop\/producto\/spc-bom-intel-aura-1050-3-pk-wifi-color-e27-regul\/\",\"url\":\"https:\/\/aivlisoft.net\/shop\/producto\/spc-bom-intel-aura-1050-3-pk-wifi-color-e27-regul\/\",\"name\":\"SPC Bom. Intel.Aura 1050 3-Pk WiFi Color E27 Regul - Aivlisoft Inform\u00e1tica\",\"isPartOf\":{\"@id\":\"https:\/\/aivlisoft.net\/shop\/#website\"},\"primaryImageOfPage\":{\"@id\":\"https:\/\/aivlisoft.net\/shop\/producto\/spc-bom-intel-aura-1050-3-pk-wifi-color-e27-regul\/#primaryimage\"},\"image\":{\"@id\":\"https:\/\/aivlisoft.net\/shop\/producto\/spc-bom-intel-aura-1050-3-pk-wifi-color-e27-regul\/#primaryimage\"},\"thumbnailUrl\":\"https:\/\/aivlisoft.net\/shop\/wp-content\/uploads\/2025\/01\/EILILU0150_800.jpg\",\"datePublished\":\"2025-01-13T13:43:48+00:00\",\"dateModified\":\"2025-01-14T10:36:54+00:00\",\"breadcrumb\":{\"@id\":\"https:\/\/aivlisoft.net\/shop\/producto\/spc-bom-intel-aura-1050-3-pk-wifi-color-e27-regul\/#breadcrumb\"},\"inLanguage\":\"es\",\"potentialAction\":[{\"@type\":\"ReadAction\",\"target\":[\"https:\/\/aivlisoft.net\/shop\/producto\/spc-bom-intel-aura-1050-3-pk-wifi-color-e27-regul\/\"]}]},{\"@type\":\"ImageObject\",\"inLanguage\":\"es\",\"@id\":\"https:\/\/aivlisoft.net\/shop\/producto\/spc-bom-intel-aura-1050-3-pk-wifi-color-e27-regul\/#primaryimage\",\"url\":\"https:\/\/aivlisoft.net\/shop\/wp-content\/uploads\/2025\/01\/EILILU0150_800.jpg\",\"contentUrl\":\"https:\/\/aivlisoft.net\/shop\/wp-content\/uploads\/2025\/01\/EILILU0150_800.jpg\",\"width\":800,\"height\":800},{\"@type\":\"BreadcrumbList\",\"@id\":\"https:\/\/aivlisoft.net\/shop\/producto\/spc-bom-intel-aura-1050-3-pk-wifi-color-e27-regul\/#breadcrumb\",\"itemListElement\":[{\"@type\":\"ListItem\",\"position\":1,\"name\":\"Portada\",\"item\":\"https:\/\/aivlisoft.net\/shop\/\"},{\"@type\":\"ListItem\",\"position\":2,\"name\":\"Tienda\",\"item\":\"https:\/\/aivlisoft.net\/shop\/tienda\/\"},{\"@type\":\"ListItem\",\"position\":3,\"name\":\"SPC Bom. Intel.Aura 1050 3-Pk WiFi Color E27 Regul\"}]},{\"@type\":\"WebSite\",\"@id\":\"https:\/\/aivlisoft.net\/shop\/#website\",\"url\":\"https:\/\/aivlisoft.net\/shop\/\",\"name\":\"Aivlisoft Inform\u00e1tica\",\"description\":\"En Aivlisoft Inform\u00e1tica ofrecemos soluciones tecnol\u00f3gicas para empresas: venta de ordenadores, consumibles, perif\u00e9ricos y m\u00e1s. Calidad, atenci\u00f3n personalizada y los mejores precios para tu negocio.\",\"publisher\":{\"@id\":\"https:\/\/aivlisoft.net\/shop\/#organization\"},\"potentialAction\":[{\"@type\":\"SearchAction\",\"target\":{\"@type\":\"EntryPoint\",\"urlTemplate\":\"https:\/\/aivlisoft.net\/shop\/?s={search_term_string}\"},\"query-input\":{\"@type\":\"PropertyValueSpecification\",\"valueRequired\":true,\"valueName\":\"search_term_string\"}}],\"inLanguage\":\"es\"},{\"@type\":\"Organization\",\"@id\":\"https:\/\/aivlisoft.net\/shop\/#organization\",\"name\":\"Aivlisoft Inform\u00e1tica\",\"url\":\"https:\/\/aivlisoft.net\/shop\/\",\"logo\":{\"@type\":\"ImageObject\",\"inLanguage\":\"es\",\"@id\":\"https:\/\/aivlisoft.net\/shop\/#\/schema\/logo\/image\/\",\"url\":\"https:\/\/aivlisoft.net\/shop\/wp-content\/uploads\/2024\/12\/removal.ai_5b848c54-0cdf-4140-95c5-c5536bb7573b-logodef.png\",\"contentUrl\":\"https:\/\/aivlisoft.net\/shop\/wp-content\/uploads\/2024\/12\/removal.ai_5b848c54-0cdf-4140-95c5-c5536bb7573b-logodef.png\",\"width\":484,\"height\":182,\"caption\":\"Aivlisoft Inform\u00e1tica\"},\"image\":{\"@id\":\"https:\/\/aivlisoft.net\/shop\/#\/schema\/logo\/image\/\"}}]}<\/script>\n<!-- \/ Yoast SEO plugin. -->","yoast_head_json":{"title":"SPC Bom. Intel.Aura 1050 3-Pk WiFi Color E27 Regul - Aivlisoft Inform\u00e1tica","robots":{"index":"index","follow":"follow","max-snippet":"max-snippet:-1","max-image-preview":"max-image-preview:large","max-video-preview":"max-video-preview:-1"},"canonical":"https:\/\/aivlisoft.net\/shop\/producto\/spc-bom-intel-aura-1050-3-pk-wifi-color-e27-regul\/","og_locale":"es_ES","og_type":"article","og_title":"SPC Bom. Intel.Aura 1050 3-Pk WiFi Color E27 Regul - Aivlisoft Inform\u00e1tica","og_description":"Aura 1050 es una bombilla inteligente LED Wi-Fi de colores y blanca regulable&nbsp; 2700K &#8211; 6500K de casquillo E27 y 133 mm de longitud, que permite elegir entre 16 millones de colores para ambientar tu hogar Controla remotamente la bombilla desde tu m&oacute;vil y establece reglas como encendido y apagado a horas determinadas. Consumo energ&eacute;tico&hellip;&nbsp;SPC Bom. Intel.Aura 1050 3-Pk WiFi Color E27 Regul","og_url":"https:\/\/aivlisoft.net\/shop\/producto\/spc-bom-intel-aura-1050-3-pk-wifi-color-e27-regul\/","og_site_name":"Aivlisoft Inform\u00e1tica","article_modified_time":"2025-01-14T10:36:54+00:00","og_image":[{"width":800,"height":800,"url":"https:\/\/aivlisoft.net\/shop\/wp-content\/uploads\/2025\/01\/EILILU0150_800.jpg","type":"image\/jpeg"}],"twitter_card":"summary_large_image","twitter_misc":{"Tiempo de lectura":"1 minuto"},"schema":{"@context":"https:\/\/schema.org","@graph":[{"@type":"WebPage","@id":"https:\/\/aivlisoft.net\/shop\/producto\/spc-bom-intel-aura-1050-3-pk-wifi-color-e27-regul\/","url":"https:\/\/aivlisoft.net\/shop\/producto\/spc-bom-intel-aura-1050-3-pk-wifi-color-e27-regul\/","name":"SPC Bom. Intel.Aura 1050 3-Pk WiFi Color E27 Regul - Aivlisoft Inform\u00e1tica","isPartOf":{"@id":"https:\/\/aivlisoft.net\/shop\/#website"},"primaryImageOfPage":{"@id":"https:\/\/aivlisoft.net\/shop\/producto\/spc-bom-intel-aura-1050-3-pk-wifi-color-e27-regul\/#primaryimage"},"image":{"@id":"https:\/\/aivlisoft.net\/shop\/producto\/spc-bom-intel-aura-1050-3-pk-wifi-color-e27-regul\/#primaryimage"},"thumbnailUrl":"https:\/\/aivlisoft.net\/shop\/wp-content\/uploads\/2025\/01\/EILILU0150_800.jpg","datePublished":"2025-01-13T13:43:48+00:00","dateModified":"2025-01-14T10:36:54+00:00","breadcrumb":{"@id":"https:\/\/aivlisoft.net\/shop\/producto\/spc-bom-intel-aura-1050-3-pk-wifi-color-e27-regul\/#breadcrumb"},"inLanguage":"es","potentialAction":[{"@type":"ReadAction","target":["https:\/\/aivlisoft.net\/shop\/producto\/spc-bom-intel-aura-1050-3-pk-wifi-color-e27-regul\/"]}]},{"@type":"ImageObject","inLanguage":"es","@id":"https:\/\/aivlisoft.net\/shop\/producto\/spc-bom-intel-aura-1050-3-pk-wifi-color-e27-regul\/#primaryimage","url":"https:\/\/aivlisoft.net\/shop\/wp-content\/uploads\/2025\/01\/EILILU0150_800.jpg","contentUrl":"https:\/\/aivlisoft.net\/shop\/wp-content\/uploads\/2025\/01\/EILILU0150_800.jpg","width":800,"height":800},{"@type":"BreadcrumbList","@id":"https:\/\/aivlisoft.net\/shop\/producto\/spc-bom-intel-aura-1050-3-pk-wifi-color-e27-regul\/#breadcrumb","itemListElement":[{"@type":"ListItem","position":1,"name":"Portada","item":"https:\/\/aivlisoft.net\/shop\/"},{"@type":"ListItem","position":2,"name":"Tienda","item":"https:\/\/aivlisoft.net\/shop\/tienda\/"},{"@type":"ListItem","position":3,"name":"SPC Bom. Intel.Aura 1050 3-Pk WiFi Color E27 Regul"}]},{"@type":"WebSite","@id":"https:\/\/aivlisoft.net\/shop\/#website","url":"https:\/\/aivlisoft.net\/shop\/","name":"Aivlisoft Inform\u00e1tica","description":"En Aivlisoft Inform\u00e1tica ofrecemos soluciones tecnol\u00f3gicas para empresas: venta de ordenadores, consumibles, perif\u00e9ricos y m\u00e1s. Calidad, atenci\u00f3n personalizada y los mejores precios para tu negocio.","publisher":{"@id":"https:\/\/aivlisoft.net\/shop\/#organization"},"potentialAction":[{"@type":"SearchAction","target":{"@type":"EntryPoint","urlTemplate":"https:\/\/aivlisoft.net\/shop\/?s={search_term_string}"},"query-input":{"@type":"PropertyValueSpecification","valueRequired":true,"valueName":"search_term_string"}}],"inLanguage":"es"},{"@type":"Organization","@id":"https:\/\/aivlisoft.net\/shop\/#organization","name":"Aivlisoft Inform\u00e1tica","url":"https:\/\/aivlisoft.net\/shop\/","logo":{"@type":"ImageObject","inLanguage":"es","@id":"https:\/\/aivlisoft.net\/shop\/#\/schema\/logo\/image\/","url":"https:\/\/aivlisoft.net\/shop\/wp-content\/uploads\/2024\/12\/removal.ai_5b848c54-0cdf-4140-95c5-c5536bb7573b-logodef.png","contentUrl":"https:\/\/aivlisoft.net\/shop\/wp-content\/uploads\/2024\/12\/removal.ai_5b848c54-0cdf-4140-95c5-c5536bb7573b-logodef.png","width":484,"height":182,"caption":"Aivlisoft Inform\u00e1tica"},"image":{"@id":"https:\/\/aivlisoft.net\/shop\/#\/schema\/logo\/image\/"}}]}},"_links":{"self":[{"href":"https:\/\/aivlisoft.net\/shop\/wp-json\/wp\/v2\/product\/7954","targetHints":{"allow":["GET"]}}],"collection":[{"href":"https:\/\/aivlisoft.net\/shop\/wp-json\/wp\/v2\/product"}],"about":[{"href":"https:\/\/aivlisoft.net\/shop\/wp-json\/wp\/v2\/types\/product"}],"wp:featuredmedia":[{"embeddable":true,"href":"https:\/\/aivlisoft.net\/shop\/wp-json\/wp\/v2\/media\/7955"}],"wp:attachment":[{"href":"https:\/\/aivlisoft.net\/shop\/wp-json\/wp\/v2\/media?parent=7954"}],"wp:term":[{"taxonomy":"product_brand","embeddable":true,"href":"https:\/\/aivlisoft.net\/shop\/wp-json\/wp\/v2\/product_brand?post=7954"},{"taxonomy":"product_cat","embeddable":true,"href":"https:\/\/aivlisoft.net\/shop\/wp-json\/wp\/v2\/product_cat?post=7954"},{"taxonomy":"product_tag","embeddable":true,"href":"https:\/\/aivlisoft.net\/shop\/wp-json\/wp\/v2\/product_tag?post=7954"}],"curies":[{"name":"wp","href":"https:\/\/api.w.org\/{rel}","templated":true}]}}