{"id":7926,"date":"2025-01-13T13:43:36","date_gmt":"2025-01-13T13:43:36","guid":{"rendered":"https:\/\/aivlisoft.com\/?post_type=product&#038;p=7926"},"modified":"2025-01-14T10:36:46","modified_gmt":"2025-01-14T10:36:46","slug":"philips-bombilla-inteligente-e27-hue-white-75w","status":"publish","type":"product","link":"https:\/\/aivlisoft.net\/shop\/producto\/philips-bombilla-inteligente-e27-hue-white-75w\/","title":{"rendered":"PHILIPS  Bombilla Inteligente E27 Hue White 75w"},"content":{"rendered":"<p><\/p>\n<table class=\"tabla_caracteristicas\" width=\"100%\">\n<tr>\n<td valign=\"top\"><strong>Marca<\/strong><\/td>\n<td><strong>Philips<\/strong><\/td>\n<\/tr>\n<tr>\n<td valign=\"top\"><strong>Modelo<\/strong><\/td>\n<td valign=\"top\"><strong>929002468401<\/strong><\/td>\n<\/tr>\n<tr>\n<td valign=\"top\"><strong>Caracter&iacute;sticas<\/strong><\/td>\n<td>&#8211; Reference Control Setting: 4000K; via Hue app scene \u00abCool bright\u00bb<br \/>\t\t\t&#8211; Luminosidad: 1.100<br \/>\t\t\t&#8211; Temperatura del color: 2200K-6500K<br \/>\t\t\t&#8211; Di&aacute;metro: 60 mm<br \/>\t\t\t&#8211; Casquillo: E27<br \/>\t\t\t&#8211; Formato: A60<br \/>\t\t\t&#8211; Altura: 110 mm<br \/>\t\t\t&#8211; Tensi&oacute;n de entrada: 220V-240V<br \/>\t\t\t&#8211; Duraci&oacute;n: 25.000 hora(s)<br \/>\t\t\t&#8211; Emisi&oacute;n de luz: <strong>Luz blanca de c&aacute;lida a fr&iacute;a<\/strong><br \/>\t\t\t&#8211; Flujo luminoso: 1100 lm<br \/>\t\t\t&#8211; Energ&iacute;a de funcionamiento m&aacute;xima: 8W<br \/>\t\t\t&#8211; Energ&iacute;a en espera m&aacute;xima: 0.5 W<br \/>\t\t\t&#8211; N&uacute;mero de ciclos de apagado y encendido: 50.000<br \/>\t\t\t&#8211; Factor de potencia: 0.5<br \/>\t\t\t&#8211; Vida &uacute;til especificada: 25.000 hora(s)<br \/>\t\t\t&#8211; Actualizable por software: cuando se conecta a Bluetooth App o Hue Bridge<br \/>\t\t\t&#8211; Encendido: Emisi&oacute;n de luz al 100% al instante<br \/>\t\t\t&#8211; Potencia: 8 W<br \/>\t\t\t&#8211; Protocolo de comunicaciones: Bluetooth y Zigbee<br \/>\t\t\t&#8211; Regulable din&aacute;micamente<br \/>\t\t\t&#8211; Actualizable por software: Cuando se conecta a Bluetooth App o Hue Bridge<br \/>\t\t\t<strong>Compatibilidad<\/strong><br \/>\t\t\t&#8211; Compatible con la caracter&iacute;stica Efectos<br \/>\t\t\t&#8211; Compatible con HomeKit<br \/>\t\t\t&#8211; Aplicaci&oacute;n Philips Hue: IOS 14 y superior, Android 10.0 y superior<br \/>\t\t\t&#8211; Asistentes de voz:<br \/>\t\t\t&nbsp; Amazon Alexa<br \/>\t\t\t&nbsp; Apple HomeKit (mediante Hue Bridge)<br \/>\t\t\t&nbsp; Google Assistant<br \/>\t\t\t&nbsp; Microsoft Cortana (mediante Hue Bridge)<\/td>\n<\/tr>\n<tr>\n<td valign=\"top\"><strong>Otras <\/strong> <strong>caracter&iacute;sticas<\/strong><\/td>\n<td>&#8211; Dimensiones: 60&#215;110 mm<br \/>\t\t\t&#8211; Peso neto: 0,056kg<\/td>\n<\/tr>\n<tr>\n<td valign=\"top\"><strong>Certificado energ&eacute;tico<\/strong><\/td>\n<td><a alt=\"Certificado energ&Atilde;&#402;&Acirc;&copy;tico\" href=\"https:\/\/www.infortisa.com\/images\/content\/2023050316361728848EILIAE0048.webp\" target=\"_blank\">Ver certificado<\/a><\/td>\n<\/tr>\n<tr>\n<td valign=\"top\"><strong>Fecha de revisi&oacute;n<\/strong><\/td>\n<td>04-05-2023 por RTY<\/td>\n<\/tr>\n<\/table>\n","protected":false},"excerpt":{"rendered":"<p>Marca Philips Modelo 929002468401 Caracter&iacute;sticas &#8211; Reference Control Setting: 4000K; via Hue app scene \u00abCool bright\u00bb &#8211; Luminosidad: 1.100 &#8211; Temperatura del color: 2200K-6500K &#8211; Di&aacute;metro: 60 mm &#8211; Casquillo: E27 &#8211; Formato: A60 &#8211; Altura: 110 mm &#8211; Tensi&oacute;n de entrada: 220V-240V &#8211; Duraci&oacute;n: 25.000 hora(s) &#8211; Emisi&oacute;n de luz: Luz blanca de c&aacute;lida&hellip;&nbsp;<a href=\"https:\/\/aivlisoft.net\/shop\/producto\/philips-bombilla-inteligente-e27-hue-white-75w\/\" rel=\"bookmark\"><span class=\"screen-reader-text\">PHILIPS  Bombilla Inteligente E27 Hue White 75w<\/span><\/a><\/p>\n","protected":false},"featured_media":7927,"template":"","meta":{"neve_meta_sidebar":"","neve_meta_container":"","neve_meta_enable_content_width":"","neve_meta_content_width":0,"neve_meta_title_alignment":"","neve_meta_author_avatar":"","neve_post_elements_order":"","neve_meta_disable_header":"","neve_meta_disable_footer":"","neve_meta_disable_title":""},"product_brand":[],"product_cat":[15],"product_tag":[2948],"class_list":{"0":"post-7926","1":"product","2":"type-product","3":"status-publish","4":"has-post-thumbnail","6":"product_cat-sin-categorizar","7":"product_tag-2948","9":"first","10":"instock","11":"taxable","12":"shipping-taxable","13":"purchasable","14":"product-type-simple"},"yoast_head":"<!-- This site is optimized with the Yoast SEO plugin v26.0 - https:\/\/yoast.com\/wordpress\/plugins\/seo\/ -->\n<title>PHILIPS Bombilla Inteligente E27 Hue White 75w - Aivlisoft Inform\u00e1tica<\/title>\n<meta name=\"robots\" content=\"index, follow, max-snippet:-1, max-image-preview:large, max-video-preview:-1\" \/>\n<link rel=\"canonical\" href=\"https:\/\/aivlisoft.net\/shop\/producto\/philips-bombilla-inteligente-e27-hue-white-75w\/\" \/>\n<meta property=\"og:locale\" content=\"es_ES\" \/>\n<meta property=\"og:type\" content=\"article\" \/>\n<meta property=\"og:title\" content=\"PHILIPS Bombilla Inteligente E27 Hue White 75w - Aivlisoft Inform\u00e1tica\" \/>\n<meta property=\"og:description\" content=\"Marca Philips Modelo 929002468401 Caracter&iacute;sticas &#8211; Reference Control Setting: 4000K; via Hue app scene \u00abCool bright\u00bb &#8211; Luminosidad: 1.100 &#8211; Temperatura del color: 2200K-6500K &#8211; Di&aacute;metro: 60 mm &#8211; Casquillo: E27 &#8211; Formato: A60 &#8211; Altura: 110 mm &#8211; Tensi&oacute;n de entrada: 220V-240V &#8211; Duraci&oacute;n: 25.000 hora(s) &#8211; Emisi&oacute;n de luz: Luz blanca de c&aacute;lida&hellip;&nbsp;PHILIPS Bombilla Inteligente E27 Hue White 75w\" \/>\n<meta property=\"og:url\" content=\"https:\/\/aivlisoft.net\/shop\/producto\/philips-bombilla-inteligente-e27-hue-white-75w\/\" \/>\n<meta property=\"og:site_name\" content=\"Aivlisoft Inform\u00e1tica\" \/>\n<meta property=\"article:modified_time\" content=\"2025-01-14T10:36:46+00:00\" \/>\n<meta property=\"og:image\" content=\"https:\/\/aivlisoft.net\/shop\/wp-content\/uploads\/2025\/01\/EILIAE0048_800.jpg\" \/>\n\t<meta property=\"og:image:width\" content=\"800\" \/>\n\t<meta property=\"og:image:height\" content=\"800\" \/>\n\t<meta property=\"og:image:type\" content=\"image\/jpeg\" \/>\n<meta name=\"twitter:card\" content=\"summary_large_image\" \/>\n<meta name=\"twitter:label1\" content=\"Tiempo de lectura\" \/>\n\t<meta name=\"twitter:data1\" content=\"1 minuto\" \/>\n<script type=\"application\/ld+json\" class=\"yoast-schema-graph\">{\"@context\":\"https:\/\/schema.org\",\"@graph\":[{\"@type\":\"WebPage\",\"@id\":\"https:\/\/aivlisoft.net\/shop\/producto\/philips-bombilla-inteligente-e27-hue-white-75w\/\",\"url\":\"https:\/\/aivlisoft.net\/shop\/producto\/philips-bombilla-inteligente-e27-hue-white-75w\/\",\"name\":\"PHILIPS Bombilla Inteligente E27 Hue White 75w - Aivlisoft Inform\u00e1tica\",\"isPartOf\":{\"@id\":\"https:\/\/aivlisoft.net\/shop\/#website\"},\"primaryImageOfPage\":{\"@id\":\"https:\/\/aivlisoft.net\/shop\/producto\/philips-bombilla-inteligente-e27-hue-white-75w\/#primaryimage\"},\"image\":{\"@id\":\"https:\/\/aivlisoft.net\/shop\/producto\/philips-bombilla-inteligente-e27-hue-white-75w\/#primaryimage\"},\"thumbnailUrl\":\"https:\/\/aivlisoft.net\/shop\/wp-content\/uploads\/2025\/01\/EILIAE0048_800.jpg\",\"datePublished\":\"2025-01-13T13:43:36+00:00\",\"dateModified\":\"2025-01-14T10:36:46+00:00\",\"breadcrumb\":{\"@id\":\"https:\/\/aivlisoft.net\/shop\/producto\/philips-bombilla-inteligente-e27-hue-white-75w\/#breadcrumb\"},\"inLanguage\":\"es\",\"potentialAction\":[{\"@type\":\"ReadAction\",\"target\":[\"https:\/\/aivlisoft.net\/shop\/producto\/philips-bombilla-inteligente-e27-hue-white-75w\/\"]}]},{\"@type\":\"ImageObject\",\"inLanguage\":\"es\",\"@id\":\"https:\/\/aivlisoft.net\/shop\/producto\/philips-bombilla-inteligente-e27-hue-white-75w\/#primaryimage\",\"url\":\"https:\/\/aivlisoft.net\/shop\/wp-content\/uploads\/2025\/01\/EILIAE0048_800.jpg\",\"contentUrl\":\"https:\/\/aivlisoft.net\/shop\/wp-content\/uploads\/2025\/01\/EILIAE0048_800.jpg\",\"width\":800,\"height\":800},{\"@type\":\"BreadcrumbList\",\"@id\":\"https:\/\/aivlisoft.net\/shop\/producto\/philips-bombilla-inteligente-e27-hue-white-75w\/#breadcrumb\",\"itemListElement\":[{\"@type\":\"ListItem\",\"position\":1,\"name\":\"Portada\",\"item\":\"https:\/\/aivlisoft.net\/shop\/\"},{\"@type\":\"ListItem\",\"position\":2,\"name\":\"Tienda\",\"item\":\"https:\/\/aivlisoft.net\/shop\/tienda\/\"},{\"@type\":\"ListItem\",\"position\":3,\"name\":\"PHILIPS Bombilla Inteligente E27 Hue White 75w\"}]},{\"@type\":\"WebSite\",\"@id\":\"https:\/\/aivlisoft.net\/shop\/#website\",\"url\":\"https:\/\/aivlisoft.net\/shop\/\",\"name\":\"Aivlisoft Inform\u00e1tica\",\"description\":\"En Aivlisoft Inform\u00e1tica ofrecemos soluciones tecnol\u00f3gicas para empresas: venta de ordenadores, consumibles, perif\u00e9ricos y m\u00e1s. Calidad, atenci\u00f3n personalizada y los mejores precios para tu negocio.\",\"publisher\":{\"@id\":\"https:\/\/aivlisoft.net\/shop\/#organization\"},\"potentialAction\":[{\"@type\":\"SearchAction\",\"target\":{\"@type\":\"EntryPoint\",\"urlTemplate\":\"https:\/\/aivlisoft.net\/shop\/?s={search_term_string}\"},\"query-input\":{\"@type\":\"PropertyValueSpecification\",\"valueRequired\":true,\"valueName\":\"search_term_string\"}}],\"inLanguage\":\"es\"},{\"@type\":\"Organization\",\"@id\":\"https:\/\/aivlisoft.net\/shop\/#organization\",\"name\":\"Aivlisoft Inform\u00e1tica\",\"url\":\"https:\/\/aivlisoft.net\/shop\/\",\"logo\":{\"@type\":\"ImageObject\",\"inLanguage\":\"es\",\"@id\":\"https:\/\/aivlisoft.net\/shop\/#\/schema\/logo\/image\/\",\"url\":\"https:\/\/aivlisoft.net\/shop\/wp-content\/uploads\/2024\/12\/removal.ai_5b848c54-0cdf-4140-95c5-c5536bb7573b-logodef.png\",\"contentUrl\":\"https:\/\/aivlisoft.net\/shop\/wp-content\/uploads\/2024\/12\/removal.ai_5b848c54-0cdf-4140-95c5-c5536bb7573b-logodef.png\",\"width\":484,\"height\":182,\"caption\":\"Aivlisoft Inform\u00e1tica\"},\"image\":{\"@id\":\"https:\/\/aivlisoft.net\/shop\/#\/schema\/logo\/image\/\"}}]}<\/script>\n<!-- \/ Yoast SEO plugin. -->","yoast_head_json":{"title":"PHILIPS Bombilla Inteligente E27 Hue White 75w - Aivlisoft Inform\u00e1tica","robots":{"index":"index","follow":"follow","max-snippet":"max-snippet:-1","max-image-preview":"max-image-preview:large","max-video-preview":"max-video-preview:-1"},"canonical":"https:\/\/aivlisoft.net\/shop\/producto\/philips-bombilla-inteligente-e27-hue-white-75w\/","og_locale":"es_ES","og_type":"article","og_title":"PHILIPS Bombilla Inteligente E27 Hue White 75w - Aivlisoft Inform\u00e1tica","og_description":"Marca Philips Modelo 929002468401 Caracter&iacute;sticas &#8211; Reference Control Setting: 4000K; via Hue app scene \u00abCool bright\u00bb &#8211; Luminosidad: 1.100 &#8211; Temperatura del color: 2200K-6500K &#8211; Di&aacute;metro: 60 mm &#8211; Casquillo: E27 &#8211; Formato: A60 &#8211; Altura: 110 mm &#8211; Tensi&oacute;n de entrada: 220V-240V &#8211; Duraci&oacute;n: 25.000 hora(s) &#8211; Emisi&oacute;n de luz: Luz blanca de c&aacute;lida&hellip;&nbsp;PHILIPS Bombilla Inteligente E27 Hue White 75w","og_url":"https:\/\/aivlisoft.net\/shop\/producto\/philips-bombilla-inteligente-e27-hue-white-75w\/","og_site_name":"Aivlisoft Inform\u00e1tica","article_modified_time":"2025-01-14T10:36:46+00:00","og_image":[{"width":800,"height":800,"url":"https:\/\/aivlisoft.net\/shop\/wp-content\/uploads\/2025\/01\/EILIAE0048_800.jpg","type":"image\/jpeg"}],"twitter_card":"summary_large_image","twitter_misc":{"Tiempo de lectura":"1 minuto"},"schema":{"@context":"https:\/\/schema.org","@graph":[{"@type":"WebPage","@id":"https:\/\/aivlisoft.net\/shop\/producto\/philips-bombilla-inteligente-e27-hue-white-75w\/","url":"https:\/\/aivlisoft.net\/shop\/producto\/philips-bombilla-inteligente-e27-hue-white-75w\/","name":"PHILIPS Bombilla Inteligente E27 Hue White 75w - Aivlisoft Inform\u00e1tica","isPartOf":{"@id":"https:\/\/aivlisoft.net\/shop\/#website"},"primaryImageOfPage":{"@id":"https:\/\/aivlisoft.net\/shop\/producto\/philips-bombilla-inteligente-e27-hue-white-75w\/#primaryimage"},"image":{"@id":"https:\/\/aivlisoft.net\/shop\/producto\/philips-bombilla-inteligente-e27-hue-white-75w\/#primaryimage"},"thumbnailUrl":"https:\/\/aivlisoft.net\/shop\/wp-content\/uploads\/2025\/01\/EILIAE0048_800.jpg","datePublished":"2025-01-13T13:43:36+00:00","dateModified":"2025-01-14T10:36:46+00:00","breadcrumb":{"@id":"https:\/\/aivlisoft.net\/shop\/producto\/philips-bombilla-inteligente-e27-hue-white-75w\/#breadcrumb"},"inLanguage":"es","potentialAction":[{"@type":"ReadAction","target":["https:\/\/aivlisoft.net\/shop\/producto\/philips-bombilla-inteligente-e27-hue-white-75w\/"]}]},{"@type":"ImageObject","inLanguage":"es","@id":"https:\/\/aivlisoft.net\/shop\/producto\/philips-bombilla-inteligente-e27-hue-white-75w\/#primaryimage","url":"https:\/\/aivlisoft.net\/shop\/wp-content\/uploads\/2025\/01\/EILIAE0048_800.jpg","contentUrl":"https:\/\/aivlisoft.net\/shop\/wp-content\/uploads\/2025\/01\/EILIAE0048_800.jpg","width":800,"height":800},{"@type":"BreadcrumbList","@id":"https:\/\/aivlisoft.net\/shop\/producto\/philips-bombilla-inteligente-e27-hue-white-75w\/#breadcrumb","itemListElement":[{"@type":"ListItem","position":1,"name":"Portada","item":"https:\/\/aivlisoft.net\/shop\/"},{"@type":"ListItem","position":2,"name":"Tienda","item":"https:\/\/aivlisoft.net\/shop\/tienda\/"},{"@type":"ListItem","position":3,"name":"PHILIPS Bombilla Inteligente E27 Hue White 75w"}]},{"@type":"WebSite","@id":"https:\/\/aivlisoft.net\/shop\/#website","url":"https:\/\/aivlisoft.net\/shop\/","name":"Aivlisoft Inform\u00e1tica","description":"En Aivlisoft Inform\u00e1tica ofrecemos soluciones tecnol\u00f3gicas para empresas: venta de ordenadores, consumibles, perif\u00e9ricos y m\u00e1s. Calidad, atenci\u00f3n personalizada y los mejores precios para tu negocio.","publisher":{"@id":"https:\/\/aivlisoft.net\/shop\/#organization"},"potentialAction":[{"@type":"SearchAction","target":{"@type":"EntryPoint","urlTemplate":"https:\/\/aivlisoft.net\/shop\/?s={search_term_string}"},"query-input":{"@type":"PropertyValueSpecification","valueRequired":true,"valueName":"search_term_string"}}],"inLanguage":"es"},{"@type":"Organization","@id":"https:\/\/aivlisoft.net\/shop\/#organization","name":"Aivlisoft Inform\u00e1tica","url":"https:\/\/aivlisoft.net\/shop\/","logo":{"@type":"ImageObject","inLanguage":"es","@id":"https:\/\/aivlisoft.net\/shop\/#\/schema\/logo\/image\/","url":"https:\/\/aivlisoft.net\/shop\/wp-content\/uploads\/2024\/12\/removal.ai_5b848c54-0cdf-4140-95c5-c5536bb7573b-logodef.png","contentUrl":"https:\/\/aivlisoft.net\/shop\/wp-content\/uploads\/2024\/12\/removal.ai_5b848c54-0cdf-4140-95c5-c5536bb7573b-logodef.png","width":484,"height":182,"caption":"Aivlisoft Inform\u00e1tica"},"image":{"@id":"https:\/\/aivlisoft.net\/shop\/#\/schema\/logo\/image\/"}}]}},"_links":{"self":[{"href":"https:\/\/aivlisoft.net\/shop\/wp-json\/wp\/v2\/product\/7926","targetHints":{"allow":["GET"]}}],"collection":[{"href":"https:\/\/aivlisoft.net\/shop\/wp-json\/wp\/v2\/product"}],"about":[{"href":"https:\/\/aivlisoft.net\/shop\/wp-json\/wp\/v2\/types\/product"}],"wp:featuredmedia":[{"embeddable":true,"href":"https:\/\/aivlisoft.net\/shop\/wp-json\/wp\/v2\/media\/7927"}],"wp:attachment":[{"href":"https:\/\/aivlisoft.net\/shop\/wp-json\/wp\/v2\/media?parent=7926"}],"wp:term":[{"taxonomy":"product_brand","embeddable":true,"href":"https:\/\/aivlisoft.net\/shop\/wp-json\/wp\/v2\/product_brand?post=7926"},{"taxonomy":"product_cat","embeddable":true,"href":"https:\/\/aivlisoft.net\/shop\/wp-json\/wp\/v2\/product_cat?post=7926"},{"taxonomy":"product_tag","embeddable":true,"href":"https:\/\/aivlisoft.net\/shop\/wp-json\/wp\/v2\/product_tag?post=7926"}],"curies":[{"name":"wp","href":"https:\/\/api.w.org\/{rel}","templated":true}]}}