{"id":7506,"date":"2025-01-13T13:39:23","date_gmt":"2025-01-13T13:39:23","guid":{"rendered":"https:\/\/aivlisoft.com\/?post_type=product&#038;p=7506"},"modified":"2025-01-14T16:21:14","modified_gmt":"2025-01-14T16:21:14","slug":"epson-cartucho-603-amarillo","status":"publish","type":"product","link":"https:\/\/aivlisoft.net\/shop\/producto\/epson-cartucho-603-amarillo\/","title":{"rendered":"Epson Cartucho 603 Amarillo"},"content":{"rendered":"<p><strong><\/strong><strong>Econ&oacute;mica y fiable<\/strong><br \/>Disfruta de copias fiables, n&iacute;tidas y de colores vivos con una inversi&oacute;n m&iacute;nima gracias a la tinta 603 de cuatro colores de Epson. Con la combinaci&oacute;n de tintas negras pigmentadas y de colores de tipo colorante, este pack de tintas crea copias definidas y llenas de color.<\/p>\n<p><strong>Reduce los costes de impresi&oacute;n con cartuchos de tinta XL<\/strong><br \/>Epson ofrece una amplia variedad de cartuchos de tinta est&aacute;ndar o de alta capacidad (XL) en sus gamas de tinta m&aacute;s recientes. Las tintas XL resultan ideales si imprimes grandes vol&uacute;menes y te ayudan a reducir los costes de impresi&oacute;n.<\/p>\n<p><strong>Optimizado para impresoras Epson<\/strong><br \/>Los papeles y tintas originales se han desarrollado para funcionar a la perfecci&oacute;n con las impresoras Epson, para producir los mejores resultados una y otra vez.<\/p>\n<p><strong>El art&iacute;culo original<\/strong><br \/>Disfruta de una impresi&oacute;n fiable y sin complicaciones con las tintas originales de Epson. Invertimos en exhaustivas investigaciones, en instalaciones de producci&oacute;n de alta tecnolog&iacute;a y hacemos que nuestros productos se sometan a pruebas rigurosas para ofrecerte la mejor calidad.<\/p>\n<table class=\"Tabla_Caracteristicas k-table\" width=\"100%\">\n<tbody>\n<tr>\n<td><strong>Marca<\/strong><\/td>\n<td>Epson<\/td>\n<\/tr>\n<tr>\n<td valign=\"top\"><strong>Modelo<\/strong><\/td>\n<td><strong><\/strong><strong>C13T03U44010<\/strong><\/td>\n<\/tr>\n<tr>\n<td valign=\"top\"><strong>Caracter&iacute;sticas<\/strong><\/td>\n<td>&#8211; Tipo de producto: Cartucho de tinta<br \/>&#8211; Tecnolog&iacute;a de impresi&oacute;n: Chorro de tinta<br \/>&#8211; Color de impresi&oacute;n: Amarillo<br \/>&#8211; Capacidad: 2.4 ml<br \/>&#8211; Rendimiento: Hasta 130 p&aacute;ginas<br \/>&#8211; Tipo de empaquetado: Bl&iacute;ster<\/td>\n<\/tr>\n<tr>\n<td valign=\"top\"><strong>Compatibilidad<\/strong><\/td>\n<td>&#8211; WorkForce WF-2850DWF<br \/>&#8211; WorkForce WF-2835DWF<br \/>&#8211; WorkForce WF-2830DWF<br \/>&#8211; WorkForce WF-2810DWF <br \/>&#8211; Expression Home XP-4105<br \/>&#8211; Expression Home XP-4100<br \/>&#8211; Expression Home XP-3105<br \/>&#8211; Expression Home XP-3100<br \/>&#8211; Expression Home XP-2105<br \/>&#8211; Expression Home XP-2100<\/td>\n<\/tr>\n<tr>\n<td><strong>Fecha de revisi&oacute;n<\/strong><\/td>\n<td>16-10-2019 por AVN<\/td>\n<\/tr>\n<\/tbody>\n<\/table>\n","protected":false},"excerpt":{"rendered":"<p>Econ&oacute;mica y fiableDisfruta de copias fiables, n&iacute;tidas y de colores vivos con una inversi&oacute;n m&iacute;nima gracias a la tinta 603 de cuatro colores de Epson. Con la combinaci&oacute;n de tintas negras pigmentadas y de colores de tipo colorante, este pack de tintas crea copias definidas y llenas de color. Reduce los costes de impresi&oacute;n con&hellip;&nbsp;<a href=\"https:\/\/aivlisoft.net\/shop\/producto\/epson-cartucho-603-amarillo\/\" rel=\"bookmark\"><span class=\"screen-reader-text\">Epson Cartucho 603 Amarillo<\/span><\/a><\/p>\n","protected":false},"featured_media":7507,"template":"","meta":{"neve_meta_sidebar":"","neve_meta_container":"","neve_meta_enable_content_width":"","neve_meta_content_width":0,"neve_meta_title_alignment":"","neve_meta_author_avatar":"","neve_post_elements_order":"","neve_meta_disable_header":"","neve_meta_disable_footer":"","neve_meta_disable_title":""},"product_brand":[],"product_cat":[15,8790,8787],"product_tag":[2528],"class_list":{"0":"post-7506","1":"product","2":"type-product","3":"status-publish","4":"has-post-thumbnail","6":"product_cat-sin-categorizar","7":"product_cat-cartuchos","8":"product_cat-consumibles","9":"product_tag-c13t03u44010","11":"first","12":"instock","13":"taxable","14":"shipping-taxable","15":"purchasable","16":"product-type-simple"},"yoast_head":"<!-- This site is optimized with the Yoast SEO plugin v26.0 - https:\/\/yoast.com\/wordpress\/plugins\/seo\/ -->\n<title>Epson Cartucho 603 Amarillo - Aivlisoft Inform\u00e1tica<\/title>\n<meta name=\"robots\" content=\"index, follow, max-snippet:-1, max-image-preview:large, max-video-preview:-1\" \/>\n<link rel=\"canonical\" href=\"https:\/\/aivlisoft.net\/shop\/producto\/epson-cartucho-603-amarillo\/\" \/>\n<meta property=\"og:locale\" content=\"es_ES\" \/>\n<meta property=\"og:type\" content=\"article\" \/>\n<meta property=\"og:title\" content=\"Epson Cartucho 603 Amarillo - Aivlisoft Inform\u00e1tica\" \/>\n<meta property=\"og:description\" content=\"Econ&oacute;mica y fiableDisfruta de copias fiables, n&iacute;tidas y de colores vivos con una inversi&oacute;n m&iacute;nima gracias a la tinta 603 de cuatro colores de Epson. Con la combinaci&oacute;n de tintas negras pigmentadas y de colores de tipo colorante, este pack de tintas crea copias definidas y llenas de color. Reduce los costes de impresi&oacute;n con&hellip;&nbsp;Epson Cartucho 603 Amarillo\" \/>\n<meta property=\"og:url\" content=\"https:\/\/aivlisoft.net\/shop\/producto\/epson-cartucho-603-amarillo\/\" \/>\n<meta property=\"og:site_name\" content=\"Aivlisoft Inform\u00e1tica\" \/>\n<meta property=\"article:modified_time\" content=\"2025-01-14T16:21:14+00:00\" \/>\n<meta property=\"og:image\" content=\"https:\/\/aivlisoft.net\/shop\/wp-content\/uploads\/2025\/01\/CCICTO0763_800-1.jpg\" \/>\n\t<meta property=\"og:image:width\" content=\"800\" \/>\n\t<meta property=\"og:image:height\" content=\"800\" \/>\n\t<meta property=\"og:image:type\" content=\"image\/jpeg\" \/>\n<meta name=\"twitter:card\" content=\"summary_large_image\" \/>\n<meta name=\"twitter:label1\" content=\"Tiempo de lectura\" \/>\n\t<meta name=\"twitter:data1\" content=\"1 minuto\" \/>\n<script type=\"application\/ld+json\" class=\"yoast-schema-graph\">{\"@context\":\"https:\/\/schema.org\",\"@graph\":[{\"@type\":\"WebPage\",\"@id\":\"https:\/\/aivlisoft.net\/shop\/producto\/epson-cartucho-603-amarillo\/\",\"url\":\"https:\/\/aivlisoft.net\/shop\/producto\/epson-cartucho-603-amarillo\/\",\"name\":\"Epson Cartucho 603 Amarillo - Aivlisoft Inform\u00e1tica\",\"isPartOf\":{\"@id\":\"https:\/\/aivlisoft.net\/shop\/#website\"},\"primaryImageOfPage\":{\"@id\":\"https:\/\/aivlisoft.net\/shop\/producto\/epson-cartucho-603-amarillo\/#primaryimage\"},\"image\":{\"@id\":\"https:\/\/aivlisoft.net\/shop\/producto\/epson-cartucho-603-amarillo\/#primaryimage\"},\"thumbnailUrl\":\"https:\/\/aivlisoft.net\/shop\/wp-content\/uploads\/2025\/01\/CCICTO0763_800-1.jpg\",\"datePublished\":\"2025-01-13T13:39:23+00:00\",\"dateModified\":\"2025-01-14T16:21:14+00:00\",\"breadcrumb\":{\"@id\":\"https:\/\/aivlisoft.net\/shop\/producto\/epson-cartucho-603-amarillo\/#breadcrumb\"},\"inLanguage\":\"es\",\"potentialAction\":[{\"@type\":\"ReadAction\",\"target\":[\"https:\/\/aivlisoft.net\/shop\/producto\/epson-cartucho-603-amarillo\/\"]}]},{\"@type\":\"ImageObject\",\"inLanguage\":\"es\",\"@id\":\"https:\/\/aivlisoft.net\/shop\/producto\/epson-cartucho-603-amarillo\/#primaryimage\",\"url\":\"https:\/\/aivlisoft.net\/shop\/wp-content\/uploads\/2025\/01\/CCICTO0763_800-1.jpg\",\"contentUrl\":\"https:\/\/aivlisoft.net\/shop\/wp-content\/uploads\/2025\/01\/CCICTO0763_800-1.jpg\",\"width\":800,\"height\":800},{\"@type\":\"BreadcrumbList\",\"@id\":\"https:\/\/aivlisoft.net\/shop\/producto\/epson-cartucho-603-amarillo\/#breadcrumb\",\"itemListElement\":[{\"@type\":\"ListItem\",\"position\":1,\"name\":\"Portada\",\"item\":\"https:\/\/aivlisoft.net\/shop\/\"},{\"@type\":\"ListItem\",\"position\":2,\"name\":\"Tienda\",\"item\":\"https:\/\/aivlisoft.net\/shop\/tienda\/\"},{\"@type\":\"ListItem\",\"position\":3,\"name\":\"Epson Cartucho 603 Amarillo\"}]},{\"@type\":\"WebSite\",\"@id\":\"https:\/\/aivlisoft.net\/shop\/#website\",\"url\":\"https:\/\/aivlisoft.net\/shop\/\",\"name\":\"Aivlisoft Inform\u00e1tica\",\"description\":\"En Aivlisoft Inform\u00e1tica ofrecemos soluciones tecnol\u00f3gicas para empresas: venta de ordenadores, consumibles, perif\u00e9ricos y m\u00e1s. Calidad, atenci\u00f3n personalizada y los mejores precios para tu negocio.\",\"publisher\":{\"@id\":\"https:\/\/aivlisoft.net\/shop\/#organization\"},\"potentialAction\":[{\"@type\":\"SearchAction\",\"target\":{\"@type\":\"EntryPoint\",\"urlTemplate\":\"https:\/\/aivlisoft.net\/shop\/?s={search_term_string}\"},\"query-input\":{\"@type\":\"PropertyValueSpecification\",\"valueRequired\":true,\"valueName\":\"search_term_string\"}}],\"inLanguage\":\"es\"},{\"@type\":\"Organization\",\"@id\":\"https:\/\/aivlisoft.net\/shop\/#organization\",\"name\":\"Aivlisoft Inform\u00e1tica\",\"url\":\"https:\/\/aivlisoft.net\/shop\/\",\"logo\":{\"@type\":\"ImageObject\",\"inLanguage\":\"es\",\"@id\":\"https:\/\/aivlisoft.net\/shop\/#\/schema\/logo\/image\/\",\"url\":\"https:\/\/aivlisoft.net\/shop\/wp-content\/uploads\/2024\/12\/removal.ai_5b848c54-0cdf-4140-95c5-c5536bb7573b-logodef.png\",\"contentUrl\":\"https:\/\/aivlisoft.net\/shop\/wp-content\/uploads\/2024\/12\/removal.ai_5b848c54-0cdf-4140-95c5-c5536bb7573b-logodef.png\",\"width\":484,\"height\":182,\"caption\":\"Aivlisoft Inform\u00e1tica\"},\"image\":{\"@id\":\"https:\/\/aivlisoft.net\/shop\/#\/schema\/logo\/image\/\"}}]}<\/script>\n<!-- \/ Yoast SEO plugin. -->","yoast_head_json":{"title":"Epson Cartucho 603 Amarillo - Aivlisoft Inform\u00e1tica","robots":{"index":"index","follow":"follow","max-snippet":"max-snippet:-1","max-image-preview":"max-image-preview:large","max-video-preview":"max-video-preview:-1"},"canonical":"https:\/\/aivlisoft.net\/shop\/producto\/epson-cartucho-603-amarillo\/","og_locale":"es_ES","og_type":"article","og_title":"Epson Cartucho 603 Amarillo - Aivlisoft Inform\u00e1tica","og_description":"Econ&oacute;mica y fiableDisfruta de copias fiables, n&iacute;tidas y de colores vivos con una inversi&oacute;n m&iacute;nima gracias a la tinta 603 de cuatro colores de Epson. Con la combinaci&oacute;n de tintas negras pigmentadas y de colores de tipo colorante, este pack de tintas crea copias definidas y llenas de color. Reduce los costes de impresi&oacute;n con&hellip;&nbsp;Epson Cartucho 603 Amarillo","og_url":"https:\/\/aivlisoft.net\/shop\/producto\/epson-cartucho-603-amarillo\/","og_site_name":"Aivlisoft Inform\u00e1tica","article_modified_time":"2025-01-14T16:21:14+00:00","og_image":[{"width":800,"height":800,"url":"https:\/\/aivlisoft.net\/shop\/wp-content\/uploads\/2025\/01\/CCICTO0763_800-1.jpg","type":"image\/jpeg"}],"twitter_card":"summary_large_image","twitter_misc":{"Tiempo de lectura":"1 minuto"},"schema":{"@context":"https:\/\/schema.org","@graph":[{"@type":"WebPage","@id":"https:\/\/aivlisoft.net\/shop\/producto\/epson-cartucho-603-amarillo\/","url":"https:\/\/aivlisoft.net\/shop\/producto\/epson-cartucho-603-amarillo\/","name":"Epson Cartucho 603 Amarillo - Aivlisoft Inform\u00e1tica","isPartOf":{"@id":"https:\/\/aivlisoft.net\/shop\/#website"},"primaryImageOfPage":{"@id":"https:\/\/aivlisoft.net\/shop\/producto\/epson-cartucho-603-amarillo\/#primaryimage"},"image":{"@id":"https:\/\/aivlisoft.net\/shop\/producto\/epson-cartucho-603-amarillo\/#primaryimage"},"thumbnailUrl":"https:\/\/aivlisoft.net\/shop\/wp-content\/uploads\/2025\/01\/CCICTO0763_800-1.jpg","datePublished":"2025-01-13T13:39:23+00:00","dateModified":"2025-01-14T16:21:14+00:00","breadcrumb":{"@id":"https:\/\/aivlisoft.net\/shop\/producto\/epson-cartucho-603-amarillo\/#breadcrumb"},"inLanguage":"es","potentialAction":[{"@type":"ReadAction","target":["https:\/\/aivlisoft.net\/shop\/producto\/epson-cartucho-603-amarillo\/"]}]},{"@type":"ImageObject","inLanguage":"es","@id":"https:\/\/aivlisoft.net\/shop\/producto\/epson-cartucho-603-amarillo\/#primaryimage","url":"https:\/\/aivlisoft.net\/shop\/wp-content\/uploads\/2025\/01\/CCICTO0763_800-1.jpg","contentUrl":"https:\/\/aivlisoft.net\/shop\/wp-content\/uploads\/2025\/01\/CCICTO0763_800-1.jpg","width":800,"height":800},{"@type":"BreadcrumbList","@id":"https:\/\/aivlisoft.net\/shop\/producto\/epson-cartucho-603-amarillo\/#breadcrumb","itemListElement":[{"@type":"ListItem","position":1,"name":"Portada","item":"https:\/\/aivlisoft.net\/shop\/"},{"@type":"ListItem","position":2,"name":"Tienda","item":"https:\/\/aivlisoft.net\/shop\/tienda\/"},{"@type":"ListItem","position":3,"name":"Epson Cartucho 603 Amarillo"}]},{"@type":"WebSite","@id":"https:\/\/aivlisoft.net\/shop\/#website","url":"https:\/\/aivlisoft.net\/shop\/","name":"Aivlisoft Inform\u00e1tica","description":"En Aivlisoft Inform\u00e1tica ofrecemos soluciones tecnol\u00f3gicas para empresas: venta de ordenadores, consumibles, perif\u00e9ricos y m\u00e1s. Calidad, atenci\u00f3n personalizada y los mejores precios para tu negocio.","publisher":{"@id":"https:\/\/aivlisoft.net\/shop\/#organization"},"potentialAction":[{"@type":"SearchAction","target":{"@type":"EntryPoint","urlTemplate":"https:\/\/aivlisoft.net\/shop\/?s={search_term_string}"},"query-input":{"@type":"PropertyValueSpecification","valueRequired":true,"valueName":"search_term_string"}}],"inLanguage":"es"},{"@type":"Organization","@id":"https:\/\/aivlisoft.net\/shop\/#organization","name":"Aivlisoft Inform\u00e1tica","url":"https:\/\/aivlisoft.net\/shop\/","logo":{"@type":"ImageObject","inLanguage":"es","@id":"https:\/\/aivlisoft.net\/shop\/#\/schema\/logo\/image\/","url":"https:\/\/aivlisoft.net\/shop\/wp-content\/uploads\/2024\/12\/removal.ai_5b848c54-0cdf-4140-95c5-c5536bb7573b-logodef.png","contentUrl":"https:\/\/aivlisoft.net\/shop\/wp-content\/uploads\/2024\/12\/removal.ai_5b848c54-0cdf-4140-95c5-c5536bb7573b-logodef.png","width":484,"height":182,"caption":"Aivlisoft Inform\u00e1tica"},"image":{"@id":"https:\/\/aivlisoft.net\/shop\/#\/schema\/logo\/image\/"}}]}},"_links":{"self":[{"href":"https:\/\/aivlisoft.net\/shop\/wp-json\/wp\/v2\/product\/7506","targetHints":{"allow":["GET"]}}],"collection":[{"href":"https:\/\/aivlisoft.net\/shop\/wp-json\/wp\/v2\/product"}],"about":[{"href":"https:\/\/aivlisoft.net\/shop\/wp-json\/wp\/v2\/types\/product"}],"wp:featuredmedia":[{"embeddable":true,"href":"https:\/\/aivlisoft.net\/shop\/wp-json\/wp\/v2\/media\/7507"}],"wp:attachment":[{"href":"https:\/\/aivlisoft.net\/shop\/wp-json\/wp\/v2\/media?parent=7506"}],"wp:term":[{"taxonomy":"product_brand","embeddable":true,"href":"https:\/\/aivlisoft.net\/shop\/wp-json\/wp\/v2\/product_brand?post=7506"},{"taxonomy":"product_cat","embeddable":true,"href":"https:\/\/aivlisoft.net\/shop\/wp-json\/wp\/v2\/product_cat?post=7506"},{"taxonomy":"product_tag","embeddable":true,"href":"https:\/\/aivlisoft.net\/shop\/wp-json\/wp\/v2\/product_tag?post=7506"}],"curies":[{"name":"wp","href":"https:\/\/api.w.org\/{rel}","templated":true}]}}