{"id":6272,"date":"2025-01-13T13:31:22","date_gmt":"2025-01-13T13:31:22","guid":{"rendered":"https:\/\/aivlisoft.com\/?post_type=product&#038;p=6272"},"modified":"2025-01-14T10:24:42","modified_gmt":"2025-01-14T10:24:42","slug":"krom-alfombrilla-gaming-knout-kontrol","status":"publish","type":"product","link":"https:\/\/aivlisoft.net\/shop\/producto\/krom-alfombrilla-gaming-knout-kontrol\/","title":{"rendered":"Krom Alfombrilla Gaming Knout Kontrol"},"content":{"rendered":"<p>Las alfombrillas KNOUT han sido dise&ntilde;adas para sacar el m&aacute;ximo rendimiento a los ratones gaming, con dos acabados diferentes que permitir&aacute;n elegir el que mejor se adapte a cada estilo de juego<\/p>\n<p><strong>Calidad de materiales<\/strong><br \/>La alfombrilla est&aacute; fabricada con una superficie de micro fibra, perfecta tanto para ratones &oacute;pticos como l&aacute;ser. Cuenta con un borde cosido en todo el contorno que le dar&aacute; mayor durabilidad y resistencia al desgaste. &nbsp;<br \/>Su base est&aacute; fabricada en caucho antideslizante, lo que le proporcionar&aacute; mayor estabilidad evitando que se desplace por la mesa y proporcionando un mayor agarre a cualquier tipo de superficie.<\/p>\n<p><strong>Kontrol<\/strong><br \/>El acabado Kontrol es perfecto para movimientos m&aacute;s precisos, ya que la fricci&oacute;n del rat&oacute;n con la alfombrilla ser&aacute; mayor, garantizando movimientos m&aacute;s lentos y precisos.<\/p>\n<p><strong>Dise&ntilde;o gaming<\/strong><br \/>En cuanto a su dise&ntilde;o,&nbsp; la alfombrilla es negra por completo con la silueta de la m&aacute;scara de Krom en el lado derecho en color naranja, por lo que no afectar&aacute; a los movimientos del rat&oacute;n. Se trata de un alfombrilla de 3mm de grosor, lo que la hace ligera y f&aacute;cil de transportar que gracias a su relleno de espuma acolchada proporcionar&aacute; gran confort a las mu&ntilde;ecas.<\/p>\n<div>\n<div style=\"text-align: justify;\">&nbsp;<\/div>\n<\/div>\n<table class=\"tabla_caracteristicas\" width=\"100%\">\n<tr>\n<td valign=\"top\"><strong>Marca<\/strong><\/td>\n<td>Krom<\/td>\n<\/tr>\n<tr>\n<td valign=\"top\"><strong>Modelo<\/strong><\/td>\n<td valign=\"top\">\n<div>Krom Knout Control<\/div>\n<div>(<strong>NXKROMKNTKNTRL<\/strong>)<\/div>\n<\/td>\n<\/tr>\n<tr>\n<td valign=\"top\"><strong>Uso<\/strong><\/td>\n<td>&#8211; Alfombrilla Gaming<\/td>\n<\/tr>\n<tr>\n<td valign=\"top\"><strong>Otras caracter&iacute;sticas<\/strong><\/td>\n<td>\n<div>&#8211; Superficie con mayor fricci&oacute;n sobre el rat&oacute;n para&nbsp; aumentar el control de los movimientos<br \/>\t\t\t&#8211; Acabado con costura doble para aumentar&nbsp; la durabilidad<br \/>\t\t\t&#8211; Base de caucho antideslizante para una&nbsp; mayor estabilidad<br \/>\t\t\t&#8211; Material: Tejido<br \/>\t\t\t&#8211; Dimensiones: 320 x 270 x 3 mm<\/div>\n<\/td>\n<\/tr>\n<tr>\n<td valign=\"top\"><strong>Fecha de revisi&oacute;n<\/strong><\/td>\n<td>\n<div>11-08-2022 por MPM<\/div>\n<\/td>\n<\/tr>\n<\/table>\n","protected":false},"excerpt":{"rendered":"<p>Las alfombrillas KNOUT han sido dise&ntilde;adas para sacar el m&aacute;ximo rendimiento a los ratones gaming, con dos acabados diferentes que permitir&aacute;n elegir el que mejor se adapte a cada estilo de juego Calidad de materialesLa alfombrilla est&aacute; fabricada con una superficie de micro fibra, perfecta tanto para ratones &oacute;pticos como l&aacute;ser. Cuenta con un borde&hellip;&nbsp;<a href=\"https:\/\/aivlisoft.net\/shop\/producto\/krom-alfombrilla-gaming-knout-kontrol\/\" rel=\"bookmark\"><span class=\"screen-reader-text\">Krom Alfombrilla Gaming Knout Kontrol<\/span><\/a><\/p>\n","protected":false},"featured_media":6273,"template":"","meta":{"neve_meta_sidebar":"","neve_meta_container":"","neve_meta_enable_content_width":"","neve_meta_content_width":0,"neve_meta_title_alignment":"","neve_meta_author_avatar":"","neve_post_elements_order":"","neve_meta_disable_header":"","neve_meta_disable_footer":"","neve_meta_disable_title":""},"product_brand":[],"product_cat":[8706],"product_tag":[2019],"class_list":{"0":"post-6272","1":"product","2":"type-product","3":"status-publish","4":"has-post-thumbnail","6":"product_cat-cables-y-accesorios-pc","7":"product_tag-nxkromkntkntrl","9":"first","10":"instock","11":"taxable","12":"shipping-taxable","13":"purchasable","14":"product-type-simple"},"yoast_head":"<!-- This site is optimized with the Yoast SEO plugin v26.0 - https:\/\/yoast.com\/wordpress\/plugins\/seo\/ -->\n<title>Krom Alfombrilla Gaming Knout Kontrol - Aivlisoft Inform\u00e1tica<\/title>\n<meta name=\"robots\" content=\"index, follow, max-snippet:-1, max-image-preview:large, max-video-preview:-1\" \/>\n<link rel=\"canonical\" href=\"https:\/\/aivlisoft.net\/shop\/producto\/krom-alfombrilla-gaming-knout-kontrol\/\" \/>\n<meta property=\"og:locale\" content=\"es_ES\" \/>\n<meta property=\"og:type\" content=\"article\" \/>\n<meta property=\"og:title\" content=\"Krom Alfombrilla Gaming Knout Kontrol - Aivlisoft Inform\u00e1tica\" \/>\n<meta property=\"og:description\" content=\"Las alfombrillas KNOUT han sido dise&ntilde;adas para sacar el m&aacute;ximo rendimiento a los ratones gaming, con dos acabados diferentes que permitir&aacute;n elegir el que mejor se adapte a cada estilo de juego Calidad de materialesLa alfombrilla est&aacute; fabricada con una superficie de micro fibra, perfecta tanto para ratones &oacute;pticos como l&aacute;ser. Cuenta con un borde&hellip;&nbsp;Krom Alfombrilla Gaming Knout Kontrol\" \/>\n<meta property=\"og:url\" content=\"https:\/\/aivlisoft.net\/shop\/producto\/krom-alfombrilla-gaming-knout-kontrol\/\" \/>\n<meta property=\"og:site_name\" content=\"Aivlisoft Inform\u00e1tica\" \/>\n<meta property=\"article:modified_time\" content=\"2025-01-14T10:24:42+00:00\" \/>\n<meta property=\"og:image\" content=\"https:\/\/aivlisoft.net\/shop\/wp-content\/uploads\/2025\/01\/APTAPC0334_large-1.jpg\" \/>\n\t<meta property=\"og:image:width\" content=\"400\" \/>\n\t<meta property=\"og:image:height\" content=\"400\" \/>\n\t<meta property=\"og:image:type\" content=\"image\/jpeg\" \/>\n<meta name=\"twitter:card\" content=\"summary_large_image\" \/>\n<meta name=\"twitter:label1\" content=\"Tiempo de lectura\" \/>\n\t<meta name=\"twitter:data1\" content=\"2 minutos\" \/>\n<script type=\"application\/ld+json\" class=\"yoast-schema-graph\">{\"@context\":\"https:\/\/schema.org\",\"@graph\":[{\"@type\":\"WebPage\",\"@id\":\"https:\/\/aivlisoft.net\/shop\/producto\/krom-alfombrilla-gaming-knout-kontrol\/\",\"url\":\"https:\/\/aivlisoft.net\/shop\/producto\/krom-alfombrilla-gaming-knout-kontrol\/\",\"name\":\"Krom Alfombrilla Gaming Knout Kontrol - Aivlisoft Inform\u00e1tica\",\"isPartOf\":{\"@id\":\"https:\/\/aivlisoft.net\/shop\/#website\"},\"primaryImageOfPage\":{\"@id\":\"https:\/\/aivlisoft.net\/shop\/producto\/krom-alfombrilla-gaming-knout-kontrol\/#primaryimage\"},\"image\":{\"@id\":\"https:\/\/aivlisoft.net\/shop\/producto\/krom-alfombrilla-gaming-knout-kontrol\/#primaryimage\"},\"thumbnailUrl\":\"https:\/\/aivlisoft.net\/shop\/wp-content\/uploads\/2025\/01\/APTAPC0334_large-1.jpg\",\"datePublished\":\"2025-01-13T13:31:22+00:00\",\"dateModified\":\"2025-01-14T10:24:42+00:00\",\"breadcrumb\":{\"@id\":\"https:\/\/aivlisoft.net\/shop\/producto\/krom-alfombrilla-gaming-knout-kontrol\/#breadcrumb\"},\"inLanguage\":\"es\",\"potentialAction\":[{\"@type\":\"ReadAction\",\"target\":[\"https:\/\/aivlisoft.net\/shop\/producto\/krom-alfombrilla-gaming-knout-kontrol\/\"]}]},{\"@type\":\"ImageObject\",\"inLanguage\":\"es\",\"@id\":\"https:\/\/aivlisoft.net\/shop\/producto\/krom-alfombrilla-gaming-knout-kontrol\/#primaryimage\",\"url\":\"https:\/\/aivlisoft.net\/shop\/wp-content\/uploads\/2025\/01\/APTAPC0334_large-1.jpg\",\"contentUrl\":\"https:\/\/aivlisoft.net\/shop\/wp-content\/uploads\/2025\/01\/APTAPC0334_large-1.jpg\",\"width\":400,\"height\":400},{\"@type\":\"BreadcrumbList\",\"@id\":\"https:\/\/aivlisoft.net\/shop\/producto\/krom-alfombrilla-gaming-knout-kontrol\/#breadcrumb\",\"itemListElement\":[{\"@type\":\"ListItem\",\"position\":1,\"name\":\"Portada\",\"item\":\"https:\/\/aivlisoft.net\/shop\/\"},{\"@type\":\"ListItem\",\"position\":2,\"name\":\"Tienda\",\"item\":\"https:\/\/aivlisoft.net\/shop\/tienda\/\"},{\"@type\":\"ListItem\",\"position\":3,\"name\":\"Krom Alfombrilla Gaming Knout Kontrol\"}]},{\"@type\":\"WebSite\",\"@id\":\"https:\/\/aivlisoft.net\/shop\/#website\",\"url\":\"https:\/\/aivlisoft.net\/shop\/\",\"name\":\"Aivlisoft Inform\u00e1tica\",\"description\":\"En Aivlisoft Inform\u00e1tica ofrecemos soluciones tecnol\u00f3gicas para empresas: venta de ordenadores, consumibles, perif\u00e9ricos y m\u00e1s. Calidad, atenci\u00f3n personalizada y los mejores precios para tu negocio.\",\"publisher\":{\"@id\":\"https:\/\/aivlisoft.net\/shop\/#organization\"},\"potentialAction\":[{\"@type\":\"SearchAction\",\"target\":{\"@type\":\"EntryPoint\",\"urlTemplate\":\"https:\/\/aivlisoft.net\/shop\/?s={search_term_string}\"},\"query-input\":{\"@type\":\"PropertyValueSpecification\",\"valueRequired\":true,\"valueName\":\"search_term_string\"}}],\"inLanguage\":\"es\"},{\"@type\":\"Organization\",\"@id\":\"https:\/\/aivlisoft.net\/shop\/#organization\",\"name\":\"Aivlisoft Inform\u00e1tica\",\"url\":\"https:\/\/aivlisoft.net\/shop\/\",\"logo\":{\"@type\":\"ImageObject\",\"inLanguage\":\"es\",\"@id\":\"https:\/\/aivlisoft.net\/shop\/#\/schema\/logo\/image\/\",\"url\":\"https:\/\/aivlisoft.net\/shop\/wp-content\/uploads\/2024\/12\/removal.ai_5b848c54-0cdf-4140-95c5-c5536bb7573b-logodef.png\",\"contentUrl\":\"https:\/\/aivlisoft.net\/shop\/wp-content\/uploads\/2024\/12\/removal.ai_5b848c54-0cdf-4140-95c5-c5536bb7573b-logodef.png\",\"width\":484,\"height\":182,\"caption\":\"Aivlisoft Inform\u00e1tica\"},\"image\":{\"@id\":\"https:\/\/aivlisoft.net\/shop\/#\/schema\/logo\/image\/\"}}]}<\/script>\n<!-- \/ Yoast SEO plugin. -->","yoast_head_json":{"title":"Krom Alfombrilla Gaming Knout Kontrol - Aivlisoft Inform\u00e1tica","robots":{"index":"index","follow":"follow","max-snippet":"max-snippet:-1","max-image-preview":"max-image-preview:large","max-video-preview":"max-video-preview:-1"},"canonical":"https:\/\/aivlisoft.net\/shop\/producto\/krom-alfombrilla-gaming-knout-kontrol\/","og_locale":"es_ES","og_type":"article","og_title":"Krom Alfombrilla Gaming Knout Kontrol - Aivlisoft Inform\u00e1tica","og_description":"Las alfombrillas KNOUT han sido dise&ntilde;adas para sacar el m&aacute;ximo rendimiento a los ratones gaming, con dos acabados diferentes que permitir&aacute;n elegir el que mejor se adapte a cada estilo de juego Calidad de materialesLa alfombrilla est&aacute; fabricada con una superficie de micro fibra, perfecta tanto para ratones &oacute;pticos como l&aacute;ser. Cuenta con un borde&hellip;&nbsp;Krom Alfombrilla Gaming Knout Kontrol","og_url":"https:\/\/aivlisoft.net\/shop\/producto\/krom-alfombrilla-gaming-knout-kontrol\/","og_site_name":"Aivlisoft Inform\u00e1tica","article_modified_time":"2025-01-14T10:24:42+00:00","og_image":[{"width":400,"height":400,"url":"https:\/\/aivlisoft.net\/shop\/wp-content\/uploads\/2025\/01\/APTAPC0334_large-1.jpg","type":"image\/jpeg"}],"twitter_card":"summary_large_image","twitter_misc":{"Tiempo de lectura":"2 minutos"},"schema":{"@context":"https:\/\/schema.org","@graph":[{"@type":"WebPage","@id":"https:\/\/aivlisoft.net\/shop\/producto\/krom-alfombrilla-gaming-knout-kontrol\/","url":"https:\/\/aivlisoft.net\/shop\/producto\/krom-alfombrilla-gaming-knout-kontrol\/","name":"Krom Alfombrilla Gaming Knout Kontrol - Aivlisoft Inform\u00e1tica","isPartOf":{"@id":"https:\/\/aivlisoft.net\/shop\/#website"},"primaryImageOfPage":{"@id":"https:\/\/aivlisoft.net\/shop\/producto\/krom-alfombrilla-gaming-knout-kontrol\/#primaryimage"},"image":{"@id":"https:\/\/aivlisoft.net\/shop\/producto\/krom-alfombrilla-gaming-knout-kontrol\/#primaryimage"},"thumbnailUrl":"https:\/\/aivlisoft.net\/shop\/wp-content\/uploads\/2025\/01\/APTAPC0334_large-1.jpg","datePublished":"2025-01-13T13:31:22+00:00","dateModified":"2025-01-14T10:24:42+00:00","breadcrumb":{"@id":"https:\/\/aivlisoft.net\/shop\/producto\/krom-alfombrilla-gaming-knout-kontrol\/#breadcrumb"},"inLanguage":"es","potentialAction":[{"@type":"ReadAction","target":["https:\/\/aivlisoft.net\/shop\/producto\/krom-alfombrilla-gaming-knout-kontrol\/"]}]},{"@type":"ImageObject","inLanguage":"es","@id":"https:\/\/aivlisoft.net\/shop\/producto\/krom-alfombrilla-gaming-knout-kontrol\/#primaryimage","url":"https:\/\/aivlisoft.net\/shop\/wp-content\/uploads\/2025\/01\/APTAPC0334_large-1.jpg","contentUrl":"https:\/\/aivlisoft.net\/shop\/wp-content\/uploads\/2025\/01\/APTAPC0334_large-1.jpg","width":400,"height":400},{"@type":"BreadcrumbList","@id":"https:\/\/aivlisoft.net\/shop\/producto\/krom-alfombrilla-gaming-knout-kontrol\/#breadcrumb","itemListElement":[{"@type":"ListItem","position":1,"name":"Portada","item":"https:\/\/aivlisoft.net\/shop\/"},{"@type":"ListItem","position":2,"name":"Tienda","item":"https:\/\/aivlisoft.net\/shop\/tienda\/"},{"@type":"ListItem","position":3,"name":"Krom Alfombrilla Gaming Knout Kontrol"}]},{"@type":"WebSite","@id":"https:\/\/aivlisoft.net\/shop\/#website","url":"https:\/\/aivlisoft.net\/shop\/","name":"Aivlisoft Inform\u00e1tica","description":"En Aivlisoft Inform\u00e1tica ofrecemos soluciones tecnol\u00f3gicas para empresas: venta de ordenadores, consumibles, perif\u00e9ricos y m\u00e1s. Calidad, atenci\u00f3n personalizada y los mejores precios para tu negocio.","publisher":{"@id":"https:\/\/aivlisoft.net\/shop\/#organization"},"potentialAction":[{"@type":"SearchAction","target":{"@type":"EntryPoint","urlTemplate":"https:\/\/aivlisoft.net\/shop\/?s={search_term_string}"},"query-input":{"@type":"PropertyValueSpecification","valueRequired":true,"valueName":"search_term_string"}}],"inLanguage":"es"},{"@type":"Organization","@id":"https:\/\/aivlisoft.net\/shop\/#organization","name":"Aivlisoft Inform\u00e1tica","url":"https:\/\/aivlisoft.net\/shop\/","logo":{"@type":"ImageObject","inLanguage":"es","@id":"https:\/\/aivlisoft.net\/shop\/#\/schema\/logo\/image\/","url":"https:\/\/aivlisoft.net\/shop\/wp-content\/uploads\/2024\/12\/removal.ai_5b848c54-0cdf-4140-95c5-c5536bb7573b-logodef.png","contentUrl":"https:\/\/aivlisoft.net\/shop\/wp-content\/uploads\/2024\/12\/removal.ai_5b848c54-0cdf-4140-95c5-c5536bb7573b-logodef.png","width":484,"height":182,"caption":"Aivlisoft Inform\u00e1tica"},"image":{"@id":"https:\/\/aivlisoft.net\/shop\/#\/schema\/logo\/image\/"}}]}},"_links":{"self":[{"href":"https:\/\/aivlisoft.net\/shop\/wp-json\/wp\/v2\/product\/6272","targetHints":{"allow":["GET"]}}],"collection":[{"href":"https:\/\/aivlisoft.net\/shop\/wp-json\/wp\/v2\/product"}],"about":[{"href":"https:\/\/aivlisoft.net\/shop\/wp-json\/wp\/v2\/types\/product"}],"wp:featuredmedia":[{"embeddable":true,"href":"https:\/\/aivlisoft.net\/shop\/wp-json\/wp\/v2\/media\/6273"}],"wp:attachment":[{"href":"https:\/\/aivlisoft.net\/shop\/wp-json\/wp\/v2\/media?parent=6272"}],"wp:term":[{"taxonomy":"product_brand","embeddable":true,"href":"https:\/\/aivlisoft.net\/shop\/wp-json\/wp\/v2\/product_brand?post=6272"},{"taxonomy":"product_cat","embeddable":true,"href":"https:\/\/aivlisoft.net\/shop\/wp-json\/wp\/v2\/product_cat?post=6272"},{"taxonomy":"product_tag","embeddable":true,"href":"https:\/\/aivlisoft.net\/shop\/wp-json\/wp\/v2\/product_tag?post=6272"}],"curies":[{"name":"wp","href":"https:\/\/api.w.org\/{rel}","templated":true}]}}