{"id":6097,"date":"2025-01-13T13:30:05","date_gmt":"2025-01-13T13:30:05","guid":{"rendered":"https:\/\/aivlisoft.com\/?post_type=product&#038;p=6097"},"modified":"2025-01-14T10:23:28","modified_gmt":"2025-01-14T10:23:28","slug":"ubiquiti-airmax-u-installer-24vdc-12w-2-4ghz","status":"publish","type":"product","link":"https:\/\/aivlisoft.net\/shop\/producto\/ubiquiti-airmax-u-installer-24vdc-12w-2-4ghz\/","title":{"rendered":"Ubiquiti AirMax U-INSTALLER 24VDC 12W 2.4GHz"},"content":{"rendered":"<p>Inyector PoE a 24v con bater&iacute;a de 1000 mAh integrada para una mayor facilidad en tareas de instalaci&oacute;n, ya que permite alimentar los equipos sin necesidad de disponer de instalaci&oacute;n el&eacute;ctrica en el emplazamiento. Permite configuraci&oacute;n a trav&eacute;s de la app UMobile en su smartphone o tableta y proporciona conectividad Wi-Fi a la interfaz de gesti&oacute;n airOS de un dispositivo Ubiquiti: transmitiendo su propio SSID, el U-Installer permite que los dispositivos m&oacute;viles se conecten de manera inal&aacute;mbrica a la misma red que su dispositivo CPE. Esto simplifica tanto el descubrimiento del dispositivo como su configuraci&oacute;n.<br \/><strong>Entre sus principales caracter&iacute;sticas nos encontramos:<\/strong><br \/>&#8211; M&eacute;todo de alimentaci&oacute;n PoE pasivo 24V<br \/>&#8211; Interfaz de red Puerto Ethernet 10\/100 y Wi-Fi 2,4 Ghz<br \/>&#8211; Bateria interna de duraci&oacute;n estimada 1 hora de funcionamiento. Puerto USB tipo C para recarga del dispositivo<br \/>&#8211; V&aacute;lido para todos los CPE Ubiquiti Airmax<br \/><strong>Funda de goma duradera<\/strong><br \/>La carcasa de caucho extra&iacute;ble protege al U-INSTALLER durante la instalaci&oacute;n.<br \/><strong>Alimentaci&oacute;n del CPE a trav&eacute;s de PoE<\/strong><br \/>El puerto de salida PoE del U-INSTALLER suministra convenientemente PoE pasivo de 24 V al dispositivo CPE.<br \/><strong>Funci&oacute;n reset<\/strong><br \/>Restablezca r&aacute;pidamente el dispositivo conectado al U-INSTALLER a los valores predeterminados de f&aacute;brica.<br \/><strong>Clip de sujecci&oacute;n<\/strong><br \/>Use el clip situado en la parte posterior de la carcasa para asegurar el U-INSTALLER a un cintur&oacute;n o bolsillo.<\/p>\n<table>\n<tbody>\n<tr>\n<td><strong>Marca<\/strong><\/td>\n<td>Ubiquiti<\/td>\n<\/tr>\n<tr>\n<td><strong>Modelo<\/strong><\/td>\n<td><strong>U-INSTALLER<\/strong><\/td>\n<\/tr>\n<tr>\n<td><strong>Caracteristicas<\/strong><\/td>\n<td>&#8211; Procesador: Atheros MIPS 74KC, 560MHz<br \/>&#8211; Memoria: 64 MB DDR2<br \/>&#8211; Botones: <br \/>&nbsp; (1) Reset U-Installer<br \/>&nbsp; (1) Reset dispositivo AirMAX externo<br \/>&nbsp; (1) Encendido \/ apagado<br \/>&#8211; Interfaces de red: <br \/>&nbsp; (1) puerto Ethernet 10\/100<br \/>&nbsp; Wifi<br \/>&#8211; Puertos: <br \/>&nbsp; (1) puerto USB-C<br \/>&#8211; Salida pasiva de PoE: <br \/>&nbsp; Voltaje 24V<br \/>&nbsp; Max. Power 12W<br \/>&#8211; Interfaz de administraci&oacute;n: Wifi<br \/>&#8211; Frecuencia de Wi-Fi: 2,4 GHz<br \/>&#8211; Normas Wi-Fi: 802.11b \/ g \/ n<br \/>&#8211; M&eacute;todo de alimentaci&oacute;n: Bater&iacute;a interna<br \/>&#8211; Paquete de bater&iacute;a m&oacute;vil USB: 5V, 3A (no incluido)<br \/>&#8211; Fuente de alimentaci&oacute;n: 5V, 3A<br \/>&#8211; Rango de voltaje admitido: 4,95 &#8211; 5,05V<br \/>&#8211; Max. consumo de energ&iacute;a: U-Installer: 3W<br \/>&#8211; U-Installer con CPE: 15W<br \/>&#8211; LEDs: <br \/>&nbsp; (1) Wi-Fi<br \/>&nbsp; (4) bater&iacute;a<br \/>&#8211; Dimensiones: 93 x 57 x 38,2 mm<br \/>&#8211; Protecci&oacute;n ESD \/ EMP: Contacto \/ aire 24kV<br \/>&#8211; Temperatura de funcionamiento: 0 a 35 &deg; C (32 a 95 &deg; F)<br \/>&#8211; Humedad de funcionamiento: 5 a 95% sin condensaci&oacute;n<br \/>&#8211; Certificaciones: CE, FCC, IC<\/td>\n<\/tr>\n<tr>\n<td><strong>Fecha de revisi&oacute;n<\/strong><\/td>\n<td>22-02-2018 por AVN<\/td>\n<\/tr>\n<\/tbody>\n<\/table>\n","protected":false},"excerpt":{"rendered":"<p>Inyector PoE a 24v con bater&iacute;a de 1000 mAh integrada para una mayor facilidad en tareas de instalaci&oacute;n, ya que permite alimentar los equipos sin necesidad de disponer de instalaci&oacute;n el&eacute;ctrica en el emplazamiento. Permite configuraci&oacute;n a trav&eacute;s de la app UMobile en su smartphone o tableta y proporciona conectividad Wi-Fi a la interfaz de&hellip;&nbsp;<a href=\"https:\/\/aivlisoft.net\/shop\/producto\/ubiquiti-airmax-u-installer-24vdc-12w-2-4ghz\/\" rel=\"bookmark\"><span class=\"screen-reader-text\">Ubiquiti AirMax U-INSTALLER 24VDC 12W 2.4GHz<\/span><\/a><\/p>\n","protected":false},"featured_media":6098,"template":"","meta":{"neve_meta_sidebar":"","neve_meta_container":"","neve_meta_enable_content_width":"","neve_meta_content_width":0,"neve_meta_title_alignment":"","neve_meta_author_avatar":"","neve_post_elements_order":"","neve_meta_disable_header":"","neve_meta_disable_footer":"","neve_meta_disable_title":""},"product_brand":[],"product_cat":[8705],"product_tag":[1939],"class_list":{"0":"post-6097","1":"product","2":"type-product","3":"status-publish","4":"has-post-thumbnail","6":"product_cat-accesorios-redes-wifi","7":"product_tag-u-installer","9":"first","10":"instock","11":"taxable","12":"shipping-taxable","13":"purchasable","14":"product-type-simple"},"yoast_head":"<!-- This site is optimized with the Yoast SEO plugin v26.0 - https:\/\/yoast.com\/wordpress\/plugins\/seo\/ -->\n<title>Ubiquiti AirMax U-INSTALLER 24VDC 12W 2.4GHz - Aivlisoft Inform\u00e1tica<\/title>\n<meta name=\"robots\" content=\"index, follow, max-snippet:-1, max-image-preview:large, max-video-preview:-1\" \/>\n<link rel=\"canonical\" href=\"https:\/\/aivlisoft.net\/shop\/producto\/ubiquiti-airmax-u-installer-24vdc-12w-2-4ghz\/\" \/>\n<meta property=\"og:locale\" content=\"es_ES\" \/>\n<meta property=\"og:type\" content=\"article\" \/>\n<meta property=\"og:title\" content=\"Ubiquiti AirMax U-INSTALLER 24VDC 12W 2.4GHz - Aivlisoft Inform\u00e1tica\" \/>\n<meta property=\"og:description\" content=\"Inyector PoE a 24v con bater&iacute;a de 1000 mAh integrada para una mayor facilidad en tareas de instalaci&oacute;n, ya que permite alimentar los equipos sin necesidad de disponer de instalaci&oacute;n el&eacute;ctrica en el emplazamiento. Permite configuraci&oacute;n a trav&eacute;s de la app UMobile en su smartphone o tableta y proporciona conectividad Wi-Fi a la interfaz de&hellip;&nbsp;Ubiquiti AirMax U-INSTALLER 24VDC 12W 2.4GHz\" \/>\n<meta property=\"og:url\" content=\"https:\/\/aivlisoft.net\/shop\/producto\/ubiquiti-airmax-u-installer-24vdc-12w-2-4ghz\/\" \/>\n<meta property=\"og:site_name\" content=\"Aivlisoft Inform\u00e1tica\" \/>\n<meta property=\"article:modified_time\" content=\"2025-01-14T10:23:28+00:00\" \/>\n<meta property=\"og:image\" content=\"https:\/\/aivlisoft.net\/shop\/wp-content\/uploads\/2025\/01\/ANEAWI0149_800-1.jpg\" \/>\n\t<meta property=\"og:image:width\" content=\"800\" \/>\n\t<meta property=\"og:image:height\" content=\"800\" \/>\n\t<meta property=\"og:image:type\" content=\"image\/jpeg\" \/>\n<meta name=\"twitter:card\" content=\"summary_large_image\" \/>\n<meta name=\"twitter:label1\" content=\"Tiempo de lectura\" \/>\n\t<meta name=\"twitter:data1\" content=\"2 minutos\" \/>\n<script type=\"application\/ld+json\" class=\"yoast-schema-graph\">{\"@context\":\"https:\/\/schema.org\",\"@graph\":[{\"@type\":\"WebPage\",\"@id\":\"https:\/\/aivlisoft.net\/shop\/producto\/ubiquiti-airmax-u-installer-24vdc-12w-2-4ghz\/\",\"url\":\"https:\/\/aivlisoft.net\/shop\/producto\/ubiquiti-airmax-u-installer-24vdc-12w-2-4ghz\/\",\"name\":\"Ubiquiti AirMax U-INSTALLER 24VDC 12W 2.4GHz - Aivlisoft Inform\u00e1tica\",\"isPartOf\":{\"@id\":\"https:\/\/aivlisoft.net\/shop\/#website\"},\"primaryImageOfPage\":{\"@id\":\"https:\/\/aivlisoft.net\/shop\/producto\/ubiquiti-airmax-u-installer-24vdc-12w-2-4ghz\/#primaryimage\"},\"image\":{\"@id\":\"https:\/\/aivlisoft.net\/shop\/producto\/ubiquiti-airmax-u-installer-24vdc-12w-2-4ghz\/#primaryimage\"},\"thumbnailUrl\":\"https:\/\/aivlisoft.net\/shop\/wp-content\/uploads\/2025\/01\/ANEAWI0149_800-1.jpg\",\"datePublished\":\"2025-01-13T13:30:05+00:00\",\"dateModified\":\"2025-01-14T10:23:28+00:00\",\"breadcrumb\":{\"@id\":\"https:\/\/aivlisoft.net\/shop\/producto\/ubiquiti-airmax-u-installer-24vdc-12w-2-4ghz\/#breadcrumb\"},\"inLanguage\":\"es\",\"potentialAction\":[{\"@type\":\"ReadAction\",\"target\":[\"https:\/\/aivlisoft.net\/shop\/producto\/ubiquiti-airmax-u-installer-24vdc-12w-2-4ghz\/\"]}]},{\"@type\":\"ImageObject\",\"inLanguage\":\"es\",\"@id\":\"https:\/\/aivlisoft.net\/shop\/producto\/ubiquiti-airmax-u-installer-24vdc-12w-2-4ghz\/#primaryimage\",\"url\":\"https:\/\/aivlisoft.net\/shop\/wp-content\/uploads\/2025\/01\/ANEAWI0149_800-1.jpg\",\"contentUrl\":\"https:\/\/aivlisoft.net\/shop\/wp-content\/uploads\/2025\/01\/ANEAWI0149_800-1.jpg\",\"width\":800,\"height\":800},{\"@type\":\"BreadcrumbList\",\"@id\":\"https:\/\/aivlisoft.net\/shop\/producto\/ubiquiti-airmax-u-installer-24vdc-12w-2-4ghz\/#breadcrumb\",\"itemListElement\":[{\"@type\":\"ListItem\",\"position\":1,\"name\":\"Portada\",\"item\":\"https:\/\/aivlisoft.net\/shop\/\"},{\"@type\":\"ListItem\",\"position\":2,\"name\":\"Tienda\",\"item\":\"https:\/\/aivlisoft.net\/shop\/tienda\/\"},{\"@type\":\"ListItem\",\"position\":3,\"name\":\"Ubiquiti AirMax U-INSTALLER 24VDC 12W 2.4GHz\"}]},{\"@type\":\"WebSite\",\"@id\":\"https:\/\/aivlisoft.net\/shop\/#website\",\"url\":\"https:\/\/aivlisoft.net\/shop\/\",\"name\":\"Aivlisoft Inform\u00e1tica\",\"description\":\"En Aivlisoft Inform\u00e1tica ofrecemos soluciones tecnol\u00f3gicas para empresas: venta de ordenadores, consumibles, perif\u00e9ricos y m\u00e1s. Calidad, atenci\u00f3n personalizada y los mejores precios para tu negocio.\",\"publisher\":{\"@id\":\"https:\/\/aivlisoft.net\/shop\/#organization\"},\"potentialAction\":[{\"@type\":\"SearchAction\",\"target\":{\"@type\":\"EntryPoint\",\"urlTemplate\":\"https:\/\/aivlisoft.net\/shop\/?s={search_term_string}\"},\"query-input\":{\"@type\":\"PropertyValueSpecification\",\"valueRequired\":true,\"valueName\":\"search_term_string\"}}],\"inLanguage\":\"es\"},{\"@type\":\"Organization\",\"@id\":\"https:\/\/aivlisoft.net\/shop\/#organization\",\"name\":\"Aivlisoft Inform\u00e1tica\",\"url\":\"https:\/\/aivlisoft.net\/shop\/\",\"logo\":{\"@type\":\"ImageObject\",\"inLanguage\":\"es\",\"@id\":\"https:\/\/aivlisoft.net\/shop\/#\/schema\/logo\/image\/\",\"url\":\"https:\/\/aivlisoft.net\/shop\/wp-content\/uploads\/2024\/12\/removal.ai_5b848c54-0cdf-4140-95c5-c5536bb7573b-logodef.png\",\"contentUrl\":\"https:\/\/aivlisoft.net\/shop\/wp-content\/uploads\/2024\/12\/removal.ai_5b848c54-0cdf-4140-95c5-c5536bb7573b-logodef.png\",\"width\":484,\"height\":182,\"caption\":\"Aivlisoft Inform\u00e1tica\"},\"image\":{\"@id\":\"https:\/\/aivlisoft.net\/shop\/#\/schema\/logo\/image\/\"}}]}<\/script>\n<!-- \/ Yoast SEO plugin. -->","yoast_head_json":{"title":"Ubiquiti AirMax U-INSTALLER 24VDC 12W 2.4GHz - Aivlisoft Inform\u00e1tica","robots":{"index":"index","follow":"follow","max-snippet":"max-snippet:-1","max-image-preview":"max-image-preview:large","max-video-preview":"max-video-preview:-1"},"canonical":"https:\/\/aivlisoft.net\/shop\/producto\/ubiquiti-airmax-u-installer-24vdc-12w-2-4ghz\/","og_locale":"es_ES","og_type":"article","og_title":"Ubiquiti AirMax U-INSTALLER 24VDC 12W 2.4GHz - Aivlisoft Inform\u00e1tica","og_description":"Inyector PoE a 24v con bater&iacute;a de 1000 mAh integrada para una mayor facilidad en tareas de instalaci&oacute;n, ya que permite alimentar los equipos sin necesidad de disponer de instalaci&oacute;n el&eacute;ctrica en el emplazamiento. Permite configuraci&oacute;n a trav&eacute;s de la app UMobile en su smartphone o tableta y proporciona conectividad Wi-Fi a la interfaz de&hellip;&nbsp;Ubiquiti AirMax U-INSTALLER 24VDC 12W 2.4GHz","og_url":"https:\/\/aivlisoft.net\/shop\/producto\/ubiquiti-airmax-u-installer-24vdc-12w-2-4ghz\/","og_site_name":"Aivlisoft Inform\u00e1tica","article_modified_time":"2025-01-14T10:23:28+00:00","og_image":[{"width":800,"height":800,"url":"https:\/\/aivlisoft.net\/shop\/wp-content\/uploads\/2025\/01\/ANEAWI0149_800-1.jpg","type":"image\/jpeg"}],"twitter_card":"summary_large_image","twitter_misc":{"Tiempo de lectura":"2 minutos"},"schema":{"@context":"https:\/\/schema.org","@graph":[{"@type":"WebPage","@id":"https:\/\/aivlisoft.net\/shop\/producto\/ubiquiti-airmax-u-installer-24vdc-12w-2-4ghz\/","url":"https:\/\/aivlisoft.net\/shop\/producto\/ubiquiti-airmax-u-installer-24vdc-12w-2-4ghz\/","name":"Ubiquiti AirMax U-INSTALLER 24VDC 12W 2.4GHz - Aivlisoft Inform\u00e1tica","isPartOf":{"@id":"https:\/\/aivlisoft.net\/shop\/#website"},"primaryImageOfPage":{"@id":"https:\/\/aivlisoft.net\/shop\/producto\/ubiquiti-airmax-u-installer-24vdc-12w-2-4ghz\/#primaryimage"},"image":{"@id":"https:\/\/aivlisoft.net\/shop\/producto\/ubiquiti-airmax-u-installer-24vdc-12w-2-4ghz\/#primaryimage"},"thumbnailUrl":"https:\/\/aivlisoft.net\/shop\/wp-content\/uploads\/2025\/01\/ANEAWI0149_800-1.jpg","datePublished":"2025-01-13T13:30:05+00:00","dateModified":"2025-01-14T10:23:28+00:00","breadcrumb":{"@id":"https:\/\/aivlisoft.net\/shop\/producto\/ubiquiti-airmax-u-installer-24vdc-12w-2-4ghz\/#breadcrumb"},"inLanguage":"es","potentialAction":[{"@type":"ReadAction","target":["https:\/\/aivlisoft.net\/shop\/producto\/ubiquiti-airmax-u-installer-24vdc-12w-2-4ghz\/"]}]},{"@type":"ImageObject","inLanguage":"es","@id":"https:\/\/aivlisoft.net\/shop\/producto\/ubiquiti-airmax-u-installer-24vdc-12w-2-4ghz\/#primaryimage","url":"https:\/\/aivlisoft.net\/shop\/wp-content\/uploads\/2025\/01\/ANEAWI0149_800-1.jpg","contentUrl":"https:\/\/aivlisoft.net\/shop\/wp-content\/uploads\/2025\/01\/ANEAWI0149_800-1.jpg","width":800,"height":800},{"@type":"BreadcrumbList","@id":"https:\/\/aivlisoft.net\/shop\/producto\/ubiquiti-airmax-u-installer-24vdc-12w-2-4ghz\/#breadcrumb","itemListElement":[{"@type":"ListItem","position":1,"name":"Portada","item":"https:\/\/aivlisoft.net\/shop\/"},{"@type":"ListItem","position":2,"name":"Tienda","item":"https:\/\/aivlisoft.net\/shop\/tienda\/"},{"@type":"ListItem","position":3,"name":"Ubiquiti AirMax U-INSTALLER 24VDC 12W 2.4GHz"}]},{"@type":"WebSite","@id":"https:\/\/aivlisoft.net\/shop\/#website","url":"https:\/\/aivlisoft.net\/shop\/","name":"Aivlisoft Inform\u00e1tica","description":"En Aivlisoft Inform\u00e1tica ofrecemos soluciones tecnol\u00f3gicas para empresas: venta de ordenadores, consumibles, perif\u00e9ricos y m\u00e1s. Calidad, atenci\u00f3n personalizada y los mejores precios para tu negocio.","publisher":{"@id":"https:\/\/aivlisoft.net\/shop\/#organization"},"potentialAction":[{"@type":"SearchAction","target":{"@type":"EntryPoint","urlTemplate":"https:\/\/aivlisoft.net\/shop\/?s={search_term_string}"},"query-input":{"@type":"PropertyValueSpecification","valueRequired":true,"valueName":"search_term_string"}}],"inLanguage":"es"},{"@type":"Organization","@id":"https:\/\/aivlisoft.net\/shop\/#organization","name":"Aivlisoft Inform\u00e1tica","url":"https:\/\/aivlisoft.net\/shop\/","logo":{"@type":"ImageObject","inLanguage":"es","@id":"https:\/\/aivlisoft.net\/shop\/#\/schema\/logo\/image\/","url":"https:\/\/aivlisoft.net\/shop\/wp-content\/uploads\/2024\/12\/removal.ai_5b848c54-0cdf-4140-95c5-c5536bb7573b-logodef.png","contentUrl":"https:\/\/aivlisoft.net\/shop\/wp-content\/uploads\/2024\/12\/removal.ai_5b848c54-0cdf-4140-95c5-c5536bb7573b-logodef.png","width":484,"height":182,"caption":"Aivlisoft Inform\u00e1tica"},"image":{"@id":"https:\/\/aivlisoft.net\/shop\/#\/schema\/logo\/image\/"}}]}},"_links":{"self":[{"href":"https:\/\/aivlisoft.net\/shop\/wp-json\/wp\/v2\/product\/6097","targetHints":{"allow":["GET"]}}],"collection":[{"href":"https:\/\/aivlisoft.net\/shop\/wp-json\/wp\/v2\/product"}],"about":[{"href":"https:\/\/aivlisoft.net\/shop\/wp-json\/wp\/v2\/types\/product"}],"wp:featuredmedia":[{"embeddable":true,"href":"https:\/\/aivlisoft.net\/shop\/wp-json\/wp\/v2\/media\/6098"}],"wp:attachment":[{"href":"https:\/\/aivlisoft.net\/shop\/wp-json\/wp\/v2\/media?parent=6097"}],"wp:term":[{"taxonomy":"product_brand","embeddable":true,"href":"https:\/\/aivlisoft.net\/shop\/wp-json\/wp\/v2\/product_brand?post=6097"},{"taxonomy":"product_cat","embeddable":true,"href":"https:\/\/aivlisoft.net\/shop\/wp-json\/wp\/v2\/product_cat?post=6097"},{"taxonomy":"product_tag","embeddable":true,"href":"https:\/\/aivlisoft.net\/shop\/wp-json\/wp\/v2\/product_tag?post=6097"}],"curies":[{"name":"wp","href":"https:\/\/api.w.org\/{rel}","templated":true}]}}