{"id":6090,"date":"2025-01-13T13:30:02","date_gmt":"2025-01-13T13:30:02","guid":{"rendered":"https:\/\/aivlisoft.com\/?post_type=product&#038;p=6090"},"modified":"2025-01-14T10:23:26","modified_gmt":"2025-01-14T10:23:26","slug":"ubiquiti-conversor-poe-ins-3af-i-g-24vdc-0-5a","status":"publish","type":"product","link":"https:\/\/aivlisoft.net\/shop\/producto\/ubiquiti-conversor-poe-ins-3af-i-g-24vdc-0-5a\/","title":{"rendered":"Ubiquiti Conversor PoE INS-3AF-I-G 24VDC 0.5A"},"content":{"rendered":"<p>Con el Adaptador Gigabit INS-3AF-0-G podr&aacute;s transformar los dispositivos POE de Ubiquiti en dispositivos compatibles con el est&aacute;ndar 802.3af a 48V.<\/p>\n<p>Proporciona una protecci&oacute;n adicional de &plusmn;15kV de protecci&oacute;n ESD\/EMP.<\/p>\n<p>Con este adaptador podr&aacute;s usar tus dispositivos Ubiquiti con equipos Cisco Catalyst y otros dispositivos 802.3af.<\/p>\n<table>\n<tbody>\n<tr>\n<td><strong>Marca<\/strong><\/td>\n<td>Ubiquiti<\/td>\n<\/tr>\n<tr>\n<td><strong>Modelo<\/strong><\/td>\n<td><strong>INS-3AF-I-G<\/strong><\/td>\n<\/tr>\n<tr>\n<td><strong>Caracteristicas<\/strong><\/td>\n<td>&#8211; Interfaces de red: <br \/>&nbsp; 1 x Puerto RJ45 Gigabit PoE In (802.3af), <br \/>&nbsp; 1 x Puerto RJ45 Gigabit PoE Out (24V Pasivo)<br \/>&#8211; Entrada Alimentada: 48V, 802.3af<br \/>&#8211; Salida alimentada: 24V 0.5A Passive PoE (Pares 4, 5+; 7, 8 Retorno)<br \/>&#8211; Protecci&oacute;n ESD\/EMP: &plusmn;15kV<br \/>&#8211; Dimensiones: 30.26 x 95.5 mm<br \/>&#8211; Peso: 50g<\/td>\n<\/tr>\n<tr>\n<td><strong>Modelo Compatibles<\/strong><\/td>\n<td>&#8211; LiteBeam&reg; ac<br \/>&#8211; Bullet&trade;M<br \/>&#8211; UniFi AP \/ AP LR<br \/>&#8211; NanoBeam&reg; ac<br \/>&#8211; Bullet TitaniumM<br \/>&#8211; UniFi AP Outdoor 5<br \/>&#8211; PowerBeam ac<br \/>&#8211; NanoBridge&reg;M<br \/>&#8211; UniFi AC Lite AP<br \/>&#8211; PowerBeam ac ISO<br \/>&#8211; NanoStation&reg;M<br \/>&#8211; UniFi AC LR AP<br \/>&#8211; Rocket5ac<br \/>&#8211; NanoStationlocoM<br \/>&#8211; UniFi Video Camera<br \/>&#8211; Rocket5ac Prism<br \/>&#8211; PicoStation&reg;M<br \/>&#8211; UniFi Video Camera G3<br \/>&#8211; airGrid&reg;M<br \/>&#8211; RocketM<br \/>&#8211; UniFi Video Camera Dome<\/td>\n<\/tr>\n<tr>\n<td><strong>Fecha de revisi&oacute;n<\/strong><\/td>\n<td>02-02-2018 por MSB<\/td>\n<\/tr>\n<\/tbody>\n<\/table>\n","protected":false},"excerpt":{"rendered":"<p>Con el Adaptador Gigabit INS-3AF-0-G podr&aacute;s transformar los dispositivos POE de Ubiquiti en dispositivos compatibles con el est&aacute;ndar 802.3af a 48V. Proporciona una protecci&oacute;n adicional de &plusmn;15kV de protecci&oacute;n ESD\/EMP. Con este adaptador podr&aacute;s usar tus dispositivos Ubiquiti con equipos Cisco Catalyst y otros dispositivos 802.3af. Marca Ubiquiti Modelo INS-3AF-I-G Caracteristicas &#8211; Interfaces de red:&hellip;&nbsp;<a href=\"https:\/\/aivlisoft.net\/shop\/producto\/ubiquiti-conversor-poe-ins-3af-i-g-24vdc-0-5a\/\" rel=\"bookmark\"><span class=\"screen-reader-text\">Ubiquiti Conversor PoE INS-3AF-I-G 24VDC 0.5A<\/span><\/a><\/p>\n","protected":false},"featured_media":6091,"template":"","meta":{"neve_meta_sidebar":"","neve_meta_container":"","neve_meta_enable_content_width":"","neve_meta_content_width":0,"neve_meta_title_alignment":"","neve_meta_author_avatar":"","neve_post_elements_order":"","neve_meta_disable_header":"","neve_meta_disable_footer":"","neve_meta_disable_title":""},"product_brand":[],"product_cat":[8705],"product_tag":[1936],"class_list":{"0":"post-6090","1":"product","2":"type-product","3":"status-publish","4":"has-post-thumbnail","6":"product_cat-accesorios-redes-wifi","7":"product_tag-ins-3af-i-g","9":"first","10":"instock","11":"taxable","12":"shipping-taxable","13":"purchasable","14":"product-type-simple"},"yoast_head":"<!-- This site is optimized with the Yoast SEO plugin v26.0 - https:\/\/yoast.com\/wordpress\/plugins\/seo\/ -->\n<title>Ubiquiti Conversor PoE INS-3AF-I-G 24VDC 0.5A - Aivlisoft Inform\u00e1tica<\/title>\n<meta name=\"robots\" content=\"index, follow, max-snippet:-1, max-image-preview:large, max-video-preview:-1\" \/>\n<link rel=\"canonical\" href=\"https:\/\/aivlisoft.net\/shop\/producto\/ubiquiti-conversor-poe-ins-3af-i-g-24vdc-0-5a\/\" \/>\n<meta property=\"og:locale\" content=\"es_ES\" \/>\n<meta property=\"og:type\" content=\"article\" \/>\n<meta property=\"og:title\" content=\"Ubiquiti Conversor PoE INS-3AF-I-G 24VDC 0.5A - Aivlisoft Inform\u00e1tica\" \/>\n<meta property=\"og:description\" content=\"Con el Adaptador Gigabit INS-3AF-0-G podr&aacute;s transformar los dispositivos POE de Ubiquiti en dispositivos compatibles con el est&aacute;ndar 802.3af a 48V. Proporciona una protecci&oacute;n adicional de &plusmn;15kV de protecci&oacute;n ESD\/EMP. Con este adaptador podr&aacute;s usar tus dispositivos Ubiquiti con equipos Cisco Catalyst y otros dispositivos 802.3af. Marca Ubiquiti Modelo INS-3AF-I-G Caracteristicas &#8211; Interfaces de red:&hellip;&nbsp;Ubiquiti Conversor PoE INS-3AF-I-G 24VDC 0.5A\" \/>\n<meta property=\"og:url\" content=\"https:\/\/aivlisoft.net\/shop\/producto\/ubiquiti-conversor-poe-ins-3af-i-g-24vdc-0-5a\/\" \/>\n<meta property=\"og:site_name\" content=\"Aivlisoft Inform\u00e1tica\" \/>\n<meta property=\"article:modified_time\" content=\"2025-01-14T10:23:26+00:00\" \/>\n<meta property=\"og:image\" content=\"https:\/\/aivlisoft.net\/shop\/wp-content\/uploads\/2025\/01\/ANEAWI0146_800-1.jpg\" \/>\n\t<meta property=\"og:image:width\" content=\"800\" \/>\n\t<meta property=\"og:image:height\" content=\"800\" \/>\n\t<meta property=\"og:image:type\" content=\"image\/jpeg\" \/>\n<meta name=\"twitter:card\" content=\"summary_large_image\" \/>\n<meta name=\"twitter:label1\" content=\"Tiempo de lectura\" \/>\n\t<meta name=\"twitter:data1\" content=\"1 minuto\" \/>\n<script type=\"application\/ld+json\" class=\"yoast-schema-graph\">{\"@context\":\"https:\/\/schema.org\",\"@graph\":[{\"@type\":\"WebPage\",\"@id\":\"https:\/\/aivlisoft.net\/shop\/producto\/ubiquiti-conversor-poe-ins-3af-i-g-24vdc-0-5a\/\",\"url\":\"https:\/\/aivlisoft.net\/shop\/producto\/ubiquiti-conversor-poe-ins-3af-i-g-24vdc-0-5a\/\",\"name\":\"Ubiquiti Conversor PoE INS-3AF-I-G 24VDC 0.5A - Aivlisoft Inform\u00e1tica\",\"isPartOf\":{\"@id\":\"https:\/\/aivlisoft.net\/shop\/#website\"},\"primaryImageOfPage\":{\"@id\":\"https:\/\/aivlisoft.net\/shop\/producto\/ubiquiti-conversor-poe-ins-3af-i-g-24vdc-0-5a\/#primaryimage\"},\"image\":{\"@id\":\"https:\/\/aivlisoft.net\/shop\/producto\/ubiquiti-conversor-poe-ins-3af-i-g-24vdc-0-5a\/#primaryimage\"},\"thumbnailUrl\":\"https:\/\/aivlisoft.net\/shop\/wp-content\/uploads\/2025\/01\/ANEAWI0146_800-1.jpg\",\"datePublished\":\"2025-01-13T13:30:02+00:00\",\"dateModified\":\"2025-01-14T10:23:26+00:00\",\"breadcrumb\":{\"@id\":\"https:\/\/aivlisoft.net\/shop\/producto\/ubiquiti-conversor-poe-ins-3af-i-g-24vdc-0-5a\/#breadcrumb\"},\"inLanguage\":\"es\",\"potentialAction\":[{\"@type\":\"ReadAction\",\"target\":[\"https:\/\/aivlisoft.net\/shop\/producto\/ubiquiti-conversor-poe-ins-3af-i-g-24vdc-0-5a\/\"]}]},{\"@type\":\"ImageObject\",\"inLanguage\":\"es\",\"@id\":\"https:\/\/aivlisoft.net\/shop\/producto\/ubiquiti-conversor-poe-ins-3af-i-g-24vdc-0-5a\/#primaryimage\",\"url\":\"https:\/\/aivlisoft.net\/shop\/wp-content\/uploads\/2025\/01\/ANEAWI0146_800-1.jpg\",\"contentUrl\":\"https:\/\/aivlisoft.net\/shop\/wp-content\/uploads\/2025\/01\/ANEAWI0146_800-1.jpg\",\"width\":800,\"height\":800},{\"@type\":\"BreadcrumbList\",\"@id\":\"https:\/\/aivlisoft.net\/shop\/producto\/ubiquiti-conversor-poe-ins-3af-i-g-24vdc-0-5a\/#breadcrumb\",\"itemListElement\":[{\"@type\":\"ListItem\",\"position\":1,\"name\":\"Portada\",\"item\":\"https:\/\/aivlisoft.net\/shop\/\"},{\"@type\":\"ListItem\",\"position\":2,\"name\":\"Tienda\",\"item\":\"https:\/\/aivlisoft.net\/shop\/tienda\/\"},{\"@type\":\"ListItem\",\"position\":3,\"name\":\"Ubiquiti Conversor PoE INS-3AF-I-G 24VDC 0.5A\"}]},{\"@type\":\"WebSite\",\"@id\":\"https:\/\/aivlisoft.net\/shop\/#website\",\"url\":\"https:\/\/aivlisoft.net\/shop\/\",\"name\":\"Aivlisoft Inform\u00e1tica\",\"description\":\"En Aivlisoft Inform\u00e1tica ofrecemos soluciones tecnol\u00f3gicas para empresas: venta de ordenadores, consumibles, perif\u00e9ricos y m\u00e1s. Calidad, atenci\u00f3n personalizada y los mejores precios para tu negocio.\",\"publisher\":{\"@id\":\"https:\/\/aivlisoft.net\/shop\/#organization\"},\"potentialAction\":[{\"@type\":\"SearchAction\",\"target\":{\"@type\":\"EntryPoint\",\"urlTemplate\":\"https:\/\/aivlisoft.net\/shop\/?s={search_term_string}\"},\"query-input\":{\"@type\":\"PropertyValueSpecification\",\"valueRequired\":true,\"valueName\":\"search_term_string\"}}],\"inLanguage\":\"es\"},{\"@type\":\"Organization\",\"@id\":\"https:\/\/aivlisoft.net\/shop\/#organization\",\"name\":\"Aivlisoft Inform\u00e1tica\",\"url\":\"https:\/\/aivlisoft.net\/shop\/\",\"logo\":{\"@type\":\"ImageObject\",\"inLanguage\":\"es\",\"@id\":\"https:\/\/aivlisoft.net\/shop\/#\/schema\/logo\/image\/\",\"url\":\"https:\/\/aivlisoft.net\/shop\/wp-content\/uploads\/2024\/12\/removal.ai_5b848c54-0cdf-4140-95c5-c5536bb7573b-logodef.png\",\"contentUrl\":\"https:\/\/aivlisoft.net\/shop\/wp-content\/uploads\/2024\/12\/removal.ai_5b848c54-0cdf-4140-95c5-c5536bb7573b-logodef.png\",\"width\":484,\"height\":182,\"caption\":\"Aivlisoft Inform\u00e1tica\"},\"image\":{\"@id\":\"https:\/\/aivlisoft.net\/shop\/#\/schema\/logo\/image\/\"}}]}<\/script>\n<!-- \/ Yoast SEO plugin. -->","yoast_head_json":{"title":"Ubiquiti Conversor PoE INS-3AF-I-G 24VDC 0.5A - Aivlisoft Inform\u00e1tica","robots":{"index":"index","follow":"follow","max-snippet":"max-snippet:-1","max-image-preview":"max-image-preview:large","max-video-preview":"max-video-preview:-1"},"canonical":"https:\/\/aivlisoft.net\/shop\/producto\/ubiquiti-conversor-poe-ins-3af-i-g-24vdc-0-5a\/","og_locale":"es_ES","og_type":"article","og_title":"Ubiquiti Conversor PoE INS-3AF-I-G 24VDC 0.5A - Aivlisoft Inform\u00e1tica","og_description":"Con el Adaptador Gigabit INS-3AF-0-G podr&aacute;s transformar los dispositivos POE de Ubiquiti en dispositivos compatibles con el est&aacute;ndar 802.3af a 48V. Proporciona una protecci&oacute;n adicional de &plusmn;15kV de protecci&oacute;n ESD\/EMP. Con este adaptador podr&aacute;s usar tus dispositivos Ubiquiti con equipos Cisco Catalyst y otros dispositivos 802.3af. Marca Ubiquiti Modelo INS-3AF-I-G Caracteristicas &#8211; Interfaces de red:&hellip;&nbsp;Ubiquiti Conversor PoE INS-3AF-I-G 24VDC 0.5A","og_url":"https:\/\/aivlisoft.net\/shop\/producto\/ubiquiti-conversor-poe-ins-3af-i-g-24vdc-0-5a\/","og_site_name":"Aivlisoft Inform\u00e1tica","article_modified_time":"2025-01-14T10:23:26+00:00","og_image":[{"width":800,"height":800,"url":"https:\/\/aivlisoft.net\/shop\/wp-content\/uploads\/2025\/01\/ANEAWI0146_800-1.jpg","type":"image\/jpeg"}],"twitter_card":"summary_large_image","twitter_misc":{"Tiempo de lectura":"1 minuto"},"schema":{"@context":"https:\/\/schema.org","@graph":[{"@type":"WebPage","@id":"https:\/\/aivlisoft.net\/shop\/producto\/ubiquiti-conversor-poe-ins-3af-i-g-24vdc-0-5a\/","url":"https:\/\/aivlisoft.net\/shop\/producto\/ubiquiti-conversor-poe-ins-3af-i-g-24vdc-0-5a\/","name":"Ubiquiti Conversor PoE INS-3AF-I-G 24VDC 0.5A - Aivlisoft Inform\u00e1tica","isPartOf":{"@id":"https:\/\/aivlisoft.net\/shop\/#website"},"primaryImageOfPage":{"@id":"https:\/\/aivlisoft.net\/shop\/producto\/ubiquiti-conversor-poe-ins-3af-i-g-24vdc-0-5a\/#primaryimage"},"image":{"@id":"https:\/\/aivlisoft.net\/shop\/producto\/ubiquiti-conversor-poe-ins-3af-i-g-24vdc-0-5a\/#primaryimage"},"thumbnailUrl":"https:\/\/aivlisoft.net\/shop\/wp-content\/uploads\/2025\/01\/ANEAWI0146_800-1.jpg","datePublished":"2025-01-13T13:30:02+00:00","dateModified":"2025-01-14T10:23:26+00:00","breadcrumb":{"@id":"https:\/\/aivlisoft.net\/shop\/producto\/ubiquiti-conversor-poe-ins-3af-i-g-24vdc-0-5a\/#breadcrumb"},"inLanguage":"es","potentialAction":[{"@type":"ReadAction","target":["https:\/\/aivlisoft.net\/shop\/producto\/ubiquiti-conversor-poe-ins-3af-i-g-24vdc-0-5a\/"]}]},{"@type":"ImageObject","inLanguage":"es","@id":"https:\/\/aivlisoft.net\/shop\/producto\/ubiquiti-conversor-poe-ins-3af-i-g-24vdc-0-5a\/#primaryimage","url":"https:\/\/aivlisoft.net\/shop\/wp-content\/uploads\/2025\/01\/ANEAWI0146_800-1.jpg","contentUrl":"https:\/\/aivlisoft.net\/shop\/wp-content\/uploads\/2025\/01\/ANEAWI0146_800-1.jpg","width":800,"height":800},{"@type":"BreadcrumbList","@id":"https:\/\/aivlisoft.net\/shop\/producto\/ubiquiti-conversor-poe-ins-3af-i-g-24vdc-0-5a\/#breadcrumb","itemListElement":[{"@type":"ListItem","position":1,"name":"Portada","item":"https:\/\/aivlisoft.net\/shop\/"},{"@type":"ListItem","position":2,"name":"Tienda","item":"https:\/\/aivlisoft.net\/shop\/tienda\/"},{"@type":"ListItem","position":3,"name":"Ubiquiti Conversor PoE INS-3AF-I-G 24VDC 0.5A"}]},{"@type":"WebSite","@id":"https:\/\/aivlisoft.net\/shop\/#website","url":"https:\/\/aivlisoft.net\/shop\/","name":"Aivlisoft Inform\u00e1tica","description":"En Aivlisoft Inform\u00e1tica ofrecemos soluciones tecnol\u00f3gicas para empresas: venta de ordenadores, consumibles, perif\u00e9ricos y m\u00e1s. Calidad, atenci\u00f3n personalizada y los mejores precios para tu negocio.","publisher":{"@id":"https:\/\/aivlisoft.net\/shop\/#organization"},"potentialAction":[{"@type":"SearchAction","target":{"@type":"EntryPoint","urlTemplate":"https:\/\/aivlisoft.net\/shop\/?s={search_term_string}"},"query-input":{"@type":"PropertyValueSpecification","valueRequired":true,"valueName":"search_term_string"}}],"inLanguage":"es"},{"@type":"Organization","@id":"https:\/\/aivlisoft.net\/shop\/#organization","name":"Aivlisoft Inform\u00e1tica","url":"https:\/\/aivlisoft.net\/shop\/","logo":{"@type":"ImageObject","inLanguage":"es","@id":"https:\/\/aivlisoft.net\/shop\/#\/schema\/logo\/image\/","url":"https:\/\/aivlisoft.net\/shop\/wp-content\/uploads\/2024\/12\/removal.ai_5b848c54-0cdf-4140-95c5-c5536bb7573b-logodef.png","contentUrl":"https:\/\/aivlisoft.net\/shop\/wp-content\/uploads\/2024\/12\/removal.ai_5b848c54-0cdf-4140-95c5-c5536bb7573b-logodef.png","width":484,"height":182,"caption":"Aivlisoft Inform\u00e1tica"},"image":{"@id":"https:\/\/aivlisoft.net\/shop\/#\/schema\/logo\/image\/"}}]}},"_links":{"self":[{"href":"https:\/\/aivlisoft.net\/shop\/wp-json\/wp\/v2\/product\/6090","targetHints":{"allow":["GET"]}}],"collection":[{"href":"https:\/\/aivlisoft.net\/shop\/wp-json\/wp\/v2\/product"}],"about":[{"href":"https:\/\/aivlisoft.net\/shop\/wp-json\/wp\/v2\/types\/product"}],"wp:featuredmedia":[{"embeddable":true,"href":"https:\/\/aivlisoft.net\/shop\/wp-json\/wp\/v2\/media\/6091"}],"wp:attachment":[{"href":"https:\/\/aivlisoft.net\/shop\/wp-json\/wp\/v2\/media?parent=6090"}],"wp:term":[{"taxonomy":"product_brand","embeddable":true,"href":"https:\/\/aivlisoft.net\/shop\/wp-json\/wp\/v2\/product_brand?post=6090"},{"taxonomy":"product_cat","embeddable":true,"href":"https:\/\/aivlisoft.net\/shop\/wp-json\/wp\/v2\/product_cat?post=6090"},{"taxonomy":"product_tag","embeddable":true,"href":"https:\/\/aivlisoft.net\/shop\/wp-json\/wp\/v2\/product_tag?post=6090"}],"curies":[{"name":"wp","href":"https:\/\/api.w.org\/{rel}","templated":true}]}}