{"id":6071,"date":"2025-01-13T13:29:54","date_gmt":"2025-01-13T13:29:54","guid":{"rendered":"https:\/\/aivlisoft.com\/?post_type=product&#038;p=6071"},"modified":"2025-01-14T10:23:17","modified_gmt":"2025-01-14T10:23:17","slug":"ubiquiti-isostation-is-5ac-5ghz-14dbi","status":"publish","type":"product","link":"https:\/\/aivlisoft.net\/shop\/producto\/ubiquiti-isostation-is-5ac-5ghz-14dbi\/","title":{"rendered":"Ubiquiti IsoStation IS-5AC 5GHz 14dBi"},"content":{"rendered":"<p><strong>Ubiquiti Isostation IS-5AC Antena Bocina AC<\/strong><br \/>Las Antenas Isostation proporcionan una mejora en la se&ntilde;al de tu red gracias a su tecnolog&iacute;a que a&iacute;sla el haz del enlace inal&aacute;mbrico entre tus dispositivos. Este modelo de antena con una base de aluminio intercambiable proporciona velocidades de hasta 450Mbps.<\/p>\n<p><strong>Rendimiento del haz perfeccionado<\/strong><br \/>La antena Isostation puede usar una gran variedad de antenas bocina sectoriales dise&ntilde;adas para incrementar la co-localizazi&oacute;n sin sacrificar ganancia. Su rendimiento de haz junto con las caracter&iacute;sticas de co-localizaci&oacute;n permiten un mayor uso en torres de comunicaciones.<\/p>\n<p><strong>Dise&ntilde;o Modular<\/strong><br \/>La antena bocina es intercambible para adaptarse a las necesidades del lugar de colocaci&oacute;n. Adem&aacute;s la antena Isostation consigue la m&aacute;xima ganancia con el m&iacute;nimo impacto.<\/p>\n<p><strong>Co-Localizaci&oacute;n Mejorada<\/strong><br \/>Las opciones de antenas bocina asim&eacute;tricas (60&ordm; y 90&ordm;) proporcionan de forma natural un lobulo de radiacion mas atenuado y una menor energia de retorno. Las opciones de antenas sim&eacute;tricas (30&ordm; y 45&ordm;) son ideales para el uso en cl&uacute;steres o torres de comunicaciones con gran densidad de dispositivos proximos entre si.<\/p>\n<p><strong>Inmunidad al Ru&iacute;do Mejorada<\/strong><br \/>El Ubiquiti IsoStation bloquea o flitra espacialmente el ruido, por lo que la inmunidad al mismo mejora notablemente. Dicha funcionalidad es especialmente importante en areas de alta densidad con otras se&ntilde;ales trabajando en frencuencias similares.<\/p>\n<table class=\"tabla_caracteristicas k-table\" width=\"100%\">\n<tbody>\n<tr>\n<td valign=\"top\"><strong>Marca<\/strong><\/td>\n<td valign=\"top\">Ubiquiti<\/td>\n<\/tr>\n<tr>\n<td valign=\"top\"><strong>Modelo<\/strong><\/td>\n<td valign=\"top\"><strong>IS-5AC<\/strong><\/td>\n<\/tr>\n<tr>\n<td valign=\"top\"><strong>Caracter&iacute;sticas<\/strong><\/td>\n<td valign=\"top\">&#8211; Frecuencia: 2412 &#8211; 2462 MHz, 5150 &#8211; 5875 MHz<br \/>&#8211; Dimensiones: 174 x 174 x 150 mm<br \/>&#8211; Peso: 725.7 g<br \/>&#8211; Consumo M&aacute;ximo: 8.5W<br \/>&#8211; Alimentaci&oacute;n: 24V 0.5A<br \/>&#8211; M&eacute;todo de Alimentaci&oacute;n: POE Pasivo (Pares 4, 5+; 7, 8 Retorno)<br \/>&#8211; Ganancia: 14dBi<br \/>&#8211; Interfaz: 1 x Puerto Ethernet 10\/100\/1000<br \/>&#8211; Procesador: MIPS 74 Kc<br \/>&#8211; Memoria: 64 MB DDR2<br \/>&#8211; LED: Alimentaci&oacute;n<br \/>&#8211; Protecci&oacute;n ESD\/EMP: &plusmn; 24 kV Contacto\/Aire<br \/>&#8211; Resistencia al viento: 36N @ 200km\/h<br \/>&#8211; Temperatura de funcionamiento: -40 a 70&deg; C<br \/>&#8211; Humedad de funcionamiento: 5 to 95% No Condensada<br \/>&#8211; Certificaciones: FCC, IC, CE<\/td>\n<\/tr>\n<tr>\n<td valign=\"top\"><strong>Fecha de revisi&oacute;n<\/strong><\/td>\n<td valign=\"top\">22-06-2017 por MSB<\/td>\n<\/tr>\n<\/tbody>\n<\/table>\n","protected":false},"excerpt":{"rendered":"<p>Ubiquiti Isostation IS-5AC Antena Bocina ACLas Antenas Isostation proporcionan una mejora en la se&ntilde;al de tu red gracias a su tecnolog&iacute;a que a&iacute;sla el haz del enlace inal&aacute;mbrico entre tus dispositivos. Este modelo de antena con una base de aluminio intercambiable proporciona velocidades de hasta 450Mbps. Rendimiento del haz perfeccionadoLa antena Isostation puede usar una&hellip;&nbsp;<a href=\"https:\/\/aivlisoft.net\/shop\/producto\/ubiquiti-isostation-is-5ac-5ghz-14dbi\/\" rel=\"bookmark\"><span class=\"screen-reader-text\">Ubiquiti IsoStation IS-5AC 5GHz 14dBi<\/span><\/a><\/p>\n","protected":false},"featured_media":6072,"template":"","meta":{"neve_meta_sidebar":"","neve_meta_container":"","neve_meta_enable_content_width":"","neve_meta_content_width":0,"neve_meta_title_alignment":"","neve_meta_author_avatar":"","neve_post_elements_order":"","neve_meta_disable_header":"","neve_meta_disable_footer":"","neve_meta_disable_title":""},"product_brand":[],"product_cat":[8705],"product_tag":[1927],"class_list":{"0":"post-6071","1":"product","2":"type-product","3":"status-publish","4":"has-post-thumbnail","6":"product_cat-accesorios-redes-wifi","7":"product_tag-is-5ac","9":"first","10":"instock","11":"taxable","12":"shipping-taxable","13":"purchasable","14":"product-type-simple"},"yoast_head":"<!-- This site is optimized with the Yoast SEO plugin v26.0 - https:\/\/yoast.com\/wordpress\/plugins\/seo\/ -->\n<title>Ubiquiti IsoStation IS-5AC 5GHz 14dBi - Aivlisoft Inform\u00e1tica<\/title>\n<meta name=\"robots\" content=\"index, follow, max-snippet:-1, max-image-preview:large, max-video-preview:-1\" \/>\n<link rel=\"canonical\" href=\"https:\/\/aivlisoft.net\/shop\/producto\/ubiquiti-isostation-is-5ac-5ghz-14dbi\/\" \/>\n<meta property=\"og:locale\" content=\"es_ES\" \/>\n<meta property=\"og:type\" content=\"article\" \/>\n<meta property=\"og:title\" content=\"Ubiquiti IsoStation IS-5AC 5GHz 14dBi - Aivlisoft Inform\u00e1tica\" \/>\n<meta property=\"og:description\" content=\"Ubiquiti Isostation IS-5AC Antena Bocina ACLas Antenas Isostation proporcionan una mejora en la se&ntilde;al de tu red gracias a su tecnolog&iacute;a que a&iacute;sla el haz del enlace inal&aacute;mbrico entre tus dispositivos. Este modelo de antena con una base de aluminio intercambiable proporciona velocidades de hasta 450Mbps. Rendimiento del haz perfeccionadoLa antena Isostation puede usar una&hellip;&nbsp;Ubiquiti IsoStation IS-5AC 5GHz 14dBi\" \/>\n<meta property=\"og:url\" content=\"https:\/\/aivlisoft.net\/shop\/producto\/ubiquiti-isostation-is-5ac-5ghz-14dbi\/\" \/>\n<meta property=\"og:site_name\" content=\"Aivlisoft Inform\u00e1tica\" \/>\n<meta property=\"article:modified_time\" content=\"2025-01-14T10:23:17+00:00\" \/>\n<meta property=\"og:image\" content=\"https:\/\/aivlisoft.net\/shop\/wp-content\/uploads\/2025\/01\/ANEAWI0132_800-1.jpg\" \/>\n\t<meta property=\"og:image:width\" content=\"800\" \/>\n\t<meta property=\"og:image:height\" content=\"800\" \/>\n\t<meta property=\"og:image:type\" content=\"image\/jpeg\" \/>\n<meta name=\"twitter:card\" content=\"summary_large_image\" \/>\n<meta name=\"twitter:label1\" content=\"Tiempo de lectura\" \/>\n\t<meta name=\"twitter:data1\" content=\"2 minutos\" \/>\n<script type=\"application\/ld+json\" class=\"yoast-schema-graph\">{\"@context\":\"https:\/\/schema.org\",\"@graph\":[{\"@type\":\"WebPage\",\"@id\":\"https:\/\/aivlisoft.net\/shop\/producto\/ubiquiti-isostation-is-5ac-5ghz-14dbi\/\",\"url\":\"https:\/\/aivlisoft.net\/shop\/producto\/ubiquiti-isostation-is-5ac-5ghz-14dbi\/\",\"name\":\"Ubiquiti IsoStation IS-5AC 5GHz 14dBi - Aivlisoft Inform\u00e1tica\",\"isPartOf\":{\"@id\":\"https:\/\/aivlisoft.net\/shop\/#website\"},\"primaryImageOfPage\":{\"@id\":\"https:\/\/aivlisoft.net\/shop\/producto\/ubiquiti-isostation-is-5ac-5ghz-14dbi\/#primaryimage\"},\"image\":{\"@id\":\"https:\/\/aivlisoft.net\/shop\/producto\/ubiquiti-isostation-is-5ac-5ghz-14dbi\/#primaryimage\"},\"thumbnailUrl\":\"https:\/\/aivlisoft.net\/shop\/wp-content\/uploads\/2025\/01\/ANEAWI0132_800-1.jpg\",\"datePublished\":\"2025-01-13T13:29:54+00:00\",\"dateModified\":\"2025-01-14T10:23:17+00:00\",\"breadcrumb\":{\"@id\":\"https:\/\/aivlisoft.net\/shop\/producto\/ubiquiti-isostation-is-5ac-5ghz-14dbi\/#breadcrumb\"},\"inLanguage\":\"es\",\"potentialAction\":[{\"@type\":\"ReadAction\",\"target\":[\"https:\/\/aivlisoft.net\/shop\/producto\/ubiquiti-isostation-is-5ac-5ghz-14dbi\/\"]}]},{\"@type\":\"ImageObject\",\"inLanguage\":\"es\",\"@id\":\"https:\/\/aivlisoft.net\/shop\/producto\/ubiquiti-isostation-is-5ac-5ghz-14dbi\/#primaryimage\",\"url\":\"https:\/\/aivlisoft.net\/shop\/wp-content\/uploads\/2025\/01\/ANEAWI0132_800-1.jpg\",\"contentUrl\":\"https:\/\/aivlisoft.net\/shop\/wp-content\/uploads\/2025\/01\/ANEAWI0132_800-1.jpg\",\"width\":800,\"height\":800},{\"@type\":\"BreadcrumbList\",\"@id\":\"https:\/\/aivlisoft.net\/shop\/producto\/ubiquiti-isostation-is-5ac-5ghz-14dbi\/#breadcrumb\",\"itemListElement\":[{\"@type\":\"ListItem\",\"position\":1,\"name\":\"Portada\",\"item\":\"https:\/\/aivlisoft.net\/shop\/\"},{\"@type\":\"ListItem\",\"position\":2,\"name\":\"Tienda\",\"item\":\"https:\/\/aivlisoft.net\/shop\/tienda\/\"},{\"@type\":\"ListItem\",\"position\":3,\"name\":\"Ubiquiti IsoStation IS-5AC 5GHz 14dBi\"}]},{\"@type\":\"WebSite\",\"@id\":\"https:\/\/aivlisoft.net\/shop\/#website\",\"url\":\"https:\/\/aivlisoft.net\/shop\/\",\"name\":\"Aivlisoft Inform\u00e1tica\",\"description\":\"En Aivlisoft Inform\u00e1tica ofrecemos soluciones tecnol\u00f3gicas para empresas: venta de ordenadores, consumibles, perif\u00e9ricos y m\u00e1s. Calidad, atenci\u00f3n personalizada y los mejores precios para tu negocio.\",\"publisher\":{\"@id\":\"https:\/\/aivlisoft.net\/shop\/#organization\"},\"potentialAction\":[{\"@type\":\"SearchAction\",\"target\":{\"@type\":\"EntryPoint\",\"urlTemplate\":\"https:\/\/aivlisoft.net\/shop\/?s={search_term_string}\"},\"query-input\":{\"@type\":\"PropertyValueSpecification\",\"valueRequired\":true,\"valueName\":\"search_term_string\"}}],\"inLanguage\":\"es\"},{\"@type\":\"Organization\",\"@id\":\"https:\/\/aivlisoft.net\/shop\/#organization\",\"name\":\"Aivlisoft Inform\u00e1tica\",\"url\":\"https:\/\/aivlisoft.net\/shop\/\",\"logo\":{\"@type\":\"ImageObject\",\"inLanguage\":\"es\",\"@id\":\"https:\/\/aivlisoft.net\/shop\/#\/schema\/logo\/image\/\",\"url\":\"https:\/\/aivlisoft.net\/shop\/wp-content\/uploads\/2024\/12\/removal.ai_5b848c54-0cdf-4140-95c5-c5536bb7573b-logodef.png\",\"contentUrl\":\"https:\/\/aivlisoft.net\/shop\/wp-content\/uploads\/2024\/12\/removal.ai_5b848c54-0cdf-4140-95c5-c5536bb7573b-logodef.png\",\"width\":484,\"height\":182,\"caption\":\"Aivlisoft Inform\u00e1tica\"},\"image\":{\"@id\":\"https:\/\/aivlisoft.net\/shop\/#\/schema\/logo\/image\/\"}}]}<\/script>\n<!-- \/ Yoast SEO plugin. -->","yoast_head_json":{"title":"Ubiquiti IsoStation IS-5AC 5GHz 14dBi - Aivlisoft Inform\u00e1tica","robots":{"index":"index","follow":"follow","max-snippet":"max-snippet:-1","max-image-preview":"max-image-preview:large","max-video-preview":"max-video-preview:-1"},"canonical":"https:\/\/aivlisoft.net\/shop\/producto\/ubiquiti-isostation-is-5ac-5ghz-14dbi\/","og_locale":"es_ES","og_type":"article","og_title":"Ubiquiti IsoStation IS-5AC 5GHz 14dBi - Aivlisoft Inform\u00e1tica","og_description":"Ubiquiti Isostation IS-5AC Antena Bocina ACLas Antenas Isostation proporcionan una mejora en la se&ntilde;al de tu red gracias a su tecnolog&iacute;a que a&iacute;sla el haz del enlace inal&aacute;mbrico entre tus dispositivos. Este modelo de antena con una base de aluminio intercambiable proporciona velocidades de hasta 450Mbps. Rendimiento del haz perfeccionadoLa antena Isostation puede usar una&hellip;&nbsp;Ubiquiti IsoStation IS-5AC 5GHz 14dBi","og_url":"https:\/\/aivlisoft.net\/shop\/producto\/ubiquiti-isostation-is-5ac-5ghz-14dbi\/","og_site_name":"Aivlisoft Inform\u00e1tica","article_modified_time":"2025-01-14T10:23:17+00:00","og_image":[{"width":800,"height":800,"url":"https:\/\/aivlisoft.net\/shop\/wp-content\/uploads\/2025\/01\/ANEAWI0132_800-1.jpg","type":"image\/jpeg"}],"twitter_card":"summary_large_image","twitter_misc":{"Tiempo de lectura":"2 minutos"},"schema":{"@context":"https:\/\/schema.org","@graph":[{"@type":"WebPage","@id":"https:\/\/aivlisoft.net\/shop\/producto\/ubiquiti-isostation-is-5ac-5ghz-14dbi\/","url":"https:\/\/aivlisoft.net\/shop\/producto\/ubiquiti-isostation-is-5ac-5ghz-14dbi\/","name":"Ubiquiti IsoStation IS-5AC 5GHz 14dBi - Aivlisoft Inform\u00e1tica","isPartOf":{"@id":"https:\/\/aivlisoft.net\/shop\/#website"},"primaryImageOfPage":{"@id":"https:\/\/aivlisoft.net\/shop\/producto\/ubiquiti-isostation-is-5ac-5ghz-14dbi\/#primaryimage"},"image":{"@id":"https:\/\/aivlisoft.net\/shop\/producto\/ubiquiti-isostation-is-5ac-5ghz-14dbi\/#primaryimage"},"thumbnailUrl":"https:\/\/aivlisoft.net\/shop\/wp-content\/uploads\/2025\/01\/ANEAWI0132_800-1.jpg","datePublished":"2025-01-13T13:29:54+00:00","dateModified":"2025-01-14T10:23:17+00:00","breadcrumb":{"@id":"https:\/\/aivlisoft.net\/shop\/producto\/ubiquiti-isostation-is-5ac-5ghz-14dbi\/#breadcrumb"},"inLanguage":"es","potentialAction":[{"@type":"ReadAction","target":["https:\/\/aivlisoft.net\/shop\/producto\/ubiquiti-isostation-is-5ac-5ghz-14dbi\/"]}]},{"@type":"ImageObject","inLanguage":"es","@id":"https:\/\/aivlisoft.net\/shop\/producto\/ubiquiti-isostation-is-5ac-5ghz-14dbi\/#primaryimage","url":"https:\/\/aivlisoft.net\/shop\/wp-content\/uploads\/2025\/01\/ANEAWI0132_800-1.jpg","contentUrl":"https:\/\/aivlisoft.net\/shop\/wp-content\/uploads\/2025\/01\/ANEAWI0132_800-1.jpg","width":800,"height":800},{"@type":"BreadcrumbList","@id":"https:\/\/aivlisoft.net\/shop\/producto\/ubiquiti-isostation-is-5ac-5ghz-14dbi\/#breadcrumb","itemListElement":[{"@type":"ListItem","position":1,"name":"Portada","item":"https:\/\/aivlisoft.net\/shop\/"},{"@type":"ListItem","position":2,"name":"Tienda","item":"https:\/\/aivlisoft.net\/shop\/tienda\/"},{"@type":"ListItem","position":3,"name":"Ubiquiti IsoStation IS-5AC 5GHz 14dBi"}]},{"@type":"WebSite","@id":"https:\/\/aivlisoft.net\/shop\/#website","url":"https:\/\/aivlisoft.net\/shop\/","name":"Aivlisoft Inform\u00e1tica","description":"En Aivlisoft Inform\u00e1tica ofrecemos soluciones tecnol\u00f3gicas para empresas: venta de ordenadores, consumibles, perif\u00e9ricos y m\u00e1s. Calidad, atenci\u00f3n personalizada y los mejores precios para tu negocio.","publisher":{"@id":"https:\/\/aivlisoft.net\/shop\/#organization"},"potentialAction":[{"@type":"SearchAction","target":{"@type":"EntryPoint","urlTemplate":"https:\/\/aivlisoft.net\/shop\/?s={search_term_string}"},"query-input":{"@type":"PropertyValueSpecification","valueRequired":true,"valueName":"search_term_string"}}],"inLanguage":"es"},{"@type":"Organization","@id":"https:\/\/aivlisoft.net\/shop\/#organization","name":"Aivlisoft Inform\u00e1tica","url":"https:\/\/aivlisoft.net\/shop\/","logo":{"@type":"ImageObject","inLanguage":"es","@id":"https:\/\/aivlisoft.net\/shop\/#\/schema\/logo\/image\/","url":"https:\/\/aivlisoft.net\/shop\/wp-content\/uploads\/2024\/12\/removal.ai_5b848c54-0cdf-4140-95c5-c5536bb7573b-logodef.png","contentUrl":"https:\/\/aivlisoft.net\/shop\/wp-content\/uploads\/2024\/12\/removal.ai_5b848c54-0cdf-4140-95c5-c5536bb7573b-logodef.png","width":484,"height":182,"caption":"Aivlisoft Inform\u00e1tica"},"image":{"@id":"https:\/\/aivlisoft.net\/shop\/#\/schema\/logo\/image\/"}}]}},"_links":{"self":[{"href":"https:\/\/aivlisoft.net\/shop\/wp-json\/wp\/v2\/product\/6071","targetHints":{"allow":["GET"]}}],"collection":[{"href":"https:\/\/aivlisoft.net\/shop\/wp-json\/wp\/v2\/product"}],"about":[{"href":"https:\/\/aivlisoft.net\/shop\/wp-json\/wp\/v2\/types\/product"}],"wp:featuredmedia":[{"embeddable":true,"href":"https:\/\/aivlisoft.net\/shop\/wp-json\/wp\/v2\/media\/6072"}],"wp:attachment":[{"href":"https:\/\/aivlisoft.net\/shop\/wp-json\/wp\/v2\/media?parent=6071"}],"wp:term":[{"taxonomy":"product_brand","embeddable":true,"href":"https:\/\/aivlisoft.net\/shop\/wp-json\/wp\/v2\/product_brand?post=6071"},{"taxonomy":"product_cat","embeddable":true,"href":"https:\/\/aivlisoft.net\/shop\/wp-json\/wp\/v2\/product_cat?post=6071"},{"taxonomy":"product_tag","embeddable":true,"href":"https:\/\/aivlisoft.net\/shop\/wp-json\/wp\/v2\/product_tag?post=6071"}],"curies":[{"name":"wp","href":"https:\/\/api.w.org\/{rel}","templated":true}]}}