{"id":5977,"date":"2025-01-13T13:29:10","date_gmt":"2025-01-13T13:29:10","guid":{"rendered":"https:\/\/aivlisoft.com\/?post_type=product&#038;p=5977"},"modified":"2025-01-14T10:22:35","modified_gmt":"2025-01-14T10:22:35","slug":"synology-repuesto-adapter-100w_2-level-vi","status":"publish","type":"product","link":"https:\/\/aivlisoft.net\/shop\/producto\/synology-repuesto-adapter-100w_2-level-vi\/","title":{"rendered":"SYNOLOGY Repuesto Adapter 100W_2 Level VI"},"content":{"rendered":"<p>SYNOLOGY Repuesto Adapter 100W Level VI<br \/>&nbsp;<\/p>\n<table width=\"100%\">\n<tr>\n<td valign=\"top\"><strong>Marca <\/strong><\/td>\n<td valign=\"top\">Synology<\/td>\n<\/tr>\n<tr>\n<td valign=\"top\"><strong>Modelo <\/strong><\/td>\n<td valign=\"top\"><strong>Adapter 100W_2<\/strong><\/td>\n<\/tr>\n<tr>\n<td valign=\"top\"><strong>Caracter&iacute;sticas <\/strong><\/td>\n<td valign=\"top\"><b>Dimensiones<br \/>\t\t\t&#8211;&nbsp;<\/b>13.7 x 5.9 x 3.5 cm<br \/>\t\t\t&#8211; Peso: 0.50 kg<br \/>\t\t\tCompatibilidad<br \/>\t\t\t&#8211; DS920+<br \/>\t\t\t&#8211; DS918+<br \/>\t\t\t&#8211; DS916+<br \/>\t\t\t&#8211; DS415+<br \/>\t\t\t&#8211; DS412+<br \/>\t\t\t&#8211; DS411+<br \/>\t\t\t&#8211; DS409+<br \/>\t\t\t&#8211; DS418<br \/>\t\t\t&#8211; DS416<br \/>\t\t\t&#8211; DS414<br \/>\t\t\t&#8211; DS413<br \/>\t\t\t&#8211; DS411<br \/>\t\t\t&#8211; DS410<br \/>\t\t\t&#8211; DS409<br \/>\t\t\t&#8211; DS418play<br \/>\t\t\t&#8211; DS416play<br \/>\t\t\t&#8211; DS415play<br \/>\t\t\t&#8211; DS418j<br \/>\t\t\t&#8211; DS416j<br \/>\t\t\t&#8211; DS414j<br \/>\t\t\t&#8211; DS413j<br \/>\t\t\t&#8211; DS411j<br \/>\t\t\t&#8211; DS410j<br \/>\t\t\t&#8211; DS411+II<\/td>\n<\/tr>\n<tr>\n<td valign=\"top\"><strong>Fecha Revisi&oacute;n <\/strong><\/td>\n<td valign=\"top\">19-07-2021 por YMC<\/td>\n<\/tr>\n<\/table>\n","protected":false},"excerpt":{"rendered":"<p>SYNOLOGY Repuesto Adapter 100W Level VI&nbsp; Marca Synology Modelo Adapter 100W_2 Caracter&iacute;sticas Dimensiones &#8211;&nbsp;13.7 x 5.9 x 3.5 cm &#8211; Peso: 0.50 kg Compatibilidad &#8211; DS920+ &#8211; DS918+ &#8211; DS916+ &#8211; DS415+ &#8211; DS412+ &#8211; DS411+ &#8211; DS409+ &#8211; DS418 &#8211; DS416 &#8211; DS414 &#8211; DS413 &#8211; DS411 &#8211; DS410 &#8211; DS409 &#8211; DS418play &#8211;&hellip;&nbsp;<a href=\"https:\/\/aivlisoft.net\/shop\/producto\/synology-repuesto-adapter-100w_2-level-vi\/\" rel=\"bookmark\"><span class=\"screen-reader-text\">SYNOLOGY Repuesto Adapter 100W_2 Level VI<\/span><\/a><\/p>\n","protected":false},"featured_media":5978,"template":"","meta":{"neve_meta_sidebar":"","neve_meta_container":"","neve_meta_enable_content_width":"","neve_meta_content_width":0,"neve_meta_title_alignment":"","neve_meta_author_avatar":"","neve_post_elements_order":"","neve_meta_disable_header":"","neve_meta_disable_footer":"","neve_meta_disable_title":""},"product_brand":[],"product_cat":[8703],"product_tag":[1888],"class_list":{"0":"post-5977","1":"product","2":"type-product","3":"status-publish","4":"has-post-thumbnail","6":"product_cat-cajas-y-f-a","7":"product_tag-adapter-100w_2","9":"first","10":"instock","11":"taxable","12":"shipping-taxable","13":"purchasable","14":"product-type-simple"},"yoast_head":"<!-- This site is optimized with the Yoast SEO plugin v26.0 - https:\/\/yoast.com\/wordpress\/plugins\/seo\/ -->\n<title>SYNOLOGY Repuesto Adapter 100W_2 Level VI - Aivlisoft Inform\u00e1tica<\/title>\n<meta name=\"robots\" content=\"index, follow, max-snippet:-1, max-image-preview:large, max-video-preview:-1\" \/>\n<link rel=\"canonical\" href=\"https:\/\/aivlisoft.net\/shop\/producto\/synology-repuesto-adapter-100w_2-level-vi\/\" \/>\n<meta property=\"og:locale\" content=\"es_ES\" \/>\n<meta property=\"og:type\" content=\"article\" \/>\n<meta property=\"og:title\" content=\"SYNOLOGY Repuesto Adapter 100W_2 Level VI - Aivlisoft Inform\u00e1tica\" \/>\n<meta property=\"og:description\" content=\"SYNOLOGY Repuesto Adapter 100W Level VI&nbsp; Marca Synology Modelo Adapter 100W_2 Caracter&iacute;sticas Dimensiones &#8211;&nbsp;13.7 x 5.9 x 3.5 cm &#8211; Peso: 0.50 kg Compatibilidad &#8211; DS920+ &#8211; DS918+ &#8211; DS916+ &#8211; DS415+ &#8211; DS412+ &#8211; DS411+ &#8211; DS409+ &#8211; DS418 &#8211; DS416 &#8211; DS414 &#8211; DS413 &#8211; DS411 &#8211; DS410 &#8211; DS409 &#8211; DS418play &#8211;&hellip;&nbsp;SYNOLOGY Repuesto Adapter 100W_2 Level VI\" \/>\n<meta property=\"og:url\" content=\"https:\/\/aivlisoft.net\/shop\/producto\/synology-repuesto-adapter-100w_2-level-vi\/\" \/>\n<meta property=\"og:site_name\" content=\"Aivlisoft Inform\u00e1tica\" \/>\n<meta property=\"article:modified_time\" content=\"2025-01-14T10:22:35+00:00\" \/>\n<meta property=\"og:image\" content=\"https:\/\/aivlisoft.net\/shop\/wp-content\/uploads\/2025\/01\/ANEARC0025_800-1.jpg\" \/>\n\t<meta property=\"og:image:width\" content=\"800\" \/>\n\t<meta property=\"og:image:height\" content=\"800\" \/>\n\t<meta property=\"og:image:type\" content=\"image\/jpeg\" \/>\n<meta name=\"twitter:card\" content=\"summary_large_image\" \/>\n<script type=\"application\/ld+json\" class=\"yoast-schema-graph\">{\"@context\":\"https:\/\/schema.org\",\"@graph\":[{\"@type\":\"WebPage\",\"@id\":\"https:\/\/aivlisoft.net\/shop\/producto\/synology-repuesto-adapter-100w_2-level-vi\/\",\"url\":\"https:\/\/aivlisoft.net\/shop\/producto\/synology-repuesto-adapter-100w_2-level-vi\/\",\"name\":\"SYNOLOGY Repuesto Adapter 100W_2 Level VI - Aivlisoft Inform\u00e1tica\",\"isPartOf\":{\"@id\":\"https:\/\/aivlisoft.net\/shop\/#website\"},\"primaryImageOfPage\":{\"@id\":\"https:\/\/aivlisoft.net\/shop\/producto\/synology-repuesto-adapter-100w_2-level-vi\/#primaryimage\"},\"image\":{\"@id\":\"https:\/\/aivlisoft.net\/shop\/producto\/synology-repuesto-adapter-100w_2-level-vi\/#primaryimage\"},\"thumbnailUrl\":\"https:\/\/aivlisoft.net\/shop\/wp-content\/uploads\/2025\/01\/ANEARC0025_800-1.jpg\",\"datePublished\":\"2025-01-13T13:29:10+00:00\",\"dateModified\":\"2025-01-14T10:22:35+00:00\",\"breadcrumb\":{\"@id\":\"https:\/\/aivlisoft.net\/shop\/producto\/synology-repuesto-adapter-100w_2-level-vi\/#breadcrumb\"},\"inLanguage\":\"es\",\"potentialAction\":[{\"@type\":\"ReadAction\",\"target\":[\"https:\/\/aivlisoft.net\/shop\/producto\/synology-repuesto-adapter-100w_2-level-vi\/\"]}]},{\"@type\":\"ImageObject\",\"inLanguage\":\"es\",\"@id\":\"https:\/\/aivlisoft.net\/shop\/producto\/synology-repuesto-adapter-100w_2-level-vi\/#primaryimage\",\"url\":\"https:\/\/aivlisoft.net\/shop\/wp-content\/uploads\/2025\/01\/ANEARC0025_800-1.jpg\",\"contentUrl\":\"https:\/\/aivlisoft.net\/shop\/wp-content\/uploads\/2025\/01\/ANEARC0025_800-1.jpg\",\"width\":800,\"height\":800},{\"@type\":\"BreadcrumbList\",\"@id\":\"https:\/\/aivlisoft.net\/shop\/producto\/synology-repuesto-adapter-100w_2-level-vi\/#breadcrumb\",\"itemListElement\":[{\"@type\":\"ListItem\",\"position\":1,\"name\":\"Portada\",\"item\":\"https:\/\/aivlisoft.net\/shop\/\"},{\"@type\":\"ListItem\",\"position\":2,\"name\":\"Tienda\",\"item\":\"https:\/\/aivlisoft.net\/shop\/tienda\/\"},{\"@type\":\"ListItem\",\"position\":3,\"name\":\"SYNOLOGY Repuesto Adapter 100W_2 Level VI\"}]},{\"@type\":\"WebSite\",\"@id\":\"https:\/\/aivlisoft.net\/shop\/#website\",\"url\":\"https:\/\/aivlisoft.net\/shop\/\",\"name\":\"Aivlisoft Inform\u00e1tica\",\"description\":\"En Aivlisoft Inform\u00e1tica ofrecemos soluciones tecnol\u00f3gicas para empresas: venta de ordenadores, consumibles, perif\u00e9ricos y m\u00e1s. Calidad, atenci\u00f3n personalizada y los mejores precios para tu negocio.\",\"publisher\":{\"@id\":\"https:\/\/aivlisoft.net\/shop\/#organization\"},\"potentialAction\":[{\"@type\":\"SearchAction\",\"target\":{\"@type\":\"EntryPoint\",\"urlTemplate\":\"https:\/\/aivlisoft.net\/shop\/?s={search_term_string}\"},\"query-input\":{\"@type\":\"PropertyValueSpecification\",\"valueRequired\":true,\"valueName\":\"search_term_string\"}}],\"inLanguage\":\"es\"},{\"@type\":\"Organization\",\"@id\":\"https:\/\/aivlisoft.net\/shop\/#organization\",\"name\":\"Aivlisoft Inform\u00e1tica\",\"url\":\"https:\/\/aivlisoft.net\/shop\/\",\"logo\":{\"@type\":\"ImageObject\",\"inLanguage\":\"es\",\"@id\":\"https:\/\/aivlisoft.net\/shop\/#\/schema\/logo\/image\/\",\"url\":\"https:\/\/aivlisoft.net\/shop\/wp-content\/uploads\/2024\/12\/removal.ai_5b848c54-0cdf-4140-95c5-c5536bb7573b-logodef.png\",\"contentUrl\":\"https:\/\/aivlisoft.net\/shop\/wp-content\/uploads\/2024\/12\/removal.ai_5b848c54-0cdf-4140-95c5-c5536bb7573b-logodef.png\",\"width\":484,\"height\":182,\"caption\":\"Aivlisoft Inform\u00e1tica\"},\"image\":{\"@id\":\"https:\/\/aivlisoft.net\/shop\/#\/schema\/logo\/image\/\"}}]}<\/script>\n<!-- \/ Yoast SEO plugin. -->","yoast_head_json":{"title":"SYNOLOGY Repuesto Adapter 100W_2 Level VI - Aivlisoft Inform\u00e1tica","robots":{"index":"index","follow":"follow","max-snippet":"max-snippet:-1","max-image-preview":"max-image-preview:large","max-video-preview":"max-video-preview:-1"},"canonical":"https:\/\/aivlisoft.net\/shop\/producto\/synology-repuesto-adapter-100w_2-level-vi\/","og_locale":"es_ES","og_type":"article","og_title":"SYNOLOGY Repuesto Adapter 100W_2 Level VI - Aivlisoft Inform\u00e1tica","og_description":"SYNOLOGY Repuesto Adapter 100W Level VI&nbsp; Marca Synology Modelo Adapter 100W_2 Caracter&iacute;sticas Dimensiones &#8211;&nbsp;13.7 x 5.9 x 3.5 cm &#8211; Peso: 0.50 kg Compatibilidad &#8211; DS920+ &#8211; DS918+ &#8211; DS916+ &#8211; DS415+ &#8211; DS412+ &#8211; DS411+ &#8211; DS409+ &#8211; DS418 &#8211; DS416 &#8211; DS414 &#8211; DS413 &#8211; DS411 &#8211; DS410 &#8211; DS409 &#8211; DS418play &#8211;&hellip;&nbsp;SYNOLOGY Repuesto Adapter 100W_2 Level VI","og_url":"https:\/\/aivlisoft.net\/shop\/producto\/synology-repuesto-adapter-100w_2-level-vi\/","og_site_name":"Aivlisoft Inform\u00e1tica","article_modified_time":"2025-01-14T10:22:35+00:00","og_image":[{"width":800,"height":800,"url":"https:\/\/aivlisoft.net\/shop\/wp-content\/uploads\/2025\/01\/ANEARC0025_800-1.jpg","type":"image\/jpeg"}],"twitter_card":"summary_large_image","schema":{"@context":"https:\/\/schema.org","@graph":[{"@type":"WebPage","@id":"https:\/\/aivlisoft.net\/shop\/producto\/synology-repuesto-adapter-100w_2-level-vi\/","url":"https:\/\/aivlisoft.net\/shop\/producto\/synology-repuesto-adapter-100w_2-level-vi\/","name":"SYNOLOGY Repuesto Adapter 100W_2 Level VI - Aivlisoft Inform\u00e1tica","isPartOf":{"@id":"https:\/\/aivlisoft.net\/shop\/#website"},"primaryImageOfPage":{"@id":"https:\/\/aivlisoft.net\/shop\/producto\/synology-repuesto-adapter-100w_2-level-vi\/#primaryimage"},"image":{"@id":"https:\/\/aivlisoft.net\/shop\/producto\/synology-repuesto-adapter-100w_2-level-vi\/#primaryimage"},"thumbnailUrl":"https:\/\/aivlisoft.net\/shop\/wp-content\/uploads\/2025\/01\/ANEARC0025_800-1.jpg","datePublished":"2025-01-13T13:29:10+00:00","dateModified":"2025-01-14T10:22:35+00:00","breadcrumb":{"@id":"https:\/\/aivlisoft.net\/shop\/producto\/synology-repuesto-adapter-100w_2-level-vi\/#breadcrumb"},"inLanguage":"es","potentialAction":[{"@type":"ReadAction","target":["https:\/\/aivlisoft.net\/shop\/producto\/synology-repuesto-adapter-100w_2-level-vi\/"]}]},{"@type":"ImageObject","inLanguage":"es","@id":"https:\/\/aivlisoft.net\/shop\/producto\/synology-repuesto-adapter-100w_2-level-vi\/#primaryimage","url":"https:\/\/aivlisoft.net\/shop\/wp-content\/uploads\/2025\/01\/ANEARC0025_800-1.jpg","contentUrl":"https:\/\/aivlisoft.net\/shop\/wp-content\/uploads\/2025\/01\/ANEARC0025_800-1.jpg","width":800,"height":800},{"@type":"BreadcrumbList","@id":"https:\/\/aivlisoft.net\/shop\/producto\/synology-repuesto-adapter-100w_2-level-vi\/#breadcrumb","itemListElement":[{"@type":"ListItem","position":1,"name":"Portada","item":"https:\/\/aivlisoft.net\/shop\/"},{"@type":"ListItem","position":2,"name":"Tienda","item":"https:\/\/aivlisoft.net\/shop\/tienda\/"},{"@type":"ListItem","position":3,"name":"SYNOLOGY Repuesto Adapter 100W_2 Level VI"}]},{"@type":"WebSite","@id":"https:\/\/aivlisoft.net\/shop\/#website","url":"https:\/\/aivlisoft.net\/shop\/","name":"Aivlisoft Inform\u00e1tica","description":"En Aivlisoft Inform\u00e1tica ofrecemos soluciones tecnol\u00f3gicas para empresas: venta de ordenadores, consumibles, perif\u00e9ricos y m\u00e1s. Calidad, atenci\u00f3n personalizada y los mejores precios para tu negocio.","publisher":{"@id":"https:\/\/aivlisoft.net\/shop\/#organization"},"potentialAction":[{"@type":"SearchAction","target":{"@type":"EntryPoint","urlTemplate":"https:\/\/aivlisoft.net\/shop\/?s={search_term_string}"},"query-input":{"@type":"PropertyValueSpecification","valueRequired":true,"valueName":"search_term_string"}}],"inLanguage":"es"},{"@type":"Organization","@id":"https:\/\/aivlisoft.net\/shop\/#organization","name":"Aivlisoft Inform\u00e1tica","url":"https:\/\/aivlisoft.net\/shop\/","logo":{"@type":"ImageObject","inLanguage":"es","@id":"https:\/\/aivlisoft.net\/shop\/#\/schema\/logo\/image\/","url":"https:\/\/aivlisoft.net\/shop\/wp-content\/uploads\/2024\/12\/removal.ai_5b848c54-0cdf-4140-95c5-c5536bb7573b-logodef.png","contentUrl":"https:\/\/aivlisoft.net\/shop\/wp-content\/uploads\/2024\/12\/removal.ai_5b848c54-0cdf-4140-95c5-c5536bb7573b-logodef.png","width":484,"height":182,"caption":"Aivlisoft Inform\u00e1tica"},"image":{"@id":"https:\/\/aivlisoft.net\/shop\/#\/schema\/logo\/image\/"}}]}},"_links":{"self":[{"href":"https:\/\/aivlisoft.net\/shop\/wp-json\/wp\/v2\/product\/5977","targetHints":{"allow":["GET"]}}],"collection":[{"href":"https:\/\/aivlisoft.net\/shop\/wp-json\/wp\/v2\/product"}],"about":[{"href":"https:\/\/aivlisoft.net\/shop\/wp-json\/wp\/v2\/types\/product"}],"wp:featuredmedia":[{"embeddable":true,"href":"https:\/\/aivlisoft.net\/shop\/wp-json\/wp\/v2\/media\/5978"}],"wp:attachment":[{"href":"https:\/\/aivlisoft.net\/shop\/wp-json\/wp\/v2\/media?parent=5977"}],"wp:term":[{"taxonomy":"product_brand","embeddable":true,"href":"https:\/\/aivlisoft.net\/shop\/wp-json\/wp\/v2\/product_brand?post=5977"},{"taxonomy":"product_cat","embeddable":true,"href":"https:\/\/aivlisoft.net\/shop\/wp-json\/wp\/v2\/product_cat?post=5977"},{"taxonomy":"product_tag","embeddable":true,"href":"https:\/\/aivlisoft.net\/shop\/wp-json\/wp\/v2\/product_tag?post=5977"}],"curies":[{"name":"wp","href":"https:\/\/api.w.org\/{rel}","templated":true}]}}