{"id":5614,"date":"2025-01-13T13:26:55","date_gmt":"2025-01-13T13:26:55","guid":{"rendered":"https:\/\/aivlisoft.com\/?post_type=product&#038;p=5614"},"modified":"2025-01-14T10:20:33","modified_gmt":"2025-01-14T10:20:33","slug":"delock-crimpadora-conectores-r145-rj12-11-10","status":"publish","type":"product","link":"https:\/\/aivlisoft.net\/shop\/producto\/delock-crimpadora-conectores-r145-rj12-11-10\/","title":{"rendered":"Delock Crimpadora conectores R145\/RJ12\/11\/10"},"content":{"rendered":"<p>La pinza multifuncional es adecuada para prensar, pelar y cortar conectores y cables macho 8P (RJ45), 6P (RJ12\/11) o 4P (RJ10).<br \/>Tres cuchillas integradas aseguran el pelado sin problemas de los cables y corte de los hilos.<\/p>\n<p><strong>Comprobador de cables integrado<\/strong><br \/>Gracias al comprobador de cables integrado, el cableado correcto puede comprobarse directamente despu&eacute;s del proceso de prensado. Los tres tipos de conectores macho encajan en los enchufes hembra.<\/p>\n<p><strong>Prueba de LED<\/strong><br \/>Cada tipo de conector tiene su propia asignaci&oacute;n de pines. La disposici&oacute;n de los n&uacute;meros blancos (1 &#8211; 8 +G) se utiliza para probar la asignaci&oacute;n de pines del RJ45. La fila de n&uacute;meros amarilla (1 &#8211; 6) representa el RJ11 y la verde (1 &#8211; 4) el conector macho RJ10.<br \/>Durante la prueba, los LEDs rojos pasan por la distribuci&oacute;n de terminales respectiva. Por ejemplo, si se prueba el conector macho RJ10, el LED rojo comienza con el verde 1.<\/p>\n<p>Nota<br \/>La pinza tiene un mecanismo de bloqueo para evitar que se cierre o se abra involuntariamente. Cinco puntos de bloqueo claramente audibles se&ntilde;alan este mecanismo. Despu&eacute;s del quinto, las pinzas se abren de nuevo cuando las manijas se presionan juntas. Con la ayuda del tornillo unido a la manija, la apertura puede hacerse en cualquier momento.<\/p>\n<p><strong>Comprobador de red<\/strong><br \/>El compartimento de la bater&iacute;a est&aacute; incorporado en los mangos de los alicates. Se necesitan 3 pilas LR44, que no est&aacute;n incluidas en el contenido del paquete.<\/p>\n<table class=\"tabla_caracteristicas\" width=\"100%\">\n<tr>\n<td valign=\"top\"><strong>Marca<\/strong><\/td>\n<td>Delock<\/td>\n<\/tr>\n<tr>\n<td valign=\"top\"><strong>Modelo<\/strong><\/td>\n<td><strong>90510<\/strong><\/td>\n<\/tr>\n<tr>\n<td valign=\"top\"><strong>Caracter&iacute;sticas<\/strong><\/td>\n<td>&#8211; Alicates de metal con mangos de pl&aacute;stico y cerradura<br \/>\t\t\t&#8211; Cortador y separador, incorporados<br \/>\t\t\t&#8211; Conectores adecuados para engarzar: por ej. RJ45, RJ12, RJ11, RJ10<br \/>\t\t\t&#8211; Color: gris \/ negro<br \/>\t\t\t&#8211; Peso: aprox. 358 g<br \/>\t\t\t&#8211; Dimensiones (LAxANxAL): aprox. 19,0 x 6,9 x 2,2 cm<br \/>\t\t\t<strong>Requisitos del sistema<\/strong><br \/>\t\t\t&#8211; Pila: 3 x LR44<br \/>\t\t\t&#8211; Conectores adecuados para crimpar<br \/>\t\t\t<strong>Contenido<\/strong><br \/>\t\t\t&#8211; Herramienta de engaste<br \/>\t\t\t&#8211; 1 x juego de cuchillas de repuesto<\/td>\n<\/tr>\n<tr>\n<td valign=\"top\"><strong>Fecha de revisi&oacute;n<\/strong><\/td>\n<td>22-09-2022 por MPM<\/td>\n<\/tr>\n<\/table>\n","protected":false},"excerpt":{"rendered":"<p>La pinza multifuncional es adecuada para prensar, pelar y cortar conectores y cables macho 8P (RJ45), 6P (RJ12\/11) o 4P (RJ10).Tres cuchillas integradas aseguran el pelado sin problemas de los cables y corte de los hilos. Comprobador de cables integradoGracias al comprobador de cables integrado, el cableado correcto puede comprobarse directamente despu&eacute;s del proceso de&hellip;&nbsp;<a href=\"https:\/\/aivlisoft.net\/shop\/producto\/delock-crimpadora-conectores-r145-rj12-11-10\/\" rel=\"bookmark\"><span class=\"screen-reader-text\">Delock Crimpadora conectores R145\/RJ12\/11\/10<\/span><\/a><\/p>\n","protected":false},"featured_media":5615,"template":"","meta":{"neve_meta_sidebar":"","neve_meta_container":"","neve_meta_enable_content_width":"","neve_meta_content_width":0,"neve_meta_title_alignment":"","neve_meta_author_avatar":"","neve_post_elements_order":"","neve_meta_disable_header":"","neve_meta_disable_footer":"","neve_meta_disable_title":""},"product_brand":[],"product_cat":[8702],"product_tag":[1787],"class_list":{"0":"post-5614","1":"product","2":"type-product","3":"status-publish","4":"has-post-thumbnail","6":"product_cat-herramientasconectores-redes","7":"product_tag-1787","9":"first","10":"instock","11":"taxable","12":"shipping-taxable","13":"purchasable","14":"product-type-simple"},"yoast_head":"<!-- This site is optimized with the Yoast SEO plugin v26.0 - https:\/\/yoast.com\/wordpress\/plugins\/seo\/ -->\n<title>Delock Crimpadora conectores R145\/RJ12\/11\/10 - Aivlisoft Inform\u00e1tica<\/title>\n<meta name=\"robots\" content=\"index, follow, max-snippet:-1, max-image-preview:large, max-video-preview:-1\" \/>\n<link rel=\"canonical\" href=\"https:\/\/aivlisoft.net\/shop\/producto\/delock-crimpadora-conectores-r145-rj12-11-10\/\" \/>\n<meta property=\"og:locale\" content=\"es_ES\" \/>\n<meta property=\"og:type\" content=\"article\" \/>\n<meta property=\"og:title\" content=\"Delock Crimpadora conectores R145\/RJ12\/11\/10 - Aivlisoft Inform\u00e1tica\" \/>\n<meta property=\"og:description\" content=\"La pinza multifuncional es adecuada para prensar, pelar y cortar conectores y cables macho 8P (RJ45), 6P (RJ12\/11) o 4P (RJ10).Tres cuchillas integradas aseguran el pelado sin problemas de los cables y corte de los hilos. Comprobador de cables integradoGracias al comprobador de cables integrado, el cableado correcto puede comprobarse directamente despu&eacute;s del proceso de&hellip;&nbsp;Delock Crimpadora conectores R145\/RJ12\/11\/10\" \/>\n<meta property=\"og:url\" content=\"https:\/\/aivlisoft.net\/shop\/producto\/delock-crimpadora-conectores-r145-rj12-11-10\/\" \/>\n<meta property=\"og:site_name\" content=\"Aivlisoft Inform\u00e1tica\" \/>\n<meta property=\"article:modified_time\" content=\"2025-01-14T10:20:33+00:00\" \/>\n<meta property=\"og:image\" content=\"https:\/\/aivlisoft.net\/shop\/wp-content\/uploads\/2025\/01\/ANEAHE0834_800-1.jpg\" \/>\n\t<meta property=\"og:image:width\" content=\"800\" \/>\n\t<meta property=\"og:image:height\" content=\"800\" \/>\n\t<meta property=\"og:image:type\" content=\"image\/jpeg\" \/>\n<meta name=\"twitter:card\" content=\"summary_large_image\" \/>\n<meta name=\"twitter:label1\" content=\"Tiempo de lectura\" \/>\n\t<meta name=\"twitter:data1\" content=\"2 minutos\" \/>\n<script type=\"application\/ld+json\" class=\"yoast-schema-graph\">{\"@context\":\"https:\/\/schema.org\",\"@graph\":[{\"@type\":\"WebPage\",\"@id\":\"https:\/\/aivlisoft.net\/shop\/producto\/delock-crimpadora-conectores-r145-rj12-11-10\/\",\"url\":\"https:\/\/aivlisoft.net\/shop\/producto\/delock-crimpadora-conectores-r145-rj12-11-10\/\",\"name\":\"Delock Crimpadora conectores R145\/RJ12\/11\/10 - Aivlisoft Inform\u00e1tica\",\"isPartOf\":{\"@id\":\"https:\/\/aivlisoft.net\/shop\/#website\"},\"primaryImageOfPage\":{\"@id\":\"https:\/\/aivlisoft.net\/shop\/producto\/delock-crimpadora-conectores-r145-rj12-11-10\/#primaryimage\"},\"image\":{\"@id\":\"https:\/\/aivlisoft.net\/shop\/producto\/delock-crimpadora-conectores-r145-rj12-11-10\/#primaryimage\"},\"thumbnailUrl\":\"https:\/\/aivlisoft.net\/shop\/wp-content\/uploads\/2025\/01\/ANEAHE0834_800-1.jpg\",\"datePublished\":\"2025-01-13T13:26:55+00:00\",\"dateModified\":\"2025-01-14T10:20:33+00:00\",\"breadcrumb\":{\"@id\":\"https:\/\/aivlisoft.net\/shop\/producto\/delock-crimpadora-conectores-r145-rj12-11-10\/#breadcrumb\"},\"inLanguage\":\"es\",\"potentialAction\":[{\"@type\":\"ReadAction\",\"target\":[\"https:\/\/aivlisoft.net\/shop\/producto\/delock-crimpadora-conectores-r145-rj12-11-10\/\"]}]},{\"@type\":\"ImageObject\",\"inLanguage\":\"es\",\"@id\":\"https:\/\/aivlisoft.net\/shop\/producto\/delock-crimpadora-conectores-r145-rj12-11-10\/#primaryimage\",\"url\":\"https:\/\/aivlisoft.net\/shop\/wp-content\/uploads\/2025\/01\/ANEAHE0834_800-1.jpg\",\"contentUrl\":\"https:\/\/aivlisoft.net\/shop\/wp-content\/uploads\/2025\/01\/ANEAHE0834_800-1.jpg\",\"width\":800,\"height\":800},{\"@type\":\"BreadcrumbList\",\"@id\":\"https:\/\/aivlisoft.net\/shop\/producto\/delock-crimpadora-conectores-r145-rj12-11-10\/#breadcrumb\",\"itemListElement\":[{\"@type\":\"ListItem\",\"position\":1,\"name\":\"Portada\",\"item\":\"https:\/\/aivlisoft.net\/shop\/\"},{\"@type\":\"ListItem\",\"position\":2,\"name\":\"Tienda\",\"item\":\"https:\/\/aivlisoft.net\/shop\/tienda\/\"},{\"@type\":\"ListItem\",\"position\":3,\"name\":\"Delock Crimpadora conectores R145\/RJ12\/11\/10\"}]},{\"@type\":\"WebSite\",\"@id\":\"https:\/\/aivlisoft.net\/shop\/#website\",\"url\":\"https:\/\/aivlisoft.net\/shop\/\",\"name\":\"Aivlisoft Inform\u00e1tica\",\"description\":\"En Aivlisoft Inform\u00e1tica ofrecemos soluciones tecnol\u00f3gicas para empresas: venta de ordenadores, consumibles, perif\u00e9ricos y m\u00e1s. Calidad, atenci\u00f3n personalizada y los mejores precios para tu negocio.\",\"publisher\":{\"@id\":\"https:\/\/aivlisoft.net\/shop\/#organization\"},\"potentialAction\":[{\"@type\":\"SearchAction\",\"target\":{\"@type\":\"EntryPoint\",\"urlTemplate\":\"https:\/\/aivlisoft.net\/shop\/?s={search_term_string}\"},\"query-input\":{\"@type\":\"PropertyValueSpecification\",\"valueRequired\":true,\"valueName\":\"search_term_string\"}}],\"inLanguage\":\"es\"},{\"@type\":\"Organization\",\"@id\":\"https:\/\/aivlisoft.net\/shop\/#organization\",\"name\":\"Aivlisoft Inform\u00e1tica\",\"url\":\"https:\/\/aivlisoft.net\/shop\/\",\"logo\":{\"@type\":\"ImageObject\",\"inLanguage\":\"es\",\"@id\":\"https:\/\/aivlisoft.net\/shop\/#\/schema\/logo\/image\/\",\"url\":\"https:\/\/aivlisoft.net\/shop\/wp-content\/uploads\/2024\/12\/removal.ai_5b848c54-0cdf-4140-95c5-c5536bb7573b-logodef.png\",\"contentUrl\":\"https:\/\/aivlisoft.net\/shop\/wp-content\/uploads\/2024\/12\/removal.ai_5b848c54-0cdf-4140-95c5-c5536bb7573b-logodef.png\",\"width\":484,\"height\":182,\"caption\":\"Aivlisoft Inform\u00e1tica\"},\"image\":{\"@id\":\"https:\/\/aivlisoft.net\/shop\/#\/schema\/logo\/image\/\"}}]}<\/script>\n<!-- \/ Yoast SEO plugin. -->","yoast_head_json":{"title":"Delock Crimpadora conectores R145\/RJ12\/11\/10 - Aivlisoft Inform\u00e1tica","robots":{"index":"index","follow":"follow","max-snippet":"max-snippet:-1","max-image-preview":"max-image-preview:large","max-video-preview":"max-video-preview:-1"},"canonical":"https:\/\/aivlisoft.net\/shop\/producto\/delock-crimpadora-conectores-r145-rj12-11-10\/","og_locale":"es_ES","og_type":"article","og_title":"Delock Crimpadora conectores R145\/RJ12\/11\/10 - Aivlisoft Inform\u00e1tica","og_description":"La pinza multifuncional es adecuada para prensar, pelar y cortar conectores y cables macho 8P (RJ45), 6P (RJ12\/11) o 4P (RJ10).Tres cuchillas integradas aseguran el pelado sin problemas de los cables y corte de los hilos. Comprobador de cables integradoGracias al comprobador de cables integrado, el cableado correcto puede comprobarse directamente despu&eacute;s del proceso de&hellip;&nbsp;Delock Crimpadora conectores R145\/RJ12\/11\/10","og_url":"https:\/\/aivlisoft.net\/shop\/producto\/delock-crimpadora-conectores-r145-rj12-11-10\/","og_site_name":"Aivlisoft Inform\u00e1tica","article_modified_time":"2025-01-14T10:20:33+00:00","og_image":[{"width":800,"height":800,"url":"https:\/\/aivlisoft.net\/shop\/wp-content\/uploads\/2025\/01\/ANEAHE0834_800-1.jpg","type":"image\/jpeg"}],"twitter_card":"summary_large_image","twitter_misc":{"Tiempo de lectura":"2 minutos"},"schema":{"@context":"https:\/\/schema.org","@graph":[{"@type":"WebPage","@id":"https:\/\/aivlisoft.net\/shop\/producto\/delock-crimpadora-conectores-r145-rj12-11-10\/","url":"https:\/\/aivlisoft.net\/shop\/producto\/delock-crimpadora-conectores-r145-rj12-11-10\/","name":"Delock Crimpadora conectores R145\/RJ12\/11\/10 - Aivlisoft Inform\u00e1tica","isPartOf":{"@id":"https:\/\/aivlisoft.net\/shop\/#website"},"primaryImageOfPage":{"@id":"https:\/\/aivlisoft.net\/shop\/producto\/delock-crimpadora-conectores-r145-rj12-11-10\/#primaryimage"},"image":{"@id":"https:\/\/aivlisoft.net\/shop\/producto\/delock-crimpadora-conectores-r145-rj12-11-10\/#primaryimage"},"thumbnailUrl":"https:\/\/aivlisoft.net\/shop\/wp-content\/uploads\/2025\/01\/ANEAHE0834_800-1.jpg","datePublished":"2025-01-13T13:26:55+00:00","dateModified":"2025-01-14T10:20:33+00:00","breadcrumb":{"@id":"https:\/\/aivlisoft.net\/shop\/producto\/delock-crimpadora-conectores-r145-rj12-11-10\/#breadcrumb"},"inLanguage":"es","potentialAction":[{"@type":"ReadAction","target":["https:\/\/aivlisoft.net\/shop\/producto\/delock-crimpadora-conectores-r145-rj12-11-10\/"]}]},{"@type":"ImageObject","inLanguage":"es","@id":"https:\/\/aivlisoft.net\/shop\/producto\/delock-crimpadora-conectores-r145-rj12-11-10\/#primaryimage","url":"https:\/\/aivlisoft.net\/shop\/wp-content\/uploads\/2025\/01\/ANEAHE0834_800-1.jpg","contentUrl":"https:\/\/aivlisoft.net\/shop\/wp-content\/uploads\/2025\/01\/ANEAHE0834_800-1.jpg","width":800,"height":800},{"@type":"BreadcrumbList","@id":"https:\/\/aivlisoft.net\/shop\/producto\/delock-crimpadora-conectores-r145-rj12-11-10\/#breadcrumb","itemListElement":[{"@type":"ListItem","position":1,"name":"Portada","item":"https:\/\/aivlisoft.net\/shop\/"},{"@type":"ListItem","position":2,"name":"Tienda","item":"https:\/\/aivlisoft.net\/shop\/tienda\/"},{"@type":"ListItem","position":3,"name":"Delock Crimpadora conectores R145\/RJ12\/11\/10"}]},{"@type":"WebSite","@id":"https:\/\/aivlisoft.net\/shop\/#website","url":"https:\/\/aivlisoft.net\/shop\/","name":"Aivlisoft Inform\u00e1tica","description":"En Aivlisoft Inform\u00e1tica ofrecemos soluciones tecnol\u00f3gicas para empresas: venta de ordenadores, consumibles, perif\u00e9ricos y m\u00e1s. Calidad, atenci\u00f3n personalizada y los mejores precios para tu negocio.","publisher":{"@id":"https:\/\/aivlisoft.net\/shop\/#organization"},"potentialAction":[{"@type":"SearchAction","target":{"@type":"EntryPoint","urlTemplate":"https:\/\/aivlisoft.net\/shop\/?s={search_term_string}"},"query-input":{"@type":"PropertyValueSpecification","valueRequired":true,"valueName":"search_term_string"}}],"inLanguage":"es"},{"@type":"Organization","@id":"https:\/\/aivlisoft.net\/shop\/#organization","name":"Aivlisoft Inform\u00e1tica","url":"https:\/\/aivlisoft.net\/shop\/","logo":{"@type":"ImageObject","inLanguage":"es","@id":"https:\/\/aivlisoft.net\/shop\/#\/schema\/logo\/image\/","url":"https:\/\/aivlisoft.net\/shop\/wp-content\/uploads\/2024\/12\/removal.ai_5b848c54-0cdf-4140-95c5-c5536bb7573b-logodef.png","contentUrl":"https:\/\/aivlisoft.net\/shop\/wp-content\/uploads\/2024\/12\/removal.ai_5b848c54-0cdf-4140-95c5-c5536bb7573b-logodef.png","width":484,"height":182,"caption":"Aivlisoft Inform\u00e1tica"},"image":{"@id":"https:\/\/aivlisoft.net\/shop\/#\/schema\/logo\/image\/"}}]}},"_links":{"self":[{"href":"https:\/\/aivlisoft.net\/shop\/wp-json\/wp\/v2\/product\/5614","targetHints":{"allow":["GET"]}}],"collection":[{"href":"https:\/\/aivlisoft.net\/shop\/wp-json\/wp\/v2\/product"}],"about":[{"href":"https:\/\/aivlisoft.net\/shop\/wp-json\/wp\/v2\/types\/product"}],"wp:featuredmedia":[{"embeddable":true,"href":"https:\/\/aivlisoft.net\/shop\/wp-json\/wp\/v2\/media\/5615"}],"wp:attachment":[{"href":"https:\/\/aivlisoft.net\/shop\/wp-json\/wp\/v2\/media?parent=5614"}],"wp:term":[{"taxonomy":"product_brand","embeddable":true,"href":"https:\/\/aivlisoft.net\/shop\/wp-json\/wp\/v2\/product_brand?post=5614"},{"taxonomy":"product_cat","embeddable":true,"href":"https:\/\/aivlisoft.net\/shop\/wp-json\/wp\/v2\/product_cat?post=5614"},{"taxonomy":"product_tag","embeddable":true,"href":"https:\/\/aivlisoft.net\/shop\/wp-json\/wp\/v2\/product_tag?post=5614"}],"curies":[{"name":"wp","href":"https:\/\/api.w.org\/{rel}","templated":true}]}}