{"id":4928,"date":"2025-01-13T13:23:02","date_gmt":"2025-01-13T13:23:02","guid":{"rendered":"https:\/\/aivlisoft.com\/?post_type=product&#038;p=4928"},"modified":"2025-01-14T10:16:14","modified_gmt":"2025-01-14T10:16:14","slug":"monolyth-armario-mural-19-4u-wm6104-600x150-sa","status":"publish","type":"product","link":"https:\/\/aivlisoft.net\/shop\/producto\/monolyth-armario-mural-19-4u-wm6104-600x150-sa\/","title":{"rendered":"Monolyth Armario Mural 19&#8243; 4U WM6104 600X150 SA"},"content":{"rendered":"<p><\/p>\n<table class=\"tabla_caracteristicas\" width=\"100%\">\n<tr>\n<td valign=\"top\"><strong>Marca<\/strong><\/td>\n<td>Monolyth<\/td>\n<\/tr>\n<tr>\n<td valign=\"top\"><strong>Modelo<\/strong><\/td>\n<td><strong>205051<\/strong><\/td>\n<\/tr>\n<tr>\n<td valign=\"top\"><strong>Caracter&iacute;sticas<\/strong><\/td>\n<td>&#8211; Altura <strong>4U<\/strong><br \/>\t\t\t&#8211; Puerta delantera de cristal templado<br \/>\t\t\t&#8211; Apertura de seguridad y llave<br \/>\t\t\t&#8211; Entradas de cableado en parte superior e inferior<br \/>\t\t\t&#8211; Perfiles de rack numerados y desplazables<br \/>\t\t\t&#8211; Ubicable en pared<br \/>\t\t\t&#8211; Ensamblado en Espa&ntilde;a<br \/>\t\t\t&#8211; Est&aacute;ndares:<br \/>\t\t\t&nbsp; ANSI\/EIA RS-310-D<br \/>\t\t\t&nbsp; IEC297-2<br \/>\t\t\t&nbsp; DIN41491: Part 1<br \/>\t\t\t&nbsp; DIN41491: Part 7<br \/>\t\t\t&nbsp; ETSI STANDARD<br \/>\t\t\t&nbsp; CE<br \/>\t\t\t&#8211; Grado de protecci&oacute;n: IP20<br \/>\t\t\t&#8211; Espesor: 1.2mm \/\/ Cristal templado: 5mm<br \/>\t\t\t&#8211; Tratamientos superficiales: Desengrasado, fosfatado, decapado (Pickling), recubrimiento en polvo (Power Coating)<br \/>\t\t\t&#8211; Material: Acero laminado en fr&iacute;o de alta calidad (SPCC)<br \/>\t\t\t&#8211; Acabados Puerta de cristal<br \/>\t\t\t&#8211; Capacidad de carga m&aacute;xima: 20Kg<br \/>\t\t\t<strong>Dimensiones y peso<\/strong><br \/>\t\t\t&#8211; 600 x 150 x 280 mm<br \/>\t\t\t&#8211; 7,1 Kg<br \/>\t\t\t<strong>Contenido<\/strong><br \/>\t\t\t&#8211; Juego de llaves para cerradura<br \/>\t\t\t&#8211; Torniller&iacute;a de montaje<\/td>\n<\/tr>\n<tr>\n<td valign=\"top\"><strong>Fecha de revisi&oacute;n<\/strong><\/td>\n<td>13-07-2023 por RTY<\/td>\n<\/tr>\n<\/table>\n","protected":false},"excerpt":{"rendered":"<p>Marca Monolyth Modelo 205051 Caracter&iacute;sticas &#8211; Altura 4U &#8211; Puerta delantera de cristal templado &#8211; Apertura de seguridad y llave &#8211; Entradas de cableado en parte superior e inferior &#8211; Perfiles de rack numerados y desplazables &#8211; Ubicable en pared &#8211; Ensamblado en Espa&ntilde;a &#8211; Est&aacute;ndares: &nbsp; ANSI\/EIA RS-310-D &nbsp; IEC297-2 &nbsp; DIN41491: Part 1&hellip;&nbsp;<a href=\"https:\/\/aivlisoft.net\/shop\/producto\/monolyth-armario-mural-19-4u-wm6104-600x150-sa\/\" rel=\"bookmark\"><span class=\"screen-reader-text\">Monolyth Armario Mural 19&#8243; 4U WM6104 600X150 SA<\/span><\/a><\/p>\n","protected":false},"featured_media":4929,"template":"","meta":{"neve_meta_sidebar":"","neve_meta_container":"","neve_meta_enable_content_width":"","neve_meta_content_width":0,"neve_meta_title_alignment":"","neve_meta_author_avatar":"","neve_post_elements_order":"","neve_meta_disable_header":"","neve_meta_disable_footer":"","neve_meta_disable_title":""},"product_brand":[],"product_cat":[8701],"product_tag":[1553],"class_list":{"0":"post-4928","1":"product","2":"type-product","3":"status-publish","4":"has-post-thumbnail","6":"product_cat-armarios-rack-y-accesorios","7":"product_tag-1553","9":"first","10":"instock","11":"taxable","12":"shipping-taxable","13":"purchasable","14":"product-type-simple"},"yoast_head":"<!-- This site is optimized with the Yoast SEO plugin v26.0 - https:\/\/yoast.com\/wordpress\/plugins\/seo\/ -->\n<title>Monolyth Armario Mural 19&quot; 4U WM6104 600X150 SA - Aivlisoft Inform\u00e1tica<\/title>\n<meta name=\"robots\" content=\"index, follow, max-snippet:-1, max-image-preview:large, max-video-preview:-1\" \/>\n<link rel=\"canonical\" href=\"https:\/\/aivlisoft.net\/shop\/producto\/monolyth-armario-mural-19-4u-wm6104-600x150-sa\/\" \/>\n<meta property=\"og:locale\" content=\"es_ES\" \/>\n<meta property=\"og:type\" content=\"article\" \/>\n<meta property=\"og:title\" content=\"Monolyth Armario Mural 19&quot; 4U WM6104 600X150 SA - Aivlisoft Inform\u00e1tica\" \/>\n<meta property=\"og:description\" content=\"Marca Monolyth Modelo 205051 Caracter&iacute;sticas &#8211; Altura 4U &#8211; Puerta delantera de cristal templado &#8211; Apertura de seguridad y llave &#8211; Entradas de cableado en parte superior e inferior &#8211; Perfiles de rack numerados y desplazables &#8211; Ubicable en pared &#8211; Ensamblado en Espa&ntilde;a &#8211; Est&aacute;ndares: &nbsp; ANSI\/EIA RS-310-D &nbsp; IEC297-2 &nbsp; DIN41491: Part 1&hellip;&nbsp;Monolyth Armario Mural 19&#8243; 4U WM6104 600X150 SA\" \/>\n<meta property=\"og:url\" content=\"https:\/\/aivlisoft.net\/shop\/producto\/monolyth-armario-mural-19-4u-wm6104-600x150-sa\/\" \/>\n<meta property=\"og:site_name\" content=\"Aivlisoft Inform\u00e1tica\" \/>\n<meta property=\"article:modified_time\" content=\"2025-01-14T10:16:14+00:00\" \/>\n<meta property=\"og:image\" content=\"https:\/\/aivlisoft.net\/shop\/wp-content\/uploads\/2025\/01\/ANEAAA0421_800-1.jpg\" \/>\n\t<meta property=\"og:image:width\" content=\"800\" \/>\n\t<meta property=\"og:image:height\" content=\"800\" \/>\n\t<meta property=\"og:image:type\" content=\"image\/jpeg\" \/>\n<meta name=\"twitter:card\" content=\"summary_large_image\" \/>\n<meta name=\"twitter:label1\" content=\"Tiempo de lectura\" \/>\n\t<meta name=\"twitter:data1\" content=\"1 minuto\" \/>\n<script type=\"application\/ld+json\" class=\"yoast-schema-graph\">{\"@context\":\"https:\/\/schema.org\",\"@graph\":[{\"@type\":\"WebPage\",\"@id\":\"https:\/\/aivlisoft.net\/shop\/producto\/monolyth-armario-mural-19-4u-wm6104-600x150-sa\/\",\"url\":\"https:\/\/aivlisoft.net\/shop\/producto\/monolyth-armario-mural-19-4u-wm6104-600x150-sa\/\",\"name\":\"Monolyth Armario Mural 19\\\" 4U WM6104 600X150 SA - Aivlisoft Inform\u00e1tica\",\"isPartOf\":{\"@id\":\"https:\/\/aivlisoft.net\/shop\/#website\"},\"primaryImageOfPage\":{\"@id\":\"https:\/\/aivlisoft.net\/shop\/producto\/monolyth-armario-mural-19-4u-wm6104-600x150-sa\/#primaryimage\"},\"image\":{\"@id\":\"https:\/\/aivlisoft.net\/shop\/producto\/monolyth-armario-mural-19-4u-wm6104-600x150-sa\/#primaryimage\"},\"thumbnailUrl\":\"https:\/\/aivlisoft.net\/shop\/wp-content\/uploads\/2025\/01\/ANEAAA0421_800-1.jpg\",\"datePublished\":\"2025-01-13T13:23:02+00:00\",\"dateModified\":\"2025-01-14T10:16:14+00:00\",\"breadcrumb\":{\"@id\":\"https:\/\/aivlisoft.net\/shop\/producto\/monolyth-armario-mural-19-4u-wm6104-600x150-sa\/#breadcrumb\"},\"inLanguage\":\"es\",\"potentialAction\":[{\"@type\":\"ReadAction\",\"target\":[\"https:\/\/aivlisoft.net\/shop\/producto\/monolyth-armario-mural-19-4u-wm6104-600x150-sa\/\"]}]},{\"@type\":\"ImageObject\",\"inLanguage\":\"es\",\"@id\":\"https:\/\/aivlisoft.net\/shop\/producto\/monolyth-armario-mural-19-4u-wm6104-600x150-sa\/#primaryimage\",\"url\":\"https:\/\/aivlisoft.net\/shop\/wp-content\/uploads\/2025\/01\/ANEAAA0421_800-1.jpg\",\"contentUrl\":\"https:\/\/aivlisoft.net\/shop\/wp-content\/uploads\/2025\/01\/ANEAAA0421_800-1.jpg\",\"width\":800,\"height\":800},{\"@type\":\"BreadcrumbList\",\"@id\":\"https:\/\/aivlisoft.net\/shop\/producto\/monolyth-armario-mural-19-4u-wm6104-600x150-sa\/#breadcrumb\",\"itemListElement\":[{\"@type\":\"ListItem\",\"position\":1,\"name\":\"Portada\",\"item\":\"https:\/\/aivlisoft.net\/shop\/\"},{\"@type\":\"ListItem\",\"position\":2,\"name\":\"Tienda\",\"item\":\"https:\/\/aivlisoft.net\/shop\/tienda\/\"},{\"@type\":\"ListItem\",\"position\":3,\"name\":\"Monolyth Armario Mural 19&#8243; 4U WM6104 600X150 SA\"}]},{\"@type\":\"WebSite\",\"@id\":\"https:\/\/aivlisoft.net\/shop\/#website\",\"url\":\"https:\/\/aivlisoft.net\/shop\/\",\"name\":\"Aivlisoft Inform\u00e1tica\",\"description\":\"En Aivlisoft Inform\u00e1tica ofrecemos soluciones tecnol\u00f3gicas para empresas: venta de ordenadores, consumibles, perif\u00e9ricos y m\u00e1s. Calidad, atenci\u00f3n personalizada y los mejores precios para tu negocio.\",\"publisher\":{\"@id\":\"https:\/\/aivlisoft.net\/shop\/#organization\"},\"potentialAction\":[{\"@type\":\"SearchAction\",\"target\":{\"@type\":\"EntryPoint\",\"urlTemplate\":\"https:\/\/aivlisoft.net\/shop\/?s={search_term_string}\"},\"query-input\":{\"@type\":\"PropertyValueSpecification\",\"valueRequired\":true,\"valueName\":\"search_term_string\"}}],\"inLanguage\":\"es\"},{\"@type\":\"Organization\",\"@id\":\"https:\/\/aivlisoft.net\/shop\/#organization\",\"name\":\"Aivlisoft Inform\u00e1tica\",\"url\":\"https:\/\/aivlisoft.net\/shop\/\",\"logo\":{\"@type\":\"ImageObject\",\"inLanguage\":\"es\",\"@id\":\"https:\/\/aivlisoft.net\/shop\/#\/schema\/logo\/image\/\",\"url\":\"https:\/\/aivlisoft.net\/shop\/wp-content\/uploads\/2024\/12\/removal.ai_5b848c54-0cdf-4140-95c5-c5536bb7573b-logodef.png\",\"contentUrl\":\"https:\/\/aivlisoft.net\/shop\/wp-content\/uploads\/2024\/12\/removal.ai_5b848c54-0cdf-4140-95c5-c5536bb7573b-logodef.png\",\"width\":484,\"height\":182,\"caption\":\"Aivlisoft Inform\u00e1tica\"},\"image\":{\"@id\":\"https:\/\/aivlisoft.net\/shop\/#\/schema\/logo\/image\/\"}}]}<\/script>\n<!-- \/ Yoast SEO plugin. -->","yoast_head_json":{"title":"Monolyth Armario Mural 19\" 4U WM6104 600X150 SA - Aivlisoft Inform\u00e1tica","robots":{"index":"index","follow":"follow","max-snippet":"max-snippet:-1","max-image-preview":"max-image-preview:large","max-video-preview":"max-video-preview:-1"},"canonical":"https:\/\/aivlisoft.net\/shop\/producto\/monolyth-armario-mural-19-4u-wm6104-600x150-sa\/","og_locale":"es_ES","og_type":"article","og_title":"Monolyth Armario Mural 19\" 4U WM6104 600X150 SA - Aivlisoft Inform\u00e1tica","og_description":"Marca Monolyth Modelo 205051 Caracter&iacute;sticas &#8211; Altura 4U &#8211; Puerta delantera de cristal templado &#8211; Apertura de seguridad y llave &#8211; Entradas de cableado en parte superior e inferior &#8211; Perfiles de rack numerados y desplazables &#8211; Ubicable en pared &#8211; Ensamblado en Espa&ntilde;a &#8211; Est&aacute;ndares: &nbsp; ANSI\/EIA RS-310-D &nbsp; IEC297-2 &nbsp; DIN41491: Part 1&hellip;&nbsp;Monolyth Armario Mural 19&#8243; 4U WM6104 600X150 SA","og_url":"https:\/\/aivlisoft.net\/shop\/producto\/monolyth-armario-mural-19-4u-wm6104-600x150-sa\/","og_site_name":"Aivlisoft Inform\u00e1tica","article_modified_time":"2025-01-14T10:16:14+00:00","og_image":[{"width":800,"height":800,"url":"https:\/\/aivlisoft.net\/shop\/wp-content\/uploads\/2025\/01\/ANEAAA0421_800-1.jpg","type":"image\/jpeg"}],"twitter_card":"summary_large_image","twitter_misc":{"Tiempo de lectura":"1 minuto"},"schema":{"@context":"https:\/\/schema.org","@graph":[{"@type":"WebPage","@id":"https:\/\/aivlisoft.net\/shop\/producto\/monolyth-armario-mural-19-4u-wm6104-600x150-sa\/","url":"https:\/\/aivlisoft.net\/shop\/producto\/monolyth-armario-mural-19-4u-wm6104-600x150-sa\/","name":"Monolyth Armario Mural 19\" 4U WM6104 600X150 SA - Aivlisoft Inform\u00e1tica","isPartOf":{"@id":"https:\/\/aivlisoft.net\/shop\/#website"},"primaryImageOfPage":{"@id":"https:\/\/aivlisoft.net\/shop\/producto\/monolyth-armario-mural-19-4u-wm6104-600x150-sa\/#primaryimage"},"image":{"@id":"https:\/\/aivlisoft.net\/shop\/producto\/monolyth-armario-mural-19-4u-wm6104-600x150-sa\/#primaryimage"},"thumbnailUrl":"https:\/\/aivlisoft.net\/shop\/wp-content\/uploads\/2025\/01\/ANEAAA0421_800-1.jpg","datePublished":"2025-01-13T13:23:02+00:00","dateModified":"2025-01-14T10:16:14+00:00","breadcrumb":{"@id":"https:\/\/aivlisoft.net\/shop\/producto\/monolyth-armario-mural-19-4u-wm6104-600x150-sa\/#breadcrumb"},"inLanguage":"es","potentialAction":[{"@type":"ReadAction","target":["https:\/\/aivlisoft.net\/shop\/producto\/monolyth-armario-mural-19-4u-wm6104-600x150-sa\/"]}]},{"@type":"ImageObject","inLanguage":"es","@id":"https:\/\/aivlisoft.net\/shop\/producto\/monolyth-armario-mural-19-4u-wm6104-600x150-sa\/#primaryimage","url":"https:\/\/aivlisoft.net\/shop\/wp-content\/uploads\/2025\/01\/ANEAAA0421_800-1.jpg","contentUrl":"https:\/\/aivlisoft.net\/shop\/wp-content\/uploads\/2025\/01\/ANEAAA0421_800-1.jpg","width":800,"height":800},{"@type":"BreadcrumbList","@id":"https:\/\/aivlisoft.net\/shop\/producto\/monolyth-armario-mural-19-4u-wm6104-600x150-sa\/#breadcrumb","itemListElement":[{"@type":"ListItem","position":1,"name":"Portada","item":"https:\/\/aivlisoft.net\/shop\/"},{"@type":"ListItem","position":2,"name":"Tienda","item":"https:\/\/aivlisoft.net\/shop\/tienda\/"},{"@type":"ListItem","position":3,"name":"Monolyth Armario Mural 19&#8243; 4U WM6104 600X150 SA"}]},{"@type":"WebSite","@id":"https:\/\/aivlisoft.net\/shop\/#website","url":"https:\/\/aivlisoft.net\/shop\/","name":"Aivlisoft Inform\u00e1tica","description":"En Aivlisoft Inform\u00e1tica ofrecemos soluciones tecnol\u00f3gicas para empresas: venta de ordenadores, consumibles, perif\u00e9ricos y m\u00e1s. Calidad, atenci\u00f3n personalizada y los mejores precios para tu negocio.","publisher":{"@id":"https:\/\/aivlisoft.net\/shop\/#organization"},"potentialAction":[{"@type":"SearchAction","target":{"@type":"EntryPoint","urlTemplate":"https:\/\/aivlisoft.net\/shop\/?s={search_term_string}"},"query-input":{"@type":"PropertyValueSpecification","valueRequired":true,"valueName":"search_term_string"}}],"inLanguage":"es"},{"@type":"Organization","@id":"https:\/\/aivlisoft.net\/shop\/#organization","name":"Aivlisoft Inform\u00e1tica","url":"https:\/\/aivlisoft.net\/shop\/","logo":{"@type":"ImageObject","inLanguage":"es","@id":"https:\/\/aivlisoft.net\/shop\/#\/schema\/logo\/image\/","url":"https:\/\/aivlisoft.net\/shop\/wp-content\/uploads\/2024\/12\/removal.ai_5b848c54-0cdf-4140-95c5-c5536bb7573b-logodef.png","contentUrl":"https:\/\/aivlisoft.net\/shop\/wp-content\/uploads\/2024\/12\/removal.ai_5b848c54-0cdf-4140-95c5-c5536bb7573b-logodef.png","width":484,"height":182,"caption":"Aivlisoft Inform\u00e1tica"},"image":{"@id":"https:\/\/aivlisoft.net\/shop\/#\/schema\/logo\/image\/"}}]}},"_links":{"self":[{"href":"https:\/\/aivlisoft.net\/shop\/wp-json\/wp\/v2\/product\/4928","targetHints":{"allow":["GET"]}}],"collection":[{"href":"https:\/\/aivlisoft.net\/shop\/wp-json\/wp\/v2\/product"}],"about":[{"href":"https:\/\/aivlisoft.net\/shop\/wp-json\/wp\/v2\/types\/product"}],"wp:featuredmedia":[{"embeddable":true,"href":"https:\/\/aivlisoft.net\/shop\/wp-json\/wp\/v2\/media\/4929"}],"wp:attachment":[{"href":"https:\/\/aivlisoft.net\/shop\/wp-json\/wp\/v2\/media?parent=4928"}],"wp:term":[{"taxonomy":"product_brand","embeddable":true,"href":"https:\/\/aivlisoft.net\/shop\/wp-json\/wp\/v2\/product_brand?post=4928"},{"taxonomy":"product_cat","embeddable":true,"href":"https:\/\/aivlisoft.net\/shop\/wp-json\/wp\/v2\/product_cat?post=4928"},{"taxonomy":"product_tag","embeddable":true,"href":"https:\/\/aivlisoft.net\/shop\/wp-json\/wp\/v2\/product_tag?post=4928"}],"curies":[{"name":"wp","href":"https:\/\/api.w.org\/{rel}","templated":true}]}}