{"id":4864,"date":"2025-01-13T13:22:40","date_gmt":"2025-01-13T13:22:40","guid":{"rendered":"https:\/\/aivlisoft.com\/?post_type=product&#038;p=4864"},"modified":"2025-01-14T10:15:47","modified_gmt":"2025-01-14T10:15:47","slug":"2lan-armario-suelo-18u-19-600x800-sin-ruedas","status":"publish","type":"product","link":"https:\/\/aivlisoft.net\/shop\/producto\/2lan-armario-suelo-18u-19-600x800-sin-ruedas\/","title":{"rendered":"2LAN Armario Suelo 18U 19&#8243; 600X800 sin ruedas"},"content":{"rendered":"<p>Armario rack de 18U con la siguientes medidas: 600mm de frontal, 800mm de fondo y 1040mm de altura.<br \/>Este modelo de rack de 18U es un armario de suelo que se vende sin accesorios, tiene un tama&ntilde;o mediano y una gran resistencia.<br \/>Es id&oacute;neo para alojar en su interior servidores de tama&ntilde;o medio, routers de conexion a internet, peque&ntilde;os repartidores Switch para interconectar servidores, puntos de trabajo, impresoras de red y tel&eacute;fonos IP.<\/p>\n<p>&nbsp;<br \/>&nbsp;<\/p>\n<table width=\"100%\">\n<tr>\n<td><strong>Marca<\/strong><\/td>\n<td>2LAN<\/td>\n<\/tr>\n<tr>\n<td><strong>Modelo<\/strong><\/td>\n<td><strong>AR1918U600X800<\/strong><\/td>\n<\/tr>\n<tr>\n<td><strong>Caracter&iacute;sticas<\/strong><\/td>\n<td>&#8211; Armario rack serie est&aacute;ndar.<br \/>\t\t\t&#8211; Cumple con las normas ANSI \/ EIA RS &#8211; 310 &#8211; D, DIN41491, PART1, IEC297 &#8211; 2, PRAT7, GB\/T3047.2-92<br \/>\t\t\t&#8211; Dise&ntilde;o especial de dimensiones precisas.<br \/>\t\t\t&#8211; Puerta delantera de cristal duro serigrafiado, bordes de la puerta y puerta trasera de acero.<br \/>\t\t\t&#8211; Ambas puertas con cerradura y juego de 2 llaves. Cierres en paneles laterales opcionales.<br \/>\t\t\t&#8211; Pies ajustables y ruedas giratorias de gran capacidad de carga, instalables a la vez.<br \/>\t\t\t&#8211; Diversas entradas de cable en la parte superior, y en el panel inferior con medidas ajustables.<br \/>\t\t\t&#8211; Base opcional que permite que el armario se quede en una posici&oacute;n fija, cumpliendo todos los requerimientos de la entrada de cable de la base inferior\/ ventilaci&oacute;n y prevenci&oacute;n.<br \/>\t\t\t&#8211; kit de uni&oacute;n opcional.<br \/>\t\t\t&#8211; Paneles laterales desmontables, f&aacute;ciles de colocar.<br \/>\t\t\t&#8211; Material: SPCC acero laminado, con acabado en pintura color negro fosf&oacute;rica anti &oacute;xido.<br \/>\t\t\t&#8211; Densidad: perfil de montaje 2.0mm &aacute;ngulo montaje 1.5mm, otros 1.2mm<br \/>\t\t\t&#8211; Grado de Protecci&oacute;n: IP20<br \/>\t\t\t&#8211; Capacidad de carga est&aacute;tica: 800Kg.<br \/>\t\t\t&#8211; Medidas exteriores montado: 600mm (ancho) X 800mm (fondo) X 1040mm (alto)<\/td>\n<\/tr>\n<tr>\n<td><strong>Fecha de revisi&oacute;n<\/strong><\/td>\n<td>20-10-2021 por YMC<\/td>\n<\/tr>\n<\/table>\n","protected":false},"excerpt":{"rendered":"<p>Armario rack de 18U con la siguientes medidas: 600mm de frontal, 800mm de fondo y 1040mm de altura.Este modelo de rack de 18U es un armario de suelo que se vende sin accesorios, tiene un tama&ntilde;o mediano y una gran resistencia.Es id&oacute;neo para alojar en su interior servidores de tama&ntilde;o medio, routers de conexion a&hellip;&nbsp;<a href=\"https:\/\/aivlisoft.net\/shop\/producto\/2lan-armario-suelo-18u-19-600x800-sin-ruedas\/\" rel=\"bookmark\"><span class=\"screen-reader-text\">2LAN Armario Suelo 18U 19&#8243; 600X800 sin ruedas<\/span><\/a><\/p>\n","protected":false},"featured_media":4865,"template":"","meta":{"neve_meta_sidebar":"","neve_meta_container":"","neve_meta_enable_content_width":"","neve_meta_content_width":0,"neve_meta_title_alignment":"","neve_meta_author_avatar":"","neve_post_elements_order":"","neve_meta_disable_header":"","neve_meta_disable_footer":"","neve_meta_disable_title":""},"product_brand":[],"product_cat":[8701],"product_tag":[1525],"class_list":{"0":"post-4864","1":"product","2":"type-product","3":"status-publish","4":"has-post-thumbnail","6":"product_cat-armarios-rack-y-accesorios","7":"product_tag-ar1918u600x800","9":"first","10":"instock","11":"taxable","12":"shipping-taxable","13":"purchasable","14":"product-type-simple"},"yoast_head":"<!-- This site is optimized with the Yoast SEO plugin v26.0 - https:\/\/yoast.com\/wordpress\/plugins\/seo\/ -->\n<title>2LAN Armario Suelo 18U 19&quot; 600X800 sin ruedas - Aivlisoft Inform\u00e1tica<\/title>\n<meta name=\"robots\" content=\"index, follow, max-snippet:-1, max-image-preview:large, max-video-preview:-1\" \/>\n<link rel=\"canonical\" href=\"https:\/\/aivlisoft.net\/shop\/producto\/2lan-armario-suelo-18u-19-600x800-sin-ruedas\/\" \/>\n<meta property=\"og:locale\" content=\"es_ES\" \/>\n<meta property=\"og:type\" content=\"article\" \/>\n<meta property=\"og:title\" content=\"2LAN Armario Suelo 18U 19&quot; 600X800 sin ruedas - Aivlisoft Inform\u00e1tica\" \/>\n<meta property=\"og:description\" content=\"Armario rack de 18U con la siguientes medidas: 600mm de frontal, 800mm de fondo y 1040mm de altura.Este modelo de rack de 18U es un armario de suelo que se vende sin accesorios, tiene un tama&ntilde;o mediano y una gran resistencia.Es id&oacute;neo para alojar en su interior servidores de tama&ntilde;o medio, routers de conexion a&hellip;&nbsp;2LAN Armario Suelo 18U 19&#8243; 600X800 sin ruedas\" \/>\n<meta property=\"og:url\" content=\"https:\/\/aivlisoft.net\/shop\/producto\/2lan-armario-suelo-18u-19-600x800-sin-ruedas\/\" \/>\n<meta property=\"og:site_name\" content=\"Aivlisoft Inform\u00e1tica\" \/>\n<meta property=\"article:modified_time\" content=\"2025-01-14T10:15:47+00:00\" \/>\n<meta property=\"og:image\" content=\"https:\/\/aivlisoft.net\/shop\/wp-content\/uploads\/2025\/01\/ANEAAA0375_800-1.jpg\" \/>\n\t<meta property=\"og:image:width\" content=\"800\" \/>\n\t<meta property=\"og:image:height\" content=\"800\" \/>\n\t<meta property=\"og:image:type\" content=\"image\/jpeg\" \/>\n<meta name=\"twitter:card\" content=\"summary_large_image\" \/>\n<meta name=\"twitter:label1\" content=\"Tiempo de lectura\" \/>\n\t<meta name=\"twitter:data1\" content=\"2 minutos\" \/>\n<script type=\"application\/ld+json\" class=\"yoast-schema-graph\">{\"@context\":\"https:\/\/schema.org\",\"@graph\":[{\"@type\":\"WebPage\",\"@id\":\"https:\/\/aivlisoft.net\/shop\/producto\/2lan-armario-suelo-18u-19-600x800-sin-ruedas\/\",\"url\":\"https:\/\/aivlisoft.net\/shop\/producto\/2lan-armario-suelo-18u-19-600x800-sin-ruedas\/\",\"name\":\"2LAN Armario Suelo 18U 19\\\" 600X800 sin ruedas - Aivlisoft Inform\u00e1tica\",\"isPartOf\":{\"@id\":\"https:\/\/aivlisoft.net\/shop\/#website\"},\"primaryImageOfPage\":{\"@id\":\"https:\/\/aivlisoft.net\/shop\/producto\/2lan-armario-suelo-18u-19-600x800-sin-ruedas\/#primaryimage\"},\"image\":{\"@id\":\"https:\/\/aivlisoft.net\/shop\/producto\/2lan-armario-suelo-18u-19-600x800-sin-ruedas\/#primaryimage\"},\"thumbnailUrl\":\"https:\/\/aivlisoft.net\/shop\/wp-content\/uploads\/2025\/01\/ANEAAA0375_800-1.jpg\",\"datePublished\":\"2025-01-13T13:22:40+00:00\",\"dateModified\":\"2025-01-14T10:15:47+00:00\",\"breadcrumb\":{\"@id\":\"https:\/\/aivlisoft.net\/shop\/producto\/2lan-armario-suelo-18u-19-600x800-sin-ruedas\/#breadcrumb\"},\"inLanguage\":\"es\",\"potentialAction\":[{\"@type\":\"ReadAction\",\"target\":[\"https:\/\/aivlisoft.net\/shop\/producto\/2lan-armario-suelo-18u-19-600x800-sin-ruedas\/\"]}]},{\"@type\":\"ImageObject\",\"inLanguage\":\"es\",\"@id\":\"https:\/\/aivlisoft.net\/shop\/producto\/2lan-armario-suelo-18u-19-600x800-sin-ruedas\/#primaryimage\",\"url\":\"https:\/\/aivlisoft.net\/shop\/wp-content\/uploads\/2025\/01\/ANEAAA0375_800-1.jpg\",\"contentUrl\":\"https:\/\/aivlisoft.net\/shop\/wp-content\/uploads\/2025\/01\/ANEAAA0375_800-1.jpg\",\"width\":800,\"height\":800},{\"@type\":\"BreadcrumbList\",\"@id\":\"https:\/\/aivlisoft.net\/shop\/producto\/2lan-armario-suelo-18u-19-600x800-sin-ruedas\/#breadcrumb\",\"itemListElement\":[{\"@type\":\"ListItem\",\"position\":1,\"name\":\"Portada\",\"item\":\"https:\/\/aivlisoft.net\/shop\/\"},{\"@type\":\"ListItem\",\"position\":2,\"name\":\"Tienda\",\"item\":\"https:\/\/aivlisoft.net\/shop\/tienda\/\"},{\"@type\":\"ListItem\",\"position\":3,\"name\":\"2LAN Armario Suelo 18U 19&#8243; 600X800 sin ruedas\"}]},{\"@type\":\"WebSite\",\"@id\":\"https:\/\/aivlisoft.net\/shop\/#website\",\"url\":\"https:\/\/aivlisoft.net\/shop\/\",\"name\":\"Aivlisoft Inform\u00e1tica\",\"description\":\"En Aivlisoft Inform\u00e1tica ofrecemos soluciones tecnol\u00f3gicas para empresas: venta de ordenadores, consumibles, perif\u00e9ricos y m\u00e1s. Calidad, atenci\u00f3n personalizada y los mejores precios para tu negocio.\",\"publisher\":{\"@id\":\"https:\/\/aivlisoft.net\/shop\/#organization\"},\"potentialAction\":[{\"@type\":\"SearchAction\",\"target\":{\"@type\":\"EntryPoint\",\"urlTemplate\":\"https:\/\/aivlisoft.net\/shop\/?s={search_term_string}\"},\"query-input\":{\"@type\":\"PropertyValueSpecification\",\"valueRequired\":true,\"valueName\":\"search_term_string\"}}],\"inLanguage\":\"es\"},{\"@type\":\"Organization\",\"@id\":\"https:\/\/aivlisoft.net\/shop\/#organization\",\"name\":\"Aivlisoft Inform\u00e1tica\",\"url\":\"https:\/\/aivlisoft.net\/shop\/\",\"logo\":{\"@type\":\"ImageObject\",\"inLanguage\":\"es\",\"@id\":\"https:\/\/aivlisoft.net\/shop\/#\/schema\/logo\/image\/\",\"url\":\"https:\/\/aivlisoft.net\/shop\/wp-content\/uploads\/2024\/12\/removal.ai_5b848c54-0cdf-4140-95c5-c5536bb7573b-logodef.png\",\"contentUrl\":\"https:\/\/aivlisoft.net\/shop\/wp-content\/uploads\/2024\/12\/removal.ai_5b848c54-0cdf-4140-95c5-c5536bb7573b-logodef.png\",\"width\":484,\"height\":182,\"caption\":\"Aivlisoft Inform\u00e1tica\"},\"image\":{\"@id\":\"https:\/\/aivlisoft.net\/shop\/#\/schema\/logo\/image\/\"}}]}<\/script>\n<!-- \/ Yoast SEO plugin. -->","yoast_head_json":{"title":"2LAN Armario Suelo 18U 19\" 600X800 sin ruedas - Aivlisoft Inform\u00e1tica","robots":{"index":"index","follow":"follow","max-snippet":"max-snippet:-1","max-image-preview":"max-image-preview:large","max-video-preview":"max-video-preview:-1"},"canonical":"https:\/\/aivlisoft.net\/shop\/producto\/2lan-armario-suelo-18u-19-600x800-sin-ruedas\/","og_locale":"es_ES","og_type":"article","og_title":"2LAN Armario Suelo 18U 19\" 600X800 sin ruedas - Aivlisoft Inform\u00e1tica","og_description":"Armario rack de 18U con la siguientes medidas: 600mm de frontal, 800mm de fondo y 1040mm de altura.Este modelo de rack de 18U es un armario de suelo que se vende sin accesorios, tiene un tama&ntilde;o mediano y una gran resistencia.Es id&oacute;neo para alojar en su interior servidores de tama&ntilde;o medio, routers de conexion a&hellip;&nbsp;2LAN Armario Suelo 18U 19&#8243; 600X800 sin ruedas","og_url":"https:\/\/aivlisoft.net\/shop\/producto\/2lan-armario-suelo-18u-19-600x800-sin-ruedas\/","og_site_name":"Aivlisoft Inform\u00e1tica","article_modified_time":"2025-01-14T10:15:47+00:00","og_image":[{"width":800,"height":800,"url":"https:\/\/aivlisoft.net\/shop\/wp-content\/uploads\/2025\/01\/ANEAAA0375_800-1.jpg","type":"image\/jpeg"}],"twitter_card":"summary_large_image","twitter_misc":{"Tiempo de lectura":"2 minutos"},"schema":{"@context":"https:\/\/schema.org","@graph":[{"@type":"WebPage","@id":"https:\/\/aivlisoft.net\/shop\/producto\/2lan-armario-suelo-18u-19-600x800-sin-ruedas\/","url":"https:\/\/aivlisoft.net\/shop\/producto\/2lan-armario-suelo-18u-19-600x800-sin-ruedas\/","name":"2LAN Armario Suelo 18U 19\" 600X800 sin ruedas - Aivlisoft Inform\u00e1tica","isPartOf":{"@id":"https:\/\/aivlisoft.net\/shop\/#website"},"primaryImageOfPage":{"@id":"https:\/\/aivlisoft.net\/shop\/producto\/2lan-armario-suelo-18u-19-600x800-sin-ruedas\/#primaryimage"},"image":{"@id":"https:\/\/aivlisoft.net\/shop\/producto\/2lan-armario-suelo-18u-19-600x800-sin-ruedas\/#primaryimage"},"thumbnailUrl":"https:\/\/aivlisoft.net\/shop\/wp-content\/uploads\/2025\/01\/ANEAAA0375_800-1.jpg","datePublished":"2025-01-13T13:22:40+00:00","dateModified":"2025-01-14T10:15:47+00:00","breadcrumb":{"@id":"https:\/\/aivlisoft.net\/shop\/producto\/2lan-armario-suelo-18u-19-600x800-sin-ruedas\/#breadcrumb"},"inLanguage":"es","potentialAction":[{"@type":"ReadAction","target":["https:\/\/aivlisoft.net\/shop\/producto\/2lan-armario-suelo-18u-19-600x800-sin-ruedas\/"]}]},{"@type":"ImageObject","inLanguage":"es","@id":"https:\/\/aivlisoft.net\/shop\/producto\/2lan-armario-suelo-18u-19-600x800-sin-ruedas\/#primaryimage","url":"https:\/\/aivlisoft.net\/shop\/wp-content\/uploads\/2025\/01\/ANEAAA0375_800-1.jpg","contentUrl":"https:\/\/aivlisoft.net\/shop\/wp-content\/uploads\/2025\/01\/ANEAAA0375_800-1.jpg","width":800,"height":800},{"@type":"BreadcrumbList","@id":"https:\/\/aivlisoft.net\/shop\/producto\/2lan-armario-suelo-18u-19-600x800-sin-ruedas\/#breadcrumb","itemListElement":[{"@type":"ListItem","position":1,"name":"Portada","item":"https:\/\/aivlisoft.net\/shop\/"},{"@type":"ListItem","position":2,"name":"Tienda","item":"https:\/\/aivlisoft.net\/shop\/tienda\/"},{"@type":"ListItem","position":3,"name":"2LAN Armario Suelo 18U 19&#8243; 600X800 sin ruedas"}]},{"@type":"WebSite","@id":"https:\/\/aivlisoft.net\/shop\/#website","url":"https:\/\/aivlisoft.net\/shop\/","name":"Aivlisoft Inform\u00e1tica","description":"En Aivlisoft Inform\u00e1tica ofrecemos soluciones tecnol\u00f3gicas para empresas: venta de ordenadores, consumibles, perif\u00e9ricos y m\u00e1s. Calidad, atenci\u00f3n personalizada y los mejores precios para tu negocio.","publisher":{"@id":"https:\/\/aivlisoft.net\/shop\/#organization"},"potentialAction":[{"@type":"SearchAction","target":{"@type":"EntryPoint","urlTemplate":"https:\/\/aivlisoft.net\/shop\/?s={search_term_string}"},"query-input":{"@type":"PropertyValueSpecification","valueRequired":true,"valueName":"search_term_string"}}],"inLanguage":"es"},{"@type":"Organization","@id":"https:\/\/aivlisoft.net\/shop\/#organization","name":"Aivlisoft Inform\u00e1tica","url":"https:\/\/aivlisoft.net\/shop\/","logo":{"@type":"ImageObject","inLanguage":"es","@id":"https:\/\/aivlisoft.net\/shop\/#\/schema\/logo\/image\/","url":"https:\/\/aivlisoft.net\/shop\/wp-content\/uploads\/2024\/12\/removal.ai_5b848c54-0cdf-4140-95c5-c5536bb7573b-logodef.png","contentUrl":"https:\/\/aivlisoft.net\/shop\/wp-content\/uploads\/2024\/12\/removal.ai_5b848c54-0cdf-4140-95c5-c5536bb7573b-logodef.png","width":484,"height":182,"caption":"Aivlisoft Inform\u00e1tica"},"image":{"@id":"https:\/\/aivlisoft.net\/shop\/#\/schema\/logo\/image\/"}}]}},"_links":{"self":[{"href":"https:\/\/aivlisoft.net\/shop\/wp-json\/wp\/v2\/product\/4864","targetHints":{"allow":["GET"]}}],"collection":[{"href":"https:\/\/aivlisoft.net\/shop\/wp-json\/wp\/v2\/product"}],"about":[{"href":"https:\/\/aivlisoft.net\/shop\/wp-json\/wp\/v2\/types\/product"}],"wp:featuredmedia":[{"embeddable":true,"href":"https:\/\/aivlisoft.net\/shop\/wp-json\/wp\/v2\/media\/4865"}],"wp:attachment":[{"href":"https:\/\/aivlisoft.net\/shop\/wp-json\/wp\/v2\/media?parent=4864"}],"wp:term":[{"taxonomy":"product_brand","embeddable":true,"href":"https:\/\/aivlisoft.net\/shop\/wp-json\/wp\/v2\/product_brand?post=4864"},{"taxonomy":"product_cat","embeddable":true,"href":"https:\/\/aivlisoft.net\/shop\/wp-json\/wp\/v2\/product_cat?post=4864"},{"taxonomy":"product_tag","embeddable":true,"href":"https:\/\/aivlisoft.net\/shop\/wp-json\/wp\/v2\/product_tag?post=4864"}],"curies":[{"name":"wp","href":"https:\/\/api.w.org\/{rel}","templated":true}]}}