{"id":4819,"date":"2025-01-13T13:22:27","date_gmt":"2025-01-13T13:22:27","guid":{"rendered":"https:\/\/aivlisoft.com\/?post_type=product&#038;p=4819"},"modified":"2025-01-14T10:15:35","modified_gmt":"2025-01-14T10:15:35","slug":"2lan-regleta-19-8-schukos-interruptor","status":"publish","type":"product","link":"https:\/\/aivlisoft.net\/shop\/producto\/2lan-regleta-19-8-schukos-interruptor\/","title":{"rendered":"2LAN Regleta 19&#8243; 8 Schukos Interruptor"},"content":{"rendered":"<p><strong>Regleta de alimentaci&oacute;n PDU<\/strong> para ancho de perfil est&aacute;ndar de 19&quot;, con 8 tomas schuko e interruptor.<br \/>Indicada para cubrir las necesidades de alimentaci&oacute;n de los equipos electr&oacute;nicos en los armarios<\/p>\n<table class=\"tabla_caracteristicas\" width=\"100%\">\n<tr>\n<td valign=\"top\"><strong>Marca<\/strong><\/td>\n<td>2LAN<\/td>\n<\/tr>\n<tr>\n<td valign=\"top\"><strong>Modelo<\/strong><\/td>\n<td><strong>REG8SCHINT<\/strong><\/td>\n<\/tr>\n<tr>\n<td valign=\"top\"><strong>Caracter&iacute;sticas<\/strong><\/td>\n<td>&#8211; Potencia: 250V \/ 16A; 3.500W.<br \/>\t\t\t&#8211; Longitud del cable: 2m.<br \/>\t\t\t&#8211; Manguera: 3 hilos x 1.5mm &oslash;<br \/>\t\t\t&#8211; Interruptor de alimentaci&oacute;n.<br \/>\t\t\t&#8211; Enracable en armarios de 19&quot;.<br \/>\t\t\t&#8211; Regleta de gran consistencia, con 8 schukos.<br \/>\t\t\t&#8211; Acabado en color negro.<br \/>\t\t\t&#8211; Otros: CE; ROHS<\/td>\n<\/tr>\n<tr>\n<td valign=\"top\"><strong>Fecha de revisi&oacute;n<\/strong><\/td>\n<td>08-02-2021 por MPM<\/td>\n<\/tr>\n<\/table>\n","protected":false},"excerpt":{"rendered":"<p>Regleta de alimentaci&oacute;n PDU para ancho de perfil est&aacute;ndar de 19&quot;, con 8 tomas schuko e interruptor.Indicada para cubrir las necesidades de alimentaci&oacute;n de los equipos electr&oacute;nicos en los armarios Marca 2LAN Modelo REG8SCHINT Caracter&iacute;sticas &#8211; Potencia: 250V \/ 16A; 3.500W. &#8211; Longitud del cable: 2m. &#8211; Manguera: 3 hilos x 1.5mm &oslash; &#8211; Interruptor&hellip;&nbsp;<a href=\"https:\/\/aivlisoft.net\/shop\/producto\/2lan-regleta-19-8-schukos-interruptor\/\" rel=\"bookmark\"><span class=\"screen-reader-text\">2LAN Regleta 19&#8243; 8 Schukos Interruptor<\/span><\/a><\/p>\n","protected":false},"featured_media":4820,"template":"","meta":{"neve_meta_sidebar":"","neve_meta_container":"","neve_meta_enable_content_width":"","neve_meta_content_width":0,"neve_meta_title_alignment":"","neve_meta_author_avatar":"","neve_post_elements_order":"","neve_meta_disable_header":"","neve_meta_disable_footer":"","neve_meta_disable_title":""},"product_brand":[],"product_cat":[8701],"product_tag":[1511],"class_list":{"0":"post-4819","1":"product","2":"type-product","3":"status-publish","4":"has-post-thumbnail","6":"product_cat-armarios-rack-y-accesorios","7":"product_tag-reg8schint","9":"first","10":"instock","11":"taxable","12":"shipping-taxable","13":"purchasable","14":"product-type-simple"},"yoast_head":"<!-- This site is optimized with the Yoast SEO plugin v26.0 - https:\/\/yoast.com\/wordpress\/plugins\/seo\/ -->\n<title>2LAN Regleta 19&quot; 8 Schukos Interruptor - Aivlisoft Inform\u00e1tica<\/title>\n<meta name=\"robots\" content=\"index, follow, max-snippet:-1, max-image-preview:large, max-video-preview:-1\" \/>\n<link rel=\"canonical\" href=\"https:\/\/aivlisoft.net\/shop\/producto\/2lan-regleta-19-8-schukos-interruptor\/\" \/>\n<meta property=\"og:locale\" content=\"es_ES\" \/>\n<meta property=\"og:type\" content=\"article\" \/>\n<meta property=\"og:title\" content=\"2LAN Regleta 19&quot; 8 Schukos Interruptor - Aivlisoft Inform\u00e1tica\" \/>\n<meta property=\"og:description\" content=\"Regleta de alimentaci&oacute;n PDU para ancho de perfil est&aacute;ndar de 19&quot;, con 8 tomas schuko e interruptor.Indicada para cubrir las necesidades de alimentaci&oacute;n de los equipos electr&oacute;nicos en los armarios Marca 2LAN Modelo REG8SCHINT Caracter&iacute;sticas &#8211; Potencia: 250V \/ 16A; 3.500W. &#8211; Longitud del cable: 2m. &#8211; Manguera: 3 hilos x 1.5mm &oslash; &#8211; Interruptor&hellip;&nbsp;2LAN Regleta 19&#8243; 8 Schukos Interruptor\" \/>\n<meta property=\"og:url\" content=\"https:\/\/aivlisoft.net\/shop\/producto\/2lan-regleta-19-8-schukos-interruptor\/\" \/>\n<meta property=\"og:site_name\" content=\"Aivlisoft Inform\u00e1tica\" \/>\n<meta property=\"article:modified_time\" content=\"2025-01-14T10:15:35+00:00\" \/>\n<meta property=\"og:image\" content=\"https:\/\/aivlisoft.net\/shop\/wp-content\/uploads\/2025\/01\/ANEAAA0347_800-1.jpg\" \/>\n\t<meta property=\"og:image:width\" content=\"800\" \/>\n\t<meta property=\"og:image:height\" content=\"800\" \/>\n\t<meta property=\"og:image:type\" content=\"image\/jpeg\" \/>\n<meta name=\"twitter:card\" content=\"summary_large_image\" \/>\n<script type=\"application\/ld+json\" class=\"yoast-schema-graph\">{\"@context\":\"https:\/\/schema.org\",\"@graph\":[{\"@type\":\"WebPage\",\"@id\":\"https:\/\/aivlisoft.net\/shop\/producto\/2lan-regleta-19-8-schukos-interruptor\/\",\"url\":\"https:\/\/aivlisoft.net\/shop\/producto\/2lan-regleta-19-8-schukos-interruptor\/\",\"name\":\"2LAN Regleta 19\\\" 8 Schukos Interruptor - Aivlisoft Inform\u00e1tica\",\"isPartOf\":{\"@id\":\"https:\/\/aivlisoft.net\/shop\/#website\"},\"primaryImageOfPage\":{\"@id\":\"https:\/\/aivlisoft.net\/shop\/producto\/2lan-regleta-19-8-schukos-interruptor\/#primaryimage\"},\"image\":{\"@id\":\"https:\/\/aivlisoft.net\/shop\/producto\/2lan-regleta-19-8-schukos-interruptor\/#primaryimage\"},\"thumbnailUrl\":\"https:\/\/aivlisoft.net\/shop\/wp-content\/uploads\/2025\/01\/ANEAAA0347_800-1.jpg\",\"datePublished\":\"2025-01-13T13:22:27+00:00\",\"dateModified\":\"2025-01-14T10:15:35+00:00\",\"breadcrumb\":{\"@id\":\"https:\/\/aivlisoft.net\/shop\/producto\/2lan-regleta-19-8-schukos-interruptor\/#breadcrumb\"},\"inLanguage\":\"es\",\"potentialAction\":[{\"@type\":\"ReadAction\",\"target\":[\"https:\/\/aivlisoft.net\/shop\/producto\/2lan-regleta-19-8-schukos-interruptor\/\"]}]},{\"@type\":\"ImageObject\",\"inLanguage\":\"es\",\"@id\":\"https:\/\/aivlisoft.net\/shop\/producto\/2lan-regleta-19-8-schukos-interruptor\/#primaryimage\",\"url\":\"https:\/\/aivlisoft.net\/shop\/wp-content\/uploads\/2025\/01\/ANEAAA0347_800-1.jpg\",\"contentUrl\":\"https:\/\/aivlisoft.net\/shop\/wp-content\/uploads\/2025\/01\/ANEAAA0347_800-1.jpg\",\"width\":800,\"height\":800},{\"@type\":\"BreadcrumbList\",\"@id\":\"https:\/\/aivlisoft.net\/shop\/producto\/2lan-regleta-19-8-schukos-interruptor\/#breadcrumb\",\"itemListElement\":[{\"@type\":\"ListItem\",\"position\":1,\"name\":\"Portada\",\"item\":\"https:\/\/aivlisoft.net\/shop\/\"},{\"@type\":\"ListItem\",\"position\":2,\"name\":\"Tienda\",\"item\":\"https:\/\/aivlisoft.net\/shop\/tienda\/\"},{\"@type\":\"ListItem\",\"position\":3,\"name\":\"2LAN Regleta 19&#8243; 8 Schukos Interruptor\"}]},{\"@type\":\"WebSite\",\"@id\":\"https:\/\/aivlisoft.net\/shop\/#website\",\"url\":\"https:\/\/aivlisoft.net\/shop\/\",\"name\":\"Aivlisoft Inform\u00e1tica\",\"description\":\"En Aivlisoft Inform\u00e1tica ofrecemos soluciones tecnol\u00f3gicas para empresas: venta de ordenadores, consumibles, perif\u00e9ricos y m\u00e1s. Calidad, atenci\u00f3n personalizada y los mejores precios para tu negocio.\",\"publisher\":{\"@id\":\"https:\/\/aivlisoft.net\/shop\/#organization\"},\"potentialAction\":[{\"@type\":\"SearchAction\",\"target\":{\"@type\":\"EntryPoint\",\"urlTemplate\":\"https:\/\/aivlisoft.net\/shop\/?s={search_term_string}\"},\"query-input\":{\"@type\":\"PropertyValueSpecification\",\"valueRequired\":true,\"valueName\":\"search_term_string\"}}],\"inLanguage\":\"es\"},{\"@type\":\"Organization\",\"@id\":\"https:\/\/aivlisoft.net\/shop\/#organization\",\"name\":\"Aivlisoft Inform\u00e1tica\",\"url\":\"https:\/\/aivlisoft.net\/shop\/\",\"logo\":{\"@type\":\"ImageObject\",\"inLanguage\":\"es\",\"@id\":\"https:\/\/aivlisoft.net\/shop\/#\/schema\/logo\/image\/\",\"url\":\"https:\/\/aivlisoft.net\/shop\/wp-content\/uploads\/2024\/12\/removal.ai_5b848c54-0cdf-4140-95c5-c5536bb7573b-logodef.png\",\"contentUrl\":\"https:\/\/aivlisoft.net\/shop\/wp-content\/uploads\/2024\/12\/removal.ai_5b848c54-0cdf-4140-95c5-c5536bb7573b-logodef.png\",\"width\":484,\"height\":182,\"caption\":\"Aivlisoft Inform\u00e1tica\"},\"image\":{\"@id\":\"https:\/\/aivlisoft.net\/shop\/#\/schema\/logo\/image\/\"}}]}<\/script>\n<!-- \/ Yoast SEO plugin. -->","yoast_head_json":{"title":"2LAN Regleta 19\" 8 Schukos Interruptor - Aivlisoft Inform\u00e1tica","robots":{"index":"index","follow":"follow","max-snippet":"max-snippet:-1","max-image-preview":"max-image-preview:large","max-video-preview":"max-video-preview:-1"},"canonical":"https:\/\/aivlisoft.net\/shop\/producto\/2lan-regleta-19-8-schukos-interruptor\/","og_locale":"es_ES","og_type":"article","og_title":"2LAN Regleta 19\" 8 Schukos Interruptor - Aivlisoft Inform\u00e1tica","og_description":"Regleta de alimentaci&oacute;n PDU para ancho de perfil est&aacute;ndar de 19&quot;, con 8 tomas schuko e interruptor.Indicada para cubrir las necesidades de alimentaci&oacute;n de los equipos electr&oacute;nicos en los armarios Marca 2LAN Modelo REG8SCHINT Caracter&iacute;sticas &#8211; Potencia: 250V \/ 16A; 3.500W. &#8211; Longitud del cable: 2m. &#8211; Manguera: 3 hilos x 1.5mm &oslash; &#8211; Interruptor&hellip;&nbsp;2LAN Regleta 19&#8243; 8 Schukos Interruptor","og_url":"https:\/\/aivlisoft.net\/shop\/producto\/2lan-regleta-19-8-schukos-interruptor\/","og_site_name":"Aivlisoft Inform\u00e1tica","article_modified_time":"2025-01-14T10:15:35+00:00","og_image":[{"width":800,"height":800,"url":"https:\/\/aivlisoft.net\/shop\/wp-content\/uploads\/2025\/01\/ANEAAA0347_800-1.jpg","type":"image\/jpeg"}],"twitter_card":"summary_large_image","schema":{"@context":"https:\/\/schema.org","@graph":[{"@type":"WebPage","@id":"https:\/\/aivlisoft.net\/shop\/producto\/2lan-regleta-19-8-schukos-interruptor\/","url":"https:\/\/aivlisoft.net\/shop\/producto\/2lan-regleta-19-8-schukos-interruptor\/","name":"2LAN Regleta 19\" 8 Schukos Interruptor - Aivlisoft Inform\u00e1tica","isPartOf":{"@id":"https:\/\/aivlisoft.net\/shop\/#website"},"primaryImageOfPage":{"@id":"https:\/\/aivlisoft.net\/shop\/producto\/2lan-regleta-19-8-schukos-interruptor\/#primaryimage"},"image":{"@id":"https:\/\/aivlisoft.net\/shop\/producto\/2lan-regleta-19-8-schukos-interruptor\/#primaryimage"},"thumbnailUrl":"https:\/\/aivlisoft.net\/shop\/wp-content\/uploads\/2025\/01\/ANEAAA0347_800-1.jpg","datePublished":"2025-01-13T13:22:27+00:00","dateModified":"2025-01-14T10:15:35+00:00","breadcrumb":{"@id":"https:\/\/aivlisoft.net\/shop\/producto\/2lan-regleta-19-8-schukos-interruptor\/#breadcrumb"},"inLanguage":"es","potentialAction":[{"@type":"ReadAction","target":["https:\/\/aivlisoft.net\/shop\/producto\/2lan-regleta-19-8-schukos-interruptor\/"]}]},{"@type":"ImageObject","inLanguage":"es","@id":"https:\/\/aivlisoft.net\/shop\/producto\/2lan-regleta-19-8-schukos-interruptor\/#primaryimage","url":"https:\/\/aivlisoft.net\/shop\/wp-content\/uploads\/2025\/01\/ANEAAA0347_800-1.jpg","contentUrl":"https:\/\/aivlisoft.net\/shop\/wp-content\/uploads\/2025\/01\/ANEAAA0347_800-1.jpg","width":800,"height":800},{"@type":"BreadcrumbList","@id":"https:\/\/aivlisoft.net\/shop\/producto\/2lan-regleta-19-8-schukos-interruptor\/#breadcrumb","itemListElement":[{"@type":"ListItem","position":1,"name":"Portada","item":"https:\/\/aivlisoft.net\/shop\/"},{"@type":"ListItem","position":2,"name":"Tienda","item":"https:\/\/aivlisoft.net\/shop\/tienda\/"},{"@type":"ListItem","position":3,"name":"2LAN Regleta 19&#8243; 8 Schukos Interruptor"}]},{"@type":"WebSite","@id":"https:\/\/aivlisoft.net\/shop\/#website","url":"https:\/\/aivlisoft.net\/shop\/","name":"Aivlisoft Inform\u00e1tica","description":"En Aivlisoft Inform\u00e1tica ofrecemos soluciones tecnol\u00f3gicas para empresas: venta de ordenadores, consumibles, perif\u00e9ricos y m\u00e1s. Calidad, atenci\u00f3n personalizada y los mejores precios para tu negocio.","publisher":{"@id":"https:\/\/aivlisoft.net\/shop\/#organization"},"potentialAction":[{"@type":"SearchAction","target":{"@type":"EntryPoint","urlTemplate":"https:\/\/aivlisoft.net\/shop\/?s={search_term_string}"},"query-input":{"@type":"PropertyValueSpecification","valueRequired":true,"valueName":"search_term_string"}}],"inLanguage":"es"},{"@type":"Organization","@id":"https:\/\/aivlisoft.net\/shop\/#organization","name":"Aivlisoft Inform\u00e1tica","url":"https:\/\/aivlisoft.net\/shop\/","logo":{"@type":"ImageObject","inLanguage":"es","@id":"https:\/\/aivlisoft.net\/shop\/#\/schema\/logo\/image\/","url":"https:\/\/aivlisoft.net\/shop\/wp-content\/uploads\/2024\/12\/removal.ai_5b848c54-0cdf-4140-95c5-c5536bb7573b-logodef.png","contentUrl":"https:\/\/aivlisoft.net\/shop\/wp-content\/uploads\/2024\/12\/removal.ai_5b848c54-0cdf-4140-95c5-c5536bb7573b-logodef.png","width":484,"height":182,"caption":"Aivlisoft Inform\u00e1tica"},"image":{"@id":"https:\/\/aivlisoft.net\/shop\/#\/schema\/logo\/image\/"}}]}},"_links":{"self":[{"href":"https:\/\/aivlisoft.net\/shop\/wp-json\/wp\/v2\/product\/4819","targetHints":{"allow":["GET"]}}],"collection":[{"href":"https:\/\/aivlisoft.net\/shop\/wp-json\/wp\/v2\/product"}],"about":[{"href":"https:\/\/aivlisoft.net\/shop\/wp-json\/wp\/v2\/types\/product"}],"wp:featuredmedia":[{"embeddable":true,"href":"https:\/\/aivlisoft.net\/shop\/wp-json\/wp\/v2\/media\/4820"}],"wp:attachment":[{"href":"https:\/\/aivlisoft.net\/shop\/wp-json\/wp\/v2\/media?parent=4819"}],"wp:term":[{"taxonomy":"product_brand","embeddable":true,"href":"https:\/\/aivlisoft.net\/shop\/wp-json\/wp\/v2\/product_brand?post=4819"},{"taxonomy":"product_cat","embeddable":true,"href":"https:\/\/aivlisoft.net\/shop\/wp-json\/wp\/v2\/product_cat?post=4819"},{"taxonomy":"product_tag","embeddable":true,"href":"https:\/\/aivlisoft.net\/shop\/wp-json\/wp\/v2\/product_tag?post=4819"}],"curies":[{"name":"wp","href":"https:\/\/api.w.org\/{rel}","templated":true}]}}