{"id":4735,"date":"2025-01-13T13:21:48","date_gmt":"2025-01-13T13:21:48","guid":{"rendered":"https:\/\/aivlisoft.com\/?post_type=product&#038;p=4735"},"modified":"2025-01-14T10:14:54","modified_gmt":"2025-01-14T10:14:54","slug":"wp-crimpadora-rj11-rj12-and-rj45-ratchet","status":"publish","type":"product","link":"https:\/\/aivlisoft.net\/shop\/producto\/wp-crimpadora-rj11-rj12-and-rj45-ratchet\/","title":{"rendered":"WP Crimpadora RJ11, RJ12 and RJ45\/ Ratchet"},"content":{"rendered":"<p>&#8211; Crimpadora modular con funciones de cortar y pelar<br \/>&#8211; Comprime RJ45, RJ12 y RJ11 enchufes modulares<br \/>&#8211; Los cortes y las tiras tanto para cable redondo y plano<br \/>&#8211; Mango de pl&aacute;stico durable<br \/>&#8211; Tipo de trinquete para controlar la tensi&oacute;n de la herramienta; necesita menos fuerza; f&aacute;cil de operar<br \/>&#8211; Acero templado de alta calidad con acabado &oacute;xido negro resiste la oxidaci&oacute;n<br \/>&#8211; Crimpea 8P8C \/ 6P6C \/ 6P4C \/ 4P4C RJ45 blindado conector modular<br \/>&#8211; Longitud: 190 mm<br \/>&#8211; Peso: 340 gr<\/p>\n","protected":false},"excerpt":{"rendered":"<p>&#8211; Crimpadora modular con funciones de cortar y pelar&#8211; Comprime RJ45, RJ12 y RJ11 enchufes modulares&#8211; Los cortes y las tiras tanto para cable redondo y plano&#8211; Mango de pl&aacute;stico durable&#8211; Tipo de trinquete para controlar la tensi&oacute;n de la herramienta; necesita menos fuerza; f&aacute;cil de operar&#8211; Acero templado de alta calidad con acabado &oacute;xido&hellip;&nbsp;<a href=\"https:\/\/aivlisoft.net\/shop\/producto\/wp-crimpadora-rj11-rj12-and-rj45-ratchet\/\" rel=\"bookmark\"><span class=\"screen-reader-text\">WP Crimpadora RJ11, RJ12 and RJ45\/ Ratchet<\/span><\/a><\/p>\n","protected":false},"featured_media":4736,"template":"","meta":{"neve_meta_sidebar":"","neve_meta_container":"","neve_meta_enable_content_width":"","neve_meta_content_width":0,"neve_meta_title_alignment":"","neve_meta_author_avatar":"","neve_post_elements_order":"","neve_meta_disable_header":"","neve_meta_disable_footer":"","neve_meta_disable_title":""},"product_brand":[],"product_cat":[8701],"product_tag":[1469],"class_list":{"0":"post-4735","1":"product","2":"type-product","3":"status-publish","4":"has-post-thumbnail","6":"product_cat-armarios-rack-y-accesorios","7":"product_tag-wpc-tla-002","9":"first","10":"instock","11":"taxable","12":"shipping-taxable","13":"purchasable","14":"product-type-simple"},"yoast_head":"<!-- This site is optimized with the Yoast SEO plugin v26.0 - https:\/\/yoast.com\/wordpress\/plugins\/seo\/ -->\n<title>WP Crimpadora RJ11, RJ12 and RJ45\/ Ratchet - Aivlisoft Inform\u00e1tica<\/title>\n<meta name=\"robots\" content=\"index, follow, max-snippet:-1, max-image-preview:large, max-video-preview:-1\" \/>\n<link rel=\"canonical\" href=\"https:\/\/aivlisoft.net\/shop\/producto\/wp-crimpadora-rj11-rj12-and-rj45-ratchet\/\" \/>\n<meta property=\"og:locale\" content=\"es_ES\" \/>\n<meta property=\"og:type\" content=\"article\" \/>\n<meta property=\"og:title\" content=\"WP Crimpadora RJ11, RJ12 and RJ45\/ Ratchet - Aivlisoft Inform\u00e1tica\" \/>\n<meta property=\"og:description\" content=\"&#8211; Crimpadora modular con funciones de cortar y pelar&#8211; Comprime RJ45, RJ12 y RJ11 enchufes modulares&#8211; Los cortes y las tiras tanto para cable redondo y plano&#8211; Mango de pl&aacute;stico durable&#8211; Tipo de trinquete para controlar la tensi&oacute;n de la herramienta; necesita menos fuerza; f&aacute;cil de operar&#8211; Acero templado de alta calidad con acabado &oacute;xido&hellip;&nbsp;WP Crimpadora RJ11, RJ12 and RJ45\/ Ratchet\" \/>\n<meta property=\"og:url\" content=\"https:\/\/aivlisoft.net\/shop\/producto\/wp-crimpadora-rj11-rj12-and-rj45-ratchet\/\" \/>\n<meta property=\"og:site_name\" content=\"Aivlisoft Inform\u00e1tica\" \/>\n<meta property=\"article:modified_time\" content=\"2025-01-14T10:14:54+00:00\" \/>\n<meta property=\"og:image\" content=\"https:\/\/aivlisoft.net\/shop\/wp-content\/uploads\/2025\/01\/ANEAAA0230_800-1.jpg\" \/>\n\t<meta property=\"og:image:width\" content=\"800\" \/>\n\t<meta property=\"og:image:height\" content=\"800\" \/>\n\t<meta property=\"og:image:type\" content=\"image\/jpeg\" \/>\n<meta name=\"twitter:card\" content=\"summary_large_image\" \/>\n<script type=\"application\/ld+json\" class=\"yoast-schema-graph\">{\"@context\":\"https:\/\/schema.org\",\"@graph\":[{\"@type\":\"WebPage\",\"@id\":\"https:\/\/aivlisoft.net\/shop\/producto\/wp-crimpadora-rj11-rj12-and-rj45-ratchet\/\",\"url\":\"https:\/\/aivlisoft.net\/shop\/producto\/wp-crimpadora-rj11-rj12-and-rj45-ratchet\/\",\"name\":\"WP Crimpadora RJ11, RJ12 and RJ45\/ Ratchet - Aivlisoft Inform\u00e1tica\",\"isPartOf\":{\"@id\":\"https:\/\/aivlisoft.net\/shop\/#website\"},\"primaryImageOfPage\":{\"@id\":\"https:\/\/aivlisoft.net\/shop\/producto\/wp-crimpadora-rj11-rj12-and-rj45-ratchet\/#primaryimage\"},\"image\":{\"@id\":\"https:\/\/aivlisoft.net\/shop\/producto\/wp-crimpadora-rj11-rj12-and-rj45-ratchet\/#primaryimage\"},\"thumbnailUrl\":\"https:\/\/aivlisoft.net\/shop\/wp-content\/uploads\/2025\/01\/ANEAAA0230_800-1.jpg\",\"datePublished\":\"2025-01-13T13:21:48+00:00\",\"dateModified\":\"2025-01-14T10:14:54+00:00\",\"breadcrumb\":{\"@id\":\"https:\/\/aivlisoft.net\/shop\/producto\/wp-crimpadora-rj11-rj12-and-rj45-ratchet\/#breadcrumb\"},\"inLanguage\":\"es\",\"potentialAction\":[{\"@type\":\"ReadAction\",\"target\":[\"https:\/\/aivlisoft.net\/shop\/producto\/wp-crimpadora-rj11-rj12-and-rj45-ratchet\/\"]}]},{\"@type\":\"ImageObject\",\"inLanguage\":\"es\",\"@id\":\"https:\/\/aivlisoft.net\/shop\/producto\/wp-crimpadora-rj11-rj12-and-rj45-ratchet\/#primaryimage\",\"url\":\"https:\/\/aivlisoft.net\/shop\/wp-content\/uploads\/2025\/01\/ANEAAA0230_800-1.jpg\",\"contentUrl\":\"https:\/\/aivlisoft.net\/shop\/wp-content\/uploads\/2025\/01\/ANEAAA0230_800-1.jpg\",\"width\":800,\"height\":800},{\"@type\":\"BreadcrumbList\",\"@id\":\"https:\/\/aivlisoft.net\/shop\/producto\/wp-crimpadora-rj11-rj12-and-rj45-ratchet\/#breadcrumb\",\"itemListElement\":[{\"@type\":\"ListItem\",\"position\":1,\"name\":\"Portada\",\"item\":\"https:\/\/aivlisoft.net\/shop\/\"},{\"@type\":\"ListItem\",\"position\":2,\"name\":\"Tienda\",\"item\":\"https:\/\/aivlisoft.net\/shop\/tienda\/\"},{\"@type\":\"ListItem\",\"position\":3,\"name\":\"WP Crimpadora RJ11, RJ12 and RJ45\/ Ratchet\"}]},{\"@type\":\"WebSite\",\"@id\":\"https:\/\/aivlisoft.net\/shop\/#website\",\"url\":\"https:\/\/aivlisoft.net\/shop\/\",\"name\":\"Aivlisoft Inform\u00e1tica\",\"description\":\"En Aivlisoft Inform\u00e1tica ofrecemos soluciones tecnol\u00f3gicas para empresas: venta de ordenadores, consumibles, perif\u00e9ricos y m\u00e1s. Calidad, atenci\u00f3n personalizada y los mejores precios para tu negocio.\",\"publisher\":{\"@id\":\"https:\/\/aivlisoft.net\/shop\/#organization\"},\"potentialAction\":[{\"@type\":\"SearchAction\",\"target\":{\"@type\":\"EntryPoint\",\"urlTemplate\":\"https:\/\/aivlisoft.net\/shop\/?s={search_term_string}\"},\"query-input\":{\"@type\":\"PropertyValueSpecification\",\"valueRequired\":true,\"valueName\":\"search_term_string\"}}],\"inLanguage\":\"es\"},{\"@type\":\"Organization\",\"@id\":\"https:\/\/aivlisoft.net\/shop\/#organization\",\"name\":\"Aivlisoft Inform\u00e1tica\",\"url\":\"https:\/\/aivlisoft.net\/shop\/\",\"logo\":{\"@type\":\"ImageObject\",\"inLanguage\":\"es\",\"@id\":\"https:\/\/aivlisoft.net\/shop\/#\/schema\/logo\/image\/\",\"url\":\"https:\/\/aivlisoft.net\/shop\/wp-content\/uploads\/2024\/12\/removal.ai_5b848c54-0cdf-4140-95c5-c5536bb7573b-logodef.png\",\"contentUrl\":\"https:\/\/aivlisoft.net\/shop\/wp-content\/uploads\/2024\/12\/removal.ai_5b848c54-0cdf-4140-95c5-c5536bb7573b-logodef.png\",\"width\":484,\"height\":182,\"caption\":\"Aivlisoft Inform\u00e1tica\"},\"image\":{\"@id\":\"https:\/\/aivlisoft.net\/shop\/#\/schema\/logo\/image\/\"}}]}<\/script>\n<!-- \/ Yoast SEO plugin. -->","yoast_head_json":{"title":"WP Crimpadora RJ11, RJ12 and RJ45\/ Ratchet - Aivlisoft Inform\u00e1tica","robots":{"index":"index","follow":"follow","max-snippet":"max-snippet:-1","max-image-preview":"max-image-preview:large","max-video-preview":"max-video-preview:-1"},"canonical":"https:\/\/aivlisoft.net\/shop\/producto\/wp-crimpadora-rj11-rj12-and-rj45-ratchet\/","og_locale":"es_ES","og_type":"article","og_title":"WP Crimpadora RJ11, RJ12 and RJ45\/ Ratchet - Aivlisoft Inform\u00e1tica","og_description":"&#8211; Crimpadora modular con funciones de cortar y pelar&#8211; Comprime RJ45, RJ12 y RJ11 enchufes modulares&#8211; Los cortes y las tiras tanto para cable redondo y plano&#8211; Mango de pl&aacute;stico durable&#8211; Tipo de trinquete para controlar la tensi&oacute;n de la herramienta; necesita menos fuerza; f&aacute;cil de operar&#8211; Acero templado de alta calidad con acabado &oacute;xido&hellip;&nbsp;WP Crimpadora RJ11, RJ12 and RJ45\/ Ratchet","og_url":"https:\/\/aivlisoft.net\/shop\/producto\/wp-crimpadora-rj11-rj12-and-rj45-ratchet\/","og_site_name":"Aivlisoft Inform\u00e1tica","article_modified_time":"2025-01-14T10:14:54+00:00","og_image":[{"width":800,"height":800,"url":"https:\/\/aivlisoft.net\/shop\/wp-content\/uploads\/2025\/01\/ANEAAA0230_800-1.jpg","type":"image\/jpeg"}],"twitter_card":"summary_large_image","schema":{"@context":"https:\/\/schema.org","@graph":[{"@type":"WebPage","@id":"https:\/\/aivlisoft.net\/shop\/producto\/wp-crimpadora-rj11-rj12-and-rj45-ratchet\/","url":"https:\/\/aivlisoft.net\/shop\/producto\/wp-crimpadora-rj11-rj12-and-rj45-ratchet\/","name":"WP Crimpadora RJ11, RJ12 and RJ45\/ Ratchet - Aivlisoft Inform\u00e1tica","isPartOf":{"@id":"https:\/\/aivlisoft.net\/shop\/#website"},"primaryImageOfPage":{"@id":"https:\/\/aivlisoft.net\/shop\/producto\/wp-crimpadora-rj11-rj12-and-rj45-ratchet\/#primaryimage"},"image":{"@id":"https:\/\/aivlisoft.net\/shop\/producto\/wp-crimpadora-rj11-rj12-and-rj45-ratchet\/#primaryimage"},"thumbnailUrl":"https:\/\/aivlisoft.net\/shop\/wp-content\/uploads\/2025\/01\/ANEAAA0230_800-1.jpg","datePublished":"2025-01-13T13:21:48+00:00","dateModified":"2025-01-14T10:14:54+00:00","breadcrumb":{"@id":"https:\/\/aivlisoft.net\/shop\/producto\/wp-crimpadora-rj11-rj12-and-rj45-ratchet\/#breadcrumb"},"inLanguage":"es","potentialAction":[{"@type":"ReadAction","target":["https:\/\/aivlisoft.net\/shop\/producto\/wp-crimpadora-rj11-rj12-and-rj45-ratchet\/"]}]},{"@type":"ImageObject","inLanguage":"es","@id":"https:\/\/aivlisoft.net\/shop\/producto\/wp-crimpadora-rj11-rj12-and-rj45-ratchet\/#primaryimage","url":"https:\/\/aivlisoft.net\/shop\/wp-content\/uploads\/2025\/01\/ANEAAA0230_800-1.jpg","contentUrl":"https:\/\/aivlisoft.net\/shop\/wp-content\/uploads\/2025\/01\/ANEAAA0230_800-1.jpg","width":800,"height":800},{"@type":"BreadcrumbList","@id":"https:\/\/aivlisoft.net\/shop\/producto\/wp-crimpadora-rj11-rj12-and-rj45-ratchet\/#breadcrumb","itemListElement":[{"@type":"ListItem","position":1,"name":"Portada","item":"https:\/\/aivlisoft.net\/shop\/"},{"@type":"ListItem","position":2,"name":"Tienda","item":"https:\/\/aivlisoft.net\/shop\/tienda\/"},{"@type":"ListItem","position":3,"name":"WP Crimpadora RJ11, RJ12 and RJ45\/ Ratchet"}]},{"@type":"WebSite","@id":"https:\/\/aivlisoft.net\/shop\/#website","url":"https:\/\/aivlisoft.net\/shop\/","name":"Aivlisoft Inform\u00e1tica","description":"En Aivlisoft Inform\u00e1tica ofrecemos soluciones tecnol\u00f3gicas para empresas: venta de ordenadores, consumibles, perif\u00e9ricos y m\u00e1s. Calidad, atenci\u00f3n personalizada y los mejores precios para tu negocio.","publisher":{"@id":"https:\/\/aivlisoft.net\/shop\/#organization"},"potentialAction":[{"@type":"SearchAction","target":{"@type":"EntryPoint","urlTemplate":"https:\/\/aivlisoft.net\/shop\/?s={search_term_string}"},"query-input":{"@type":"PropertyValueSpecification","valueRequired":true,"valueName":"search_term_string"}}],"inLanguage":"es"},{"@type":"Organization","@id":"https:\/\/aivlisoft.net\/shop\/#organization","name":"Aivlisoft Inform\u00e1tica","url":"https:\/\/aivlisoft.net\/shop\/","logo":{"@type":"ImageObject","inLanguage":"es","@id":"https:\/\/aivlisoft.net\/shop\/#\/schema\/logo\/image\/","url":"https:\/\/aivlisoft.net\/shop\/wp-content\/uploads\/2024\/12\/removal.ai_5b848c54-0cdf-4140-95c5-c5536bb7573b-logodef.png","contentUrl":"https:\/\/aivlisoft.net\/shop\/wp-content\/uploads\/2024\/12\/removal.ai_5b848c54-0cdf-4140-95c5-c5536bb7573b-logodef.png","width":484,"height":182,"caption":"Aivlisoft Inform\u00e1tica"},"image":{"@id":"https:\/\/aivlisoft.net\/shop\/#\/schema\/logo\/image\/"}}]}},"_links":{"self":[{"href":"https:\/\/aivlisoft.net\/shop\/wp-json\/wp\/v2\/product\/4735","targetHints":{"allow":["GET"]}}],"collection":[{"href":"https:\/\/aivlisoft.net\/shop\/wp-json\/wp\/v2\/product"}],"about":[{"href":"https:\/\/aivlisoft.net\/shop\/wp-json\/wp\/v2\/types\/product"}],"wp:featuredmedia":[{"embeddable":true,"href":"https:\/\/aivlisoft.net\/shop\/wp-json\/wp\/v2\/media\/4736"}],"wp:attachment":[{"href":"https:\/\/aivlisoft.net\/shop\/wp-json\/wp\/v2\/media?parent=4735"}],"wp:term":[{"taxonomy":"product_brand","embeddable":true,"href":"https:\/\/aivlisoft.net\/shop\/wp-json\/wp\/v2\/product_brand?post=4735"},{"taxonomy":"product_cat","embeddable":true,"href":"https:\/\/aivlisoft.net\/shop\/wp-json\/wp\/v2\/product_cat?post=4735"},{"taxonomy":"product_tag","embeddable":true,"href":"https:\/\/aivlisoft.net\/shop\/wp-json\/wp\/v2\/product_tag?post=4735"}],"curies":[{"name":"wp","href":"https:\/\/api.w.org\/{rel}","templated":true}]}}