{"id":4691,"date":"2025-01-13T13:21:30","date_gmt":"2025-01-13T13:21:30","guid":{"rendered":"https:\/\/aivlisoft.com\/?post_type=product&#038;p=4691"},"modified":"2025-01-14T10:14:29","modified_gmt":"2025-01-14T10:14:29","slug":"monolyth-armario-19-32u-dr6632-data-rack-negro-sa","status":"publish","type":"product","link":"https:\/\/aivlisoft.net\/shop\/producto\/monolyth-armario-19-32u-dr6632-data-rack-negro-sa\/","title":{"rendered":"Monolyth Armario 19&#8243; 32U DR6632 Data Rack Negro SA"},"content":{"rendered":"<p>Los armarios openframe o bastidores abiertos de datos permiten gran capacidad en muy poco espacio y con una perfecta ventilaci&oacute;n. Esta serie tambi&eacute;n proporciona un f&aacute;cil acceso a los cables y equipos para su mantenimiento y posibles modificaciones y actualizaciones. Dise&ntilde;o de marco abierto y fabricaci&oacute;n en acero, para obtener fiabilidad, resistencia y m&aacute;xima ventilaci&oacute;n. Incluye ruedas giratorias para su portabilidad, as&iacute; como rieles ajustables para mayor versatilidad, siendo compatible tanto con bandejas fijas como con bandejas deslizantes.<\/p>\n<table class=\"tabla_caracteristicas k-table\" width=\"100%\">\n<tbody>\n<tr>\n<td><strong>Marca<\/strong><\/td>\n<td>Monolyth<\/td>\n<\/tr>\n<tr>\n<td><strong>Modelo<\/strong><\/td>\n<td><strong>504011-0<\/strong><\/td>\n<\/tr>\n<tr>\n<td><strong>Tipo<\/strong><\/td>\n<td>&#8211; Armario Rack<\/td>\n<\/tr>\n<tr>\n<td valign=\"top\"><strong>Caracter&iacute;sticas<\/strong><\/td>\n<td>&#8211; Dise&ntilde;o modular para f&aacute;cil montaje y desmontaje.<br \/>&#8211; Ruedas giratorias para mejor portabilidad.<br \/><strong>Material y acabados<\/strong><br \/>&#8211; Construcci&oacute;n de acero laminado en fr&iacute;o SPCC.<br \/>&#8211; Atractivo acabado de pintura granulada.<br \/>&#8211; Color: RAL9004 &#8211; Negro<br \/><strong>Especificaciones<\/strong><br \/>&#8211; Carga est&aacute;tica: 150kg.<br \/>&#8211; Base y marcos superior e inferior grosor 2.0mm.<br \/>&#8211; Grosor columna: 1.5mm.<br \/><strong>Est&aacute;ndares<\/strong><br \/>&#8211; ANS \/ EIA RS-310-D, IEC297-2, DIN41491 parte 1, DIN41494 parte 7, GB \/ T3047.2-92 Fabricado en una instalaci&oacute;n con certificaci&oacute;n &lsquo;ISO9001<br \/><strong>Dimensiones<br \/><\/strong>&#8211; Ancho 600mm<br \/>&#8211; Profundidad 600m<br \/>&#8211; Altura: 1552mm<br \/>&#8211; Volumen: 0.1600 (CBM)<\/td>\n<\/tr>\n<tr>\n<td><strong>Fecha Revisi&oacute;n<\/strong><\/td>\n<td>21-06-2017 por MSB<\/td>\n<\/tr>\n<\/tbody>\n<\/table>\n","protected":false},"excerpt":{"rendered":"<p>Los armarios openframe o bastidores abiertos de datos permiten gran capacidad en muy poco espacio y con una perfecta ventilaci&oacute;n. Esta serie tambi&eacute;n proporciona un f&aacute;cil acceso a los cables y equipos para su mantenimiento y posibles modificaciones y actualizaciones. Dise&ntilde;o de marco abierto y fabricaci&oacute;n en acero, para obtener fiabilidad, resistencia y m&aacute;xima ventilaci&oacute;n.&hellip;&nbsp;<a href=\"https:\/\/aivlisoft.net\/shop\/producto\/monolyth-armario-19-32u-dr6632-data-rack-negro-sa\/\" rel=\"bookmark\"><span class=\"screen-reader-text\">Monolyth Armario 19&#8243; 32U DR6632 Data Rack Negro SA<\/span><\/a><\/p>\n","protected":false},"featured_media":4692,"template":"","meta":{"neve_meta_sidebar":"","neve_meta_container":"","neve_meta_enable_content_width":"","neve_meta_content_width":0,"neve_meta_title_alignment":"","neve_meta_author_avatar":"","neve_post_elements_order":"","neve_meta_disable_header":"","neve_meta_disable_footer":"","neve_meta_disable_title":""},"product_brand":[],"product_cat":[8701],"product_tag":[1447],"class_list":{"0":"post-4691","1":"product","2":"type-product","3":"status-publish","4":"has-post-thumbnail","6":"product_cat-armarios-rack-y-accesorios","7":"product_tag-1447","9":"first","10":"instock","11":"taxable","12":"shipping-taxable","13":"purchasable","14":"product-type-simple"},"yoast_head":"<!-- This site is optimized with the Yoast SEO plugin v26.0 - https:\/\/yoast.com\/wordpress\/plugins\/seo\/ -->\n<title>Monolyth Armario 19&quot; 32U DR6632 Data Rack Negro SA - Aivlisoft Inform\u00e1tica<\/title>\n<meta name=\"robots\" content=\"index, follow, max-snippet:-1, max-image-preview:large, max-video-preview:-1\" \/>\n<link rel=\"canonical\" href=\"https:\/\/aivlisoft.net\/shop\/producto\/monolyth-armario-19-32u-dr6632-data-rack-negro-sa\/\" \/>\n<meta property=\"og:locale\" content=\"es_ES\" \/>\n<meta property=\"og:type\" content=\"article\" \/>\n<meta property=\"og:title\" content=\"Monolyth Armario 19&quot; 32U DR6632 Data Rack Negro SA - Aivlisoft Inform\u00e1tica\" \/>\n<meta property=\"og:description\" content=\"Los armarios openframe o bastidores abiertos de datos permiten gran capacidad en muy poco espacio y con una perfecta ventilaci&oacute;n. Esta serie tambi&eacute;n proporciona un f&aacute;cil acceso a los cables y equipos para su mantenimiento y posibles modificaciones y actualizaciones. Dise&ntilde;o de marco abierto y fabricaci&oacute;n en acero, para obtener fiabilidad, resistencia y m&aacute;xima ventilaci&oacute;n.&hellip;&nbsp;Monolyth Armario 19&#8243; 32U DR6632 Data Rack Negro SA\" \/>\n<meta property=\"og:url\" content=\"https:\/\/aivlisoft.net\/shop\/producto\/monolyth-armario-19-32u-dr6632-data-rack-negro-sa\/\" \/>\n<meta property=\"og:site_name\" content=\"Aivlisoft Inform\u00e1tica\" \/>\n<meta property=\"article:modified_time\" content=\"2025-01-14T10:14:29+00:00\" \/>\n<meta property=\"og:image\" content=\"https:\/\/aivlisoft.net\/shop\/wp-content\/uploads\/2025\/01\/ANEAAA0179_800-1.jpg\" \/>\n\t<meta property=\"og:image:width\" content=\"800\" \/>\n\t<meta property=\"og:image:height\" content=\"800\" \/>\n\t<meta property=\"og:image:type\" content=\"image\/jpeg\" \/>\n<meta name=\"twitter:card\" content=\"summary_large_image\" \/>\n<meta name=\"twitter:label1\" content=\"Tiempo de lectura\" \/>\n\t<meta name=\"twitter:data1\" content=\"1 minuto\" \/>\n<script type=\"application\/ld+json\" class=\"yoast-schema-graph\">{\"@context\":\"https:\/\/schema.org\",\"@graph\":[{\"@type\":\"WebPage\",\"@id\":\"https:\/\/aivlisoft.net\/shop\/producto\/monolyth-armario-19-32u-dr6632-data-rack-negro-sa\/\",\"url\":\"https:\/\/aivlisoft.net\/shop\/producto\/monolyth-armario-19-32u-dr6632-data-rack-negro-sa\/\",\"name\":\"Monolyth Armario 19\\\" 32U DR6632 Data Rack Negro SA - Aivlisoft Inform\u00e1tica\",\"isPartOf\":{\"@id\":\"https:\/\/aivlisoft.net\/shop\/#website\"},\"primaryImageOfPage\":{\"@id\":\"https:\/\/aivlisoft.net\/shop\/producto\/monolyth-armario-19-32u-dr6632-data-rack-negro-sa\/#primaryimage\"},\"image\":{\"@id\":\"https:\/\/aivlisoft.net\/shop\/producto\/monolyth-armario-19-32u-dr6632-data-rack-negro-sa\/#primaryimage\"},\"thumbnailUrl\":\"https:\/\/aivlisoft.net\/shop\/wp-content\/uploads\/2025\/01\/ANEAAA0179_800-1.jpg\",\"datePublished\":\"2025-01-13T13:21:30+00:00\",\"dateModified\":\"2025-01-14T10:14:29+00:00\",\"breadcrumb\":{\"@id\":\"https:\/\/aivlisoft.net\/shop\/producto\/monolyth-armario-19-32u-dr6632-data-rack-negro-sa\/#breadcrumb\"},\"inLanguage\":\"es\",\"potentialAction\":[{\"@type\":\"ReadAction\",\"target\":[\"https:\/\/aivlisoft.net\/shop\/producto\/monolyth-armario-19-32u-dr6632-data-rack-negro-sa\/\"]}]},{\"@type\":\"ImageObject\",\"inLanguage\":\"es\",\"@id\":\"https:\/\/aivlisoft.net\/shop\/producto\/monolyth-armario-19-32u-dr6632-data-rack-negro-sa\/#primaryimage\",\"url\":\"https:\/\/aivlisoft.net\/shop\/wp-content\/uploads\/2025\/01\/ANEAAA0179_800-1.jpg\",\"contentUrl\":\"https:\/\/aivlisoft.net\/shop\/wp-content\/uploads\/2025\/01\/ANEAAA0179_800-1.jpg\",\"width\":800,\"height\":800},{\"@type\":\"BreadcrumbList\",\"@id\":\"https:\/\/aivlisoft.net\/shop\/producto\/monolyth-armario-19-32u-dr6632-data-rack-negro-sa\/#breadcrumb\",\"itemListElement\":[{\"@type\":\"ListItem\",\"position\":1,\"name\":\"Portada\",\"item\":\"https:\/\/aivlisoft.net\/shop\/\"},{\"@type\":\"ListItem\",\"position\":2,\"name\":\"Tienda\",\"item\":\"https:\/\/aivlisoft.net\/shop\/tienda\/\"},{\"@type\":\"ListItem\",\"position\":3,\"name\":\"Monolyth Armario 19&#8243; 32U DR6632 Data Rack Negro SA\"}]},{\"@type\":\"WebSite\",\"@id\":\"https:\/\/aivlisoft.net\/shop\/#website\",\"url\":\"https:\/\/aivlisoft.net\/shop\/\",\"name\":\"Aivlisoft Inform\u00e1tica\",\"description\":\"En Aivlisoft Inform\u00e1tica ofrecemos soluciones tecnol\u00f3gicas para empresas: venta de ordenadores, consumibles, perif\u00e9ricos y m\u00e1s. Calidad, atenci\u00f3n personalizada y los mejores precios para tu negocio.\",\"publisher\":{\"@id\":\"https:\/\/aivlisoft.net\/shop\/#organization\"},\"potentialAction\":[{\"@type\":\"SearchAction\",\"target\":{\"@type\":\"EntryPoint\",\"urlTemplate\":\"https:\/\/aivlisoft.net\/shop\/?s={search_term_string}\"},\"query-input\":{\"@type\":\"PropertyValueSpecification\",\"valueRequired\":true,\"valueName\":\"search_term_string\"}}],\"inLanguage\":\"es\"},{\"@type\":\"Organization\",\"@id\":\"https:\/\/aivlisoft.net\/shop\/#organization\",\"name\":\"Aivlisoft Inform\u00e1tica\",\"url\":\"https:\/\/aivlisoft.net\/shop\/\",\"logo\":{\"@type\":\"ImageObject\",\"inLanguage\":\"es\",\"@id\":\"https:\/\/aivlisoft.net\/shop\/#\/schema\/logo\/image\/\",\"url\":\"https:\/\/aivlisoft.net\/shop\/wp-content\/uploads\/2024\/12\/removal.ai_5b848c54-0cdf-4140-95c5-c5536bb7573b-logodef.png\",\"contentUrl\":\"https:\/\/aivlisoft.net\/shop\/wp-content\/uploads\/2024\/12\/removal.ai_5b848c54-0cdf-4140-95c5-c5536bb7573b-logodef.png\",\"width\":484,\"height\":182,\"caption\":\"Aivlisoft Inform\u00e1tica\"},\"image\":{\"@id\":\"https:\/\/aivlisoft.net\/shop\/#\/schema\/logo\/image\/\"}}]}<\/script>\n<!-- \/ Yoast SEO plugin. -->","yoast_head_json":{"title":"Monolyth Armario 19\" 32U DR6632 Data Rack Negro SA - Aivlisoft Inform\u00e1tica","robots":{"index":"index","follow":"follow","max-snippet":"max-snippet:-1","max-image-preview":"max-image-preview:large","max-video-preview":"max-video-preview:-1"},"canonical":"https:\/\/aivlisoft.net\/shop\/producto\/monolyth-armario-19-32u-dr6632-data-rack-negro-sa\/","og_locale":"es_ES","og_type":"article","og_title":"Monolyth Armario 19\" 32U DR6632 Data Rack Negro SA - Aivlisoft Inform\u00e1tica","og_description":"Los armarios openframe o bastidores abiertos de datos permiten gran capacidad en muy poco espacio y con una perfecta ventilaci&oacute;n. Esta serie tambi&eacute;n proporciona un f&aacute;cil acceso a los cables y equipos para su mantenimiento y posibles modificaciones y actualizaciones. Dise&ntilde;o de marco abierto y fabricaci&oacute;n en acero, para obtener fiabilidad, resistencia y m&aacute;xima ventilaci&oacute;n.&hellip;&nbsp;Monolyth Armario 19&#8243; 32U DR6632 Data Rack Negro SA","og_url":"https:\/\/aivlisoft.net\/shop\/producto\/monolyth-armario-19-32u-dr6632-data-rack-negro-sa\/","og_site_name":"Aivlisoft Inform\u00e1tica","article_modified_time":"2025-01-14T10:14:29+00:00","og_image":[{"width":800,"height":800,"url":"https:\/\/aivlisoft.net\/shop\/wp-content\/uploads\/2025\/01\/ANEAAA0179_800-1.jpg","type":"image\/jpeg"}],"twitter_card":"summary_large_image","twitter_misc":{"Tiempo de lectura":"1 minuto"},"schema":{"@context":"https:\/\/schema.org","@graph":[{"@type":"WebPage","@id":"https:\/\/aivlisoft.net\/shop\/producto\/monolyth-armario-19-32u-dr6632-data-rack-negro-sa\/","url":"https:\/\/aivlisoft.net\/shop\/producto\/monolyth-armario-19-32u-dr6632-data-rack-negro-sa\/","name":"Monolyth Armario 19\" 32U DR6632 Data Rack Negro SA - Aivlisoft Inform\u00e1tica","isPartOf":{"@id":"https:\/\/aivlisoft.net\/shop\/#website"},"primaryImageOfPage":{"@id":"https:\/\/aivlisoft.net\/shop\/producto\/monolyth-armario-19-32u-dr6632-data-rack-negro-sa\/#primaryimage"},"image":{"@id":"https:\/\/aivlisoft.net\/shop\/producto\/monolyth-armario-19-32u-dr6632-data-rack-negro-sa\/#primaryimage"},"thumbnailUrl":"https:\/\/aivlisoft.net\/shop\/wp-content\/uploads\/2025\/01\/ANEAAA0179_800-1.jpg","datePublished":"2025-01-13T13:21:30+00:00","dateModified":"2025-01-14T10:14:29+00:00","breadcrumb":{"@id":"https:\/\/aivlisoft.net\/shop\/producto\/monolyth-armario-19-32u-dr6632-data-rack-negro-sa\/#breadcrumb"},"inLanguage":"es","potentialAction":[{"@type":"ReadAction","target":["https:\/\/aivlisoft.net\/shop\/producto\/monolyth-armario-19-32u-dr6632-data-rack-negro-sa\/"]}]},{"@type":"ImageObject","inLanguage":"es","@id":"https:\/\/aivlisoft.net\/shop\/producto\/monolyth-armario-19-32u-dr6632-data-rack-negro-sa\/#primaryimage","url":"https:\/\/aivlisoft.net\/shop\/wp-content\/uploads\/2025\/01\/ANEAAA0179_800-1.jpg","contentUrl":"https:\/\/aivlisoft.net\/shop\/wp-content\/uploads\/2025\/01\/ANEAAA0179_800-1.jpg","width":800,"height":800},{"@type":"BreadcrumbList","@id":"https:\/\/aivlisoft.net\/shop\/producto\/monolyth-armario-19-32u-dr6632-data-rack-negro-sa\/#breadcrumb","itemListElement":[{"@type":"ListItem","position":1,"name":"Portada","item":"https:\/\/aivlisoft.net\/shop\/"},{"@type":"ListItem","position":2,"name":"Tienda","item":"https:\/\/aivlisoft.net\/shop\/tienda\/"},{"@type":"ListItem","position":3,"name":"Monolyth Armario 19&#8243; 32U DR6632 Data Rack Negro SA"}]},{"@type":"WebSite","@id":"https:\/\/aivlisoft.net\/shop\/#website","url":"https:\/\/aivlisoft.net\/shop\/","name":"Aivlisoft Inform\u00e1tica","description":"En Aivlisoft Inform\u00e1tica ofrecemos soluciones tecnol\u00f3gicas para empresas: venta de ordenadores, consumibles, perif\u00e9ricos y m\u00e1s. Calidad, atenci\u00f3n personalizada y los mejores precios para tu negocio.","publisher":{"@id":"https:\/\/aivlisoft.net\/shop\/#organization"},"potentialAction":[{"@type":"SearchAction","target":{"@type":"EntryPoint","urlTemplate":"https:\/\/aivlisoft.net\/shop\/?s={search_term_string}"},"query-input":{"@type":"PropertyValueSpecification","valueRequired":true,"valueName":"search_term_string"}}],"inLanguage":"es"},{"@type":"Organization","@id":"https:\/\/aivlisoft.net\/shop\/#organization","name":"Aivlisoft Inform\u00e1tica","url":"https:\/\/aivlisoft.net\/shop\/","logo":{"@type":"ImageObject","inLanguage":"es","@id":"https:\/\/aivlisoft.net\/shop\/#\/schema\/logo\/image\/","url":"https:\/\/aivlisoft.net\/shop\/wp-content\/uploads\/2024\/12\/removal.ai_5b848c54-0cdf-4140-95c5-c5536bb7573b-logodef.png","contentUrl":"https:\/\/aivlisoft.net\/shop\/wp-content\/uploads\/2024\/12\/removal.ai_5b848c54-0cdf-4140-95c5-c5536bb7573b-logodef.png","width":484,"height":182,"caption":"Aivlisoft Inform\u00e1tica"},"image":{"@id":"https:\/\/aivlisoft.net\/shop\/#\/schema\/logo\/image\/"}}]}},"_links":{"self":[{"href":"https:\/\/aivlisoft.net\/shop\/wp-json\/wp\/v2\/product\/4691","targetHints":{"allow":["GET"]}}],"collection":[{"href":"https:\/\/aivlisoft.net\/shop\/wp-json\/wp\/v2\/product"}],"about":[{"href":"https:\/\/aivlisoft.net\/shop\/wp-json\/wp\/v2\/types\/product"}],"wp:featuredmedia":[{"embeddable":true,"href":"https:\/\/aivlisoft.net\/shop\/wp-json\/wp\/v2\/media\/4692"}],"wp:attachment":[{"href":"https:\/\/aivlisoft.net\/shop\/wp-json\/wp\/v2\/media?parent=4691"}],"wp:term":[{"taxonomy":"product_brand","embeddable":true,"href":"https:\/\/aivlisoft.net\/shop\/wp-json\/wp\/v2\/product_brand?post=4691"},{"taxonomy":"product_cat","embeddable":true,"href":"https:\/\/aivlisoft.net\/shop\/wp-json\/wp\/v2\/product_cat?post=4691"},{"taxonomy":"product_tag","embeddable":true,"href":"https:\/\/aivlisoft.net\/shop\/wp-json\/wp\/v2\/product_tag?post=4691"}],"curies":[{"name":"wp","href":"https:\/\/api.w.org\/{rel}","templated":true}]}}