{"id":4580,"date":"2025-01-13T13:20:47","date_gmt":"2025-01-13T13:20:47","guid":{"rendered":"https:\/\/aivlisoft.com\/?post_type=product&#038;p=4580"},"modified":"2025-01-14T10:13:33","modified_gmt":"2025-01-14T10:13:33","slug":"ewent-ew5614-pulverizador-limpieza-en-seco-200-ml","status":"publish","type":"product","link":"https:\/\/aivlisoft.net\/shop\/producto\/ewent-ew5614-pulverizador-limpieza-en-seco-200-ml\/","title":{"rendered":"EWENT EW5614  Pulverizador limpieza en seco 200 ml"},"content":{"rendered":"<p>Ewent <strong>EW5614 <\/strong>Desoxidante seco para contactos el&eacute;ctricos ideal para grupos y sensores de control electromec&aacute;nico.<\/p>\n<table class=\"tabla_caracteristicas\" width=\"100%\">\n<tr>\n<td valign=\"top\"><strong>Marca<\/strong><\/td>\n<td>Ewent<\/td>\n<\/tr>\n<tr>\n<td valign=\"top\"><strong>Modelo<\/strong><\/td>\n<td><strong>EW5614<\/strong><\/td>\n<\/tr>\n<tr>\n<td valign=\"top\"><strong>Caracter&iacute;sticas<\/strong><\/td>\n<td>&#8211; Desoxidante seco para contactos el&eacute;ctricos<br \/>\t\t\t&#8211; Evita la humedad<br \/>\t\t\t&#8211; Sin residuos<br \/>\t\t\t&#8211; Se evapora r&aacute;pidamente<br \/>\t\t\t&#8211; 100% Respeta el ozono<br \/>\t\t\t&#8211; Contenido: 200ml<br \/>\t\t\t&#8211; Mezcla de disolventes alif&aacute;ticos y alcoholes con adici&oacute;n de propelente (GLP)<br \/>\t\t\t&#8211; No agota la capa de ozono<br \/>\t\t\t&#8211; No corrosivo<br \/>\t\t\t&#8211; Contiene inhibidor de corrosi&oacute;n<br \/>\t\t\t&#8211; Seguro en todas las superficies met&aacute;licas, no mancha<br \/>\t\t\t&#8211; Seguro en la mayor&iacute;a de los neum&aacute;ticos, pl&aacute;sticos y revestimientos<br \/>\t\t\t&#8211; Extremadamente inflamable<br \/>\t\t\t&#8211; Temperatura de almacenamiento: entre +10&deg;C y +30&deg;C<\/td>\n<\/tr>\n<tr>\n<td valign=\"top\"><strong>Fecha de revisi&oacute;n<\/strong><\/td>\n<td>03-05-2022 por MPM<\/td>\n<\/tr>\n<\/table>\n","protected":false},"excerpt":{"rendered":"<p>Ewent EW5614 Desoxidante seco para contactos el&eacute;ctricos ideal para grupos y sensores de control electromec&aacute;nico. Marca Ewent Modelo EW5614 Caracter&iacute;sticas &#8211; Desoxidante seco para contactos el&eacute;ctricos &#8211; Evita la humedad &#8211; Sin residuos &#8211; Se evapora r&aacute;pidamente &#8211; 100% Respeta el ozono &#8211; Contenido: 200ml &#8211; Mezcla de disolventes alif&aacute;ticos y alcoholes con adici&oacute;n de&hellip;&nbsp;<a href=\"https:\/\/aivlisoft.net\/shop\/producto\/ewent-ew5614-pulverizador-limpieza-en-seco-200-ml\/\" rel=\"bookmark\"><span class=\"screen-reader-text\">EWENT EW5614  Pulverizador limpieza en seco 200 ml<\/span><\/a><\/p>\n","protected":false},"featured_media":4581,"template":"","meta":{"neve_meta_sidebar":"","neve_meta_container":"","neve_meta_enable_content_width":"","neve_meta_content_width":0,"neve_meta_title_alignment":"","neve_meta_author_avatar":"","neve_post_elements_order":"","neve_meta_disable_header":"","neve_meta_disable_footer":"","neve_meta_disable_title":""},"product_brand":[],"product_cat":[8700],"product_tag":[1392],"class_list":{"0":"post-4580","1":"product","2":"type-product","3":"status-publish","4":"has-post-thumbnail","6":"product_cat-limpieza-ordenador","7":"product_tag-ew5614","9":"first","10":"instock","11":"taxable","12":"shipping-taxable","13":"purchasable","14":"product-type-simple"},"yoast_head":"<!-- This site is optimized with the Yoast SEO plugin v26.0 - https:\/\/yoast.com\/wordpress\/plugins\/seo\/ -->\n<title>EWENT EW5614 Pulverizador limpieza en seco 200 ml - Aivlisoft Inform\u00e1tica<\/title>\n<meta name=\"robots\" content=\"index, follow, max-snippet:-1, max-image-preview:large, max-video-preview:-1\" \/>\n<link rel=\"canonical\" href=\"https:\/\/aivlisoft.net\/shop\/producto\/ewent-ew5614-pulverizador-limpieza-en-seco-200-ml\/\" \/>\n<meta property=\"og:locale\" content=\"es_ES\" \/>\n<meta property=\"og:type\" content=\"article\" \/>\n<meta property=\"og:title\" content=\"EWENT EW5614 Pulverizador limpieza en seco 200 ml - Aivlisoft Inform\u00e1tica\" \/>\n<meta property=\"og:description\" content=\"Ewent EW5614 Desoxidante seco para contactos el&eacute;ctricos ideal para grupos y sensores de control electromec&aacute;nico. Marca Ewent Modelo EW5614 Caracter&iacute;sticas &#8211; Desoxidante seco para contactos el&eacute;ctricos &#8211; Evita la humedad &#8211; Sin residuos &#8211; Se evapora r&aacute;pidamente &#8211; 100% Respeta el ozono &#8211; Contenido: 200ml &#8211; Mezcla de disolventes alif&aacute;ticos y alcoholes con adici&oacute;n de&hellip;&nbsp;EWENT EW5614 Pulverizador limpieza en seco 200 ml\" \/>\n<meta property=\"og:url\" content=\"https:\/\/aivlisoft.net\/shop\/producto\/ewent-ew5614-pulverizador-limpieza-en-seco-200-ml\/\" \/>\n<meta property=\"og:site_name\" content=\"Aivlisoft Inform\u00e1tica\" \/>\n<meta property=\"article:modified_time\" content=\"2025-01-14T10:13:33+00:00\" \/>\n<meta property=\"og:image\" content=\"https:\/\/aivlisoft.net\/shop\/wp-content\/uploads\/2025\/01\/ALIALO0029_800-1.jpg\" \/>\n\t<meta property=\"og:image:width\" content=\"800\" \/>\n\t<meta property=\"og:image:height\" content=\"800\" \/>\n\t<meta property=\"og:image:type\" content=\"image\/jpeg\" \/>\n<meta name=\"twitter:card\" content=\"summary_large_image\" \/>\n<meta name=\"twitter:label1\" content=\"Tiempo de lectura\" \/>\n\t<meta name=\"twitter:data1\" content=\"1 minuto\" \/>\n<script type=\"application\/ld+json\" class=\"yoast-schema-graph\">{\"@context\":\"https:\/\/schema.org\",\"@graph\":[{\"@type\":\"WebPage\",\"@id\":\"https:\/\/aivlisoft.net\/shop\/producto\/ewent-ew5614-pulverizador-limpieza-en-seco-200-ml\/\",\"url\":\"https:\/\/aivlisoft.net\/shop\/producto\/ewent-ew5614-pulverizador-limpieza-en-seco-200-ml\/\",\"name\":\"EWENT EW5614 Pulverizador limpieza en seco 200 ml - Aivlisoft Inform\u00e1tica\",\"isPartOf\":{\"@id\":\"https:\/\/aivlisoft.net\/shop\/#website\"},\"primaryImageOfPage\":{\"@id\":\"https:\/\/aivlisoft.net\/shop\/producto\/ewent-ew5614-pulverizador-limpieza-en-seco-200-ml\/#primaryimage\"},\"image\":{\"@id\":\"https:\/\/aivlisoft.net\/shop\/producto\/ewent-ew5614-pulverizador-limpieza-en-seco-200-ml\/#primaryimage\"},\"thumbnailUrl\":\"https:\/\/aivlisoft.net\/shop\/wp-content\/uploads\/2025\/01\/ALIALO0029_800-1.jpg\",\"datePublished\":\"2025-01-13T13:20:47+00:00\",\"dateModified\":\"2025-01-14T10:13:33+00:00\",\"breadcrumb\":{\"@id\":\"https:\/\/aivlisoft.net\/shop\/producto\/ewent-ew5614-pulverizador-limpieza-en-seco-200-ml\/#breadcrumb\"},\"inLanguage\":\"es\",\"potentialAction\":[{\"@type\":\"ReadAction\",\"target\":[\"https:\/\/aivlisoft.net\/shop\/producto\/ewent-ew5614-pulverizador-limpieza-en-seco-200-ml\/\"]}]},{\"@type\":\"ImageObject\",\"inLanguage\":\"es\",\"@id\":\"https:\/\/aivlisoft.net\/shop\/producto\/ewent-ew5614-pulverizador-limpieza-en-seco-200-ml\/#primaryimage\",\"url\":\"https:\/\/aivlisoft.net\/shop\/wp-content\/uploads\/2025\/01\/ALIALO0029_800-1.jpg\",\"contentUrl\":\"https:\/\/aivlisoft.net\/shop\/wp-content\/uploads\/2025\/01\/ALIALO0029_800-1.jpg\",\"width\":800,\"height\":800},{\"@type\":\"BreadcrumbList\",\"@id\":\"https:\/\/aivlisoft.net\/shop\/producto\/ewent-ew5614-pulverizador-limpieza-en-seco-200-ml\/#breadcrumb\",\"itemListElement\":[{\"@type\":\"ListItem\",\"position\":1,\"name\":\"Portada\",\"item\":\"https:\/\/aivlisoft.net\/shop\/\"},{\"@type\":\"ListItem\",\"position\":2,\"name\":\"Tienda\",\"item\":\"https:\/\/aivlisoft.net\/shop\/tienda\/\"},{\"@type\":\"ListItem\",\"position\":3,\"name\":\"EWENT EW5614 Pulverizador limpieza en seco 200 ml\"}]},{\"@type\":\"WebSite\",\"@id\":\"https:\/\/aivlisoft.net\/shop\/#website\",\"url\":\"https:\/\/aivlisoft.net\/shop\/\",\"name\":\"Aivlisoft Inform\u00e1tica\",\"description\":\"En Aivlisoft Inform\u00e1tica ofrecemos soluciones tecnol\u00f3gicas para empresas: venta de ordenadores, consumibles, perif\u00e9ricos y m\u00e1s. Calidad, atenci\u00f3n personalizada y los mejores precios para tu negocio.\",\"publisher\":{\"@id\":\"https:\/\/aivlisoft.net\/shop\/#organization\"},\"potentialAction\":[{\"@type\":\"SearchAction\",\"target\":{\"@type\":\"EntryPoint\",\"urlTemplate\":\"https:\/\/aivlisoft.net\/shop\/?s={search_term_string}\"},\"query-input\":{\"@type\":\"PropertyValueSpecification\",\"valueRequired\":true,\"valueName\":\"search_term_string\"}}],\"inLanguage\":\"es\"},{\"@type\":\"Organization\",\"@id\":\"https:\/\/aivlisoft.net\/shop\/#organization\",\"name\":\"Aivlisoft Inform\u00e1tica\",\"url\":\"https:\/\/aivlisoft.net\/shop\/\",\"logo\":{\"@type\":\"ImageObject\",\"inLanguage\":\"es\",\"@id\":\"https:\/\/aivlisoft.net\/shop\/#\/schema\/logo\/image\/\",\"url\":\"https:\/\/aivlisoft.net\/shop\/wp-content\/uploads\/2024\/12\/removal.ai_5b848c54-0cdf-4140-95c5-c5536bb7573b-logodef.png\",\"contentUrl\":\"https:\/\/aivlisoft.net\/shop\/wp-content\/uploads\/2024\/12\/removal.ai_5b848c54-0cdf-4140-95c5-c5536bb7573b-logodef.png\",\"width\":484,\"height\":182,\"caption\":\"Aivlisoft Inform\u00e1tica\"},\"image\":{\"@id\":\"https:\/\/aivlisoft.net\/shop\/#\/schema\/logo\/image\/\"}}]}<\/script>\n<!-- \/ Yoast SEO plugin. -->","yoast_head_json":{"title":"EWENT EW5614 Pulverizador limpieza en seco 200 ml - Aivlisoft Inform\u00e1tica","robots":{"index":"index","follow":"follow","max-snippet":"max-snippet:-1","max-image-preview":"max-image-preview:large","max-video-preview":"max-video-preview:-1"},"canonical":"https:\/\/aivlisoft.net\/shop\/producto\/ewent-ew5614-pulverizador-limpieza-en-seco-200-ml\/","og_locale":"es_ES","og_type":"article","og_title":"EWENT EW5614 Pulverizador limpieza en seco 200 ml - Aivlisoft Inform\u00e1tica","og_description":"Ewent EW5614 Desoxidante seco para contactos el&eacute;ctricos ideal para grupos y sensores de control electromec&aacute;nico. Marca Ewent Modelo EW5614 Caracter&iacute;sticas &#8211; Desoxidante seco para contactos el&eacute;ctricos &#8211; Evita la humedad &#8211; Sin residuos &#8211; Se evapora r&aacute;pidamente &#8211; 100% Respeta el ozono &#8211; Contenido: 200ml &#8211; Mezcla de disolventes alif&aacute;ticos y alcoholes con adici&oacute;n de&hellip;&nbsp;EWENT EW5614 Pulverizador limpieza en seco 200 ml","og_url":"https:\/\/aivlisoft.net\/shop\/producto\/ewent-ew5614-pulverizador-limpieza-en-seco-200-ml\/","og_site_name":"Aivlisoft Inform\u00e1tica","article_modified_time":"2025-01-14T10:13:33+00:00","og_image":[{"width":800,"height":800,"url":"https:\/\/aivlisoft.net\/shop\/wp-content\/uploads\/2025\/01\/ALIALO0029_800-1.jpg","type":"image\/jpeg"}],"twitter_card":"summary_large_image","twitter_misc":{"Tiempo de lectura":"1 minuto"},"schema":{"@context":"https:\/\/schema.org","@graph":[{"@type":"WebPage","@id":"https:\/\/aivlisoft.net\/shop\/producto\/ewent-ew5614-pulverizador-limpieza-en-seco-200-ml\/","url":"https:\/\/aivlisoft.net\/shop\/producto\/ewent-ew5614-pulverizador-limpieza-en-seco-200-ml\/","name":"EWENT EW5614 Pulverizador limpieza en seco 200 ml - Aivlisoft Inform\u00e1tica","isPartOf":{"@id":"https:\/\/aivlisoft.net\/shop\/#website"},"primaryImageOfPage":{"@id":"https:\/\/aivlisoft.net\/shop\/producto\/ewent-ew5614-pulverizador-limpieza-en-seco-200-ml\/#primaryimage"},"image":{"@id":"https:\/\/aivlisoft.net\/shop\/producto\/ewent-ew5614-pulverizador-limpieza-en-seco-200-ml\/#primaryimage"},"thumbnailUrl":"https:\/\/aivlisoft.net\/shop\/wp-content\/uploads\/2025\/01\/ALIALO0029_800-1.jpg","datePublished":"2025-01-13T13:20:47+00:00","dateModified":"2025-01-14T10:13:33+00:00","breadcrumb":{"@id":"https:\/\/aivlisoft.net\/shop\/producto\/ewent-ew5614-pulverizador-limpieza-en-seco-200-ml\/#breadcrumb"},"inLanguage":"es","potentialAction":[{"@type":"ReadAction","target":["https:\/\/aivlisoft.net\/shop\/producto\/ewent-ew5614-pulverizador-limpieza-en-seco-200-ml\/"]}]},{"@type":"ImageObject","inLanguage":"es","@id":"https:\/\/aivlisoft.net\/shop\/producto\/ewent-ew5614-pulverizador-limpieza-en-seco-200-ml\/#primaryimage","url":"https:\/\/aivlisoft.net\/shop\/wp-content\/uploads\/2025\/01\/ALIALO0029_800-1.jpg","contentUrl":"https:\/\/aivlisoft.net\/shop\/wp-content\/uploads\/2025\/01\/ALIALO0029_800-1.jpg","width":800,"height":800},{"@type":"BreadcrumbList","@id":"https:\/\/aivlisoft.net\/shop\/producto\/ewent-ew5614-pulverizador-limpieza-en-seco-200-ml\/#breadcrumb","itemListElement":[{"@type":"ListItem","position":1,"name":"Portada","item":"https:\/\/aivlisoft.net\/shop\/"},{"@type":"ListItem","position":2,"name":"Tienda","item":"https:\/\/aivlisoft.net\/shop\/tienda\/"},{"@type":"ListItem","position":3,"name":"EWENT EW5614 Pulverizador limpieza en seco 200 ml"}]},{"@type":"WebSite","@id":"https:\/\/aivlisoft.net\/shop\/#website","url":"https:\/\/aivlisoft.net\/shop\/","name":"Aivlisoft Inform\u00e1tica","description":"En Aivlisoft Inform\u00e1tica ofrecemos soluciones tecnol\u00f3gicas para empresas: venta de ordenadores, consumibles, perif\u00e9ricos y m\u00e1s. Calidad, atenci\u00f3n personalizada y los mejores precios para tu negocio.","publisher":{"@id":"https:\/\/aivlisoft.net\/shop\/#organization"},"potentialAction":[{"@type":"SearchAction","target":{"@type":"EntryPoint","urlTemplate":"https:\/\/aivlisoft.net\/shop\/?s={search_term_string}"},"query-input":{"@type":"PropertyValueSpecification","valueRequired":true,"valueName":"search_term_string"}}],"inLanguage":"es"},{"@type":"Organization","@id":"https:\/\/aivlisoft.net\/shop\/#organization","name":"Aivlisoft Inform\u00e1tica","url":"https:\/\/aivlisoft.net\/shop\/","logo":{"@type":"ImageObject","inLanguage":"es","@id":"https:\/\/aivlisoft.net\/shop\/#\/schema\/logo\/image\/","url":"https:\/\/aivlisoft.net\/shop\/wp-content\/uploads\/2024\/12\/removal.ai_5b848c54-0cdf-4140-95c5-c5536bb7573b-logodef.png","contentUrl":"https:\/\/aivlisoft.net\/shop\/wp-content\/uploads\/2024\/12\/removal.ai_5b848c54-0cdf-4140-95c5-c5536bb7573b-logodef.png","width":484,"height":182,"caption":"Aivlisoft Inform\u00e1tica"},"image":{"@id":"https:\/\/aivlisoft.net\/shop\/#\/schema\/logo\/image\/"}}]}},"_links":{"self":[{"href":"https:\/\/aivlisoft.net\/shop\/wp-json\/wp\/v2\/product\/4580","targetHints":{"allow":["GET"]}}],"collection":[{"href":"https:\/\/aivlisoft.net\/shop\/wp-json\/wp\/v2\/product"}],"about":[{"href":"https:\/\/aivlisoft.net\/shop\/wp-json\/wp\/v2\/types\/product"}],"wp:featuredmedia":[{"embeddable":true,"href":"https:\/\/aivlisoft.net\/shop\/wp-json\/wp\/v2\/media\/4581"}],"wp:attachment":[{"href":"https:\/\/aivlisoft.net\/shop\/wp-json\/wp\/v2\/media?parent=4580"}],"wp:term":[{"taxonomy":"product_brand","embeddable":true,"href":"https:\/\/aivlisoft.net\/shop\/wp-json\/wp\/v2\/product_brand?post=4580"},{"taxonomy":"product_cat","embeddable":true,"href":"https:\/\/aivlisoft.net\/shop\/wp-json\/wp\/v2\/product_cat?post=4580"},{"taxonomy":"product_tag","embeddable":true,"href":"https:\/\/aivlisoft.net\/shop\/wp-json\/wp\/v2\/product_tag?post=4580"}],"curies":[{"name":"wp","href":"https:\/\/api.w.org\/{rel}","templated":true}]}}