{"id":3869,"date":"2025-01-13T13:16:49","date_gmt":"2025-01-13T13:16:49","guid":{"rendered":"https:\/\/aivlisoft.com\/?post_type=product&#038;p=3869"},"modified":"2025-01-14T10:09:24","modified_gmt":"2025-01-14T10:09:24","slug":"delock-adaptador-hdmi-a-19-pines-macho-a-vga-negro","status":"publish","type":"product","link":"https:\/\/aivlisoft.net\/shop\/producto\/delock-adaptador-hdmi-a-19-pines-macho-a-vga-negro\/","title":{"rendered":"Delock Adaptador HDMI-A 19 pines Macho a VGA Negro"},"content":{"rendered":"<div style=\"text-align: justify;\">\tEste adaptador le permite conectar, por ejemplo, un monitor VGA a trav&eacute;s de una interfaz HDMI.<\/div>\n<div style=\"text-align: justify;\">\t&nbsp;<\/div>\n<div style=\"text-align: justify;\">\t&gt; Speed HDMI-A macho de 19 contactos<br \/>\t&gt; VGA de 15 contactos hembra<br \/>\t&#8211; Conjunto de chips: LT8511<br \/>\t&#8211; VGA con tornillos tuerca<br \/>\t&#8211; Adecuado para tarjetas gr&aacute;ficas integradas (no para tarjetas gr&aacute;ficas PCIe)<br \/>\t&#8211; Admite una resoluci&oacute;n de hasta 1080p (depende del monitor y del sistema)<br \/>\t&#8211; Solo admite una conexi&oacute;n a un monitor VGA<br \/>\t&#8211; Color: negro<br \/>\t&#8211; SO independiente, no es necesaria la instalaci&oacute;n de controladores<\/div>\n<p><\/p>\n","protected":false},"excerpt":{"rendered":"<p>Este adaptador le permite conectar, por ejemplo, un monitor VGA a trav&eacute;s de una interfaz HDMI. &nbsp; &gt; Speed HDMI-A macho de 19 contactos &gt; VGA de 15 contactos hembra &#8211; Conjunto de chips: LT8511 &#8211; VGA con tornillos tuerca &#8211; Adecuado para tarjetas gr&aacute;ficas integradas (no para tarjetas gr&aacute;ficas PCIe) &#8211; Admite una resoluci&oacute;n&hellip;&nbsp;<a href=\"https:\/\/aivlisoft.net\/shop\/producto\/delock-adaptador-hdmi-a-19-pines-macho-a-vga-negro\/\" rel=\"bookmark\"><span class=\"screen-reader-text\">Delock Adaptador HDMI-A 19 pines Macho a VGA Negro<\/span><\/a><\/p>\n","protected":false},"featured_media":3870,"template":"","meta":{"neve_meta_sidebar":"","neve_meta_container":"","neve_meta_enable_content_width":"","neve_meta_content_width":0,"neve_meta_title_alignment":"","neve_meta_author_avatar":"","neve_post_elements_order":"","neve_meta_disable_header":"","neve_meta_disable_footer":"","neve_meta_disable_title":""},"product_brand":[],"product_cat":[8697],"product_tag":[1147],"class_list":{"0":"post-3869","1":"product","2":"type-product","3":"status-publish","4":"has-post-thumbnail","6":"product_cat-cable-conector-imagen-sonido","7":"product_tag-1147","9":"first","10":"instock","11":"taxable","12":"shipping-taxable","13":"purchasable","14":"product-type-simple"},"yoast_head":"<!-- This site is optimized with the Yoast SEO plugin v26.0 - https:\/\/yoast.com\/wordpress\/plugins\/seo\/ -->\n<title>Delock Adaptador HDMI-A 19 pines Macho a VGA Negro - Aivlisoft Inform\u00e1tica<\/title>\n<meta name=\"robots\" content=\"index, follow, max-snippet:-1, max-image-preview:large, max-video-preview:-1\" \/>\n<link rel=\"canonical\" href=\"https:\/\/aivlisoft.net\/shop\/producto\/delock-adaptador-hdmi-a-19-pines-macho-a-vga-negro\/\" \/>\n<meta property=\"og:locale\" content=\"es_ES\" \/>\n<meta property=\"og:type\" content=\"article\" \/>\n<meta property=\"og:title\" content=\"Delock Adaptador HDMI-A 19 pines Macho a VGA Negro - Aivlisoft Inform\u00e1tica\" \/>\n<meta property=\"og:description\" content=\"Este adaptador le permite conectar, por ejemplo, un monitor VGA a trav&eacute;s de una interfaz HDMI. &nbsp; &gt; Speed HDMI-A macho de 19 contactos &gt; VGA de 15 contactos hembra &#8211; Conjunto de chips: LT8511 &#8211; VGA con tornillos tuerca &#8211; Adecuado para tarjetas gr&aacute;ficas integradas (no para tarjetas gr&aacute;ficas PCIe) &#8211; Admite una resoluci&oacute;n&hellip;&nbsp;Delock Adaptador HDMI-A 19 pines Macho a VGA Negro\" \/>\n<meta property=\"og:url\" content=\"https:\/\/aivlisoft.net\/shop\/producto\/delock-adaptador-hdmi-a-19-pines-macho-a-vga-negro\/\" \/>\n<meta property=\"og:site_name\" content=\"Aivlisoft Inform\u00e1tica\" \/>\n<meta property=\"article:modified_time\" content=\"2025-01-14T10:09:24+00:00\" \/>\n<meta property=\"og:image\" content=\"https:\/\/aivlisoft.net\/shop\/wp-content\/uploads\/2025\/01\/AISCCI0141_large-1.jpg\" \/>\n\t<meta property=\"og:image:width\" content=\"400\" \/>\n\t<meta property=\"og:image:height\" content=\"400\" \/>\n\t<meta property=\"og:image:type\" content=\"image\/jpeg\" \/>\n<meta name=\"twitter:card\" content=\"summary_large_image\" \/>\n<script type=\"application\/ld+json\" class=\"yoast-schema-graph\">{\"@context\":\"https:\/\/schema.org\",\"@graph\":[{\"@type\":\"WebPage\",\"@id\":\"https:\/\/aivlisoft.net\/shop\/producto\/delock-adaptador-hdmi-a-19-pines-macho-a-vga-negro\/\",\"url\":\"https:\/\/aivlisoft.net\/shop\/producto\/delock-adaptador-hdmi-a-19-pines-macho-a-vga-negro\/\",\"name\":\"Delock Adaptador HDMI-A 19 pines Macho a VGA Negro - Aivlisoft Inform\u00e1tica\",\"isPartOf\":{\"@id\":\"https:\/\/aivlisoft.net\/shop\/#website\"},\"primaryImageOfPage\":{\"@id\":\"https:\/\/aivlisoft.net\/shop\/producto\/delock-adaptador-hdmi-a-19-pines-macho-a-vga-negro\/#primaryimage\"},\"image\":{\"@id\":\"https:\/\/aivlisoft.net\/shop\/producto\/delock-adaptador-hdmi-a-19-pines-macho-a-vga-negro\/#primaryimage\"},\"thumbnailUrl\":\"https:\/\/aivlisoft.net\/shop\/wp-content\/uploads\/2025\/01\/AISCCI0141_large-1.jpg\",\"datePublished\":\"2025-01-13T13:16:49+00:00\",\"dateModified\":\"2025-01-14T10:09:24+00:00\",\"breadcrumb\":{\"@id\":\"https:\/\/aivlisoft.net\/shop\/producto\/delock-adaptador-hdmi-a-19-pines-macho-a-vga-negro\/#breadcrumb\"},\"inLanguage\":\"es\",\"potentialAction\":[{\"@type\":\"ReadAction\",\"target\":[\"https:\/\/aivlisoft.net\/shop\/producto\/delock-adaptador-hdmi-a-19-pines-macho-a-vga-negro\/\"]}]},{\"@type\":\"ImageObject\",\"inLanguage\":\"es\",\"@id\":\"https:\/\/aivlisoft.net\/shop\/producto\/delock-adaptador-hdmi-a-19-pines-macho-a-vga-negro\/#primaryimage\",\"url\":\"https:\/\/aivlisoft.net\/shop\/wp-content\/uploads\/2025\/01\/AISCCI0141_large-1.jpg\",\"contentUrl\":\"https:\/\/aivlisoft.net\/shop\/wp-content\/uploads\/2025\/01\/AISCCI0141_large-1.jpg\",\"width\":400,\"height\":400},{\"@type\":\"BreadcrumbList\",\"@id\":\"https:\/\/aivlisoft.net\/shop\/producto\/delock-adaptador-hdmi-a-19-pines-macho-a-vga-negro\/#breadcrumb\",\"itemListElement\":[{\"@type\":\"ListItem\",\"position\":1,\"name\":\"Portada\",\"item\":\"https:\/\/aivlisoft.net\/shop\/\"},{\"@type\":\"ListItem\",\"position\":2,\"name\":\"Tienda\",\"item\":\"https:\/\/aivlisoft.net\/shop\/tienda\/\"},{\"@type\":\"ListItem\",\"position\":3,\"name\":\"Delock Adaptador HDMI-A 19 pines Macho a VGA Negro\"}]},{\"@type\":\"WebSite\",\"@id\":\"https:\/\/aivlisoft.net\/shop\/#website\",\"url\":\"https:\/\/aivlisoft.net\/shop\/\",\"name\":\"Aivlisoft Inform\u00e1tica\",\"description\":\"En Aivlisoft Inform\u00e1tica ofrecemos soluciones tecnol\u00f3gicas para empresas: venta de ordenadores, consumibles, perif\u00e9ricos y m\u00e1s. Calidad, atenci\u00f3n personalizada y los mejores precios para tu negocio.\",\"publisher\":{\"@id\":\"https:\/\/aivlisoft.net\/shop\/#organization\"},\"potentialAction\":[{\"@type\":\"SearchAction\",\"target\":{\"@type\":\"EntryPoint\",\"urlTemplate\":\"https:\/\/aivlisoft.net\/shop\/?s={search_term_string}\"},\"query-input\":{\"@type\":\"PropertyValueSpecification\",\"valueRequired\":true,\"valueName\":\"search_term_string\"}}],\"inLanguage\":\"es\"},{\"@type\":\"Organization\",\"@id\":\"https:\/\/aivlisoft.net\/shop\/#organization\",\"name\":\"Aivlisoft Inform\u00e1tica\",\"url\":\"https:\/\/aivlisoft.net\/shop\/\",\"logo\":{\"@type\":\"ImageObject\",\"inLanguage\":\"es\",\"@id\":\"https:\/\/aivlisoft.net\/shop\/#\/schema\/logo\/image\/\",\"url\":\"https:\/\/aivlisoft.net\/shop\/wp-content\/uploads\/2024\/12\/removal.ai_5b848c54-0cdf-4140-95c5-c5536bb7573b-logodef.png\",\"contentUrl\":\"https:\/\/aivlisoft.net\/shop\/wp-content\/uploads\/2024\/12\/removal.ai_5b848c54-0cdf-4140-95c5-c5536bb7573b-logodef.png\",\"width\":484,\"height\":182,\"caption\":\"Aivlisoft Inform\u00e1tica\"},\"image\":{\"@id\":\"https:\/\/aivlisoft.net\/shop\/#\/schema\/logo\/image\/\"}}]}<\/script>\n<!-- \/ Yoast SEO plugin. -->","yoast_head_json":{"title":"Delock Adaptador HDMI-A 19 pines Macho a VGA Negro - Aivlisoft Inform\u00e1tica","robots":{"index":"index","follow":"follow","max-snippet":"max-snippet:-1","max-image-preview":"max-image-preview:large","max-video-preview":"max-video-preview:-1"},"canonical":"https:\/\/aivlisoft.net\/shop\/producto\/delock-adaptador-hdmi-a-19-pines-macho-a-vga-negro\/","og_locale":"es_ES","og_type":"article","og_title":"Delock Adaptador HDMI-A 19 pines Macho a VGA Negro - Aivlisoft Inform\u00e1tica","og_description":"Este adaptador le permite conectar, por ejemplo, un monitor VGA a trav&eacute;s de una interfaz HDMI. &nbsp; &gt; Speed HDMI-A macho de 19 contactos &gt; VGA de 15 contactos hembra &#8211; Conjunto de chips: LT8511 &#8211; VGA con tornillos tuerca &#8211; Adecuado para tarjetas gr&aacute;ficas integradas (no para tarjetas gr&aacute;ficas PCIe) &#8211; Admite una resoluci&oacute;n&hellip;&nbsp;Delock Adaptador HDMI-A 19 pines Macho a VGA Negro","og_url":"https:\/\/aivlisoft.net\/shop\/producto\/delock-adaptador-hdmi-a-19-pines-macho-a-vga-negro\/","og_site_name":"Aivlisoft Inform\u00e1tica","article_modified_time":"2025-01-14T10:09:24+00:00","og_image":[{"width":400,"height":400,"url":"https:\/\/aivlisoft.net\/shop\/wp-content\/uploads\/2025\/01\/AISCCI0141_large-1.jpg","type":"image\/jpeg"}],"twitter_card":"summary_large_image","schema":{"@context":"https:\/\/schema.org","@graph":[{"@type":"WebPage","@id":"https:\/\/aivlisoft.net\/shop\/producto\/delock-adaptador-hdmi-a-19-pines-macho-a-vga-negro\/","url":"https:\/\/aivlisoft.net\/shop\/producto\/delock-adaptador-hdmi-a-19-pines-macho-a-vga-negro\/","name":"Delock Adaptador HDMI-A 19 pines Macho a VGA Negro - Aivlisoft Inform\u00e1tica","isPartOf":{"@id":"https:\/\/aivlisoft.net\/shop\/#website"},"primaryImageOfPage":{"@id":"https:\/\/aivlisoft.net\/shop\/producto\/delock-adaptador-hdmi-a-19-pines-macho-a-vga-negro\/#primaryimage"},"image":{"@id":"https:\/\/aivlisoft.net\/shop\/producto\/delock-adaptador-hdmi-a-19-pines-macho-a-vga-negro\/#primaryimage"},"thumbnailUrl":"https:\/\/aivlisoft.net\/shop\/wp-content\/uploads\/2025\/01\/AISCCI0141_large-1.jpg","datePublished":"2025-01-13T13:16:49+00:00","dateModified":"2025-01-14T10:09:24+00:00","breadcrumb":{"@id":"https:\/\/aivlisoft.net\/shop\/producto\/delock-adaptador-hdmi-a-19-pines-macho-a-vga-negro\/#breadcrumb"},"inLanguage":"es","potentialAction":[{"@type":"ReadAction","target":["https:\/\/aivlisoft.net\/shop\/producto\/delock-adaptador-hdmi-a-19-pines-macho-a-vga-negro\/"]}]},{"@type":"ImageObject","inLanguage":"es","@id":"https:\/\/aivlisoft.net\/shop\/producto\/delock-adaptador-hdmi-a-19-pines-macho-a-vga-negro\/#primaryimage","url":"https:\/\/aivlisoft.net\/shop\/wp-content\/uploads\/2025\/01\/AISCCI0141_large-1.jpg","contentUrl":"https:\/\/aivlisoft.net\/shop\/wp-content\/uploads\/2025\/01\/AISCCI0141_large-1.jpg","width":400,"height":400},{"@type":"BreadcrumbList","@id":"https:\/\/aivlisoft.net\/shop\/producto\/delock-adaptador-hdmi-a-19-pines-macho-a-vga-negro\/#breadcrumb","itemListElement":[{"@type":"ListItem","position":1,"name":"Portada","item":"https:\/\/aivlisoft.net\/shop\/"},{"@type":"ListItem","position":2,"name":"Tienda","item":"https:\/\/aivlisoft.net\/shop\/tienda\/"},{"@type":"ListItem","position":3,"name":"Delock Adaptador HDMI-A 19 pines Macho a VGA Negro"}]},{"@type":"WebSite","@id":"https:\/\/aivlisoft.net\/shop\/#website","url":"https:\/\/aivlisoft.net\/shop\/","name":"Aivlisoft Inform\u00e1tica","description":"En Aivlisoft Inform\u00e1tica ofrecemos soluciones tecnol\u00f3gicas para empresas: venta de ordenadores, consumibles, perif\u00e9ricos y m\u00e1s. Calidad, atenci\u00f3n personalizada y los mejores precios para tu negocio.","publisher":{"@id":"https:\/\/aivlisoft.net\/shop\/#organization"},"potentialAction":[{"@type":"SearchAction","target":{"@type":"EntryPoint","urlTemplate":"https:\/\/aivlisoft.net\/shop\/?s={search_term_string}"},"query-input":{"@type":"PropertyValueSpecification","valueRequired":true,"valueName":"search_term_string"}}],"inLanguage":"es"},{"@type":"Organization","@id":"https:\/\/aivlisoft.net\/shop\/#organization","name":"Aivlisoft Inform\u00e1tica","url":"https:\/\/aivlisoft.net\/shop\/","logo":{"@type":"ImageObject","inLanguage":"es","@id":"https:\/\/aivlisoft.net\/shop\/#\/schema\/logo\/image\/","url":"https:\/\/aivlisoft.net\/shop\/wp-content\/uploads\/2024\/12\/removal.ai_5b848c54-0cdf-4140-95c5-c5536bb7573b-logodef.png","contentUrl":"https:\/\/aivlisoft.net\/shop\/wp-content\/uploads\/2024\/12\/removal.ai_5b848c54-0cdf-4140-95c5-c5536bb7573b-logodef.png","width":484,"height":182,"caption":"Aivlisoft Inform\u00e1tica"},"image":{"@id":"https:\/\/aivlisoft.net\/shop\/#\/schema\/logo\/image\/"}}]}},"_links":{"self":[{"href":"https:\/\/aivlisoft.net\/shop\/wp-json\/wp\/v2\/product\/3869","targetHints":{"allow":["GET"]}}],"collection":[{"href":"https:\/\/aivlisoft.net\/shop\/wp-json\/wp\/v2\/product"}],"about":[{"href":"https:\/\/aivlisoft.net\/shop\/wp-json\/wp\/v2\/types\/product"}],"wp:featuredmedia":[{"embeddable":true,"href":"https:\/\/aivlisoft.net\/shop\/wp-json\/wp\/v2\/media\/3870"}],"wp:attachment":[{"href":"https:\/\/aivlisoft.net\/shop\/wp-json\/wp\/v2\/media?parent=3869"}],"wp:term":[{"taxonomy":"product_brand","embeddable":true,"href":"https:\/\/aivlisoft.net\/shop\/wp-json\/wp\/v2\/product_brand?post=3869"},{"taxonomy":"product_cat","embeddable":true,"href":"https:\/\/aivlisoft.net\/shop\/wp-json\/wp\/v2\/product_cat?post=3869"},{"taxonomy":"product_tag","embeddable":true,"href":"https:\/\/aivlisoft.net\/shop\/wp-json\/wp\/v2\/product_tag?post=3869"}],"curies":[{"name":"wp","href":"https:\/\/api.w.org\/{rel}","templated":true}]}}