{"id":2822,"date":"2025-01-13T13:10:56","date_gmt":"2025-01-13T13:10:56","guid":{"rendered":"https:\/\/aivlisoft.com\/?post_type=product&#038;p=2822"},"modified":"2025-01-14T10:04:00","modified_gmt":"2025-01-14T10:04:00","slug":"cougar-silla-gaming-armor-one-x","status":"publish","type":"product","link":"https:\/\/aivlisoft.net\/shop\/producto\/cougar-silla-gaming-armor-one-x\/","title":{"rendered":"Cougar Silla Gaming Armor one X"},"content":{"rendered":"<p><strong>Comodidad incomparable<\/strong><br \/>COUGAR Armor One te ofrece la comodidad que necesitas para disfrutar plenamente de largas sesiones de juego. Totalmente ajustable y fabricada con materiales de primera calidad, esta silla gaming tambi&eacute;n presenta el dise&ntilde;o &uacute;nico COUGAR que se ha convertido en un signo de la pasi&oacute;n por los juegos.<\/p>\n<p><strong>Dise&ntilde;o ajustable<\/strong><br \/>Armor One se adaptar&aacute; a tus necesidades en cada momento a trav&eacute;s de varias opciones de ajuste: Ajuste de la altura de elevaci&oacute;n del pist&oacute;n y Ajuste f&aacute;cilmente la altura de Armor ONE con el elevador de pist&oacute;n de alta calidad.<\/p>\n<p><strong>Reclinable continuo<\/strong><br \/>Con Armor One, no est&aacute; restringido a pasos fijos al reclinar su silla. En lugar de estar limitado a unas pocas opciones, puede encontrar el punto exacto que maximiza su comodidad y permanecer all&iacute;.<br \/>Reclinable 180&ordm;?. Armor One te permite reclinarte hasta 180&ordm;. Mant&eacute;ngase derecho mientras trabaja y acu&eacute;stese para descansar cuando termine.<br \/>Resistencia de inclinaci&oacute;n ajustable. La funci&oacute;n de inclinaci&oacute;n de Armor One le permite, girando una perilla ubicada debajo de la silla, ajustar su comportamiento, controlando el nivel de resistencia cuando la inclina.<br \/>Reposabrazos ajustable 2D. Listos para adaptarse a sus necesidades, los reposabrazos de Armor ONE le permiten ajustarlos.<\/p>\n<p><strong>Calidad y Seguridad<\/strong><br \/>Armor One es tan s&oacute;lido como su nombre lo indica, y ha sido creado con los mejores componentes para garantizar no solo que durar&aacute; mucho tiempo sino que podr&aacute;s hacer uso de todas sus incre&iacute;bles funciones de forma segura.<br \/>Marco de acero completo. Los huesos de Armor One est&aacute;n hechos de acero, lo que no solo garantiza una durabilidad a largo plazo, sino que tambi&eacute;n brinda un fuerte soporte para su cuerpo.<\/p>\n<p><strong>M&aacute;xima calidad: Cilindro de elevaci&oacute;n de gas de clase 4<\/strong><br \/>El coraz&oacute;n de cualquier silla de juego es su cilindro de elevaci&oacute;n de gas. No hemos escatimado en calidad para este componente vital y decidimos utilizar un cilindro de elevaci&oacute;n de gas de clase 4 para garantizar una seguridad y confiabilidad sin igual. Con un funcionamiento suave y una resistencia incre&iacute;ble.<\/p>\n<table class=\"tabla_caracteristicas\" width=\"100%\">\n<tr>\n<td valign=\"top\"><strong>Marca<\/strong><\/td>\n<td>Cougar<\/td>\n<\/tr>\n<tr>\n<td valign=\"top\"><strong>Modelo<\/strong><\/td>\n<td><strong>3MAOGNXB.0002<\/strong><\/td>\n<\/tr>\n<tr>\n<td valign=\"top\"><strong>Caracter&iacute;sticas<\/strong><\/td>\n<td>&#8211; Estructura de acero para mayor estabilidad<br \/>\t\t\t&#8211; Dise&ntilde;o de espalda alta que abraza el cuerpo<br \/>\t\t\t&#8211; C&oacute;modo respaldo reclinable 180&ordm;<br \/>\t\t\t&#8211; Ajuste de altura con elevador de gas clase 4: seguridad mejorada<br \/>\t\t\t&#8211; Reposabrazos ajustable (arriba\/abajo + rotaci&oacute;n izquierda\/derecha)<br \/>\t\t\t&#8211; Cuero de PVC transpirable<br \/>\t\t\t&#8211; Soporte de peso: 120 kg (264,55 libras)<br \/>\t\t\t&#8211; Peso del producto: 21kg (46.30 libras)<\/td>\n<\/tr>\n<tr>\n<td valign=\"top\"><strong>Fecha de revisi&oacute;n<\/strong><\/td>\n<td>26-08-2022 por MPM<\/td>\n<\/tr>\n<\/table>\n","protected":false},"excerpt":{"rendered":"<p>Comodidad incomparableCOUGAR Armor One te ofrece la comodidad que necesitas para disfrutar plenamente de largas sesiones de juego. Totalmente ajustable y fabricada con materiales de primera calidad, esta silla gaming tambi&eacute;n presenta el dise&ntilde;o &uacute;nico COUGAR que se ha convertido en un signo de la pasi&oacute;n por los juegos. Dise&ntilde;o ajustableArmor One se adaptar&aacute; a&hellip;&nbsp;<a href=\"https:\/\/aivlisoft.net\/shop\/producto\/cougar-silla-gaming-armor-one-x\/\" rel=\"bookmark\"><span class=\"screen-reader-text\">Cougar Silla Gaming Armor one X<\/span><\/a><\/p>\n","protected":false},"featured_media":2823,"template":"","meta":{"neve_meta_sidebar":"","neve_meta_container":"","neve_meta_enable_content_width":"","neve_meta_content_width":0,"neve_meta_title_alignment":"","neve_meta_author_avatar":"","neve_post_elements_order":"","neve_meta_disable_header":"","neve_meta_disable_footer":"","neve_meta_disable_title":""},"product_brand":[],"product_cat":[8694],"product_tag":[852],"class_list":{"0":"post-2822","1":"product","2":"type-product","3":"status-publish","4":"has-post-thumbnail","6":"product_cat-sillas","7":"product_tag-3maognxb-0002","9":"first","10":"instock","11":"taxable","12":"shipping-taxable","13":"purchasable","14":"product-type-simple"},"yoast_head":"<!-- This site is optimized with the Yoast SEO plugin v26.0 - https:\/\/yoast.com\/wordpress\/plugins\/seo\/ -->\n<title>Cougar Silla Gaming Armor one X - Aivlisoft Inform\u00e1tica<\/title>\n<meta name=\"robots\" content=\"index, follow, max-snippet:-1, max-image-preview:large, max-video-preview:-1\" \/>\n<link rel=\"canonical\" href=\"https:\/\/aivlisoft.net\/shop\/producto\/cougar-silla-gaming-armor-one-x\/\" \/>\n<meta property=\"og:locale\" content=\"es_ES\" \/>\n<meta property=\"og:type\" content=\"article\" \/>\n<meta property=\"og:title\" content=\"Cougar Silla Gaming Armor one X - Aivlisoft Inform\u00e1tica\" \/>\n<meta property=\"og:description\" content=\"Comodidad incomparableCOUGAR Armor One te ofrece la comodidad que necesitas para disfrutar plenamente de largas sesiones de juego. Totalmente ajustable y fabricada con materiales de primera calidad, esta silla gaming tambi&eacute;n presenta el dise&ntilde;o &uacute;nico COUGAR que se ha convertido en un signo de la pasi&oacute;n por los juegos. Dise&ntilde;o ajustableArmor One se adaptar&aacute; a&hellip;&nbsp;Cougar Silla Gaming Armor one X\" \/>\n<meta property=\"og:url\" content=\"https:\/\/aivlisoft.net\/shop\/producto\/cougar-silla-gaming-armor-one-x\/\" \/>\n<meta property=\"og:site_name\" content=\"Aivlisoft Inform\u00e1tica\" \/>\n<meta property=\"article:modified_time\" content=\"2025-01-14T10:04:00+00:00\" \/>\n<meta property=\"og:image\" content=\"https:\/\/aivlisoft.net\/shop\/wp-content\/uploads\/2025\/01\/AGAMPA0549_800-1.jpg\" \/>\n\t<meta property=\"og:image:width\" content=\"800\" \/>\n\t<meta property=\"og:image:height\" content=\"800\" \/>\n\t<meta property=\"og:image:type\" content=\"image\/jpeg\" \/>\n<meta name=\"twitter:card\" content=\"summary_large_image\" \/>\n<meta name=\"twitter:label1\" content=\"Tiempo de lectura\" \/>\n\t<meta name=\"twitter:data1\" content=\"2 minutos\" \/>\n<script type=\"application\/ld+json\" class=\"yoast-schema-graph\">{\"@context\":\"https:\/\/schema.org\",\"@graph\":[{\"@type\":\"WebPage\",\"@id\":\"https:\/\/aivlisoft.net\/shop\/producto\/cougar-silla-gaming-armor-one-x\/\",\"url\":\"https:\/\/aivlisoft.net\/shop\/producto\/cougar-silla-gaming-armor-one-x\/\",\"name\":\"Cougar Silla Gaming Armor one X - Aivlisoft Inform\u00e1tica\",\"isPartOf\":{\"@id\":\"https:\/\/aivlisoft.net\/shop\/#website\"},\"primaryImageOfPage\":{\"@id\":\"https:\/\/aivlisoft.net\/shop\/producto\/cougar-silla-gaming-armor-one-x\/#primaryimage\"},\"image\":{\"@id\":\"https:\/\/aivlisoft.net\/shop\/producto\/cougar-silla-gaming-armor-one-x\/#primaryimage\"},\"thumbnailUrl\":\"https:\/\/aivlisoft.net\/shop\/wp-content\/uploads\/2025\/01\/AGAMPA0549_800-1.jpg\",\"datePublished\":\"2025-01-13T13:10:56+00:00\",\"dateModified\":\"2025-01-14T10:04:00+00:00\",\"breadcrumb\":{\"@id\":\"https:\/\/aivlisoft.net\/shop\/producto\/cougar-silla-gaming-armor-one-x\/#breadcrumb\"},\"inLanguage\":\"es\",\"potentialAction\":[{\"@type\":\"ReadAction\",\"target\":[\"https:\/\/aivlisoft.net\/shop\/producto\/cougar-silla-gaming-armor-one-x\/\"]}]},{\"@type\":\"ImageObject\",\"inLanguage\":\"es\",\"@id\":\"https:\/\/aivlisoft.net\/shop\/producto\/cougar-silla-gaming-armor-one-x\/#primaryimage\",\"url\":\"https:\/\/aivlisoft.net\/shop\/wp-content\/uploads\/2025\/01\/AGAMPA0549_800-1.jpg\",\"contentUrl\":\"https:\/\/aivlisoft.net\/shop\/wp-content\/uploads\/2025\/01\/AGAMPA0549_800-1.jpg\",\"width\":800,\"height\":800},{\"@type\":\"BreadcrumbList\",\"@id\":\"https:\/\/aivlisoft.net\/shop\/producto\/cougar-silla-gaming-armor-one-x\/#breadcrumb\",\"itemListElement\":[{\"@type\":\"ListItem\",\"position\":1,\"name\":\"Portada\",\"item\":\"https:\/\/aivlisoft.net\/shop\/\"},{\"@type\":\"ListItem\",\"position\":2,\"name\":\"Tienda\",\"item\":\"https:\/\/aivlisoft.net\/shop\/tienda\/\"},{\"@type\":\"ListItem\",\"position\":3,\"name\":\"Cougar Silla Gaming Armor one X\"}]},{\"@type\":\"WebSite\",\"@id\":\"https:\/\/aivlisoft.net\/shop\/#website\",\"url\":\"https:\/\/aivlisoft.net\/shop\/\",\"name\":\"Aivlisoft Inform\u00e1tica\",\"description\":\"En Aivlisoft Inform\u00e1tica ofrecemos soluciones tecnol\u00f3gicas para empresas: venta de ordenadores, consumibles, perif\u00e9ricos y m\u00e1s. Calidad, atenci\u00f3n personalizada y los mejores precios para tu negocio.\",\"publisher\":{\"@id\":\"https:\/\/aivlisoft.net\/shop\/#organization\"},\"potentialAction\":[{\"@type\":\"SearchAction\",\"target\":{\"@type\":\"EntryPoint\",\"urlTemplate\":\"https:\/\/aivlisoft.net\/shop\/?s={search_term_string}\"},\"query-input\":{\"@type\":\"PropertyValueSpecification\",\"valueRequired\":true,\"valueName\":\"search_term_string\"}}],\"inLanguage\":\"es\"},{\"@type\":\"Organization\",\"@id\":\"https:\/\/aivlisoft.net\/shop\/#organization\",\"name\":\"Aivlisoft Inform\u00e1tica\",\"url\":\"https:\/\/aivlisoft.net\/shop\/\",\"logo\":{\"@type\":\"ImageObject\",\"inLanguage\":\"es\",\"@id\":\"https:\/\/aivlisoft.net\/shop\/#\/schema\/logo\/image\/\",\"url\":\"https:\/\/aivlisoft.net\/shop\/wp-content\/uploads\/2024\/12\/removal.ai_5b848c54-0cdf-4140-95c5-c5536bb7573b-logodef.png\",\"contentUrl\":\"https:\/\/aivlisoft.net\/shop\/wp-content\/uploads\/2024\/12\/removal.ai_5b848c54-0cdf-4140-95c5-c5536bb7573b-logodef.png\",\"width\":484,\"height\":182,\"caption\":\"Aivlisoft Inform\u00e1tica\"},\"image\":{\"@id\":\"https:\/\/aivlisoft.net\/shop\/#\/schema\/logo\/image\/\"}}]}<\/script>\n<!-- \/ Yoast SEO plugin. -->","yoast_head_json":{"title":"Cougar Silla Gaming Armor one X - Aivlisoft Inform\u00e1tica","robots":{"index":"index","follow":"follow","max-snippet":"max-snippet:-1","max-image-preview":"max-image-preview:large","max-video-preview":"max-video-preview:-1"},"canonical":"https:\/\/aivlisoft.net\/shop\/producto\/cougar-silla-gaming-armor-one-x\/","og_locale":"es_ES","og_type":"article","og_title":"Cougar Silla Gaming Armor one X - Aivlisoft Inform\u00e1tica","og_description":"Comodidad incomparableCOUGAR Armor One te ofrece la comodidad que necesitas para disfrutar plenamente de largas sesiones de juego. Totalmente ajustable y fabricada con materiales de primera calidad, esta silla gaming tambi&eacute;n presenta el dise&ntilde;o &uacute;nico COUGAR que se ha convertido en un signo de la pasi&oacute;n por los juegos. Dise&ntilde;o ajustableArmor One se adaptar&aacute; a&hellip;&nbsp;Cougar Silla Gaming Armor one X","og_url":"https:\/\/aivlisoft.net\/shop\/producto\/cougar-silla-gaming-armor-one-x\/","og_site_name":"Aivlisoft Inform\u00e1tica","article_modified_time":"2025-01-14T10:04:00+00:00","og_image":[{"width":800,"height":800,"url":"https:\/\/aivlisoft.net\/shop\/wp-content\/uploads\/2025\/01\/AGAMPA0549_800-1.jpg","type":"image\/jpeg"}],"twitter_card":"summary_large_image","twitter_misc":{"Tiempo de lectura":"2 minutos"},"schema":{"@context":"https:\/\/schema.org","@graph":[{"@type":"WebPage","@id":"https:\/\/aivlisoft.net\/shop\/producto\/cougar-silla-gaming-armor-one-x\/","url":"https:\/\/aivlisoft.net\/shop\/producto\/cougar-silla-gaming-armor-one-x\/","name":"Cougar Silla Gaming Armor one X - Aivlisoft Inform\u00e1tica","isPartOf":{"@id":"https:\/\/aivlisoft.net\/shop\/#website"},"primaryImageOfPage":{"@id":"https:\/\/aivlisoft.net\/shop\/producto\/cougar-silla-gaming-armor-one-x\/#primaryimage"},"image":{"@id":"https:\/\/aivlisoft.net\/shop\/producto\/cougar-silla-gaming-armor-one-x\/#primaryimage"},"thumbnailUrl":"https:\/\/aivlisoft.net\/shop\/wp-content\/uploads\/2025\/01\/AGAMPA0549_800-1.jpg","datePublished":"2025-01-13T13:10:56+00:00","dateModified":"2025-01-14T10:04:00+00:00","breadcrumb":{"@id":"https:\/\/aivlisoft.net\/shop\/producto\/cougar-silla-gaming-armor-one-x\/#breadcrumb"},"inLanguage":"es","potentialAction":[{"@type":"ReadAction","target":["https:\/\/aivlisoft.net\/shop\/producto\/cougar-silla-gaming-armor-one-x\/"]}]},{"@type":"ImageObject","inLanguage":"es","@id":"https:\/\/aivlisoft.net\/shop\/producto\/cougar-silla-gaming-armor-one-x\/#primaryimage","url":"https:\/\/aivlisoft.net\/shop\/wp-content\/uploads\/2025\/01\/AGAMPA0549_800-1.jpg","contentUrl":"https:\/\/aivlisoft.net\/shop\/wp-content\/uploads\/2025\/01\/AGAMPA0549_800-1.jpg","width":800,"height":800},{"@type":"BreadcrumbList","@id":"https:\/\/aivlisoft.net\/shop\/producto\/cougar-silla-gaming-armor-one-x\/#breadcrumb","itemListElement":[{"@type":"ListItem","position":1,"name":"Portada","item":"https:\/\/aivlisoft.net\/shop\/"},{"@type":"ListItem","position":2,"name":"Tienda","item":"https:\/\/aivlisoft.net\/shop\/tienda\/"},{"@type":"ListItem","position":3,"name":"Cougar Silla Gaming Armor one X"}]},{"@type":"WebSite","@id":"https:\/\/aivlisoft.net\/shop\/#website","url":"https:\/\/aivlisoft.net\/shop\/","name":"Aivlisoft Inform\u00e1tica","description":"En Aivlisoft Inform\u00e1tica ofrecemos soluciones tecnol\u00f3gicas para empresas: venta de ordenadores, consumibles, perif\u00e9ricos y m\u00e1s. Calidad, atenci\u00f3n personalizada y los mejores precios para tu negocio.","publisher":{"@id":"https:\/\/aivlisoft.net\/shop\/#organization"},"potentialAction":[{"@type":"SearchAction","target":{"@type":"EntryPoint","urlTemplate":"https:\/\/aivlisoft.net\/shop\/?s={search_term_string}"},"query-input":{"@type":"PropertyValueSpecification","valueRequired":true,"valueName":"search_term_string"}}],"inLanguage":"es"},{"@type":"Organization","@id":"https:\/\/aivlisoft.net\/shop\/#organization","name":"Aivlisoft Inform\u00e1tica","url":"https:\/\/aivlisoft.net\/shop\/","logo":{"@type":"ImageObject","inLanguage":"es","@id":"https:\/\/aivlisoft.net\/shop\/#\/schema\/logo\/image\/","url":"https:\/\/aivlisoft.net\/shop\/wp-content\/uploads\/2024\/12\/removal.ai_5b848c54-0cdf-4140-95c5-c5536bb7573b-logodef.png","contentUrl":"https:\/\/aivlisoft.net\/shop\/wp-content\/uploads\/2024\/12\/removal.ai_5b848c54-0cdf-4140-95c5-c5536bb7573b-logodef.png","width":484,"height":182,"caption":"Aivlisoft Inform\u00e1tica"},"image":{"@id":"https:\/\/aivlisoft.net\/shop\/#\/schema\/logo\/image\/"}}]}},"_links":{"self":[{"href":"https:\/\/aivlisoft.net\/shop\/wp-json\/wp\/v2\/product\/2822","targetHints":{"allow":["GET"]}}],"collection":[{"href":"https:\/\/aivlisoft.net\/shop\/wp-json\/wp\/v2\/product"}],"about":[{"href":"https:\/\/aivlisoft.net\/shop\/wp-json\/wp\/v2\/types\/product"}],"wp:featuredmedia":[{"embeddable":true,"href":"https:\/\/aivlisoft.net\/shop\/wp-json\/wp\/v2\/media\/2823"}],"wp:attachment":[{"href":"https:\/\/aivlisoft.net\/shop\/wp-json\/wp\/v2\/media?parent=2822"}],"wp:term":[{"taxonomy":"product_brand","embeddable":true,"href":"https:\/\/aivlisoft.net\/shop\/wp-json\/wp\/v2\/product_brand?post=2822"},{"taxonomy":"product_cat","embeddable":true,"href":"https:\/\/aivlisoft.net\/shop\/wp-json\/wp\/v2\/product_cat?post=2822"},{"taxonomy":"product_tag","embeddable":true,"href":"https:\/\/aivlisoft.net\/shop\/wp-json\/wp\/v2\/product_tag?post=2822"}],"curies":[{"name":"wp","href":"https:\/\/api.w.org\/{rel}","templated":true}]}}