{"id":22560,"date":"2025-01-13T16:07:18","date_gmt":"2025-01-13T16:07:18","guid":{"rendered":"https:\/\/aivlisoft.com\/?post_type=product&#038;p=22560"},"modified":"2025-01-14T13:42:31","modified_gmt":"2025-01-14T13:42:31","slug":"grandstream-telefono-ip-gxp1630","status":"publish","type":"product","link":"https:\/\/aivlisoft.net\/shop\/producto\/grandstream-telefono-ip-gxp1630\/","title":{"rendered":"Grandstream Telefono IP GXP1630"},"content":{"rendered":"<p>Un tel&eacute;fono IP de calidad superior para peque&ntilde;as empresas, el GXP1630 proporciona un conjunto de poderosas funciones VoIP de una manera f&aacute;cil de usar con un dise&ntilde;o moderno. El GXP1630 ofrece soporte hasta para 3 l&iacute;neas e incluye puertos Gigabit para maximizar las velocidades de conexi&oacute;n y la calidad de las llamadas. El tel&eacute;fono incluye 8 teclas BLF\/de marcaci&oacute;n r&aacute;pida que permiten a los usuarios monitorear f&aacute;cilmente la presencia y el estatus de otras extensiones y transferir llamadas. Las caracter&iacute;sticas adicionales incluyen audio HD para llamadas claras y sin interferencias, conferencia de 4 participantes para maximizar la productividad, 3 teclas XML programables para personalizaci&oacute;n, soporte de EHS para aud&iacute;fonos Plantronics y PoE integrado para permitir que un cable alimente al tel&eacute;fono y le proporcione una conexi&oacute;n de red. Estas caracter&iacute;sticas y m&aacute;s hacen posible que el GXP1630 sea un tel&eacute;fono IP de alta calidad y vers&aacute;til para peque&ntilde;as empresas.<\/p>\n<p>Como todos los tel&eacute;fonos IP Grandstream, el GXP1630 ofrece tecnolog&iacute;a de cifrado de seguridad de vanguardia (SRTP y TLS). El GXP1630 soporta una variedad de opciones de aprovisionamiento automatizado, incluyendo la caracter&iacute;stica de cero configuraci&oacute;n con los IP PBXs de la serie UCM de Grandstream, archivos XML cifrados y TR-069, para hacer extremadamente f&aacute;cil su implementaci&oacute;n a gran escala.<\/p>\n<table class=\"tabla_Caracteristicas k-table\" width=\"100%\">\n<tbody>\n<tr>\n<td valign=\"top\"><strong>Marca<\/strong><\/td>\n<td>Grandstream<\/td>\n<\/tr>\n<tr>\n<td valign=\"top\"><strong>Modelo<\/strong><\/td>\n<td><strong>GXP1630<\/strong><\/td>\n<\/tr>\n<tr>\n<td valign=\"top\"><strong>Pantalla<\/strong><\/td>\n<td>&#8211; Pantalla gr&aacute;fica LCD de 132 x 64<\/td>\n<\/tr>\n<tr>\n<td valign=\"top\"><strong>Puertos<\/strong><\/td>\n<td>&#8211; Puertos dobles de red Ethernet auto sensitivos de 10\/100\/1000 Mbps, PoE integrado<\/td>\n<\/tr>\n<tr>\n<td valign=\"top\"><strong>Voz<\/strong><\/td>\n<td>&#8211; Soporte para G.711&mu;\/a, G.722 (banda ancha), G.723, G.726-32, G.729 A\/B, iLBC, DTMF en banda y fuera de banda (In audio, RFC2833, SIP INFO), VAD, CNG, AEC, PLC, AJB, AGC<\/td>\n<\/tr>\n<tr>\n<td valign=\"top\"><strong>Telefon&iacute;a<\/strong><\/td>\n<td>&#8211; Retenci&oacute;n, transferencia, reenv&iacute;o (incondicional\/no respuesta\/ocupado), conferencia de 4 v&iacute;as, estacionamiento\/recuperaci&oacute;n de llamadas, estado de llamada compartida (SCA) \/ estado de l&iacute;nea en puente (BLA), directorio telef&oacute;nico descargable (XML, LDAP, hasta 500 contactos), llamada en espera, historial de llamadas (hasta 200 registros), marcaci&oacute;n autom&aacute;tica al descolgar, respuesta autom&aacute;tica, hacer clic para marcar, plan de marcaci&oacute;n flexible, estaciones de trabajo compartidas (hot desking), tonos de llamadas con m&uacute;sica personalizada, redundancia de servidores y conmutaci&oacute;n por error (fail-over)<\/td>\n<\/tr>\n<tr>\n<td valign=\"top\">\n<div><strong>Otras<\/strong><\/div>\n<div><strong>caracteristicas<\/strong><\/div>\n<\/td>\n<td>&#8211; Multilenguaje: Ingl&eacute;s, alem&aacute;n, italiano, franc&eacute;s, espa&ntilde;ol, portugu&eacute;s, ruso, croata, chino simplificado y tradicional, coreano, japon&eacute;s y m&aacute;s<br \/>&#8211; Actualizaci&oacute;n autoaprovisionamiento: Actualizaci&oacute;n de firmware por medio de TFTP \/ HTTP \/ HTTPS, aprovisionamiento masivo usando TR-069 o el archivo de configuraci&oacute;n XML cifrado con AES<br \/>&#8211; Conector de aud&iacute;fonos: Conector RJ9 para fones (compat&iacute;vel com EHS com fones Plantronics)<br \/>&#8211; Base de soporte: S&iacute;, permite 2 posiciones en &aacute;ngulo, montaje en pared<br \/>&#8211; Montaje de pared: S&iacute;<br \/>&#8211; QoS: Layer 2 QoS (802.1Q, 802.1P) y Layer 3 (ToS, DiffServ, MPLS) QoS<br \/><strong>Seguridad<\/strong><br \/>&#8211; Control de acceso a nivel del usuario y del administrador, autenticaci&oacute;n basada en MD5 y MD5-sess, archivo de configuraci&oacute;n cifrado con AES de 256 bits, TLS, SRTP, HTTPS, 802.1x Media Access Control<br \/><strong>Alimentacion<\/strong><br \/>&#8211; Fuente de Alimentaci&oacute;n Universal; Entrada: 100-240VAC 50-60Hz; <br \/>&nbsp; Salida: +5VDC, 600mA, PoE: ieee802.3af Class 2, 3.84W-6.49W <br \/><strong>Dimensiones<\/strong><br \/>&#8211; Dimensi&oacute;n: 222.5 mm (Largo) x 208.5 mm (Ancho) x 76.2 mm (Alto) (con auricular) Peso de la unidad: 0.8 kg; Peso del paquete: 1.2 kg<br \/><strong>Conformidad<\/strong><br \/>&#8211; FCC: Part 15 (CFR 47) Class B, CE: EN55022&nbsp; Class B, EN55024, EN61000-3-2, EN61000-3-3, EN60950-1, RCM: AS\/ACIF S004; AS\/NZS CISPR22\/24; AS\/NZS 60950; AS\/NZS 60950.1<strong><br \/>Protocolos\/normas<\/strong><br \/>&#8211; SIP RFC3261, TCP\/IP\/UDP, RTP\/RTCP, HTTP\/HTTPS, ARP\/RARP, ICMP, DNS (A record, SRV, NAPTR), DHCP, PPPoE, SSH, TFTP, NTP, STUN, SIMPLE, LLDP-MED, LDAP, TR-069, 802.1x, TLS, SRTP<br \/><strong>Teclas de funci&oacute;n<\/strong><br \/>&#8211; 3 teclas de l&iacute;nea con LED bicolor y 3 cuentas SIP, 3 teclas programables sensibles al contexto XML, 8 teclas de extensi&oacute;n BLF programables, 5 teclas (navegaci&oacute;n, men&uacute;). 13 teclas de funci&oacute;n dedicada para SILENCIO, AUD&Iacute;FONOS, TRANSFERENCIA, CONFERENCIA, ENVIAR y REMARCAR, ALTAVOZ, VOLUMEN, DIRECTORIO TELEF&Oacute;NICO, MENSAJE, RETENER, RADIOLOCALIZACI&Oacute;N\/INTERCOMUNICACI&Oacute;N, GRABAR,&nbsp; INICIO<\/td>\n<\/tr>\n<tr>\n<td valign=\"top\">\n<div><strong>Contenido <\/strong><\/div>\n<div><strong>del paquete<\/strong><\/div>\n<\/td>\n<td>&#8211; Tel&eacute;fono GXP1615, auricular con cord&oacute;n, base de soporte, fuente de alimentaci&oacute;n universal, cable de red, gu&iacute;a de Instalaci&oacute;n R&aacute;pida, folleto, licencia GPL<\/td>\n<\/tr>\n<tr>\n<td><strong>Fecha revisi&oacute;n<\/strong><\/td>\n<td>05-10-2015 por MSB<\/td>\n<\/tr>\n<\/tbody>\n<\/table>\n","protected":false},"excerpt":{"rendered":"<p>Un tel&eacute;fono IP de calidad superior para peque&ntilde;as empresas, el GXP1630 proporciona un conjunto de poderosas funciones VoIP de una manera f&aacute;cil de usar con un dise&ntilde;o moderno. El GXP1630 ofrece soporte hasta para 3 l&iacute;neas e incluye puertos Gigabit para maximizar las velocidades de conexi&oacute;n y la calidad de las llamadas. El tel&eacute;fono incluye&hellip;&nbsp;<a href=\"https:\/\/aivlisoft.net\/shop\/producto\/grandstream-telefono-ip-gxp1630\/\" rel=\"bookmark\"><span class=\"screen-reader-text\">Grandstream Telefono IP GXP1630<\/span><\/a><\/p>\n","protected":false},"featured_media":22561,"template":"","meta":{"neve_meta_sidebar":"","neve_meta_container":"","neve_meta_enable_content_width":"","neve_meta_content_width":0,"neve_meta_title_alignment":"","neve_meta_author_avatar":"","neve_post_elements_order":"","neve_meta_disable_header":"","neve_meta_disable_footer":"","neve_meta_disable_title":""},"product_brand":[],"product_cat":[15,7909],"product_tag":[7971],"class_list":{"0":"post-22560","1":"product","2":"type-product","3":"status-publish","4":"has-post-thumbnail","6":"product_cat-sin-categorizar","7":"product_cat-telefonia-ip","8":"product_tag-gxp1630","10":"first","11":"instock","12":"taxable","13":"shipping-taxable","14":"purchasable","15":"product-type-simple"},"yoast_head":"<!-- This site is optimized with the Yoast SEO plugin v26.0 - https:\/\/yoast.com\/wordpress\/plugins\/seo\/ -->\n<title>Grandstream Telefono IP GXP1630 - Aivlisoft Inform\u00e1tica<\/title>\n<meta name=\"robots\" content=\"index, follow, max-snippet:-1, max-image-preview:large, max-video-preview:-1\" \/>\n<link rel=\"canonical\" href=\"https:\/\/aivlisoft.net\/shop\/producto\/grandstream-telefono-ip-gxp1630\/\" \/>\n<meta property=\"og:locale\" content=\"es_ES\" \/>\n<meta property=\"og:type\" content=\"article\" \/>\n<meta property=\"og:title\" content=\"Grandstream Telefono IP GXP1630 - Aivlisoft Inform\u00e1tica\" \/>\n<meta property=\"og:description\" content=\"Un tel&eacute;fono IP de calidad superior para peque&ntilde;as empresas, el GXP1630 proporciona un conjunto de poderosas funciones VoIP de una manera f&aacute;cil de usar con un dise&ntilde;o moderno. El GXP1630 ofrece soporte hasta para 3 l&iacute;neas e incluye puertos Gigabit para maximizar las velocidades de conexi&oacute;n y la calidad de las llamadas. El tel&eacute;fono incluye&hellip;&nbsp;Grandstream Telefono IP GXP1630\" \/>\n<meta property=\"og:url\" content=\"https:\/\/aivlisoft.net\/shop\/producto\/grandstream-telefono-ip-gxp1630\/\" \/>\n<meta property=\"og:site_name\" content=\"Aivlisoft Inform\u00e1tica\" \/>\n<meta property=\"article:modified_time\" content=\"2025-01-14T13:42:31+00:00\" \/>\n<meta property=\"og:image\" content=\"https:\/\/aivlisoft.net\/shop\/wp-content\/uploads\/2025\/01\/NTITLI0018_800.jpg\" \/>\n\t<meta property=\"og:image:width\" content=\"800\" \/>\n\t<meta property=\"og:image:height\" content=\"800\" \/>\n\t<meta property=\"og:image:type\" content=\"image\/jpeg\" \/>\n<meta name=\"twitter:card\" content=\"summary_large_image\" \/>\n<meta name=\"twitter:label1\" content=\"Tiempo de lectura\" \/>\n\t<meta name=\"twitter:data1\" content=\"4 minutos\" \/>\n<script type=\"application\/ld+json\" class=\"yoast-schema-graph\">{\"@context\":\"https:\/\/schema.org\",\"@graph\":[{\"@type\":\"WebPage\",\"@id\":\"https:\/\/aivlisoft.net\/shop\/producto\/grandstream-telefono-ip-gxp1630\/\",\"url\":\"https:\/\/aivlisoft.net\/shop\/producto\/grandstream-telefono-ip-gxp1630\/\",\"name\":\"Grandstream Telefono IP GXP1630 - Aivlisoft Inform\u00e1tica\",\"isPartOf\":{\"@id\":\"https:\/\/aivlisoft.net\/shop\/#website\"},\"primaryImageOfPage\":{\"@id\":\"https:\/\/aivlisoft.net\/shop\/producto\/grandstream-telefono-ip-gxp1630\/#primaryimage\"},\"image\":{\"@id\":\"https:\/\/aivlisoft.net\/shop\/producto\/grandstream-telefono-ip-gxp1630\/#primaryimage\"},\"thumbnailUrl\":\"https:\/\/aivlisoft.net\/shop\/wp-content\/uploads\/2025\/01\/NTITLI0018_800.jpg\",\"datePublished\":\"2025-01-13T16:07:18+00:00\",\"dateModified\":\"2025-01-14T13:42:31+00:00\",\"breadcrumb\":{\"@id\":\"https:\/\/aivlisoft.net\/shop\/producto\/grandstream-telefono-ip-gxp1630\/#breadcrumb\"},\"inLanguage\":\"es\",\"potentialAction\":[{\"@type\":\"ReadAction\",\"target\":[\"https:\/\/aivlisoft.net\/shop\/producto\/grandstream-telefono-ip-gxp1630\/\"]}]},{\"@type\":\"ImageObject\",\"inLanguage\":\"es\",\"@id\":\"https:\/\/aivlisoft.net\/shop\/producto\/grandstream-telefono-ip-gxp1630\/#primaryimage\",\"url\":\"https:\/\/aivlisoft.net\/shop\/wp-content\/uploads\/2025\/01\/NTITLI0018_800.jpg\",\"contentUrl\":\"https:\/\/aivlisoft.net\/shop\/wp-content\/uploads\/2025\/01\/NTITLI0018_800.jpg\",\"width\":800,\"height\":800},{\"@type\":\"BreadcrumbList\",\"@id\":\"https:\/\/aivlisoft.net\/shop\/producto\/grandstream-telefono-ip-gxp1630\/#breadcrumb\",\"itemListElement\":[{\"@type\":\"ListItem\",\"position\":1,\"name\":\"Portada\",\"item\":\"https:\/\/aivlisoft.net\/shop\/\"},{\"@type\":\"ListItem\",\"position\":2,\"name\":\"Tienda\",\"item\":\"https:\/\/aivlisoft.net\/shop\/tienda\/\"},{\"@type\":\"ListItem\",\"position\":3,\"name\":\"Grandstream Telefono IP GXP1630\"}]},{\"@type\":\"WebSite\",\"@id\":\"https:\/\/aivlisoft.net\/shop\/#website\",\"url\":\"https:\/\/aivlisoft.net\/shop\/\",\"name\":\"Aivlisoft Inform\u00e1tica\",\"description\":\"En Aivlisoft Inform\u00e1tica ofrecemos soluciones tecnol\u00f3gicas para empresas: venta de ordenadores, consumibles, perif\u00e9ricos y m\u00e1s. Calidad, atenci\u00f3n personalizada y los mejores precios para tu negocio.\",\"publisher\":{\"@id\":\"https:\/\/aivlisoft.net\/shop\/#organization\"},\"potentialAction\":[{\"@type\":\"SearchAction\",\"target\":{\"@type\":\"EntryPoint\",\"urlTemplate\":\"https:\/\/aivlisoft.net\/shop\/?s={search_term_string}\"},\"query-input\":{\"@type\":\"PropertyValueSpecification\",\"valueRequired\":true,\"valueName\":\"search_term_string\"}}],\"inLanguage\":\"es\"},{\"@type\":\"Organization\",\"@id\":\"https:\/\/aivlisoft.net\/shop\/#organization\",\"name\":\"Aivlisoft Inform\u00e1tica\",\"url\":\"https:\/\/aivlisoft.net\/shop\/\",\"logo\":{\"@type\":\"ImageObject\",\"inLanguage\":\"es\",\"@id\":\"https:\/\/aivlisoft.net\/shop\/#\/schema\/logo\/image\/\",\"url\":\"https:\/\/aivlisoft.net\/shop\/wp-content\/uploads\/2024\/12\/removal.ai_5b848c54-0cdf-4140-95c5-c5536bb7573b-logodef.png\",\"contentUrl\":\"https:\/\/aivlisoft.net\/shop\/wp-content\/uploads\/2024\/12\/removal.ai_5b848c54-0cdf-4140-95c5-c5536bb7573b-logodef.png\",\"width\":484,\"height\":182,\"caption\":\"Aivlisoft Inform\u00e1tica\"},\"image\":{\"@id\":\"https:\/\/aivlisoft.net\/shop\/#\/schema\/logo\/image\/\"}}]}<\/script>\n<!-- \/ Yoast SEO plugin. -->","yoast_head_json":{"title":"Grandstream Telefono IP GXP1630 - Aivlisoft Inform\u00e1tica","robots":{"index":"index","follow":"follow","max-snippet":"max-snippet:-1","max-image-preview":"max-image-preview:large","max-video-preview":"max-video-preview:-1"},"canonical":"https:\/\/aivlisoft.net\/shop\/producto\/grandstream-telefono-ip-gxp1630\/","og_locale":"es_ES","og_type":"article","og_title":"Grandstream Telefono IP GXP1630 - Aivlisoft Inform\u00e1tica","og_description":"Un tel&eacute;fono IP de calidad superior para peque&ntilde;as empresas, el GXP1630 proporciona un conjunto de poderosas funciones VoIP de una manera f&aacute;cil de usar con un dise&ntilde;o moderno. El GXP1630 ofrece soporte hasta para 3 l&iacute;neas e incluye puertos Gigabit para maximizar las velocidades de conexi&oacute;n y la calidad de las llamadas. El tel&eacute;fono incluye&hellip;&nbsp;Grandstream Telefono IP GXP1630","og_url":"https:\/\/aivlisoft.net\/shop\/producto\/grandstream-telefono-ip-gxp1630\/","og_site_name":"Aivlisoft Inform\u00e1tica","article_modified_time":"2025-01-14T13:42:31+00:00","og_image":[{"width":800,"height":800,"url":"https:\/\/aivlisoft.net\/shop\/wp-content\/uploads\/2025\/01\/NTITLI0018_800.jpg","type":"image\/jpeg"}],"twitter_card":"summary_large_image","twitter_misc":{"Tiempo de lectura":"4 minutos"},"schema":{"@context":"https:\/\/schema.org","@graph":[{"@type":"WebPage","@id":"https:\/\/aivlisoft.net\/shop\/producto\/grandstream-telefono-ip-gxp1630\/","url":"https:\/\/aivlisoft.net\/shop\/producto\/grandstream-telefono-ip-gxp1630\/","name":"Grandstream Telefono IP GXP1630 - Aivlisoft Inform\u00e1tica","isPartOf":{"@id":"https:\/\/aivlisoft.net\/shop\/#website"},"primaryImageOfPage":{"@id":"https:\/\/aivlisoft.net\/shop\/producto\/grandstream-telefono-ip-gxp1630\/#primaryimage"},"image":{"@id":"https:\/\/aivlisoft.net\/shop\/producto\/grandstream-telefono-ip-gxp1630\/#primaryimage"},"thumbnailUrl":"https:\/\/aivlisoft.net\/shop\/wp-content\/uploads\/2025\/01\/NTITLI0018_800.jpg","datePublished":"2025-01-13T16:07:18+00:00","dateModified":"2025-01-14T13:42:31+00:00","breadcrumb":{"@id":"https:\/\/aivlisoft.net\/shop\/producto\/grandstream-telefono-ip-gxp1630\/#breadcrumb"},"inLanguage":"es","potentialAction":[{"@type":"ReadAction","target":["https:\/\/aivlisoft.net\/shop\/producto\/grandstream-telefono-ip-gxp1630\/"]}]},{"@type":"ImageObject","inLanguage":"es","@id":"https:\/\/aivlisoft.net\/shop\/producto\/grandstream-telefono-ip-gxp1630\/#primaryimage","url":"https:\/\/aivlisoft.net\/shop\/wp-content\/uploads\/2025\/01\/NTITLI0018_800.jpg","contentUrl":"https:\/\/aivlisoft.net\/shop\/wp-content\/uploads\/2025\/01\/NTITLI0018_800.jpg","width":800,"height":800},{"@type":"BreadcrumbList","@id":"https:\/\/aivlisoft.net\/shop\/producto\/grandstream-telefono-ip-gxp1630\/#breadcrumb","itemListElement":[{"@type":"ListItem","position":1,"name":"Portada","item":"https:\/\/aivlisoft.net\/shop\/"},{"@type":"ListItem","position":2,"name":"Tienda","item":"https:\/\/aivlisoft.net\/shop\/tienda\/"},{"@type":"ListItem","position":3,"name":"Grandstream Telefono IP GXP1630"}]},{"@type":"WebSite","@id":"https:\/\/aivlisoft.net\/shop\/#website","url":"https:\/\/aivlisoft.net\/shop\/","name":"Aivlisoft Inform\u00e1tica","description":"En Aivlisoft Inform\u00e1tica ofrecemos soluciones tecnol\u00f3gicas para empresas: venta de ordenadores, consumibles, perif\u00e9ricos y m\u00e1s. Calidad, atenci\u00f3n personalizada y los mejores precios para tu negocio.","publisher":{"@id":"https:\/\/aivlisoft.net\/shop\/#organization"},"potentialAction":[{"@type":"SearchAction","target":{"@type":"EntryPoint","urlTemplate":"https:\/\/aivlisoft.net\/shop\/?s={search_term_string}"},"query-input":{"@type":"PropertyValueSpecification","valueRequired":true,"valueName":"search_term_string"}}],"inLanguage":"es"},{"@type":"Organization","@id":"https:\/\/aivlisoft.net\/shop\/#organization","name":"Aivlisoft Inform\u00e1tica","url":"https:\/\/aivlisoft.net\/shop\/","logo":{"@type":"ImageObject","inLanguage":"es","@id":"https:\/\/aivlisoft.net\/shop\/#\/schema\/logo\/image\/","url":"https:\/\/aivlisoft.net\/shop\/wp-content\/uploads\/2024\/12\/removal.ai_5b848c54-0cdf-4140-95c5-c5536bb7573b-logodef.png","contentUrl":"https:\/\/aivlisoft.net\/shop\/wp-content\/uploads\/2024\/12\/removal.ai_5b848c54-0cdf-4140-95c5-c5536bb7573b-logodef.png","width":484,"height":182,"caption":"Aivlisoft Inform\u00e1tica"},"image":{"@id":"https:\/\/aivlisoft.net\/shop\/#\/schema\/logo\/image\/"}}]}},"_links":{"self":[{"href":"https:\/\/aivlisoft.net\/shop\/wp-json\/wp\/v2\/product\/22560","targetHints":{"allow":["GET"]}}],"collection":[{"href":"https:\/\/aivlisoft.net\/shop\/wp-json\/wp\/v2\/product"}],"about":[{"href":"https:\/\/aivlisoft.net\/shop\/wp-json\/wp\/v2\/types\/product"}],"wp:featuredmedia":[{"embeddable":true,"href":"https:\/\/aivlisoft.net\/shop\/wp-json\/wp\/v2\/media\/22561"}],"wp:attachment":[{"href":"https:\/\/aivlisoft.net\/shop\/wp-json\/wp\/v2\/media?parent=22560"}],"wp:term":[{"taxonomy":"product_brand","embeddable":true,"href":"https:\/\/aivlisoft.net\/shop\/wp-json\/wp\/v2\/product_brand?post=22560"},{"taxonomy":"product_cat","embeddable":true,"href":"https:\/\/aivlisoft.net\/shop\/wp-json\/wp\/v2\/product_cat?post=22560"},{"taxonomy":"product_tag","embeddable":true,"href":"https:\/\/aivlisoft.net\/shop\/wp-json\/wp\/v2\/product_tag?post=22560"}],"curies":[{"name":"wp","href":"https:\/\/api.w.org\/{rel}","templated":true}]}}