{"id":22390,"date":"2025-01-13T16:05:43","date_gmt":"2025-01-13T16:05:43","guid":{"rendered":"https:\/\/aivlisoft.com\/?post_type=product&#038;p=22390"},"modified":"2025-01-14T12:02:18","modified_gmt":"2025-01-14T12:02:18","slug":"grandstream-guv3000-audifonos-hd-usb-microfono","status":"publish","type":"product","link":"https:\/\/aivlisoft.net\/shop\/producto\/grandstream-guv3000-audifonos-hd-usb-microfono\/","title":{"rendered":"GrandStream GUV3000 Audifonos HD USB Microfono"},"content":{"rendered":"<p><strong>Aud&iacute;fonos HD USB con Micr&oacute;fono con Cancelaci&oacute;n de Ruido<\/strong><br \/>Los aud&iacute;fonos HD USB GUV3000 se incorporan a laptops, computadoras, tel&eacute;fonos IP y otros dispositivos para ofrecer sonido de alta calidad. Ideales para empleados que trabajan a distancia y entornos concurridos, estos aud&iacute;fonos USB cuentan con un micr&oacute;fono con cancelaci&oacute;n de ruido que minimiza el ruido de fondo para proporcionar audio HD n&iacute;tido. Los aud&iacute;fonos GUV3000 proporcionan comodidad todo el d&iacute;a gracias a las diademas ajustables y sus suaves almohadillas mientras que el audio se ajusta f&aacute;cilmente usando los controles integrados. Los aud&iacute;fonos de la serie GUV son compatibles con cualquier dispositivo que ofrezca una conexi&oacute;n USB, incluyendo laptops y tel&eacute;fonos IP Grandstream. Soportan todas las principales plataformas, aplicaciones y softphones de comunicaci&oacute;n de otros proveedores, as&iacute; como las aplicaciones IPVideoTalk Meetings y Wave de Grandstream. Al ofrecer audio HD n&iacute;tido, comodidad de uso y amplia compatibilidad, la serie GUV es ideal para empleados que trabajan a distancia, call centers, recepcionistas, equipos de ventas y m&aacute;s.<br \/>&nbsp;<\/p>\n<table class=\"tabla_caracteristicas\" width=\"100%\">\n<tr>\n<td><strong>Marca<\/strong><\/td>\n<td>Grandstream<\/td>\n<\/tr>\n<tr>\n<td><strong>Modelo<\/strong><\/td>\n<td><strong>GUV3000<\/strong><\/td>\n<\/tr>\n<tr>\n<td><strong>Caracteristicas<\/strong><\/td>\n<td>&#8211; Estilo de Uso: Diadema ajustable<br \/>\t\t\t<strong>Altavoz<\/strong><br \/>\t\t\t&#8211; Impedancia: 150(&plusmn;15%)&Omega;<br \/>\t\t\t&#8211; Sensibilidad: 95&plusmn;3dB (en 1kHz 1mW)<br \/>\t\t\t&#8211; Respuesta de Frecuencia: 100Hz~7kHz<br \/>\t\t\t&#8211; Distorsi&oacute;n: M&aacute;x: 3% y 1kHZ<br \/>\t\t\t&#8211; Potencia de Entrada Predeterminada: 10mW<br \/>\t\t\t&#8211; Potencia de Entrada M&aacute;xima: 20mW<br \/>\t\t\t&#8211; Volumen I\/D: &le;3dB (en 1kHz 1mW)<br \/>\t\t\t<strong>Micr&oacute;fono<\/strong><br \/>\t\t\t&#8211; Impedancia de Salida: &lt;2.2 k&Omega;<br \/>\t\t\t&#8211; Sensibilidad: -47&plusmn;3dB, f=1kHz,Pin=1 Pa<br \/>\t\t\t&#8211; Relaci&oacute;n Se&ntilde;al\/Ruido: &ge;55db f=1kHz, Pin=1Pa, Curva de Ponderaci&oacute;n A<br \/>\t\t\t&#8211; Respuesta de Frecuencia: 150Hz~6.8kHz<br \/>\t\t\t&#8211; Directividad: Cardioide<br \/>\t\t\t&#8211; Rotaci&oacute;n del brazo micr&oacute;fono: 310&ordm;<\/td>\n<\/tr>\n<tr>\n<td><strong>Interfaz<\/strong><\/td>\n<td>&#8211; USB 2.0<br \/>\t\t\t&#8211; USB-A<\/td>\n<\/tr>\n<tr>\n<td><strong>Otras caracteristicas<\/strong><\/td>\n<td>&#8211; Compatibilidad aplicaciones: Zoom, Teams, WebEx, IPVideoTalk, Grandstream Wave, Counterpath, softphones 3CX) y tel&eacute;fonos IP<br \/>\t\t\t&#8211; Certificaciones: CE, FCC<br \/>\t\t\t&#8211; Temperatura Almacenamiento: -40&deg; ~ 70&deg;<br \/>\t\t\t&#8211; Funcionamiento: -10&deg;C ~ 50&deg;C<br \/>\t\t\t<strong>Dimensiones y peso<\/strong><br \/>\t\t\t&#8211; Di&aacute;metro del Altavoz: 27mm<br \/>\t\t\t&#8211; Dimensi&oacute;n micr&oacute;fono: &Phi; 4.0 x 2.2 mm<br \/>\t\t\t&#8211; Longitud del cable: 2 m<br \/>\t\t\t&#8211; Peso: 125g<br \/>\t\t\t<strong>Contenido<\/strong><br \/>\t\t\t&#8211; Paquete Aud&iacute;fono<br \/>\t\t\t&#8211; Gu&iacute;a de Inicio R&aacute;pido<\/td>\n<\/tr>\n<tr>\n<td><strong>Fecha de revisi&oacute;n<\/strong><\/td>\n<td>25-01-2023 por RTY<\/td>\n<\/tr>\n<\/table>\n","protected":false},"excerpt":{"rendered":"<p>Aud&iacute;fonos HD USB con Micr&oacute;fono con Cancelaci&oacute;n de RuidoLos aud&iacute;fonos HD USB GUV3000 se incorporan a laptops, computadoras, tel&eacute;fonos IP y otros dispositivos para ofrecer sonido de alta calidad. Ideales para empleados que trabajan a distancia y entornos concurridos, estos aud&iacute;fonos USB cuentan con un micr&oacute;fono con cancelaci&oacute;n de ruido que minimiza el ruido de&hellip;&nbsp;<a href=\"https:\/\/aivlisoft.net\/shop\/producto\/grandstream-guv3000-audifonos-hd-usb-microfono\/\" rel=\"bookmark\"><span class=\"screen-reader-text\">GrandStream GUV3000 Audifonos HD USB Microfono<\/span><\/a><\/p>\n","protected":false},"featured_media":22391,"template":"","meta":{"neve_meta_sidebar":"","neve_meta_container":"","neve_meta_enable_content_width":"","neve_meta_content_width":0,"neve_meta_title_alignment":"","neve_meta_author_avatar":"","neve_post_elements_order":"","neve_meta_disable_header":"","neve_meta_disable_footer":"","neve_meta_disable_title":""},"product_brand":[],"product_cat":[15],"product_tag":[7914],"class_list":{"0":"post-22390","1":"product","2":"type-product","3":"status-publish","4":"has-post-thumbnail","6":"product_cat-sin-categorizar","7":"product_tag-guv3000","9":"first","10":"instock","11":"taxable","12":"shipping-taxable","13":"purchasable","14":"product-type-simple"},"yoast_head":"<!-- This site is optimized with the Yoast SEO plugin v26.0 - https:\/\/yoast.com\/wordpress\/plugins\/seo\/ -->\n<title>GrandStream GUV3000 Audifonos HD USB Microfono - Aivlisoft Inform\u00e1tica<\/title>\n<meta name=\"robots\" content=\"index, follow, max-snippet:-1, max-image-preview:large, max-video-preview:-1\" \/>\n<link rel=\"canonical\" href=\"https:\/\/aivlisoft.net\/shop\/producto\/grandstream-guv3000-audifonos-hd-usb-microfono\/\" \/>\n<meta property=\"og:locale\" content=\"es_ES\" \/>\n<meta property=\"og:type\" content=\"article\" \/>\n<meta property=\"og:title\" content=\"GrandStream GUV3000 Audifonos HD USB Microfono - Aivlisoft Inform\u00e1tica\" \/>\n<meta property=\"og:description\" content=\"Aud&iacute;fonos HD USB con Micr&oacute;fono con Cancelaci&oacute;n de RuidoLos aud&iacute;fonos HD USB GUV3000 se incorporan a laptops, computadoras, tel&eacute;fonos IP y otros dispositivos para ofrecer sonido de alta calidad. Ideales para empleados que trabajan a distancia y entornos concurridos, estos aud&iacute;fonos USB cuentan con un micr&oacute;fono con cancelaci&oacute;n de ruido que minimiza el ruido de&hellip;&nbsp;GrandStream GUV3000 Audifonos HD USB Microfono\" \/>\n<meta property=\"og:url\" content=\"https:\/\/aivlisoft.net\/shop\/producto\/grandstream-guv3000-audifonos-hd-usb-microfono\/\" \/>\n<meta property=\"og:site_name\" content=\"Aivlisoft Inform\u00e1tica\" \/>\n<meta property=\"article:modified_time\" content=\"2025-01-14T12:02:18+00:00\" \/>\n<meta property=\"og:image\" content=\"https:\/\/aivlisoft.net\/shop\/wp-content\/uploads\/2025\/01\/NTIAIP0029_800.jpg\" \/>\n\t<meta property=\"og:image:width\" content=\"800\" \/>\n\t<meta property=\"og:image:height\" content=\"800\" \/>\n\t<meta property=\"og:image:type\" content=\"image\/jpeg\" \/>\n<meta name=\"twitter:card\" content=\"summary_large_image\" \/>\n<meta name=\"twitter:label1\" content=\"Tiempo de lectura\" \/>\n\t<meta name=\"twitter:data1\" content=\"2 minutos\" \/>\n<script type=\"application\/ld+json\" class=\"yoast-schema-graph\">{\"@context\":\"https:\/\/schema.org\",\"@graph\":[{\"@type\":\"WebPage\",\"@id\":\"https:\/\/aivlisoft.net\/shop\/producto\/grandstream-guv3000-audifonos-hd-usb-microfono\/\",\"url\":\"https:\/\/aivlisoft.net\/shop\/producto\/grandstream-guv3000-audifonos-hd-usb-microfono\/\",\"name\":\"GrandStream GUV3000 Audifonos HD USB Microfono - Aivlisoft Inform\u00e1tica\",\"isPartOf\":{\"@id\":\"https:\/\/aivlisoft.net\/shop\/#website\"},\"primaryImageOfPage\":{\"@id\":\"https:\/\/aivlisoft.net\/shop\/producto\/grandstream-guv3000-audifonos-hd-usb-microfono\/#primaryimage\"},\"image\":{\"@id\":\"https:\/\/aivlisoft.net\/shop\/producto\/grandstream-guv3000-audifonos-hd-usb-microfono\/#primaryimage\"},\"thumbnailUrl\":\"https:\/\/aivlisoft.net\/shop\/wp-content\/uploads\/2025\/01\/NTIAIP0029_800.jpg\",\"datePublished\":\"2025-01-13T16:05:43+00:00\",\"dateModified\":\"2025-01-14T12:02:18+00:00\",\"breadcrumb\":{\"@id\":\"https:\/\/aivlisoft.net\/shop\/producto\/grandstream-guv3000-audifonos-hd-usb-microfono\/#breadcrumb\"},\"inLanguage\":\"es\",\"potentialAction\":[{\"@type\":\"ReadAction\",\"target\":[\"https:\/\/aivlisoft.net\/shop\/producto\/grandstream-guv3000-audifonos-hd-usb-microfono\/\"]}]},{\"@type\":\"ImageObject\",\"inLanguage\":\"es\",\"@id\":\"https:\/\/aivlisoft.net\/shop\/producto\/grandstream-guv3000-audifonos-hd-usb-microfono\/#primaryimage\",\"url\":\"https:\/\/aivlisoft.net\/shop\/wp-content\/uploads\/2025\/01\/NTIAIP0029_800.jpg\",\"contentUrl\":\"https:\/\/aivlisoft.net\/shop\/wp-content\/uploads\/2025\/01\/NTIAIP0029_800.jpg\",\"width\":800,\"height\":800},{\"@type\":\"BreadcrumbList\",\"@id\":\"https:\/\/aivlisoft.net\/shop\/producto\/grandstream-guv3000-audifonos-hd-usb-microfono\/#breadcrumb\",\"itemListElement\":[{\"@type\":\"ListItem\",\"position\":1,\"name\":\"Portada\",\"item\":\"https:\/\/aivlisoft.net\/shop\/\"},{\"@type\":\"ListItem\",\"position\":2,\"name\":\"Tienda\",\"item\":\"https:\/\/aivlisoft.net\/shop\/tienda\/\"},{\"@type\":\"ListItem\",\"position\":3,\"name\":\"GrandStream GUV3000 Audifonos HD USB Microfono\"}]},{\"@type\":\"WebSite\",\"@id\":\"https:\/\/aivlisoft.net\/shop\/#website\",\"url\":\"https:\/\/aivlisoft.net\/shop\/\",\"name\":\"Aivlisoft Inform\u00e1tica\",\"description\":\"En Aivlisoft Inform\u00e1tica ofrecemos soluciones tecnol\u00f3gicas para empresas: venta de ordenadores, consumibles, perif\u00e9ricos y m\u00e1s. Calidad, atenci\u00f3n personalizada y los mejores precios para tu negocio.\",\"publisher\":{\"@id\":\"https:\/\/aivlisoft.net\/shop\/#organization\"},\"potentialAction\":[{\"@type\":\"SearchAction\",\"target\":{\"@type\":\"EntryPoint\",\"urlTemplate\":\"https:\/\/aivlisoft.net\/shop\/?s={search_term_string}\"},\"query-input\":{\"@type\":\"PropertyValueSpecification\",\"valueRequired\":true,\"valueName\":\"search_term_string\"}}],\"inLanguage\":\"es\"},{\"@type\":\"Organization\",\"@id\":\"https:\/\/aivlisoft.net\/shop\/#organization\",\"name\":\"Aivlisoft Inform\u00e1tica\",\"url\":\"https:\/\/aivlisoft.net\/shop\/\",\"logo\":{\"@type\":\"ImageObject\",\"inLanguage\":\"es\",\"@id\":\"https:\/\/aivlisoft.net\/shop\/#\/schema\/logo\/image\/\",\"url\":\"https:\/\/aivlisoft.net\/shop\/wp-content\/uploads\/2024\/12\/removal.ai_5b848c54-0cdf-4140-95c5-c5536bb7573b-logodef.png\",\"contentUrl\":\"https:\/\/aivlisoft.net\/shop\/wp-content\/uploads\/2024\/12\/removal.ai_5b848c54-0cdf-4140-95c5-c5536bb7573b-logodef.png\",\"width\":484,\"height\":182,\"caption\":\"Aivlisoft Inform\u00e1tica\"},\"image\":{\"@id\":\"https:\/\/aivlisoft.net\/shop\/#\/schema\/logo\/image\/\"}}]}<\/script>\n<!-- \/ Yoast SEO plugin. -->","yoast_head_json":{"title":"GrandStream GUV3000 Audifonos HD USB Microfono - Aivlisoft Inform\u00e1tica","robots":{"index":"index","follow":"follow","max-snippet":"max-snippet:-1","max-image-preview":"max-image-preview:large","max-video-preview":"max-video-preview:-1"},"canonical":"https:\/\/aivlisoft.net\/shop\/producto\/grandstream-guv3000-audifonos-hd-usb-microfono\/","og_locale":"es_ES","og_type":"article","og_title":"GrandStream GUV3000 Audifonos HD USB Microfono - Aivlisoft Inform\u00e1tica","og_description":"Aud&iacute;fonos HD USB con Micr&oacute;fono con Cancelaci&oacute;n de RuidoLos aud&iacute;fonos HD USB GUV3000 se incorporan a laptops, computadoras, tel&eacute;fonos IP y otros dispositivos para ofrecer sonido de alta calidad. Ideales para empleados que trabajan a distancia y entornos concurridos, estos aud&iacute;fonos USB cuentan con un micr&oacute;fono con cancelaci&oacute;n de ruido que minimiza el ruido de&hellip;&nbsp;GrandStream GUV3000 Audifonos HD USB Microfono","og_url":"https:\/\/aivlisoft.net\/shop\/producto\/grandstream-guv3000-audifonos-hd-usb-microfono\/","og_site_name":"Aivlisoft Inform\u00e1tica","article_modified_time":"2025-01-14T12:02:18+00:00","og_image":[{"width":800,"height":800,"url":"https:\/\/aivlisoft.net\/shop\/wp-content\/uploads\/2025\/01\/NTIAIP0029_800.jpg","type":"image\/jpeg"}],"twitter_card":"summary_large_image","twitter_misc":{"Tiempo de lectura":"2 minutos"},"schema":{"@context":"https:\/\/schema.org","@graph":[{"@type":"WebPage","@id":"https:\/\/aivlisoft.net\/shop\/producto\/grandstream-guv3000-audifonos-hd-usb-microfono\/","url":"https:\/\/aivlisoft.net\/shop\/producto\/grandstream-guv3000-audifonos-hd-usb-microfono\/","name":"GrandStream GUV3000 Audifonos HD USB Microfono - Aivlisoft Inform\u00e1tica","isPartOf":{"@id":"https:\/\/aivlisoft.net\/shop\/#website"},"primaryImageOfPage":{"@id":"https:\/\/aivlisoft.net\/shop\/producto\/grandstream-guv3000-audifonos-hd-usb-microfono\/#primaryimage"},"image":{"@id":"https:\/\/aivlisoft.net\/shop\/producto\/grandstream-guv3000-audifonos-hd-usb-microfono\/#primaryimage"},"thumbnailUrl":"https:\/\/aivlisoft.net\/shop\/wp-content\/uploads\/2025\/01\/NTIAIP0029_800.jpg","datePublished":"2025-01-13T16:05:43+00:00","dateModified":"2025-01-14T12:02:18+00:00","breadcrumb":{"@id":"https:\/\/aivlisoft.net\/shop\/producto\/grandstream-guv3000-audifonos-hd-usb-microfono\/#breadcrumb"},"inLanguage":"es","potentialAction":[{"@type":"ReadAction","target":["https:\/\/aivlisoft.net\/shop\/producto\/grandstream-guv3000-audifonos-hd-usb-microfono\/"]}]},{"@type":"ImageObject","inLanguage":"es","@id":"https:\/\/aivlisoft.net\/shop\/producto\/grandstream-guv3000-audifonos-hd-usb-microfono\/#primaryimage","url":"https:\/\/aivlisoft.net\/shop\/wp-content\/uploads\/2025\/01\/NTIAIP0029_800.jpg","contentUrl":"https:\/\/aivlisoft.net\/shop\/wp-content\/uploads\/2025\/01\/NTIAIP0029_800.jpg","width":800,"height":800},{"@type":"BreadcrumbList","@id":"https:\/\/aivlisoft.net\/shop\/producto\/grandstream-guv3000-audifonos-hd-usb-microfono\/#breadcrumb","itemListElement":[{"@type":"ListItem","position":1,"name":"Portada","item":"https:\/\/aivlisoft.net\/shop\/"},{"@type":"ListItem","position":2,"name":"Tienda","item":"https:\/\/aivlisoft.net\/shop\/tienda\/"},{"@type":"ListItem","position":3,"name":"GrandStream GUV3000 Audifonos HD USB Microfono"}]},{"@type":"WebSite","@id":"https:\/\/aivlisoft.net\/shop\/#website","url":"https:\/\/aivlisoft.net\/shop\/","name":"Aivlisoft Inform\u00e1tica","description":"En Aivlisoft Inform\u00e1tica ofrecemos soluciones tecnol\u00f3gicas para empresas: venta de ordenadores, consumibles, perif\u00e9ricos y m\u00e1s. Calidad, atenci\u00f3n personalizada y los mejores precios para tu negocio.","publisher":{"@id":"https:\/\/aivlisoft.net\/shop\/#organization"},"potentialAction":[{"@type":"SearchAction","target":{"@type":"EntryPoint","urlTemplate":"https:\/\/aivlisoft.net\/shop\/?s={search_term_string}"},"query-input":{"@type":"PropertyValueSpecification","valueRequired":true,"valueName":"search_term_string"}}],"inLanguage":"es"},{"@type":"Organization","@id":"https:\/\/aivlisoft.net\/shop\/#organization","name":"Aivlisoft Inform\u00e1tica","url":"https:\/\/aivlisoft.net\/shop\/","logo":{"@type":"ImageObject","inLanguage":"es","@id":"https:\/\/aivlisoft.net\/shop\/#\/schema\/logo\/image\/","url":"https:\/\/aivlisoft.net\/shop\/wp-content\/uploads\/2024\/12\/removal.ai_5b848c54-0cdf-4140-95c5-c5536bb7573b-logodef.png","contentUrl":"https:\/\/aivlisoft.net\/shop\/wp-content\/uploads\/2024\/12\/removal.ai_5b848c54-0cdf-4140-95c5-c5536bb7573b-logodef.png","width":484,"height":182,"caption":"Aivlisoft Inform\u00e1tica"},"image":{"@id":"https:\/\/aivlisoft.net\/shop\/#\/schema\/logo\/image\/"}}]}},"_links":{"self":[{"href":"https:\/\/aivlisoft.net\/shop\/wp-json\/wp\/v2\/product\/22390","targetHints":{"allow":["GET"]}}],"collection":[{"href":"https:\/\/aivlisoft.net\/shop\/wp-json\/wp\/v2\/product"}],"about":[{"href":"https:\/\/aivlisoft.net\/shop\/wp-json\/wp\/v2\/types\/product"}],"wp:featuredmedia":[{"embeddable":true,"href":"https:\/\/aivlisoft.net\/shop\/wp-json\/wp\/v2\/media\/22391"}],"wp:attachment":[{"href":"https:\/\/aivlisoft.net\/shop\/wp-json\/wp\/v2\/media?parent=22390"}],"wp:term":[{"taxonomy":"product_brand","embeddable":true,"href":"https:\/\/aivlisoft.net\/shop\/wp-json\/wp\/v2\/product_brand?post=22390"},{"taxonomy":"product_cat","embeddable":true,"href":"https:\/\/aivlisoft.net\/shop\/wp-json\/wp\/v2\/product_cat?post=22390"},{"taxonomy":"product_tag","embeddable":true,"href":"https:\/\/aivlisoft.net\/shop\/wp-json\/wp\/v2\/product_tag?post=22390"}],"curies":[{"name":"wp","href":"https:\/\/api.w.org\/{rel}","templated":true}]}}