{"id":22118,"date":"2025-01-13T16:02:20","date_gmt":"2025-01-13T16:02:20","guid":{"rendered":"https:\/\/aivlisoft.com\/?post_type=product&#038;p=22118"},"modified":"2025-01-14T13:56:11","modified_gmt":"2025-01-14T13:56:11","slug":"xiaomi-redmi-13-679-128gb-6gb-black","status":"publish","type":"product","link":"https:\/\/aivlisoft.net\/shop\/producto\/xiaomi-redmi-13-679-128gb-6gb-black\/","title":{"rendered":"XIAOMI Redmi 13 6,79&#8243; 128GB 6GB Black"},"content":{"rendered":"<p><\/p>\n<table class=\"tabla_caracteristicas k-table\" width=\"100%\">\n<tr>\n<td valign=\"top\"><strong>Marca<\/strong><\/td>\n<td>Xiaomi<\/td>\n<\/tr>\n<tr>\n<td valign=\"top\"><strong>Modelo<\/strong><\/td>\n<td valign=\"top\"><strong>MZB0GZ5EU<\/strong><\/td>\n<\/tr>\n<tr>\n<td valign=\"top\"><strong>Procesador<\/strong><\/td>\n<td>&#8211; MediaTek Helio G91-Ultra<br \/>\t\t\t&#8211; Proceso de fabricaci&oacute;n de 12 nm, ocho nucleos<br \/>\t\t\t&#8211; CPU:<br \/>\t\t\t&nbsp; Cortex-A55+Cortex-A75<br \/>\t\t\t&nbsp; Frecuencia m&aacute;x. de la CPU: 2,0 GHz<br \/>\t\t\t&#8211; GPU: Mali-G52 MC2<\/td>\n<\/tr>\n<tr>\n<td valign=\"top\"><strong>Sistema operativo<\/strong><\/td>\n<td>&#8211; <strong>Xiaomi HyperOS<\/strong><br \/>\t\t\t* La disponibilidad de las funciones, las aplicaciones y los servicios de Xiaomi HyperOS puede variar en funci&oacute;n de la versi&oacute;n de software y el modelo de tel&eacute;fono.<\/td>\n<\/tr>\n<tr>\n<td valign=\"top\"><strong>Memoria<\/strong><\/td>\n<td>&#8211; <strong>6 GB <\/strong>RAM<br \/>\t\t\t&#8211;<strong> 128 GB <\/strong>de almacenamiento<br \/>\t\t\t&#8211; LPDDR4X + eMMC 5.1<br \/>\t\t\t&#8211; Permite ampliar el almacenamiento hasta 1 TB<br \/>\t\t\t*Las configuraciones disponibles pueden variar seg&uacute;n la regi&oacute;n. El almacenamiento y la RAM disponibles son inferiores a la memoria total debido al almacenamiento del sistema operativo y el software preinstalado en el dispositivo.<\/td>\n<\/tr>\n<tr>\n<td valign=\"top\"><strong>Pantalla<\/strong><\/td>\n<td>&#8211; Pantalla con gota de agua de <strong>6,79&#8243;<\/strong><br \/>\t\t\t&#8211; 2460 x 1080, 396 ppp<br \/>\t\t\t&#8211; Frecuencia de actualizaci&oacute;n: Hasta 90 Hz<br \/>\t\t\t&#8211; Brillo:<br \/>\t\t\t&nbsp; 450 nits (t&iacute;p.)<br \/>\t\t\t&nbsp; 550 nits (modo de alto brillo)<br \/>\t\t\t&#8211; Modo lectura<br \/>\t\t\t&#8211; Luz azul reducida (soluci&oacute;n de hardware) de T&Uuml;V Rheinland<br \/>\t\t\t&#8211; Compatibilidad con ritmos circadianos de T&Uuml;V Rheinland<br \/>\t\t\t&#8211; Tecnolog&iacute;a sin parpadeos de T&Uuml;V Rheinland<br \/>\t\t\t&#8211; Atenuaci&oacute;n de CC<\/td>\n<\/tr>\n<tr>\n<td valign=\"top\"><strong>C&aacute;mara<\/strong><\/td>\n<td><strong>C&aacute;mara trasera<\/strong><br \/>\t\t\t&#8211; C&aacute;mara principal de <strong>108 MP<\/strong><br \/>\t\t\t&nbsp; Lente de 6 elementos, f\/1,75<br \/>\t\t\t&#8211; C&aacute;mara macro de 2 MP<br \/>\t\t\t&nbsp; f\/2,4<br \/>\t\t\t&#8211; FilmCamera<br \/>\t\t\t&#8211; Marco personalizado<br \/>\t\t\t&#8211; Modo de 108 MP<br \/>\t\t\t&#8211; Modo nocturno<br \/>\t\t\t&#8211; Modo retrato<br \/>\t\t\t&#8211; Modo 50 MP<br \/>\t\t\t&#8211; Time-lapse<br \/>\t\t\t<strong>C&aacute;mara frontal<\/strong><br \/>\t\t\t&#8211; C&aacute;mara frontal de <strong>13 MP<\/strong><br \/>\t\t\t&nbsp; f\/2,45<br \/>\t\t\t&#8211; FilmCamera<br \/>\t\t\t&#8211; Modo HDR<br \/>\t\t\t&#8211; Anillo de luz suave<br \/>\t\t\t&#8211; Time-lapse<br \/>\t\t\t<strong>V&iacute;deo<\/strong><br \/>\t\t\t&#8211; Grabaci&oacute;n de v&iacute;deo de la c&aacute;mara trasera<br \/>\t\t\t&nbsp; 1080P 1920 x 1080 30 fps<br \/>\t\t\t&nbsp; 720P 1280 x 720 30 fps<br \/>\t\t\t&#8211; Grabaci&oacute;n de v&iacute;deo de la c&aacute;mara frontal<br \/>\t\t\t&nbsp; 1080P 1920 x 1080 30 fps<br \/>\t\t\t&nbsp; 720P 1280 x 720 30 fps<\/td>\n<\/tr>\n<tr>\n<td valign=\"top\"><strong>Redes y conectividad<\/strong><\/td>\n<td>&#8211; SIM 1 e h&iacute;brida (SIM o microSD)<br \/>\t\t\t*La ranura h&iacute;brida se puede utilizar para una segunda tarjeta SIM o una tarjeta microSD (almacenamiento ampliable hasta 1 TB)<br \/>\t\t\t<strong>Bandas de red<\/strong><br \/>\t\t\t&#8211; 2G: GSM: 2\/3\/5\/8<br \/>\t\t\t&#8211; 3G: WCDMA: 1\/5\/8<br \/>\t\t\t&#8211; 4G: LTE FDD: 1\/3\/5\/7\/8\/20\/28<br \/>\t\t\t&#8211; 4G: LTE TDD: 38\/40\/41<br \/>\t\t\t<strong>Redes inal&aacute;mbricas<\/strong><br \/>\t\t\t&#8211; Wi-Fi: 2,4 GHz | 5 GHz<br \/>\t\t\t&#8211; Compatible con radio FM (con conector para auriculares)<br \/>\t\t\t&#8211; Bluetooth 5.4<\/td>\n<\/tr>\n<tr>\n<td valign=\"top\">\n<div><strong>Otras <\/strong><\/div>\n<div><strong>caracter&iacute;sticas<\/strong><\/div>\n<\/td>\n<td>&#8211; NFC<br \/>\t\t\t*La disponibilidad y la funcionalidad pueden variar en algunos mercados.<br \/>\t\t\t<strong>Navegaci&oacute;n y posicionamiento<\/strong><br \/>\t\t\t&#8211; GPS<br \/>\t\t\t&#8211; Glonass<br \/>\t\t\t&#8211; Galileo<br \/>\t\t\t&#8211; Beidou<br \/>\t\t\t<strong>Sensores<\/strong><br \/>\t\t\t&#8211; Sensor de proximidad virtual<br \/>\t\t\t&#8211; Sensor de luz ambiental<br \/>\t\t\t&#8211; Aceler&oacute;metro<br \/>\t\t\t&#8211; Br&uacute;jula electr&oacute;nica<br \/>\t\t\t<strong>Audio<\/strong><br \/>\t\t\t&#8211; Conector para auriculares de 3,5 mm<br \/>\t\t\t<strong>Seguridad<\/strong><br \/>\t\t\t&#8211; Sensor de huella dactilar lateral<br \/>\t\t\t&#8211; Desbloqueo facial por IA<br \/>\t\t\t<strong>Bater&iacute;a<\/strong><br \/>\t\t\t&#8211; 5030 mAh (t&iacute;p.)<br \/>\t\t\t&#8211; Admite carga r&aacute;pida de 33 W<br \/>\t\t\t&#8211; USB-C<br \/>\t\t\t* En la caja no se incluye ning&uacute;n adaptador de corriente. El adaptador de corriente y el cable de datos se venden por separado. Se recomienda utilizar el Xiaomi 33W Charging Combo (Type-A)<br \/>\t\t\t<strong>Dimensiones<\/strong><br \/>\t\t\t&#8211; 168 x 76,28 x 8,3 mm<br \/>\t\t\t&#8211; 205 g<br \/>\t\t\t* Datos proporcionados por laboratorios internos. Los m&eacute;todos de medici&oacute;n del sector pueden variar y, por tanto, es posible que los resultados reales var&iacute;en.<br \/>\t\t\t<strong>Contenido<\/strong><br \/>\t\t\t&#8211; Redmi 13<br \/>\t\t\t&#8211; Cable USB tipo C<br \/>\t\t\t&#8211; Extractor de SIM<br \/>\t\t\t&#8211; Funda protectora<br \/>\t\t\t&#8211; Gu&iacute;a de usuario<br \/>\t\t\t*El contenido del paquete puede variar seg&uacute;n las regiones<\/td>\n<\/tr>\n<tr>\n<td valign=\"top\"><strong>Fecha de revisi&oacute;n<\/strong><\/td>\n<td>22-08-2024 por RTY<\/td>\n<\/tr>\n<\/table>\n","protected":false},"excerpt":{"rendered":"<p>Marca Xiaomi Modelo MZB0GZ5EU Procesador &#8211; MediaTek Helio G91-Ultra &#8211; Proceso de fabricaci&oacute;n de 12 nm, ocho nucleos &#8211; CPU: &nbsp; Cortex-A55+Cortex-A75 &nbsp; Frecuencia m&aacute;x. de la CPU: 2,0 GHz &#8211; GPU: Mali-G52 MC2 Sistema operativo &#8211; Xiaomi HyperOS * La disponibilidad de las funciones, las aplicaciones y los servicios de Xiaomi HyperOS puede variar&hellip;&nbsp;<a href=\"https:\/\/aivlisoft.net\/shop\/producto\/xiaomi-redmi-13-679-128gb-6gb-black\/\" rel=\"bookmark\"><span class=\"screen-reader-text\">XIAOMI Redmi 13 6,79&#8243; 128GB 6GB Black<\/span><\/a><\/p>\n","protected":false},"featured_media":22119,"template":"","meta":{"neve_meta_sidebar":"","neve_meta_container":"","neve_meta_enable_content_width":"","neve_meta_content_width":0,"neve_meta_title_alignment":"","neve_meta_author_avatar":"","neve_post_elements_order":"","neve_meta_disable_header":"","neve_meta_disable_footer":"","neve_meta_disable_title":""},"product_brand":[],"product_cat":[15,8682],"product_tag":[7822],"class_list":{"0":"post-22118","1":"product","2":"type-product","3":"status-publish","4":"has-post-thumbnail","6":"product_cat-sin-categorizar","7":"product_cat-telefonia-y-tablets","8":"product_tag-mzb0gz5eu","10":"first","11":"instock","12":"taxable","13":"shipping-taxable","14":"purchasable","15":"product-type-simple"},"yoast_head":"<!-- This site is optimized with the Yoast SEO plugin v26.0 - https:\/\/yoast.com\/wordpress\/plugins\/seo\/ -->\n<title>XIAOMI Redmi 13 6,79&quot; 128GB 6GB Black - Aivlisoft Inform\u00e1tica<\/title>\n<meta name=\"robots\" content=\"index, follow, max-snippet:-1, max-image-preview:large, max-video-preview:-1\" \/>\n<link rel=\"canonical\" href=\"https:\/\/aivlisoft.net\/shop\/producto\/xiaomi-redmi-13-679-128gb-6gb-black\/\" \/>\n<meta property=\"og:locale\" content=\"es_ES\" \/>\n<meta property=\"og:type\" content=\"article\" \/>\n<meta property=\"og:title\" content=\"XIAOMI Redmi 13 6,79&quot; 128GB 6GB Black - Aivlisoft Inform\u00e1tica\" \/>\n<meta property=\"og:description\" content=\"Marca Xiaomi Modelo MZB0GZ5EU Procesador &#8211; MediaTek Helio G91-Ultra &#8211; Proceso de fabricaci&oacute;n de 12 nm, ocho nucleos &#8211; CPU: &nbsp; Cortex-A55+Cortex-A75 &nbsp; Frecuencia m&aacute;x. de la CPU: 2,0 GHz &#8211; GPU: Mali-G52 MC2 Sistema operativo &#8211; Xiaomi HyperOS * La disponibilidad de las funciones, las aplicaciones y los servicios de Xiaomi HyperOS puede variar&hellip;&nbsp;XIAOMI Redmi 13 6,79&#8243; 128GB 6GB Black\" \/>\n<meta property=\"og:url\" content=\"https:\/\/aivlisoft.net\/shop\/producto\/xiaomi-redmi-13-679-128gb-6gb-black\/\" \/>\n<meta property=\"og:site_name\" content=\"Aivlisoft Inform\u00e1tica\" \/>\n<meta property=\"article:modified_time\" content=\"2025-01-14T13:56:11+00:00\" \/>\n<meta property=\"og:image\" content=\"https:\/\/aivlisoft.net\/shop\/wp-content\/uploads\/2025\/01\/NTETMO2525_800.jpg\" \/>\n\t<meta property=\"og:image:width\" content=\"800\" \/>\n\t<meta property=\"og:image:height\" content=\"800\" \/>\n\t<meta property=\"og:image:type\" content=\"image\/jpeg\" \/>\n<meta name=\"twitter:card\" content=\"summary_large_image\" \/>\n<meta name=\"twitter:label1\" content=\"Tiempo de lectura\" \/>\n\t<meta name=\"twitter:data1\" content=\"3 minutos\" \/>\n<script type=\"application\/ld+json\" class=\"yoast-schema-graph\">{\"@context\":\"https:\/\/schema.org\",\"@graph\":[{\"@type\":\"WebPage\",\"@id\":\"https:\/\/aivlisoft.net\/shop\/producto\/xiaomi-redmi-13-679-128gb-6gb-black\/\",\"url\":\"https:\/\/aivlisoft.net\/shop\/producto\/xiaomi-redmi-13-679-128gb-6gb-black\/\",\"name\":\"XIAOMI Redmi 13 6,79\\\" 128GB 6GB Black - Aivlisoft Inform\u00e1tica\",\"isPartOf\":{\"@id\":\"https:\/\/aivlisoft.net\/shop\/#website\"},\"primaryImageOfPage\":{\"@id\":\"https:\/\/aivlisoft.net\/shop\/producto\/xiaomi-redmi-13-679-128gb-6gb-black\/#primaryimage\"},\"image\":{\"@id\":\"https:\/\/aivlisoft.net\/shop\/producto\/xiaomi-redmi-13-679-128gb-6gb-black\/#primaryimage\"},\"thumbnailUrl\":\"https:\/\/aivlisoft.net\/shop\/wp-content\/uploads\/2025\/01\/NTETMO2525_800.jpg\",\"datePublished\":\"2025-01-13T16:02:20+00:00\",\"dateModified\":\"2025-01-14T13:56:11+00:00\",\"breadcrumb\":{\"@id\":\"https:\/\/aivlisoft.net\/shop\/producto\/xiaomi-redmi-13-679-128gb-6gb-black\/#breadcrumb\"},\"inLanguage\":\"es\",\"potentialAction\":[{\"@type\":\"ReadAction\",\"target\":[\"https:\/\/aivlisoft.net\/shop\/producto\/xiaomi-redmi-13-679-128gb-6gb-black\/\"]}]},{\"@type\":\"ImageObject\",\"inLanguage\":\"es\",\"@id\":\"https:\/\/aivlisoft.net\/shop\/producto\/xiaomi-redmi-13-679-128gb-6gb-black\/#primaryimage\",\"url\":\"https:\/\/aivlisoft.net\/shop\/wp-content\/uploads\/2025\/01\/NTETMO2525_800.jpg\",\"contentUrl\":\"https:\/\/aivlisoft.net\/shop\/wp-content\/uploads\/2025\/01\/NTETMO2525_800.jpg\",\"width\":800,\"height\":800},{\"@type\":\"BreadcrumbList\",\"@id\":\"https:\/\/aivlisoft.net\/shop\/producto\/xiaomi-redmi-13-679-128gb-6gb-black\/#breadcrumb\",\"itemListElement\":[{\"@type\":\"ListItem\",\"position\":1,\"name\":\"Portada\",\"item\":\"https:\/\/aivlisoft.net\/shop\/\"},{\"@type\":\"ListItem\",\"position\":2,\"name\":\"Tienda\",\"item\":\"https:\/\/aivlisoft.net\/shop\/tienda\/\"},{\"@type\":\"ListItem\",\"position\":3,\"name\":\"XIAOMI Redmi 13 6,79&#8243; 128GB 6GB Black\"}]},{\"@type\":\"WebSite\",\"@id\":\"https:\/\/aivlisoft.net\/shop\/#website\",\"url\":\"https:\/\/aivlisoft.net\/shop\/\",\"name\":\"Aivlisoft Inform\u00e1tica\",\"description\":\"En Aivlisoft Inform\u00e1tica ofrecemos soluciones tecnol\u00f3gicas para empresas: venta de ordenadores, consumibles, perif\u00e9ricos y m\u00e1s. Calidad, atenci\u00f3n personalizada y los mejores precios para tu negocio.\",\"publisher\":{\"@id\":\"https:\/\/aivlisoft.net\/shop\/#organization\"},\"potentialAction\":[{\"@type\":\"SearchAction\",\"target\":{\"@type\":\"EntryPoint\",\"urlTemplate\":\"https:\/\/aivlisoft.net\/shop\/?s={search_term_string}\"},\"query-input\":{\"@type\":\"PropertyValueSpecification\",\"valueRequired\":true,\"valueName\":\"search_term_string\"}}],\"inLanguage\":\"es\"},{\"@type\":\"Organization\",\"@id\":\"https:\/\/aivlisoft.net\/shop\/#organization\",\"name\":\"Aivlisoft Inform\u00e1tica\",\"url\":\"https:\/\/aivlisoft.net\/shop\/\",\"logo\":{\"@type\":\"ImageObject\",\"inLanguage\":\"es\",\"@id\":\"https:\/\/aivlisoft.net\/shop\/#\/schema\/logo\/image\/\",\"url\":\"https:\/\/aivlisoft.net\/shop\/wp-content\/uploads\/2024\/12\/removal.ai_5b848c54-0cdf-4140-95c5-c5536bb7573b-logodef.png\",\"contentUrl\":\"https:\/\/aivlisoft.net\/shop\/wp-content\/uploads\/2024\/12\/removal.ai_5b848c54-0cdf-4140-95c5-c5536bb7573b-logodef.png\",\"width\":484,\"height\":182,\"caption\":\"Aivlisoft Inform\u00e1tica\"},\"image\":{\"@id\":\"https:\/\/aivlisoft.net\/shop\/#\/schema\/logo\/image\/\"}}]}<\/script>\n<!-- \/ Yoast SEO plugin. -->","yoast_head_json":{"title":"XIAOMI Redmi 13 6,79\" 128GB 6GB Black - Aivlisoft Inform\u00e1tica","robots":{"index":"index","follow":"follow","max-snippet":"max-snippet:-1","max-image-preview":"max-image-preview:large","max-video-preview":"max-video-preview:-1"},"canonical":"https:\/\/aivlisoft.net\/shop\/producto\/xiaomi-redmi-13-679-128gb-6gb-black\/","og_locale":"es_ES","og_type":"article","og_title":"XIAOMI Redmi 13 6,79\" 128GB 6GB Black - Aivlisoft Inform\u00e1tica","og_description":"Marca Xiaomi Modelo MZB0GZ5EU Procesador &#8211; MediaTek Helio G91-Ultra &#8211; Proceso de fabricaci&oacute;n de 12 nm, ocho nucleos &#8211; CPU: &nbsp; Cortex-A55+Cortex-A75 &nbsp; Frecuencia m&aacute;x. de la CPU: 2,0 GHz &#8211; GPU: Mali-G52 MC2 Sistema operativo &#8211; Xiaomi HyperOS * La disponibilidad de las funciones, las aplicaciones y los servicios de Xiaomi HyperOS puede variar&hellip;&nbsp;XIAOMI Redmi 13 6,79&#8243; 128GB 6GB Black","og_url":"https:\/\/aivlisoft.net\/shop\/producto\/xiaomi-redmi-13-679-128gb-6gb-black\/","og_site_name":"Aivlisoft Inform\u00e1tica","article_modified_time":"2025-01-14T13:56:11+00:00","og_image":[{"width":800,"height":800,"url":"https:\/\/aivlisoft.net\/shop\/wp-content\/uploads\/2025\/01\/NTETMO2525_800.jpg","type":"image\/jpeg"}],"twitter_card":"summary_large_image","twitter_misc":{"Tiempo de lectura":"3 minutos"},"schema":{"@context":"https:\/\/schema.org","@graph":[{"@type":"WebPage","@id":"https:\/\/aivlisoft.net\/shop\/producto\/xiaomi-redmi-13-679-128gb-6gb-black\/","url":"https:\/\/aivlisoft.net\/shop\/producto\/xiaomi-redmi-13-679-128gb-6gb-black\/","name":"XIAOMI Redmi 13 6,79\" 128GB 6GB Black - Aivlisoft Inform\u00e1tica","isPartOf":{"@id":"https:\/\/aivlisoft.net\/shop\/#website"},"primaryImageOfPage":{"@id":"https:\/\/aivlisoft.net\/shop\/producto\/xiaomi-redmi-13-679-128gb-6gb-black\/#primaryimage"},"image":{"@id":"https:\/\/aivlisoft.net\/shop\/producto\/xiaomi-redmi-13-679-128gb-6gb-black\/#primaryimage"},"thumbnailUrl":"https:\/\/aivlisoft.net\/shop\/wp-content\/uploads\/2025\/01\/NTETMO2525_800.jpg","datePublished":"2025-01-13T16:02:20+00:00","dateModified":"2025-01-14T13:56:11+00:00","breadcrumb":{"@id":"https:\/\/aivlisoft.net\/shop\/producto\/xiaomi-redmi-13-679-128gb-6gb-black\/#breadcrumb"},"inLanguage":"es","potentialAction":[{"@type":"ReadAction","target":["https:\/\/aivlisoft.net\/shop\/producto\/xiaomi-redmi-13-679-128gb-6gb-black\/"]}]},{"@type":"ImageObject","inLanguage":"es","@id":"https:\/\/aivlisoft.net\/shop\/producto\/xiaomi-redmi-13-679-128gb-6gb-black\/#primaryimage","url":"https:\/\/aivlisoft.net\/shop\/wp-content\/uploads\/2025\/01\/NTETMO2525_800.jpg","contentUrl":"https:\/\/aivlisoft.net\/shop\/wp-content\/uploads\/2025\/01\/NTETMO2525_800.jpg","width":800,"height":800},{"@type":"BreadcrumbList","@id":"https:\/\/aivlisoft.net\/shop\/producto\/xiaomi-redmi-13-679-128gb-6gb-black\/#breadcrumb","itemListElement":[{"@type":"ListItem","position":1,"name":"Portada","item":"https:\/\/aivlisoft.net\/shop\/"},{"@type":"ListItem","position":2,"name":"Tienda","item":"https:\/\/aivlisoft.net\/shop\/tienda\/"},{"@type":"ListItem","position":3,"name":"XIAOMI Redmi 13 6,79&#8243; 128GB 6GB Black"}]},{"@type":"WebSite","@id":"https:\/\/aivlisoft.net\/shop\/#website","url":"https:\/\/aivlisoft.net\/shop\/","name":"Aivlisoft Inform\u00e1tica","description":"En Aivlisoft Inform\u00e1tica ofrecemos soluciones tecnol\u00f3gicas para empresas: venta de ordenadores, consumibles, perif\u00e9ricos y m\u00e1s. Calidad, atenci\u00f3n personalizada y los mejores precios para tu negocio.","publisher":{"@id":"https:\/\/aivlisoft.net\/shop\/#organization"},"potentialAction":[{"@type":"SearchAction","target":{"@type":"EntryPoint","urlTemplate":"https:\/\/aivlisoft.net\/shop\/?s={search_term_string}"},"query-input":{"@type":"PropertyValueSpecification","valueRequired":true,"valueName":"search_term_string"}}],"inLanguage":"es"},{"@type":"Organization","@id":"https:\/\/aivlisoft.net\/shop\/#organization","name":"Aivlisoft Inform\u00e1tica","url":"https:\/\/aivlisoft.net\/shop\/","logo":{"@type":"ImageObject","inLanguage":"es","@id":"https:\/\/aivlisoft.net\/shop\/#\/schema\/logo\/image\/","url":"https:\/\/aivlisoft.net\/shop\/wp-content\/uploads\/2024\/12\/removal.ai_5b848c54-0cdf-4140-95c5-c5536bb7573b-logodef.png","contentUrl":"https:\/\/aivlisoft.net\/shop\/wp-content\/uploads\/2024\/12\/removal.ai_5b848c54-0cdf-4140-95c5-c5536bb7573b-logodef.png","width":484,"height":182,"caption":"Aivlisoft Inform\u00e1tica"},"image":{"@id":"https:\/\/aivlisoft.net\/shop\/#\/schema\/logo\/image\/"}}]}},"_links":{"self":[{"href":"https:\/\/aivlisoft.net\/shop\/wp-json\/wp\/v2\/product\/22118","targetHints":{"allow":["GET"]}}],"collection":[{"href":"https:\/\/aivlisoft.net\/shop\/wp-json\/wp\/v2\/product"}],"about":[{"href":"https:\/\/aivlisoft.net\/shop\/wp-json\/wp\/v2\/types\/product"}],"wp:featuredmedia":[{"embeddable":true,"href":"https:\/\/aivlisoft.net\/shop\/wp-json\/wp\/v2\/media\/22119"}],"wp:attachment":[{"href":"https:\/\/aivlisoft.net\/shop\/wp-json\/wp\/v2\/media?parent=22118"}],"wp:term":[{"taxonomy":"product_brand","embeddable":true,"href":"https:\/\/aivlisoft.net\/shop\/wp-json\/wp\/v2\/product_brand?post=22118"},{"taxonomy":"product_cat","embeddable":true,"href":"https:\/\/aivlisoft.net\/shop\/wp-json\/wp\/v2\/product_cat?post=22118"},{"taxonomy":"product_tag","embeddable":true,"href":"https:\/\/aivlisoft.net\/shop\/wp-json\/wp\/v2\/product_tag?post=22118"}],"curies":[{"name":"wp","href":"https:\/\/api.w.org\/{rel}","templated":true}]}}