{"id":22026,"date":"2025-01-13T16:01:02","date_gmt":"2025-01-13T16:01:02","guid":{"rendered":"https:\/\/aivlisoft.com\/?post_type=product&#038;p=22026"},"modified":"2025-01-14T13:56:29","modified_gmt":"2025-01-14T13:56:29","slug":"tcl-50-se-678-fhd-6gb-256gb-midnight-blue","status":"publish","type":"product","link":"https:\/\/aivlisoft.net\/shop\/producto\/tcl-50-se-678-fhd-6gb-256gb-midnight-blue\/","title":{"rendered":"TCL 50 SE 6,78&#8243; FHD+ 6GB 256GB Midnight Blue"},"content":{"rendered":"<p><\/p>\n<table class=\"tabla_caracteristicas\" width=\"100%\">\n<tr>\n<td valign=\"top\"><strong>Marca<\/strong><\/td>\n<td>TCL<\/td>\n<\/tr>\n<tr>\n<td valign=\"top\"><strong>Modelo<\/strong><\/td>\n<td valign=\"top\"><strong>T611B1-2ALCA112<\/strong><\/td>\n<\/tr>\n<tr>\n<td valign=\"top\"><strong>Procesador<\/strong><\/td>\n<td>&#8211; Chipset: MTK G36 (MT6765X)<br \/>\t\t\t&#8211; CPU: 2xA75@ 2.0GHz+6xA55@ 1.8 GHz Octa-core<br \/>\t\t\t&#8211; GPU: Mali-G52 MC2<\/td>\n<\/tr>\n<tr>\n<td valign=\"top\"><strong>Sistema operativo<\/strong><\/td>\n<td>&#8211; &nbsp;Android 14 (1 actualizaci&oacute;n del SO a Android 15)<\/td>\n<\/tr>\n<tr>\n<td valign=\"top\"><strong>Memoria<\/strong><\/td>\n<td>&#8211; RAM: <strong>6GB<\/strong> (6GB+6GB(RAM expansion)<br \/>\t\t\t&#8211; Memoria Interna: <strong>256 GB<\/strong><br \/>\t\t\t&#8211; Memoria Disponible: 230 GB<br \/>\t\t\t&#8211; Tarjeta microSD: microSD hasta 2 TB<br \/>\t\t\t* El almacenamiento interno disponible depende del software preinstalado.<\/td>\n<\/tr>\n<tr>\n<td valign=\"top\"><strong>Pantalla<\/strong><\/td>\n<td>&#8211; Tama&ntilde;o:<strong> 6.78&#8243;<\/strong><br \/>\t\t\t&#8211; Resoluci&oacute;n: FHD+ (1080 x 2460 p&iacute;xeles), 396PPI<br \/>\t\t\t&#8211; Relaci&oacute;n de visualizaci&oacute;n: 20,5:9<br \/>\t\t\t&#8211; Relaci&oacute;n pantalla-cuerpo:<br \/>\t\t\t&nbsp; VA:TP= 91%<br \/>\t\t\t&nbsp; VA:BD= 87%<br \/>\t\t\t-Relaci&oacute;n de contraste: 1500: 1 (t&iacute;p.)<br \/>\t\t\t-Gama de colores: NTSC 96% (t&iacute;p.)<br \/>\t\t\t-Brillo: 450 nits (t&iacute;pico)<br \/>\t\t\t* Relaci&oacute;n pantalla-cuerpo calculada con el m&eacute;todo VA\/TP<\/td>\n<\/tr>\n<tr>\n<td valign=\"top\"><strong>C&aacute;mara<\/strong><\/td>\n<td><strong>C&aacute;mara trasera<\/strong><br \/>\t\t\t&#8211; <strong>50 MP<\/strong>:<br \/>\t\t\t&nbsp;&nbsp; PDAF<br \/>\t\t\t&nbsp; Tama&ntilde;o del sensor 1\/2,76&rdquo;<br \/>\t\t\t&nbsp; Tama&ntilde;o de p&iacute;xel 0,64 &mu;m<br \/>\t\t\t&nbsp; Apertura F1.8<br \/>\t\t\t&nbsp; Campo de visi&oacute;n 74,2&deg;<br \/>\t\t\t&nbsp; Lente 5P<br \/>\t\t\t&#8211; C&aacute;mara de profundidad de <strong>2 MP<\/strong>:<br \/>\t\t\t&nbsp; FF<br \/>\t\t\t&nbsp; Tama&ntilde;o del sensor 1\/5&rdquo;<br \/>\t\t\t&nbsp; Tama&ntilde;o de p&iacute;xel 1,75&mu;m<br \/>\t\t\t&nbsp; Apertura F2.4<br \/>\t\t\t&nbsp; Campo de visi&oacute;n 88,8&deg;<br \/>\t\t\t&nbsp; Lente 3P<br \/>\t\t\t<strong>C&aacute;mara frontal<\/strong><br \/>\t\t\t&#8211; <strong>8 MP <\/strong><br \/>\t\t\t&nbsp; FF<br \/>\t\t\t&nbsp;Tama&ntilde;o de sensor 1\/5&#8243;<br \/>\t\t\t&nbsp; Tama&ntilde;o de p&iacute;xel 1,75&mu;m<br \/>\t\t\t&nbsp; Apertura F2.4<br \/>\t\t\t&nbsp; Campo de visi&oacute;n 88,8&deg;<br \/>\t\t\t&nbsp; Objetivo 3P<br \/>\t\t\t<strong>V&iacute;deo<\/strong><br \/>\t\t\t&#8211; Captura y reproducci&oacute;n de v&iacute;deo 1080P@30fps<br \/>\t\t\t<strong>Funciones<\/strong><br \/>\t\t\t&#8211; Bokeh<br \/>\t\t\t&#8211; HDR<br \/>\t\t\t&#8211; Panorama<br \/>\t\t\t&#8211; Detecci&oacute;n de escena AI<br \/>\t\t\t&#8211; Detecci&oacute;n de rostro<br \/>\t\t\t&#8211; Modo nocturno<br \/>\t\t\t&#8211; Toma constante<br \/>\t\t\t&#8211; Embellecimiento facial<br \/>\t\t\t&#8211; Torch light<\/td>\n<\/tr>\n<tr>\n<td valign=\"top\"><strong>Conectividad<\/strong><\/td>\n<td>&#8211; 802.11a\/b\/g\/n\/ac<br \/>\t\t\t&#8211; 2,4 GHz y 5 GHz<br \/>\t\t\t&#8211; Wi-Fi directo<br \/>\t\t\t&#8211; Pantalla Wi-Fi VoLTE<br \/>\t\t\t* Disponibilidad de VoLTE seg&uacute;n la red del usuario.<br \/>\t\t\t&#8211; VoWiFi<br \/>\t\t\t&#8211; Versi&oacute;n Bluetooth: 5.1<br \/>\t\t\t&#8211; Conector de audio: 3.5mm<br \/>\t\t\t&#8211; NFC<\/td>\n<\/tr>\n<tr>\n<td valign=\"top\"><strong>Redes\/Bandas<\/strong><\/td>\n<td>&#8211; Dual SIM: 2 Nano SIM + 1 Tarjeta microSD<br \/>\t\t\t&#8211; Datos 4G: Cat 4 DL 150Mbit\/s, UL 50Mbit\/s<br \/>\t\t\t&#8211; Datos 3G: HSPA+ (42M bit\/s DL, 11Mbit\/s UL)<br \/>\t\t\t&#8211; Datos 2G: GPRS\/EDGE<br \/>\t\t\t&#8211; Bandas 4G: B1\/3\/5\/7\/8\/20\/26\/28\/38\/40\/41 (2496-2690MHz )<br \/>\t\t\t&#8211; Bandas 3G: B1\/2\/5\/8<br \/>\t\t\t&#8211; Bandas 2G:<br \/>\t\t\t&nbsp; 850\/900\/1800\/1900<\/td>\n<\/tr>\n<tr>\n<td valign=\"top\"><strong>Otras <\/strong><br \/>\t\t\t<strong>caracter&iacute;sticas<\/strong><\/td>\n<td><strong>Sensores<\/strong><br \/>\t\t\t&#8211; Autenticaci&oacute;n: Desbloqueo facial, Sensor de huellas dactilares lateral<br \/>\t\t\t&#8211; Localizaci&oacute;n: BDS\/GPS\/Glonass\/Galileo, con A-GPS<br \/>\t\t\t&#8211; Otros: Sensor de proximidad, Sensor de luz, Sensor G, E-Compass<br \/>\t\t\t<strong>Audio y v&iacute;deo<\/strong><br \/>\t\t\t&#8211; Formatos de reproducci&oacute;n de audio: AAC, HE-AAC v1, HE-AAC v2, AMR, AWB, MIDI, MP3, OGG VORBIS, WAV(Alaw\/Ulaw), WAV(Raw), FLAC, OPUS<br \/>\t\t\t&#8211; Auriculares compatibles: LRGM<br \/>\t\t\t&#8211; Altavoces: 2<br \/>\t\t\t&#8211; Formatos de reproducci&oacute;n de v&iacute;deo: MPEG2, H.263, MPEG4, H.264, H.265, VP8, VP9<br \/>\t\t\t&#8211; Caracter&iacute;sticas: Sonido 3D Boom y efecto DTS<br \/>\t\t\t<strong>Bater&iacute;a<\/strong><br \/>\t\t\t&#8211; Capacidad: 5010 mAh<br \/>\t\t\t&#8211; Cargador 33W Tipo-C USB 2.0<br \/>\t\t\t&#8211; Tiempo de carga (Horas): 100 minutos (50 % de carga en 30 minutos*)<br \/>\t\t\t* Los datos provienen de pruebas de laboratorio interno. La duraci&oacute;n real de la bater&iacute;a depende del uso personal (potencia de la red, uso de aplicaciones, etc.)<br \/>\t\t\t<strong>Dimensiones y peso<\/strong><br \/>\t\t\t&#8211; 168.16 x 75.53 x 8.09<br \/>\t\t\t&#8211; 195 g<\/td>\n<\/tr>\n<tr>\n<td valign=\"top\"><strong>Fecha de revisi&oacute;n<\/strong><\/td>\n<td>02-05-2024 por RTY<\/td>\n<\/tr>\n<\/table>\n","protected":false},"excerpt":{"rendered":"<p>Marca TCL Modelo T611B1-2ALCA112 Procesador &#8211; Chipset: MTK G36 (MT6765X) &#8211; CPU: 2xA75@ 2.0GHz+6xA55@ 1.8 GHz Octa-core &#8211; GPU: Mali-G52 MC2 Sistema operativo &#8211; &nbsp;Android 14 (1 actualizaci&oacute;n del SO a Android 15) Memoria &#8211; RAM: 6GB (6GB+6GB(RAM expansion) &#8211; Memoria Interna: 256 GB &#8211; Memoria Disponible: 230 GB &#8211; Tarjeta microSD: microSD hasta 2&hellip;&nbsp;<a href=\"https:\/\/aivlisoft.net\/shop\/producto\/tcl-50-se-678-fhd-6gb-256gb-midnight-blue\/\" rel=\"bookmark\"><span class=\"screen-reader-text\">TCL 50 SE 6,78&#8243; FHD+ 6GB 256GB Midnight Blue<\/span><\/a><\/p>\n","protected":false},"featured_media":22027,"template":"","meta":{"neve_meta_sidebar":"","neve_meta_container":"","neve_meta_enable_content_width":"","neve_meta_content_width":0,"neve_meta_title_alignment":"","neve_meta_author_avatar":"","neve_post_elements_order":"","neve_meta_disable_header":"","neve_meta_disable_footer":"","neve_meta_disable_title":""},"product_brand":[],"product_cat":[15,8682],"product_tag":[7796],"class_list":{"0":"post-22026","1":"product","2":"type-product","3":"status-publish","4":"has-post-thumbnail","6":"product_cat-sin-categorizar","7":"product_cat-telefonia-y-tablets","8":"product_tag-t611b1-2alca112","10":"first","11":"instock","12":"taxable","13":"shipping-taxable","14":"purchasable","15":"product-type-simple"},"yoast_head":"<!-- This site is optimized with the Yoast SEO plugin v26.0 - https:\/\/yoast.com\/wordpress\/plugins\/seo\/ -->\n<title>TCL 50 SE 6,78&quot; FHD+ 6GB 256GB Midnight Blue - Aivlisoft Inform\u00e1tica<\/title>\n<meta name=\"robots\" content=\"index, follow, max-snippet:-1, max-image-preview:large, max-video-preview:-1\" \/>\n<link rel=\"canonical\" href=\"https:\/\/aivlisoft.net\/shop\/producto\/tcl-50-se-678-fhd-6gb-256gb-midnight-blue\/\" \/>\n<meta property=\"og:locale\" content=\"es_ES\" \/>\n<meta property=\"og:type\" content=\"article\" \/>\n<meta property=\"og:title\" content=\"TCL 50 SE 6,78&quot; FHD+ 6GB 256GB Midnight Blue - Aivlisoft Inform\u00e1tica\" \/>\n<meta property=\"og:description\" content=\"Marca TCL Modelo T611B1-2ALCA112 Procesador &#8211; Chipset: MTK G36 (MT6765X) &#8211; CPU: 2xA75@ 2.0GHz+6xA55@ 1.8 GHz Octa-core &#8211; GPU: Mali-G52 MC2 Sistema operativo &#8211; &nbsp;Android 14 (1 actualizaci&oacute;n del SO a Android 15) Memoria &#8211; RAM: 6GB (6GB+6GB(RAM expansion) &#8211; Memoria Interna: 256 GB &#8211; Memoria Disponible: 230 GB &#8211; Tarjeta microSD: microSD hasta 2&hellip;&nbsp;TCL 50 SE 6,78&#8243; FHD+ 6GB 256GB Midnight Blue\" \/>\n<meta property=\"og:url\" content=\"https:\/\/aivlisoft.net\/shop\/producto\/tcl-50-se-678-fhd-6gb-256gb-midnight-blue\/\" \/>\n<meta property=\"og:site_name\" content=\"Aivlisoft Inform\u00e1tica\" \/>\n<meta property=\"article:modified_time\" content=\"2025-01-14T13:56:29+00:00\" \/>\n<meta property=\"og:image\" content=\"https:\/\/aivlisoft.net\/shop\/wp-content\/uploads\/2025\/01\/NTETMO2467_800.jpg\" \/>\n\t<meta property=\"og:image:width\" content=\"800\" \/>\n\t<meta property=\"og:image:height\" content=\"800\" \/>\n\t<meta property=\"og:image:type\" content=\"image\/jpeg\" \/>\n<meta name=\"twitter:card\" content=\"summary_large_image\" \/>\n<meta name=\"twitter:label1\" content=\"Tiempo de lectura\" \/>\n\t<meta name=\"twitter:data1\" content=\"3 minutos\" \/>\n<script type=\"application\/ld+json\" class=\"yoast-schema-graph\">{\"@context\":\"https:\/\/schema.org\",\"@graph\":[{\"@type\":\"WebPage\",\"@id\":\"https:\/\/aivlisoft.net\/shop\/producto\/tcl-50-se-678-fhd-6gb-256gb-midnight-blue\/\",\"url\":\"https:\/\/aivlisoft.net\/shop\/producto\/tcl-50-se-678-fhd-6gb-256gb-midnight-blue\/\",\"name\":\"TCL 50 SE 6,78\\\" FHD+ 6GB 256GB Midnight Blue - Aivlisoft Inform\u00e1tica\",\"isPartOf\":{\"@id\":\"https:\/\/aivlisoft.net\/shop\/#website\"},\"primaryImageOfPage\":{\"@id\":\"https:\/\/aivlisoft.net\/shop\/producto\/tcl-50-se-678-fhd-6gb-256gb-midnight-blue\/#primaryimage\"},\"image\":{\"@id\":\"https:\/\/aivlisoft.net\/shop\/producto\/tcl-50-se-678-fhd-6gb-256gb-midnight-blue\/#primaryimage\"},\"thumbnailUrl\":\"https:\/\/aivlisoft.net\/shop\/wp-content\/uploads\/2025\/01\/NTETMO2467_800.jpg\",\"datePublished\":\"2025-01-13T16:01:02+00:00\",\"dateModified\":\"2025-01-14T13:56:29+00:00\",\"breadcrumb\":{\"@id\":\"https:\/\/aivlisoft.net\/shop\/producto\/tcl-50-se-678-fhd-6gb-256gb-midnight-blue\/#breadcrumb\"},\"inLanguage\":\"es\",\"potentialAction\":[{\"@type\":\"ReadAction\",\"target\":[\"https:\/\/aivlisoft.net\/shop\/producto\/tcl-50-se-678-fhd-6gb-256gb-midnight-blue\/\"]}]},{\"@type\":\"ImageObject\",\"inLanguage\":\"es\",\"@id\":\"https:\/\/aivlisoft.net\/shop\/producto\/tcl-50-se-678-fhd-6gb-256gb-midnight-blue\/#primaryimage\",\"url\":\"https:\/\/aivlisoft.net\/shop\/wp-content\/uploads\/2025\/01\/NTETMO2467_800.jpg\",\"contentUrl\":\"https:\/\/aivlisoft.net\/shop\/wp-content\/uploads\/2025\/01\/NTETMO2467_800.jpg\",\"width\":800,\"height\":800},{\"@type\":\"BreadcrumbList\",\"@id\":\"https:\/\/aivlisoft.net\/shop\/producto\/tcl-50-se-678-fhd-6gb-256gb-midnight-blue\/#breadcrumb\",\"itemListElement\":[{\"@type\":\"ListItem\",\"position\":1,\"name\":\"Portada\",\"item\":\"https:\/\/aivlisoft.net\/shop\/\"},{\"@type\":\"ListItem\",\"position\":2,\"name\":\"Tienda\",\"item\":\"https:\/\/aivlisoft.net\/shop\/tienda\/\"},{\"@type\":\"ListItem\",\"position\":3,\"name\":\"TCL 50 SE 6,78&#8243; FHD+ 6GB 256GB Midnight Blue\"}]},{\"@type\":\"WebSite\",\"@id\":\"https:\/\/aivlisoft.net\/shop\/#website\",\"url\":\"https:\/\/aivlisoft.net\/shop\/\",\"name\":\"Aivlisoft Inform\u00e1tica\",\"description\":\"En Aivlisoft Inform\u00e1tica ofrecemos soluciones tecnol\u00f3gicas para empresas: venta de ordenadores, consumibles, perif\u00e9ricos y m\u00e1s. Calidad, atenci\u00f3n personalizada y los mejores precios para tu negocio.\",\"publisher\":{\"@id\":\"https:\/\/aivlisoft.net\/shop\/#organization\"},\"potentialAction\":[{\"@type\":\"SearchAction\",\"target\":{\"@type\":\"EntryPoint\",\"urlTemplate\":\"https:\/\/aivlisoft.net\/shop\/?s={search_term_string}\"},\"query-input\":{\"@type\":\"PropertyValueSpecification\",\"valueRequired\":true,\"valueName\":\"search_term_string\"}}],\"inLanguage\":\"es\"},{\"@type\":\"Organization\",\"@id\":\"https:\/\/aivlisoft.net\/shop\/#organization\",\"name\":\"Aivlisoft Inform\u00e1tica\",\"url\":\"https:\/\/aivlisoft.net\/shop\/\",\"logo\":{\"@type\":\"ImageObject\",\"inLanguage\":\"es\",\"@id\":\"https:\/\/aivlisoft.net\/shop\/#\/schema\/logo\/image\/\",\"url\":\"https:\/\/aivlisoft.net\/shop\/wp-content\/uploads\/2024\/12\/removal.ai_5b848c54-0cdf-4140-95c5-c5536bb7573b-logodef.png\",\"contentUrl\":\"https:\/\/aivlisoft.net\/shop\/wp-content\/uploads\/2024\/12\/removal.ai_5b848c54-0cdf-4140-95c5-c5536bb7573b-logodef.png\",\"width\":484,\"height\":182,\"caption\":\"Aivlisoft Inform\u00e1tica\"},\"image\":{\"@id\":\"https:\/\/aivlisoft.net\/shop\/#\/schema\/logo\/image\/\"}}]}<\/script>\n<!-- \/ Yoast SEO plugin. -->","yoast_head_json":{"title":"TCL 50 SE 6,78\" FHD+ 6GB 256GB Midnight Blue - Aivlisoft Inform\u00e1tica","robots":{"index":"index","follow":"follow","max-snippet":"max-snippet:-1","max-image-preview":"max-image-preview:large","max-video-preview":"max-video-preview:-1"},"canonical":"https:\/\/aivlisoft.net\/shop\/producto\/tcl-50-se-678-fhd-6gb-256gb-midnight-blue\/","og_locale":"es_ES","og_type":"article","og_title":"TCL 50 SE 6,78\" FHD+ 6GB 256GB Midnight Blue - Aivlisoft Inform\u00e1tica","og_description":"Marca TCL Modelo T611B1-2ALCA112 Procesador &#8211; Chipset: MTK G36 (MT6765X) &#8211; CPU: 2xA75@ 2.0GHz+6xA55@ 1.8 GHz Octa-core &#8211; GPU: Mali-G52 MC2 Sistema operativo &#8211; &nbsp;Android 14 (1 actualizaci&oacute;n del SO a Android 15) Memoria &#8211; RAM: 6GB (6GB+6GB(RAM expansion) &#8211; Memoria Interna: 256 GB &#8211; Memoria Disponible: 230 GB &#8211; Tarjeta microSD: microSD hasta 2&hellip;&nbsp;TCL 50 SE 6,78&#8243; FHD+ 6GB 256GB Midnight Blue","og_url":"https:\/\/aivlisoft.net\/shop\/producto\/tcl-50-se-678-fhd-6gb-256gb-midnight-blue\/","og_site_name":"Aivlisoft Inform\u00e1tica","article_modified_time":"2025-01-14T13:56:29+00:00","og_image":[{"width":800,"height":800,"url":"https:\/\/aivlisoft.net\/shop\/wp-content\/uploads\/2025\/01\/NTETMO2467_800.jpg","type":"image\/jpeg"}],"twitter_card":"summary_large_image","twitter_misc":{"Tiempo de lectura":"3 minutos"},"schema":{"@context":"https:\/\/schema.org","@graph":[{"@type":"WebPage","@id":"https:\/\/aivlisoft.net\/shop\/producto\/tcl-50-se-678-fhd-6gb-256gb-midnight-blue\/","url":"https:\/\/aivlisoft.net\/shop\/producto\/tcl-50-se-678-fhd-6gb-256gb-midnight-blue\/","name":"TCL 50 SE 6,78\" FHD+ 6GB 256GB Midnight Blue - Aivlisoft Inform\u00e1tica","isPartOf":{"@id":"https:\/\/aivlisoft.net\/shop\/#website"},"primaryImageOfPage":{"@id":"https:\/\/aivlisoft.net\/shop\/producto\/tcl-50-se-678-fhd-6gb-256gb-midnight-blue\/#primaryimage"},"image":{"@id":"https:\/\/aivlisoft.net\/shop\/producto\/tcl-50-se-678-fhd-6gb-256gb-midnight-blue\/#primaryimage"},"thumbnailUrl":"https:\/\/aivlisoft.net\/shop\/wp-content\/uploads\/2025\/01\/NTETMO2467_800.jpg","datePublished":"2025-01-13T16:01:02+00:00","dateModified":"2025-01-14T13:56:29+00:00","breadcrumb":{"@id":"https:\/\/aivlisoft.net\/shop\/producto\/tcl-50-se-678-fhd-6gb-256gb-midnight-blue\/#breadcrumb"},"inLanguage":"es","potentialAction":[{"@type":"ReadAction","target":["https:\/\/aivlisoft.net\/shop\/producto\/tcl-50-se-678-fhd-6gb-256gb-midnight-blue\/"]}]},{"@type":"ImageObject","inLanguage":"es","@id":"https:\/\/aivlisoft.net\/shop\/producto\/tcl-50-se-678-fhd-6gb-256gb-midnight-blue\/#primaryimage","url":"https:\/\/aivlisoft.net\/shop\/wp-content\/uploads\/2025\/01\/NTETMO2467_800.jpg","contentUrl":"https:\/\/aivlisoft.net\/shop\/wp-content\/uploads\/2025\/01\/NTETMO2467_800.jpg","width":800,"height":800},{"@type":"BreadcrumbList","@id":"https:\/\/aivlisoft.net\/shop\/producto\/tcl-50-se-678-fhd-6gb-256gb-midnight-blue\/#breadcrumb","itemListElement":[{"@type":"ListItem","position":1,"name":"Portada","item":"https:\/\/aivlisoft.net\/shop\/"},{"@type":"ListItem","position":2,"name":"Tienda","item":"https:\/\/aivlisoft.net\/shop\/tienda\/"},{"@type":"ListItem","position":3,"name":"TCL 50 SE 6,78&#8243; FHD+ 6GB 256GB Midnight Blue"}]},{"@type":"WebSite","@id":"https:\/\/aivlisoft.net\/shop\/#website","url":"https:\/\/aivlisoft.net\/shop\/","name":"Aivlisoft Inform\u00e1tica","description":"En Aivlisoft Inform\u00e1tica ofrecemos soluciones tecnol\u00f3gicas para empresas: venta de ordenadores, consumibles, perif\u00e9ricos y m\u00e1s. Calidad, atenci\u00f3n personalizada y los mejores precios para tu negocio.","publisher":{"@id":"https:\/\/aivlisoft.net\/shop\/#organization"},"potentialAction":[{"@type":"SearchAction","target":{"@type":"EntryPoint","urlTemplate":"https:\/\/aivlisoft.net\/shop\/?s={search_term_string}"},"query-input":{"@type":"PropertyValueSpecification","valueRequired":true,"valueName":"search_term_string"}}],"inLanguage":"es"},{"@type":"Organization","@id":"https:\/\/aivlisoft.net\/shop\/#organization","name":"Aivlisoft Inform\u00e1tica","url":"https:\/\/aivlisoft.net\/shop\/","logo":{"@type":"ImageObject","inLanguage":"es","@id":"https:\/\/aivlisoft.net\/shop\/#\/schema\/logo\/image\/","url":"https:\/\/aivlisoft.net\/shop\/wp-content\/uploads\/2024\/12\/removal.ai_5b848c54-0cdf-4140-95c5-c5536bb7573b-logodef.png","contentUrl":"https:\/\/aivlisoft.net\/shop\/wp-content\/uploads\/2024\/12\/removal.ai_5b848c54-0cdf-4140-95c5-c5536bb7573b-logodef.png","width":484,"height":182,"caption":"Aivlisoft Inform\u00e1tica"},"image":{"@id":"https:\/\/aivlisoft.net\/shop\/#\/schema\/logo\/image\/"}}]}},"_links":{"self":[{"href":"https:\/\/aivlisoft.net\/shop\/wp-json\/wp\/v2\/product\/22026","targetHints":{"allow":["GET"]}}],"collection":[{"href":"https:\/\/aivlisoft.net\/shop\/wp-json\/wp\/v2\/product"}],"about":[{"href":"https:\/\/aivlisoft.net\/shop\/wp-json\/wp\/v2\/types\/product"}],"wp:featuredmedia":[{"embeddable":true,"href":"https:\/\/aivlisoft.net\/shop\/wp-json\/wp\/v2\/media\/22027"}],"wp:attachment":[{"href":"https:\/\/aivlisoft.net\/shop\/wp-json\/wp\/v2\/media?parent=22026"}],"wp:term":[{"taxonomy":"product_brand","embeddable":true,"href":"https:\/\/aivlisoft.net\/shop\/wp-json\/wp\/v2\/product_brand?post=22026"},{"taxonomy":"product_cat","embeddable":true,"href":"https:\/\/aivlisoft.net\/shop\/wp-json\/wp\/v2\/product_cat?post=22026"},{"taxonomy":"product_tag","embeddable":true,"href":"https:\/\/aivlisoft.net\/shop\/wp-json\/wp\/v2\/product_tag?post=22026"}],"curies":[{"name":"wp","href":"https:\/\/api.w.org\/{rel}","templated":true}]}}