{"id":21771,"date":"2025-01-13T15:58:11","date_gmt":"2025-01-13T15:58:11","guid":{"rendered":"https:\/\/aivlisoft.com\/?post_type=product&#038;p=21771"},"modified":"2025-01-14T19:47:16","modified_gmt":"2025-01-14T19:47:16","slug":"spc-2331n-titan-view-movil-senior-bt-fm-sos-negro","status":"publish","type":"product","link":"https:\/\/aivlisoft.net\/shop\/producto\/spc-2331n-titan-view-movil-senior-bt-fm-sos-negro\/","title":{"rendered":"SPC 2331N Titan View Movil Senior BT FM SOS Negro"},"content":{"rendered":"<p><\/p>\n<p>&nbsp;<\/p>\n<table class=\"tabla_caracteristicas k-table\" width=\"100%\">\n<tr>\n<td><strong>Marca<\/strong><\/td>\n<td>SPC<\/td>\n<\/tr>\n<tr>\n<td><strong>Modelo<\/strong><\/td>\n<td><strong>2331N<\/strong><\/td>\n<\/tr>\n<tr>\n<td><strong>Caracter&iacute;sticas<\/strong><\/td>\n<td><strong>Pantalla<\/strong><br \/>\t\t\t&#8211; Tama&ntilde;o: <strong>1,77\u00bb<\/strong><br \/>\t\t\t&#8211; Resoluci&oacute;n: QQVGA resoluci&oacute;n 128*160 pixels<br \/>\t\t\t&#8211; Indicadores &#8211; Indicador de se&ntilde;al GSM. Indicador de bater&iacute;a<br \/>\t\t\t<strong>Conexi&oacute;n<\/strong><br \/>\t\t\t&#8211; Redes: 2G (850\/900\/1800\/1900 MHz)<br \/>\t\t\t&#8211; Bluetooth<br \/>\t\t\t&#8211; Dual SIM<br \/>\t\t\t&#8211; Radio FM<br \/>\t\t\t&#8211; Salida de audio: 3,5mm<br \/>\t\t\t<strong>Almacenamiento<\/strong><br \/>\t\t\t&#8211; Memoria interna: 32Mb+64Mb<br \/>\t\t\t&#8211; Memoria ampliable: Micro SD de hasta 16GB<br \/>\t\t\t<strong>Alimentaci&oacute;n<\/strong><br \/>\t\t\t&#8211; Bater&iacute;a de iones de litio de 800mAh<br \/>\t\t\t&#8211; Conexi&oacute;n: USB-C<br \/>\t\t\t<strong>C&aacute;mara<\/strong><br \/>\t\t\t&#8211; C&aacute;mara trasera: 0.08Mpx<br \/>\t\t\t&#8211; Flash<br \/>\t\t\t<strong>Otras caracter&iacute;sticas<\/strong><br \/>\t\t\t&#8211; Memorias directas: 2<br \/>\t\t\t&#8211; Memorias indirectas: 9<br \/>\t\t\t&#8211; Agenda: 300 contactos<br \/>\t\t\t&#8211; Caracter&iacute;sticas de llamada:<br \/>\t\t\t&nbsp; Mensajes de texto (SMS)<br \/>\t\t\t&nbsp; Perfiles de audio<br \/>\t\t\t&nbsp; Tonos polif&oacute;nicos<br \/>\t\t\t&nbsp; Vibraci&oacute;n<br \/>\t\t\t&#8211; Funciones:<br \/>\t\t\t&nbsp; C&aacute;mara<br \/>\t\t\t&nbsp; Calculadora<br \/>\t\t\t&nbsp; Calendario<br \/>\t\t\t&nbsp; Alarma<br \/>\t\t\t&nbsp; Varios idiomas<br \/>\t\t\t&nbsp; Manos libres<br \/>\t\t\t&nbsp; Linterna<br \/>\t\t\t&#8211; Configuraci&oacute;n remota<br \/>\t\t\t&#8211; Notificaciones inteligentes<br \/>\t\t\t&#8211; Timbre inteligente<br \/>\t\t\t<strong>Dimensiones y peso<\/strong><br \/>\t\t\t&#8211; 104 x 55 x 19 mm<br \/>\t\t\t&#8211; 97 g<br \/>\t\t\t<strong>Contiene<\/strong><br \/>\t\t\t&#8211; Tel&eacute;fono<br \/>\t\t\t&#8211; Alimentador<br \/>\t\t\t&#8211; Bater&iacute;a<br \/>\t\t\t&#8211; Manual de usuario<\/td>\n<\/tr>\n<tr>\n<td><strong>Fecha de revisi&oacute;n<\/strong><\/td>\n<td>01-08-2024 por RTY<\/td>\n<\/tr>\n<\/table>\n","protected":false},"excerpt":{"rendered":"<p>&nbsp; Marca SPC Modelo 2331N Caracter&iacute;sticas Pantalla &#8211; Tama&ntilde;o: 1,77\u00bb &#8211; Resoluci&oacute;n: QQVGA resoluci&oacute;n 128*160 pixels &#8211; Indicadores &#8211; Indicador de se&ntilde;al GSM. Indicador de bater&iacute;a Conexi&oacute;n &#8211; Redes: 2G (850\/900\/1800\/1900 MHz) &#8211; Bluetooth &#8211; Dual SIM &#8211; Radio FM &#8211; Salida de audio: 3,5mm Almacenamiento &#8211; Memoria interna: 32Mb+64Mb &#8211; Memoria ampliable: Micro SD&hellip;&nbsp;<a href=\"https:\/\/aivlisoft.net\/shop\/producto\/spc-2331n-titan-view-movil-senior-bt-fm-sos-negro\/\" rel=\"bookmark\"><span class=\"screen-reader-text\">SPC 2331N Titan View Movil Senior BT FM SOS Negro<\/span><\/a><\/p>\n","protected":false},"featured_media":21772,"template":"","meta":{"neve_meta_sidebar":"","neve_meta_container":"","neve_meta_enable_content_width":"","neve_meta_content_width":0,"neve_meta_title_alignment":"","neve_meta_author_avatar":"","neve_post_elements_order":"","neve_meta_disable_header":"","neve_meta_disable_footer":"","neve_meta_disable_title":""},"product_brand":[],"product_cat":[15,7909],"product_tag":[7721],"class_list":{"0":"post-21771","1":"product","2":"type-product","3":"status-publish","4":"has-post-thumbnail","6":"product_cat-sin-categorizar","7":"product_cat-telefonia-ip","8":"product_tag-2331n","10":"first","11":"instock","12":"taxable","13":"shipping-taxable","14":"purchasable","15":"product-type-simple"},"yoast_head":"<!-- This site is optimized with the Yoast SEO plugin v26.0 - https:\/\/yoast.com\/wordpress\/plugins\/seo\/ -->\n<title>SPC 2331N Titan View Movil Senior BT FM SOS Negro - Aivlisoft Inform\u00e1tica<\/title>\n<meta name=\"robots\" content=\"index, follow, max-snippet:-1, max-image-preview:large, max-video-preview:-1\" \/>\n<link rel=\"canonical\" href=\"https:\/\/aivlisoft.net\/shop\/producto\/spc-2331n-titan-view-movil-senior-bt-fm-sos-negro\/\" \/>\n<meta property=\"og:locale\" content=\"es_ES\" \/>\n<meta property=\"og:type\" content=\"article\" \/>\n<meta property=\"og:title\" content=\"SPC 2331N Titan View Movil Senior BT FM SOS Negro - Aivlisoft Inform\u00e1tica\" \/>\n<meta property=\"og:description\" content=\"&nbsp; Marca SPC Modelo 2331N Caracter&iacute;sticas Pantalla &#8211; Tama&ntilde;o: 1,77\u00bb &#8211; Resoluci&oacute;n: QQVGA resoluci&oacute;n 128*160 pixels &#8211; Indicadores &#8211; Indicador de se&ntilde;al GSM. Indicador de bater&iacute;a Conexi&oacute;n &#8211; Redes: 2G (850\/900\/1800\/1900 MHz) &#8211; Bluetooth &#8211; Dual SIM &#8211; Radio FM &#8211; Salida de audio: 3,5mm Almacenamiento &#8211; Memoria interna: 32Mb+64Mb &#8211; Memoria ampliable: Micro SD&hellip;&nbsp;SPC 2331N Titan View Movil Senior BT FM SOS Negro\" \/>\n<meta property=\"og:url\" content=\"https:\/\/aivlisoft.net\/shop\/producto\/spc-2331n-titan-view-movil-senior-bt-fm-sos-negro\/\" \/>\n<meta property=\"og:site_name\" content=\"Aivlisoft Inform\u00e1tica\" \/>\n<meta property=\"article:modified_time\" content=\"2025-01-14T19:47:16+00:00\" \/>\n<meta property=\"og:image\" content=\"https:\/\/aivlisoft.net\/shop\/wp-content\/uploads\/2025\/01\/NTETMM0043_800.jpg\" \/>\n\t<meta property=\"og:image:width\" content=\"800\" \/>\n\t<meta property=\"og:image:height\" content=\"800\" \/>\n\t<meta property=\"og:image:type\" content=\"image\/jpeg\" \/>\n<meta name=\"twitter:card\" content=\"summary_large_image\" \/>\n<meta name=\"twitter:label1\" content=\"Tiempo de lectura\" \/>\n\t<meta name=\"twitter:data1\" content=\"1 minuto\" \/>\n<script type=\"application\/ld+json\" class=\"yoast-schema-graph\">{\"@context\":\"https:\/\/schema.org\",\"@graph\":[{\"@type\":\"WebPage\",\"@id\":\"https:\/\/aivlisoft.net\/shop\/producto\/spc-2331n-titan-view-movil-senior-bt-fm-sos-negro\/\",\"url\":\"https:\/\/aivlisoft.net\/shop\/producto\/spc-2331n-titan-view-movil-senior-bt-fm-sos-negro\/\",\"name\":\"SPC 2331N Titan View Movil Senior BT FM SOS Negro - Aivlisoft Inform\u00e1tica\",\"isPartOf\":{\"@id\":\"https:\/\/aivlisoft.net\/shop\/#website\"},\"primaryImageOfPage\":{\"@id\":\"https:\/\/aivlisoft.net\/shop\/producto\/spc-2331n-titan-view-movil-senior-bt-fm-sos-negro\/#primaryimage\"},\"image\":{\"@id\":\"https:\/\/aivlisoft.net\/shop\/producto\/spc-2331n-titan-view-movil-senior-bt-fm-sos-negro\/#primaryimage\"},\"thumbnailUrl\":\"https:\/\/aivlisoft.net\/shop\/wp-content\/uploads\/2025\/01\/NTETMM0043_800.jpg\",\"datePublished\":\"2025-01-13T15:58:11+00:00\",\"dateModified\":\"2025-01-14T19:47:16+00:00\",\"breadcrumb\":{\"@id\":\"https:\/\/aivlisoft.net\/shop\/producto\/spc-2331n-titan-view-movil-senior-bt-fm-sos-negro\/#breadcrumb\"},\"inLanguage\":\"es\",\"potentialAction\":[{\"@type\":\"ReadAction\",\"target\":[\"https:\/\/aivlisoft.net\/shop\/producto\/spc-2331n-titan-view-movil-senior-bt-fm-sos-negro\/\"]}]},{\"@type\":\"ImageObject\",\"inLanguage\":\"es\",\"@id\":\"https:\/\/aivlisoft.net\/shop\/producto\/spc-2331n-titan-view-movil-senior-bt-fm-sos-negro\/#primaryimage\",\"url\":\"https:\/\/aivlisoft.net\/shop\/wp-content\/uploads\/2025\/01\/NTETMM0043_800.jpg\",\"contentUrl\":\"https:\/\/aivlisoft.net\/shop\/wp-content\/uploads\/2025\/01\/NTETMM0043_800.jpg\",\"width\":800,\"height\":800},{\"@type\":\"BreadcrumbList\",\"@id\":\"https:\/\/aivlisoft.net\/shop\/producto\/spc-2331n-titan-view-movil-senior-bt-fm-sos-negro\/#breadcrumb\",\"itemListElement\":[{\"@type\":\"ListItem\",\"position\":1,\"name\":\"Portada\",\"item\":\"https:\/\/aivlisoft.net\/shop\/\"},{\"@type\":\"ListItem\",\"position\":2,\"name\":\"Tienda\",\"item\":\"https:\/\/aivlisoft.net\/shop\/tienda\/\"},{\"@type\":\"ListItem\",\"position\":3,\"name\":\"SPC 2331N Titan View Movil Senior BT FM SOS Negro\"}]},{\"@type\":\"WebSite\",\"@id\":\"https:\/\/aivlisoft.net\/shop\/#website\",\"url\":\"https:\/\/aivlisoft.net\/shop\/\",\"name\":\"Aivlisoft Inform\u00e1tica\",\"description\":\"En Aivlisoft Inform\u00e1tica ofrecemos soluciones tecnol\u00f3gicas para empresas: venta de ordenadores, consumibles, perif\u00e9ricos y m\u00e1s. Calidad, atenci\u00f3n personalizada y los mejores precios para tu negocio.\",\"publisher\":{\"@id\":\"https:\/\/aivlisoft.net\/shop\/#organization\"},\"potentialAction\":[{\"@type\":\"SearchAction\",\"target\":{\"@type\":\"EntryPoint\",\"urlTemplate\":\"https:\/\/aivlisoft.net\/shop\/?s={search_term_string}\"},\"query-input\":{\"@type\":\"PropertyValueSpecification\",\"valueRequired\":true,\"valueName\":\"search_term_string\"}}],\"inLanguage\":\"es\"},{\"@type\":\"Organization\",\"@id\":\"https:\/\/aivlisoft.net\/shop\/#organization\",\"name\":\"Aivlisoft Inform\u00e1tica\",\"url\":\"https:\/\/aivlisoft.net\/shop\/\",\"logo\":{\"@type\":\"ImageObject\",\"inLanguage\":\"es\",\"@id\":\"https:\/\/aivlisoft.net\/shop\/#\/schema\/logo\/image\/\",\"url\":\"https:\/\/aivlisoft.net\/shop\/wp-content\/uploads\/2024\/12\/removal.ai_5b848c54-0cdf-4140-95c5-c5536bb7573b-logodef.png\",\"contentUrl\":\"https:\/\/aivlisoft.net\/shop\/wp-content\/uploads\/2024\/12\/removal.ai_5b848c54-0cdf-4140-95c5-c5536bb7573b-logodef.png\",\"width\":484,\"height\":182,\"caption\":\"Aivlisoft Inform\u00e1tica\"},\"image\":{\"@id\":\"https:\/\/aivlisoft.net\/shop\/#\/schema\/logo\/image\/\"}}]}<\/script>\n<!-- \/ Yoast SEO plugin. -->","yoast_head_json":{"title":"SPC 2331N Titan View Movil Senior BT FM SOS Negro - Aivlisoft Inform\u00e1tica","robots":{"index":"index","follow":"follow","max-snippet":"max-snippet:-1","max-image-preview":"max-image-preview:large","max-video-preview":"max-video-preview:-1"},"canonical":"https:\/\/aivlisoft.net\/shop\/producto\/spc-2331n-titan-view-movil-senior-bt-fm-sos-negro\/","og_locale":"es_ES","og_type":"article","og_title":"SPC 2331N Titan View Movil Senior BT FM SOS Negro - Aivlisoft Inform\u00e1tica","og_description":"&nbsp; Marca SPC Modelo 2331N Caracter&iacute;sticas Pantalla &#8211; Tama&ntilde;o: 1,77\u00bb &#8211; Resoluci&oacute;n: QQVGA resoluci&oacute;n 128*160 pixels &#8211; Indicadores &#8211; Indicador de se&ntilde;al GSM. Indicador de bater&iacute;a Conexi&oacute;n &#8211; Redes: 2G (850\/900\/1800\/1900 MHz) &#8211; Bluetooth &#8211; Dual SIM &#8211; Radio FM &#8211; Salida de audio: 3,5mm Almacenamiento &#8211; Memoria interna: 32Mb+64Mb &#8211; Memoria ampliable: Micro SD&hellip;&nbsp;SPC 2331N Titan View Movil Senior BT FM SOS Negro","og_url":"https:\/\/aivlisoft.net\/shop\/producto\/spc-2331n-titan-view-movil-senior-bt-fm-sos-negro\/","og_site_name":"Aivlisoft Inform\u00e1tica","article_modified_time":"2025-01-14T19:47:16+00:00","og_image":[{"width":800,"height":800,"url":"https:\/\/aivlisoft.net\/shop\/wp-content\/uploads\/2025\/01\/NTETMM0043_800.jpg","type":"image\/jpeg"}],"twitter_card":"summary_large_image","twitter_misc":{"Tiempo de lectura":"1 minuto"},"schema":{"@context":"https:\/\/schema.org","@graph":[{"@type":"WebPage","@id":"https:\/\/aivlisoft.net\/shop\/producto\/spc-2331n-titan-view-movil-senior-bt-fm-sos-negro\/","url":"https:\/\/aivlisoft.net\/shop\/producto\/spc-2331n-titan-view-movil-senior-bt-fm-sos-negro\/","name":"SPC 2331N Titan View Movil Senior BT FM SOS Negro - Aivlisoft Inform\u00e1tica","isPartOf":{"@id":"https:\/\/aivlisoft.net\/shop\/#website"},"primaryImageOfPage":{"@id":"https:\/\/aivlisoft.net\/shop\/producto\/spc-2331n-titan-view-movil-senior-bt-fm-sos-negro\/#primaryimage"},"image":{"@id":"https:\/\/aivlisoft.net\/shop\/producto\/spc-2331n-titan-view-movil-senior-bt-fm-sos-negro\/#primaryimage"},"thumbnailUrl":"https:\/\/aivlisoft.net\/shop\/wp-content\/uploads\/2025\/01\/NTETMM0043_800.jpg","datePublished":"2025-01-13T15:58:11+00:00","dateModified":"2025-01-14T19:47:16+00:00","breadcrumb":{"@id":"https:\/\/aivlisoft.net\/shop\/producto\/spc-2331n-titan-view-movil-senior-bt-fm-sos-negro\/#breadcrumb"},"inLanguage":"es","potentialAction":[{"@type":"ReadAction","target":["https:\/\/aivlisoft.net\/shop\/producto\/spc-2331n-titan-view-movil-senior-bt-fm-sos-negro\/"]}]},{"@type":"ImageObject","inLanguage":"es","@id":"https:\/\/aivlisoft.net\/shop\/producto\/spc-2331n-titan-view-movil-senior-bt-fm-sos-negro\/#primaryimage","url":"https:\/\/aivlisoft.net\/shop\/wp-content\/uploads\/2025\/01\/NTETMM0043_800.jpg","contentUrl":"https:\/\/aivlisoft.net\/shop\/wp-content\/uploads\/2025\/01\/NTETMM0043_800.jpg","width":800,"height":800},{"@type":"BreadcrumbList","@id":"https:\/\/aivlisoft.net\/shop\/producto\/spc-2331n-titan-view-movil-senior-bt-fm-sos-negro\/#breadcrumb","itemListElement":[{"@type":"ListItem","position":1,"name":"Portada","item":"https:\/\/aivlisoft.net\/shop\/"},{"@type":"ListItem","position":2,"name":"Tienda","item":"https:\/\/aivlisoft.net\/shop\/tienda\/"},{"@type":"ListItem","position":3,"name":"SPC 2331N Titan View Movil Senior BT FM SOS Negro"}]},{"@type":"WebSite","@id":"https:\/\/aivlisoft.net\/shop\/#website","url":"https:\/\/aivlisoft.net\/shop\/","name":"Aivlisoft Inform\u00e1tica","description":"En Aivlisoft Inform\u00e1tica ofrecemos soluciones tecnol\u00f3gicas para empresas: venta de ordenadores, consumibles, perif\u00e9ricos y m\u00e1s. Calidad, atenci\u00f3n personalizada y los mejores precios para tu negocio.","publisher":{"@id":"https:\/\/aivlisoft.net\/shop\/#organization"},"potentialAction":[{"@type":"SearchAction","target":{"@type":"EntryPoint","urlTemplate":"https:\/\/aivlisoft.net\/shop\/?s={search_term_string}"},"query-input":{"@type":"PropertyValueSpecification","valueRequired":true,"valueName":"search_term_string"}}],"inLanguage":"es"},{"@type":"Organization","@id":"https:\/\/aivlisoft.net\/shop\/#organization","name":"Aivlisoft Inform\u00e1tica","url":"https:\/\/aivlisoft.net\/shop\/","logo":{"@type":"ImageObject","inLanguage":"es","@id":"https:\/\/aivlisoft.net\/shop\/#\/schema\/logo\/image\/","url":"https:\/\/aivlisoft.net\/shop\/wp-content\/uploads\/2024\/12\/removal.ai_5b848c54-0cdf-4140-95c5-c5536bb7573b-logodef.png","contentUrl":"https:\/\/aivlisoft.net\/shop\/wp-content\/uploads\/2024\/12\/removal.ai_5b848c54-0cdf-4140-95c5-c5536bb7573b-logodef.png","width":484,"height":182,"caption":"Aivlisoft Inform\u00e1tica"},"image":{"@id":"https:\/\/aivlisoft.net\/shop\/#\/schema\/logo\/image\/"}}]}},"_links":{"self":[{"href":"https:\/\/aivlisoft.net\/shop\/wp-json\/wp\/v2\/product\/21771","targetHints":{"allow":["GET"]}}],"collection":[{"href":"https:\/\/aivlisoft.net\/shop\/wp-json\/wp\/v2\/product"}],"about":[{"href":"https:\/\/aivlisoft.net\/shop\/wp-json\/wp\/v2\/types\/product"}],"wp:featuredmedia":[{"embeddable":true,"href":"https:\/\/aivlisoft.net\/shop\/wp-json\/wp\/v2\/media\/21772"}],"wp:attachment":[{"href":"https:\/\/aivlisoft.net\/shop\/wp-json\/wp\/v2\/media?parent=21771"}],"wp:term":[{"taxonomy":"product_brand","embeddable":true,"href":"https:\/\/aivlisoft.net\/shop\/wp-json\/wp\/v2\/product_brand?post=21771"},{"taxonomy":"product_cat","embeddable":true,"href":"https:\/\/aivlisoft.net\/shop\/wp-json\/wp\/v2\/product_cat?post=21771"},{"taxonomy":"product_tag","embeddable":true,"href":"https:\/\/aivlisoft.net\/shop\/wp-json\/wp\/v2\/product_tag?post=21771"}],"curies":[{"name":"wp","href":"https:\/\/api.w.org\/{rel}","templated":true}]}}