{"id":21561,"date":"2025-01-13T15:55:30","date_gmt":"2025-01-13T15:55:30","guid":{"rendered":"https:\/\/aivlisoft.com\/?post_type=product&#038;p=21561"},"modified":"2025-01-14T19:49:58","modified_gmt":"2025-01-14T19:49:58","slug":"motorola-xt460-walkie-talkie-500mw-8ch","status":"publish","type":"product","link":"https:\/\/aivlisoft.net\/shop\/producto\/motorola-xt460-walkie-talkie-500mw-8ch\/","title":{"rendered":"MOTOROLA XT460 Walkie Talkie 500mW 8CH"},"content":{"rendered":"<p><\/p>\n<table>\n<tbody>\n<tr>\n<td><strong>Marca<\/strong><\/td>\n<td>Motorola<\/td>\n<\/tr>\n<tr>\n<td><strong>Modelo<\/strong><\/td>\n<td><strong><\/strong><strong>RMP0166BDLAA<\/strong><\/td>\n<\/tr>\n<tr>\n<td><strong>Caracteristicas<\/strong><\/td>\n<td>&#8211; Uso libre con alcance 6\/9&nbsp; km.<br \/>&#8211; Pantalla LCD: estado bater&iacute;a, canales, volumen..<br \/>&#8211; 8 canales.<br \/>&#8211; 38 canales anal&oacute;gicos \/ 83 digitales.<br \/>&#8211; Encriptaci&oacute;n por voz.<br \/>&#8211; Funci&oacute;n Vox (sin accesorios).<br \/>&#8211; Muy Robusto: certificado norma IP55<br \/>&#8211; Bater&iacute;a Litio 2150 mh<br \/>&#8211; Tecnolog&iacute;a de bater&iacute;a: I&oacute;n de litio<br \/>&#8211; C&oacute;digo IP (International Protection): IP55<br \/>&#8211; Peso: 256 g<br \/>&#8211; Dimensiones (Ancho x Profundidad x Altura): 58 x 40 x 116 mm<br \/>&#8211; Contiene 1 unidad<\/td>\n<\/tr>\n<tr>\n<td><strong>Fecha de revisi&oacute;n<\/strong><\/td>\n<td>10-07-2018 por MSB<\/td>\n<\/tr>\n<\/tbody>\n<\/table>\n","protected":false},"excerpt":{"rendered":"<p>Marca Motorola Modelo RMP0166BDLAA Caracteristicas &#8211; Uso libre con alcance 6\/9&nbsp; km.&#8211; Pantalla LCD: estado bater&iacute;a, canales, volumen..&#8211; 8 canales.&#8211; 38 canales anal&oacute;gicos \/ 83 digitales.&#8211; Encriptaci&oacute;n por voz.&#8211; Funci&oacute;n Vox (sin accesorios).&#8211; Muy Robusto: certificado norma IP55&#8211; Bater&iacute;a Litio 2150 mh&#8211; Tecnolog&iacute;a de bater&iacute;a: I&oacute;n de litio&#8211; C&oacute;digo IP (International Protection): IP55&#8211; Peso: 256&hellip;&nbsp;<a href=\"https:\/\/aivlisoft.net\/shop\/producto\/motorola-xt460-walkie-talkie-500mw-8ch\/\" rel=\"bookmark\"><span class=\"screen-reader-text\">MOTOROLA XT460 Walkie Talkie 500mW 8CH<\/span><\/a><\/p>\n","protected":false},"featured_media":21562,"template":"","meta":{"neve_meta_sidebar":"","neve_meta_container":"","neve_meta_enable_content_width":"","neve_meta_content_width":0,"neve_meta_title_alignment":"","neve_meta_author_avatar":"","neve_post_elements_order":"","neve_meta_disable_header":"","neve_meta_disable_footer":"","neve_meta_disable_title":""},"product_brand":[],"product_cat":[15,7909],"product_tag":[7610],"class_list":{"0":"post-21561","1":"product","2":"type-product","3":"status-publish","4":"has-post-thumbnail","6":"product_cat-sin-categorizar","7":"product_cat-telefonia-ip","8":"product_tag-rmp0166bdlaa","10":"first","11":"instock","12":"taxable","13":"shipping-taxable","14":"purchasable","15":"product-type-simple"},"yoast_head":"<!-- This site is optimized with the Yoast SEO plugin v26.0 - https:\/\/yoast.com\/wordpress\/plugins\/seo\/ -->\n<title>MOTOROLA XT460 Walkie Talkie 500mW 8CH - Aivlisoft Inform\u00e1tica<\/title>\n<meta name=\"robots\" content=\"index, follow, max-snippet:-1, max-image-preview:large, max-video-preview:-1\" \/>\n<link rel=\"canonical\" href=\"https:\/\/aivlisoft.net\/shop\/producto\/motorola-xt460-walkie-talkie-500mw-8ch\/\" \/>\n<meta property=\"og:locale\" content=\"es_ES\" \/>\n<meta property=\"og:type\" content=\"article\" \/>\n<meta property=\"og:title\" content=\"MOTOROLA XT460 Walkie Talkie 500mW 8CH - Aivlisoft Inform\u00e1tica\" \/>\n<meta property=\"og:description\" content=\"Marca Motorola Modelo RMP0166BDLAA Caracteristicas &#8211; Uso libre con alcance 6\/9&nbsp; km.&#8211; Pantalla LCD: estado bater&iacute;a, canales, volumen..&#8211; 8 canales.&#8211; 38 canales anal&oacute;gicos \/ 83 digitales.&#8211; Encriptaci&oacute;n por voz.&#8211; Funci&oacute;n Vox (sin accesorios).&#8211; Muy Robusto: certificado norma IP55&#8211; Bater&iacute;a Litio 2150 mh&#8211; Tecnolog&iacute;a de bater&iacute;a: I&oacute;n de litio&#8211; C&oacute;digo IP (International Protection): IP55&#8211; Peso: 256&hellip;&nbsp;MOTOROLA XT460 Walkie Talkie 500mW 8CH\" \/>\n<meta property=\"og:url\" content=\"https:\/\/aivlisoft.net\/shop\/producto\/motorola-xt460-walkie-talkie-500mw-8ch\/\" \/>\n<meta property=\"og:site_name\" content=\"Aivlisoft Inform\u00e1tica\" \/>\n<meta property=\"article:modified_time\" content=\"2025-01-14T19:49:58+00:00\" \/>\n<meta property=\"og:image\" content=\"https:\/\/aivlisoft.net\/shop\/wp-content\/uploads\/2025\/01\/NTEINT0022_800.jpg\" \/>\n\t<meta property=\"og:image:width\" content=\"800\" \/>\n\t<meta property=\"og:image:height\" content=\"800\" \/>\n\t<meta property=\"og:image:type\" content=\"image\/jpeg\" \/>\n<meta name=\"twitter:card\" content=\"summary_large_image\" \/>\n<script type=\"application\/ld+json\" class=\"yoast-schema-graph\">{\"@context\":\"https:\/\/schema.org\",\"@graph\":[{\"@type\":\"WebPage\",\"@id\":\"https:\/\/aivlisoft.net\/shop\/producto\/motorola-xt460-walkie-talkie-500mw-8ch\/\",\"url\":\"https:\/\/aivlisoft.net\/shop\/producto\/motorola-xt460-walkie-talkie-500mw-8ch\/\",\"name\":\"MOTOROLA XT460 Walkie Talkie 500mW 8CH - Aivlisoft Inform\u00e1tica\",\"isPartOf\":{\"@id\":\"https:\/\/aivlisoft.net\/shop\/#website\"},\"primaryImageOfPage\":{\"@id\":\"https:\/\/aivlisoft.net\/shop\/producto\/motorola-xt460-walkie-talkie-500mw-8ch\/#primaryimage\"},\"image\":{\"@id\":\"https:\/\/aivlisoft.net\/shop\/producto\/motorola-xt460-walkie-talkie-500mw-8ch\/#primaryimage\"},\"thumbnailUrl\":\"https:\/\/aivlisoft.net\/shop\/wp-content\/uploads\/2025\/01\/NTEINT0022_800.jpg\",\"datePublished\":\"2025-01-13T15:55:30+00:00\",\"dateModified\":\"2025-01-14T19:49:58+00:00\",\"breadcrumb\":{\"@id\":\"https:\/\/aivlisoft.net\/shop\/producto\/motorola-xt460-walkie-talkie-500mw-8ch\/#breadcrumb\"},\"inLanguage\":\"es\",\"potentialAction\":[{\"@type\":\"ReadAction\",\"target\":[\"https:\/\/aivlisoft.net\/shop\/producto\/motorola-xt460-walkie-talkie-500mw-8ch\/\"]}]},{\"@type\":\"ImageObject\",\"inLanguage\":\"es\",\"@id\":\"https:\/\/aivlisoft.net\/shop\/producto\/motorola-xt460-walkie-talkie-500mw-8ch\/#primaryimage\",\"url\":\"https:\/\/aivlisoft.net\/shop\/wp-content\/uploads\/2025\/01\/NTEINT0022_800.jpg\",\"contentUrl\":\"https:\/\/aivlisoft.net\/shop\/wp-content\/uploads\/2025\/01\/NTEINT0022_800.jpg\",\"width\":800,\"height\":800},{\"@type\":\"BreadcrumbList\",\"@id\":\"https:\/\/aivlisoft.net\/shop\/producto\/motorola-xt460-walkie-talkie-500mw-8ch\/#breadcrumb\",\"itemListElement\":[{\"@type\":\"ListItem\",\"position\":1,\"name\":\"Portada\",\"item\":\"https:\/\/aivlisoft.net\/shop\/\"},{\"@type\":\"ListItem\",\"position\":2,\"name\":\"Tienda\",\"item\":\"https:\/\/aivlisoft.net\/shop\/tienda\/\"},{\"@type\":\"ListItem\",\"position\":3,\"name\":\"MOTOROLA XT460 Walkie Talkie 500mW 8CH\"}]},{\"@type\":\"WebSite\",\"@id\":\"https:\/\/aivlisoft.net\/shop\/#website\",\"url\":\"https:\/\/aivlisoft.net\/shop\/\",\"name\":\"Aivlisoft Inform\u00e1tica\",\"description\":\"En Aivlisoft Inform\u00e1tica ofrecemos soluciones tecnol\u00f3gicas para empresas: venta de ordenadores, consumibles, perif\u00e9ricos y m\u00e1s. Calidad, atenci\u00f3n personalizada y los mejores precios para tu negocio.\",\"publisher\":{\"@id\":\"https:\/\/aivlisoft.net\/shop\/#organization\"},\"potentialAction\":[{\"@type\":\"SearchAction\",\"target\":{\"@type\":\"EntryPoint\",\"urlTemplate\":\"https:\/\/aivlisoft.net\/shop\/?s={search_term_string}\"},\"query-input\":{\"@type\":\"PropertyValueSpecification\",\"valueRequired\":true,\"valueName\":\"search_term_string\"}}],\"inLanguage\":\"es\"},{\"@type\":\"Organization\",\"@id\":\"https:\/\/aivlisoft.net\/shop\/#organization\",\"name\":\"Aivlisoft Inform\u00e1tica\",\"url\":\"https:\/\/aivlisoft.net\/shop\/\",\"logo\":{\"@type\":\"ImageObject\",\"inLanguage\":\"es\",\"@id\":\"https:\/\/aivlisoft.net\/shop\/#\/schema\/logo\/image\/\",\"url\":\"https:\/\/aivlisoft.net\/shop\/wp-content\/uploads\/2024\/12\/removal.ai_5b848c54-0cdf-4140-95c5-c5536bb7573b-logodef.png\",\"contentUrl\":\"https:\/\/aivlisoft.net\/shop\/wp-content\/uploads\/2024\/12\/removal.ai_5b848c54-0cdf-4140-95c5-c5536bb7573b-logodef.png\",\"width\":484,\"height\":182,\"caption\":\"Aivlisoft Inform\u00e1tica\"},\"image\":{\"@id\":\"https:\/\/aivlisoft.net\/shop\/#\/schema\/logo\/image\/\"}}]}<\/script>\n<!-- \/ Yoast SEO plugin. -->","yoast_head_json":{"title":"MOTOROLA XT460 Walkie Talkie 500mW 8CH - Aivlisoft Inform\u00e1tica","robots":{"index":"index","follow":"follow","max-snippet":"max-snippet:-1","max-image-preview":"max-image-preview:large","max-video-preview":"max-video-preview:-1"},"canonical":"https:\/\/aivlisoft.net\/shop\/producto\/motorola-xt460-walkie-talkie-500mw-8ch\/","og_locale":"es_ES","og_type":"article","og_title":"MOTOROLA XT460 Walkie Talkie 500mW 8CH - Aivlisoft Inform\u00e1tica","og_description":"Marca Motorola Modelo RMP0166BDLAA Caracteristicas &#8211; Uso libre con alcance 6\/9&nbsp; km.&#8211; Pantalla LCD: estado bater&iacute;a, canales, volumen..&#8211; 8 canales.&#8211; 38 canales anal&oacute;gicos \/ 83 digitales.&#8211; Encriptaci&oacute;n por voz.&#8211; Funci&oacute;n Vox (sin accesorios).&#8211; Muy Robusto: certificado norma IP55&#8211; Bater&iacute;a Litio 2150 mh&#8211; Tecnolog&iacute;a de bater&iacute;a: I&oacute;n de litio&#8211; C&oacute;digo IP (International Protection): IP55&#8211; Peso: 256&hellip;&nbsp;MOTOROLA XT460 Walkie Talkie 500mW 8CH","og_url":"https:\/\/aivlisoft.net\/shop\/producto\/motorola-xt460-walkie-talkie-500mw-8ch\/","og_site_name":"Aivlisoft Inform\u00e1tica","article_modified_time":"2025-01-14T19:49:58+00:00","og_image":[{"width":800,"height":800,"url":"https:\/\/aivlisoft.net\/shop\/wp-content\/uploads\/2025\/01\/NTEINT0022_800.jpg","type":"image\/jpeg"}],"twitter_card":"summary_large_image","schema":{"@context":"https:\/\/schema.org","@graph":[{"@type":"WebPage","@id":"https:\/\/aivlisoft.net\/shop\/producto\/motorola-xt460-walkie-talkie-500mw-8ch\/","url":"https:\/\/aivlisoft.net\/shop\/producto\/motorola-xt460-walkie-talkie-500mw-8ch\/","name":"MOTOROLA XT460 Walkie Talkie 500mW 8CH - Aivlisoft Inform\u00e1tica","isPartOf":{"@id":"https:\/\/aivlisoft.net\/shop\/#website"},"primaryImageOfPage":{"@id":"https:\/\/aivlisoft.net\/shop\/producto\/motorola-xt460-walkie-talkie-500mw-8ch\/#primaryimage"},"image":{"@id":"https:\/\/aivlisoft.net\/shop\/producto\/motorola-xt460-walkie-talkie-500mw-8ch\/#primaryimage"},"thumbnailUrl":"https:\/\/aivlisoft.net\/shop\/wp-content\/uploads\/2025\/01\/NTEINT0022_800.jpg","datePublished":"2025-01-13T15:55:30+00:00","dateModified":"2025-01-14T19:49:58+00:00","breadcrumb":{"@id":"https:\/\/aivlisoft.net\/shop\/producto\/motorola-xt460-walkie-talkie-500mw-8ch\/#breadcrumb"},"inLanguage":"es","potentialAction":[{"@type":"ReadAction","target":["https:\/\/aivlisoft.net\/shop\/producto\/motorola-xt460-walkie-talkie-500mw-8ch\/"]}]},{"@type":"ImageObject","inLanguage":"es","@id":"https:\/\/aivlisoft.net\/shop\/producto\/motorola-xt460-walkie-talkie-500mw-8ch\/#primaryimage","url":"https:\/\/aivlisoft.net\/shop\/wp-content\/uploads\/2025\/01\/NTEINT0022_800.jpg","contentUrl":"https:\/\/aivlisoft.net\/shop\/wp-content\/uploads\/2025\/01\/NTEINT0022_800.jpg","width":800,"height":800},{"@type":"BreadcrumbList","@id":"https:\/\/aivlisoft.net\/shop\/producto\/motorola-xt460-walkie-talkie-500mw-8ch\/#breadcrumb","itemListElement":[{"@type":"ListItem","position":1,"name":"Portada","item":"https:\/\/aivlisoft.net\/shop\/"},{"@type":"ListItem","position":2,"name":"Tienda","item":"https:\/\/aivlisoft.net\/shop\/tienda\/"},{"@type":"ListItem","position":3,"name":"MOTOROLA XT460 Walkie Talkie 500mW 8CH"}]},{"@type":"WebSite","@id":"https:\/\/aivlisoft.net\/shop\/#website","url":"https:\/\/aivlisoft.net\/shop\/","name":"Aivlisoft Inform\u00e1tica","description":"En Aivlisoft Inform\u00e1tica ofrecemos soluciones tecnol\u00f3gicas para empresas: venta de ordenadores, consumibles, perif\u00e9ricos y m\u00e1s. Calidad, atenci\u00f3n personalizada y los mejores precios para tu negocio.","publisher":{"@id":"https:\/\/aivlisoft.net\/shop\/#organization"},"potentialAction":[{"@type":"SearchAction","target":{"@type":"EntryPoint","urlTemplate":"https:\/\/aivlisoft.net\/shop\/?s={search_term_string}"},"query-input":{"@type":"PropertyValueSpecification","valueRequired":true,"valueName":"search_term_string"}}],"inLanguage":"es"},{"@type":"Organization","@id":"https:\/\/aivlisoft.net\/shop\/#organization","name":"Aivlisoft Inform\u00e1tica","url":"https:\/\/aivlisoft.net\/shop\/","logo":{"@type":"ImageObject","inLanguage":"es","@id":"https:\/\/aivlisoft.net\/shop\/#\/schema\/logo\/image\/","url":"https:\/\/aivlisoft.net\/shop\/wp-content\/uploads\/2024\/12\/removal.ai_5b848c54-0cdf-4140-95c5-c5536bb7573b-logodef.png","contentUrl":"https:\/\/aivlisoft.net\/shop\/wp-content\/uploads\/2024\/12\/removal.ai_5b848c54-0cdf-4140-95c5-c5536bb7573b-logodef.png","width":484,"height":182,"caption":"Aivlisoft Inform\u00e1tica"},"image":{"@id":"https:\/\/aivlisoft.net\/shop\/#\/schema\/logo\/image\/"}}]}},"_links":{"self":[{"href":"https:\/\/aivlisoft.net\/shop\/wp-json\/wp\/v2\/product\/21561","targetHints":{"allow":["GET"]}}],"collection":[{"href":"https:\/\/aivlisoft.net\/shop\/wp-json\/wp\/v2\/product"}],"about":[{"href":"https:\/\/aivlisoft.net\/shop\/wp-json\/wp\/v2\/types\/product"}],"wp:featuredmedia":[{"embeddable":true,"href":"https:\/\/aivlisoft.net\/shop\/wp-json\/wp\/v2\/media\/21562"}],"wp:attachment":[{"href":"https:\/\/aivlisoft.net\/shop\/wp-json\/wp\/v2\/media?parent=21561"}],"wp:term":[{"taxonomy":"product_brand","embeddable":true,"href":"https:\/\/aivlisoft.net\/shop\/wp-json\/wp\/v2\/product_brand?post=21561"},{"taxonomy":"product_cat","embeddable":true,"href":"https:\/\/aivlisoft.net\/shop\/wp-json\/wp\/v2\/product_cat?post=21561"},{"taxonomy":"product_tag","embeddable":true,"href":"https:\/\/aivlisoft.net\/shop\/wp-json\/wp\/v2\/product_tag?post=21561"}],"curies":[{"name":"wp","href":"https:\/\/api.w.org\/{rel}","templated":true}]}}