{"id":21385,"date":"2025-01-13T15:53:26","date_gmt":"2025-01-13T15:53:26","guid":{"rendered":"https:\/\/aivlisoft.com\/?post_type=product&#038;p=21385"},"modified":"2025-01-14T11:55:52","modified_gmt":"2025-01-14T11:55:52","slug":"tp-link-tl-sg108s-switch-8xgb-rj45-metal","status":"publish","type":"product","link":"https:\/\/aivlisoft.net\/shop\/producto\/tp-link-tl-sg108s-switch-8xgb-rj45-metal\/","title":{"rendered":"TP-Link TL-SG108S Switch 8xGB RJ45 Metal"},"content":{"rendered":"<p><\/p>\n<table class=\"tabla_caracteristicas\" width=\"100%\">\n<tr>\n<td valign=\"top\"><strong>Marca<\/strong><\/td>\n<td>TP-Link<\/td>\n<\/tr>\n<tr>\n<td valign=\"top\"><strong>Modelo<\/strong><\/td>\n<td><strong>TL-SG108S<\/strong><\/td>\n<\/tr>\n<tr>\n<td valign=\"top\"><strong>Caracter&iacute;sticas<\/strong><\/td>\n<td>&#8211; Est&aacute;ndares y Protocolos: IEEE 802.3i \/ 802.3u \/ 802.3ab\/ 802.3x \/802.1p<br \/>\t\t\t&#8211; Interfaz:<br \/>\t\t\t&nbsp;<strong> 8 x puertos<\/strong> de 10\/100\/1000 Mbps<br \/>\t\t\t&nbsp; Negociaci&oacute;n autom&aacute;tica<br \/>\t\t\t&nbsp; MDI \/ MDIX autom&aacute;tico<br \/>\t\t\t&#8211; Sin ventilador<br \/>\t\t\t&#8211; Consumo de Potencia: M&aacute;ximo: 3.31W (220V \/ 50Hz)<br \/>\t\t\t&#8211; Fuente de Alimentaci&oacute;n Externa: Adaptador de corriente externo (salida: 9VDC \/ 0.6A)<br \/>\t\t\t&#8211; Tama&ntilde;o del B&uacute;fer: 1.5Mb<br \/>\t\t\t&#8211; Indicador de LED:<br \/>\t\t\t&nbsp; Energ&iacute;a del sistema<br \/>\t\t\t&nbsp; Indicadores Link \/ Act por puerto integrados en cada puerto RJ-45<br \/>\t\t\t<strong>Rendimiento<\/strong><br \/>\t\t\t&#8211; Tasa de Reenv&iacute;o de Paquetes: 11.9Mpps<br \/>\t\t\t&#8211; Tabla de Direcciones MAC: 4K<br \/>\t\t\t&#8211; Memoria del Buffer de Paquete: 1.5Mb<br \/>\t\t\t&#8211; Jumbo Frame: 16KB<br \/>\t\t\t<strong>Software<\/strong><br \/>\t\t\t&#8211; Caracter&iacute;sticas Avanzadas:<br \/>\t\t\t&nbsp; Tecnolog&iacute;a ecol&oacute;gica, que ahorra energ&iacute;a hasta un 82%<br \/>\t\t\t&nbsp; Control de flujo 802.3X<br \/>\t\t\t&nbsp; QoS 802.1p \/ DSCP<br \/>\t\t\t&nbsp; Inspecci&oacute;n IGMP<br \/>\t\t\t&#8211; M&eacute;todo de Transferencia: Almacenamiento y reenvio<br \/>\t\t\t<strong>Certificaciones<\/strong><br \/>\t\t\t&#8211; CE<br \/>\t\t\t&#8211; FCC<br \/>\t\t\t&#8211; RoHS<br \/>\t\t\t<strong>Factores Ambientales &nbsp;&nbsp; &nbsp;<\/strong><br \/>\t\t\t&#8211; Temperatura de funcionamiento: 0 &deg; C ~ 40 &deg; C (32 &deg; F ~ 104 &deg; F)<br \/>\t\t\t&#8211; Temperatura de almacenamiento: -40 &deg; C ~ 70 &deg; C (-40 &deg; F ~ 158 &deg; F)<br \/>\t\t\t&#8211; Humedad de funcionamiento: 10% ~ 90%, sin condensaci&oacute;n<br \/>\t\t\t&#8211; Humedad de almacenamiento: 5% ~ 90% sin condensaci&oacute;n<br \/>\t\t\t<strong>Dimensiones &nbsp;&nbsp; &nbsp;<\/strong><br \/>\t\t\t&#8211; 158 x 101 x 25 mm<br \/>\t\t\t<strong>Contenido<\/strong><br \/>\t\t\t&#8211; Switch de escritorio de 8 puertos a 10\/100\/1000 Mbps<br \/>\t\t\t&#8211; Adaptador de corriente<br \/>\t\t\t&#8211; Gu&iacute;a de instalaci&oacute;n<br \/>\t\t\t&#8211; Patas de goma<\/td>\n<\/tr>\n<tr>\n<td valign=\"top\"><strong>Fecha de revisi&oacute;n<\/strong><\/td>\n<td>03-08-2023 por RTY<\/td>\n<\/tr>\n<\/table>\n","protected":false},"excerpt":{"rendered":"<p>Marca TP-Link Modelo TL-SG108S Caracter&iacute;sticas &#8211; Est&aacute;ndares y Protocolos: IEEE 802.3i \/ 802.3u \/ 802.3ab\/ 802.3x \/802.1p &#8211; Interfaz: &nbsp; 8 x puertos de 10\/100\/1000 Mbps &nbsp; Negociaci&oacute;n autom&aacute;tica &nbsp; MDI \/ MDIX autom&aacute;tico &#8211; Sin ventilador &#8211; Consumo de Potencia: M&aacute;ximo: 3.31W (220V \/ 50Hz) &#8211; Fuente de Alimentaci&oacute;n Externa: Adaptador de corriente externo&hellip;&nbsp;<a href=\"https:\/\/aivlisoft.net\/shop\/producto\/tp-link-tl-sg108s-switch-8xgb-rj45-metal\/\" rel=\"bookmark\"><span class=\"screen-reader-text\">TP-Link TL-SG108S Switch 8xGB RJ45 Metal<\/span><\/a><\/p>\n","protected":false},"featured_media":21386,"template":"","meta":{"neve_meta_sidebar":"","neve_meta_container":"","neve_meta_enable_content_width":"","neve_meta_content_width":0,"neve_meta_title_alignment":"","neve_meta_author_avatar":"","neve_post_elements_order":"","neve_meta_disable_header":"","neve_meta_disable_footer":"","neve_meta_disable_title":""},"product_brand":[],"product_cat":[8773],"product_tag":[7560],"class_list":{"0":"post-21385","1":"product","2":"type-product","3":"status-publish","4":"has-post-thumbnail","6":"product_cat-switches-sobremesa","7":"product_tag-tl-sg108s","9":"first","10":"instock","11":"taxable","12":"shipping-taxable","13":"purchasable","14":"product-type-simple"},"yoast_head":"<!-- This site is optimized with the Yoast SEO plugin v26.0 - https:\/\/yoast.com\/wordpress\/plugins\/seo\/ -->\n<title>TP-Link TL-SG108S Switch 8xGB RJ45 Metal - Aivlisoft Inform\u00e1tica<\/title>\n<meta name=\"robots\" content=\"index, follow, max-snippet:-1, max-image-preview:large, max-video-preview:-1\" \/>\n<link rel=\"canonical\" href=\"https:\/\/aivlisoft.net\/shop\/producto\/tp-link-tl-sg108s-switch-8xgb-rj45-metal\/\" \/>\n<meta property=\"og:locale\" content=\"es_ES\" \/>\n<meta property=\"og:type\" content=\"article\" \/>\n<meta property=\"og:title\" content=\"TP-Link TL-SG108S Switch 8xGB RJ45 Metal - Aivlisoft Inform\u00e1tica\" \/>\n<meta property=\"og:description\" content=\"Marca TP-Link Modelo TL-SG108S Caracter&iacute;sticas &#8211; Est&aacute;ndares y Protocolos: IEEE 802.3i \/ 802.3u \/ 802.3ab\/ 802.3x \/802.1p &#8211; Interfaz: &nbsp; 8 x puertos de 10\/100\/1000 Mbps &nbsp; Negociaci&oacute;n autom&aacute;tica &nbsp; MDI \/ MDIX autom&aacute;tico &#8211; Sin ventilador &#8211; Consumo de Potencia: M&aacute;ximo: 3.31W (220V \/ 50Hz) &#8211; Fuente de Alimentaci&oacute;n Externa: Adaptador de corriente externo&hellip;&nbsp;TP-Link TL-SG108S Switch 8xGB RJ45 Metal\" \/>\n<meta property=\"og:url\" content=\"https:\/\/aivlisoft.net\/shop\/producto\/tp-link-tl-sg108s-switch-8xgb-rj45-metal\/\" \/>\n<meta property=\"og:site_name\" content=\"Aivlisoft Inform\u00e1tica\" \/>\n<meta property=\"article:modified_time\" content=\"2025-01-14T11:55:52+00:00\" \/>\n<meta property=\"og:image\" content=\"https:\/\/aivlisoft.net\/shop\/wp-content\/uploads\/2025\/01\/NSWSSO0329_800.jpg\" \/>\n\t<meta property=\"og:image:width\" content=\"800\" \/>\n\t<meta property=\"og:image:height\" content=\"800\" \/>\n\t<meta property=\"og:image:type\" content=\"image\/jpeg\" \/>\n<meta name=\"twitter:card\" content=\"summary_large_image\" \/>\n<meta name=\"twitter:label1\" content=\"Tiempo de lectura\" \/>\n\t<meta name=\"twitter:data1\" content=\"1 minuto\" \/>\n<script type=\"application\/ld+json\" class=\"yoast-schema-graph\">{\"@context\":\"https:\/\/schema.org\",\"@graph\":[{\"@type\":\"WebPage\",\"@id\":\"https:\/\/aivlisoft.net\/shop\/producto\/tp-link-tl-sg108s-switch-8xgb-rj45-metal\/\",\"url\":\"https:\/\/aivlisoft.net\/shop\/producto\/tp-link-tl-sg108s-switch-8xgb-rj45-metal\/\",\"name\":\"TP-Link TL-SG108S Switch 8xGB RJ45 Metal - Aivlisoft Inform\u00e1tica\",\"isPartOf\":{\"@id\":\"https:\/\/aivlisoft.net\/shop\/#website\"},\"primaryImageOfPage\":{\"@id\":\"https:\/\/aivlisoft.net\/shop\/producto\/tp-link-tl-sg108s-switch-8xgb-rj45-metal\/#primaryimage\"},\"image\":{\"@id\":\"https:\/\/aivlisoft.net\/shop\/producto\/tp-link-tl-sg108s-switch-8xgb-rj45-metal\/#primaryimage\"},\"thumbnailUrl\":\"https:\/\/aivlisoft.net\/shop\/wp-content\/uploads\/2025\/01\/NSWSSO0329_800.jpg\",\"datePublished\":\"2025-01-13T15:53:26+00:00\",\"dateModified\":\"2025-01-14T11:55:52+00:00\",\"breadcrumb\":{\"@id\":\"https:\/\/aivlisoft.net\/shop\/producto\/tp-link-tl-sg108s-switch-8xgb-rj45-metal\/#breadcrumb\"},\"inLanguage\":\"es\",\"potentialAction\":[{\"@type\":\"ReadAction\",\"target\":[\"https:\/\/aivlisoft.net\/shop\/producto\/tp-link-tl-sg108s-switch-8xgb-rj45-metal\/\"]}]},{\"@type\":\"ImageObject\",\"inLanguage\":\"es\",\"@id\":\"https:\/\/aivlisoft.net\/shop\/producto\/tp-link-tl-sg108s-switch-8xgb-rj45-metal\/#primaryimage\",\"url\":\"https:\/\/aivlisoft.net\/shop\/wp-content\/uploads\/2025\/01\/NSWSSO0329_800.jpg\",\"contentUrl\":\"https:\/\/aivlisoft.net\/shop\/wp-content\/uploads\/2025\/01\/NSWSSO0329_800.jpg\",\"width\":800,\"height\":800},{\"@type\":\"BreadcrumbList\",\"@id\":\"https:\/\/aivlisoft.net\/shop\/producto\/tp-link-tl-sg108s-switch-8xgb-rj45-metal\/#breadcrumb\",\"itemListElement\":[{\"@type\":\"ListItem\",\"position\":1,\"name\":\"Portada\",\"item\":\"https:\/\/aivlisoft.net\/shop\/\"},{\"@type\":\"ListItem\",\"position\":2,\"name\":\"Tienda\",\"item\":\"https:\/\/aivlisoft.net\/shop\/tienda\/\"},{\"@type\":\"ListItem\",\"position\":3,\"name\":\"TP-Link TL-SG108S Switch 8xGB RJ45 Metal\"}]},{\"@type\":\"WebSite\",\"@id\":\"https:\/\/aivlisoft.net\/shop\/#website\",\"url\":\"https:\/\/aivlisoft.net\/shop\/\",\"name\":\"Aivlisoft Inform\u00e1tica\",\"description\":\"En Aivlisoft Inform\u00e1tica ofrecemos soluciones tecnol\u00f3gicas para empresas: venta de ordenadores, consumibles, perif\u00e9ricos y m\u00e1s. Calidad, atenci\u00f3n personalizada y los mejores precios para tu negocio.\",\"publisher\":{\"@id\":\"https:\/\/aivlisoft.net\/shop\/#organization\"},\"potentialAction\":[{\"@type\":\"SearchAction\",\"target\":{\"@type\":\"EntryPoint\",\"urlTemplate\":\"https:\/\/aivlisoft.net\/shop\/?s={search_term_string}\"},\"query-input\":{\"@type\":\"PropertyValueSpecification\",\"valueRequired\":true,\"valueName\":\"search_term_string\"}}],\"inLanguage\":\"es\"},{\"@type\":\"Organization\",\"@id\":\"https:\/\/aivlisoft.net\/shop\/#organization\",\"name\":\"Aivlisoft Inform\u00e1tica\",\"url\":\"https:\/\/aivlisoft.net\/shop\/\",\"logo\":{\"@type\":\"ImageObject\",\"inLanguage\":\"es\",\"@id\":\"https:\/\/aivlisoft.net\/shop\/#\/schema\/logo\/image\/\",\"url\":\"https:\/\/aivlisoft.net\/shop\/wp-content\/uploads\/2024\/12\/removal.ai_5b848c54-0cdf-4140-95c5-c5536bb7573b-logodef.png\",\"contentUrl\":\"https:\/\/aivlisoft.net\/shop\/wp-content\/uploads\/2024\/12\/removal.ai_5b848c54-0cdf-4140-95c5-c5536bb7573b-logodef.png\",\"width\":484,\"height\":182,\"caption\":\"Aivlisoft Inform\u00e1tica\"},\"image\":{\"@id\":\"https:\/\/aivlisoft.net\/shop\/#\/schema\/logo\/image\/\"}}]}<\/script>\n<!-- \/ Yoast SEO plugin. -->","yoast_head_json":{"title":"TP-Link TL-SG108S Switch 8xGB RJ45 Metal - Aivlisoft Inform\u00e1tica","robots":{"index":"index","follow":"follow","max-snippet":"max-snippet:-1","max-image-preview":"max-image-preview:large","max-video-preview":"max-video-preview:-1"},"canonical":"https:\/\/aivlisoft.net\/shop\/producto\/tp-link-tl-sg108s-switch-8xgb-rj45-metal\/","og_locale":"es_ES","og_type":"article","og_title":"TP-Link TL-SG108S Switch 8xGB RJ45 Metal - Aivlisoft Inform\u00e1tica","og_description":"Marca TP-Link Modelo TL-SG108S Caracter&iacute;sticas &#8211; Est&aacute;ndares y Protocolos: IEEE 802.3i \/ 802.3u \/ 802.3ab\/ 802.3x \/802.1p &#8211; Interfaz: &nbsp; 8 x puertos de 10\/100\/1000 Mbps &nbsp; Negociaci&oacute;n autom&aacute;tica &nbsp; MDI \/ MDIX autom&aacute;tico &#8211; Sin ventilador &#8211; Consumo de Potencia: M&aacute;ximo: 3.31W (220V \/ 50Hz) &#8211; Fuente de Alimentaci&oacute;n Externa: Adaptador de corriente externo&hellip;&nbsp;TP-Link TL-SG108S Switch 8xGB RJ45 Metal","og_url":"https:\/\/aivlisoft.net\/shop\/producto\/tp-link-tl-sg108s-switch-8xgb-rj45-metal\/","og_site_name":"Aivlisoft Inform\u00e1tica","article_modified_time":"2025-01-14T11:55:52+00:00","og_image":[{"width":800,"height":800,"url":"https:\/\/aivlisoft.net\/shop\/wp-content\/uploads\/2025\/01\/NSWSSO0329_800.jpg","type":"image\/jpeg"}],"twitter_card":"summary_large_image","twitter_misc":{"Tiempo de lectura":"1 minuto"},"schema":{"@context":"https:\/\/schema.org","@graph":[{"@type":"WebPage","@id":"https:\/\/aivlisoft.net\/shop\/producto\/tp-link-tl-sg108s-switch-8xgb-rj45-metal\/","url":"https:\/\/aivlisoft.net\/shop\/producto\/tp-link-tl-sg108s-switch-8xgb-rj45-metal\/","name":"TP-Link TL-SG108S Switch 8xGB RJ45 Metal - Aivlisoft Inform\u00e1tica","isPartOf":{"@id":"https:\/\/aivlisoft.net\/shop\/#website"},"primaryImageOfPage":{"@id":"https:\/\/aivlisoft.net\/shop\/producto\/tp-link-tl-sg108s-switch-8xgb-rj45-metal\/#primaryimage"},"image":{"@id":"https:\/\/aivlisoft.net\/shop\/producto\/tp-link-tl-sg108s-switch-8xgb-rj45-metal\/#primaryimage"},"thumbnailUrl":"https:\/\/aivlisoft.net\/shop\/wp-content\/uploads\/2025\/01\/NSWSSO0329_800.jpg","datePublished":"2025-01-13T15:53:26+00:00","dateModified":"2025-01-14T11:55:52+00:00","breadcrumb":{"@id":"https:\/\/aivlisoft.net\/shop\/producto\/tp-link-tl-sg108s-switch-8xgb-rj45-metal\/#breadcrumb"},"inLanguage":"es","potentialAction":[{"@type":"ReadAction","target":["https:\/\/aivlisoft.net\/shop\/producto\/tp-link-tl-sg108s-switch-8xgb-rj45-metal\/"]}]},{"@type":"ImageObject","inLanguage":"es","@id":"https:\/\/aivlisoft.net\/shop\/producto\/tp-link-tl-sg108s-switch-8xgb-rj45-metal\/#primaryimage","url":"https:\/\/aivlisoft.net\/shop\/wp-content\/uploads\/2025\/01\/NSWSSO0329_800.jpg","contentUrl":"https:\/\/aivlisoft.net\/shop\/wp-content\/uploads\/2025\/01\/NSWSSO0329_800.jpg","width":800,"height":800},{"@type":"BreadcrumbList","@id":"https:\/\/aivlisoft.net\/shop\/producto\/tp-link-tl-sg108s-switch-8xgb-rj45-metal\/#breadcrumb","itemListElement":[{"@type":"ListItem","position":1,"name":"Portada","item":"https:\/\/aivlisoft.net\/shop\/"},{"@type":"ListItem","position":2,"name":"Tienda","item":"https:\/\/aivlisoft.net\/shop\/tienda\/"},{"@type":"ListItem","position":3,"name":"TP-Link TL-SG108S Switch 8xGB RJ45 Metal"}]},{"@type":"WebSite","@id":"https:\/\/aivlisoft.net\/shop\/#website","url":"https:\/\/aivlisoft.net\/shop\/","name":"Aivlisoft Inform\u00e1tica","description":"En Aivlisoft Inform\u00e1tica ofrecemos soluciones tecnol\u00f3gicas para empresas: venta de ordenadores, consumibles, perif\u00e9ricos y m\u00e1s. Calidad, atenci\u00f3n personalizada y los mejores precios para tu negocio.","publisher":{"@id":"https:\/\/aivlisoft.net\/shop\/#organization"},"potentialAction":[{"@type":"SearchAction","target":{"@type":"EntryPoint","urlTemplate":"https:\/\/aivlisoft.net\/shop\/?s={search_term_string}"},"query-input":{"@type":"PropertyValueSpecification","valueRequired":true,"valueName":"search_term_string"}}],"inLanguage":"es"},{"@type":"Organization","@id":"https:\/\/aivlisoft.net\/shop\/#organization","name":"Aivlisoft Inform\u00e1tica","url":"https:\/\/aivlisoft.net\/shop\/","logo":{"@type":"ImageObject","inLanguage":"es","@id":"https:\/\/aivlisoft.net\/shop\/#\/schema\/logo\/image\/","url":"https:\/\/aivlisoft.net\/shop\/wp-content\/uploads\/2024\/12\/removal.ai_5b848c54-0cdf-4140-95c5-c5536bb7573b-logodef.png","contentUrl":"https:\/\/aivlisoft.net\/shop\/wp-content\/uploads\/2024\/12\/removal.ai_5b848c54-0cdf-4140-95c5-c5536bb7573b-logodef.png","width":484,"height":182,"caption":"Aivlisoft Inform\u00e1tica"},"image":{"@id":"https:\/\/aivlisoft.net\/shop\/#\/schema\/logo\/image\/"}}]}},"_links":{"self":[{"href":"https:\/\/aivlisoft.net\/shop\/wp-json\/wp\/v2\/product\/21385","targetHints":{"allow":["GET"]}}],"collection":[{"href":"https:\/\/aivlisoft.net\/shop\/wp-json\/wp\/v2\/product"}],"about":[{"href":"https:\/\/aivlisoft.net\/shop\/wp-json\/wp\/v2\/types\/product"}],"wp:featuredmedia":[{"embeddable":true,"href":"https:\/\/aivlisoft.net\/shop\/wp-json\/wp\/v2\/media\/21386"}],"wp:attachment":[{"href":"https:\/\/aivlisoft.net\/shop\/wp-json\/wp\/v2\/media?parent=21385"}],"wp:term":[{"taxonomy":"product_brand","embeddable":true,"href":"https:\/\/aivlisoft.net\/shop\/wp-json\/wp\/v2\/product_brand?post=21385"},{"taxonomy":"product_cat","embeddable":true,"href":"https:\/\/aivlisoft.net\/shop\/wp-json\/wp\/v2\/product_cat?post=21385"},{"taxonomy":"product_tag","embeddable":true,"href":"https:\/\/aivlisoft.net\/shop\/wp-json\/wp\/v2\/product_tag?post=21385"}],"curies":[{"name":"wp","href":"https:\/\/api.w.org\/{rel}","templated":true}]}}