{"id":21315,"date":"2025-01-13T15:52:29","date_gmt":"2025-01-13T15:52:29","guid":{"rendered":"https:\/\/aivlisoft.com\/?post_type=product&#038;p=21315"},"modified":"2025-01-14T11:55:29","modified_gmt":"2025-01-14T11:55:29","slug":"d-link-dgs-1100-08pv2-e-8xgb-poe-switch-64w","status":"publish","type":"product","link":"https:\/\/aivlisoft.net\/shop\/producto\/d-link-dgs-1100-08pv2-e-8xgb-poe-switch-64w\/","title":{"rendered":"D-Link DGS-1100-08PV2\/E 8xGb PoE Switch (64W)"},"content":{"rendered":"<p>&nbsp;<\/p>\n<table class=\"tabla_caracteristicas k-table\" width=\"100%\">\n<tr>\n<td><strong>Marca<\/strong><\/td>\n<td>D-Link<\/td>\n<\/tr>\n<tr>\n<td><strong>Modelo<\/strong><\/td>\n<td><strong>DGS-1100-08PV2\/E<\/strong><\/td>\n<\/tr>\n<tr>\n<td><strong>Especificaciones<\/strong><\/td>\n<td>\n<div>&#8211; 8 puertos 10\/100\/1000 Mbps (PoE)<\/div>\n<div><strong>Funci&oacute;n de los puertos<\/strong><br \/>\t\t\t&#8211; IEEE 802.3 para Ethernet<br \/>\t\t\t&#8211; IEEE 802.3u para Fast Ethernet<br \/>\t\t\t&#8211; IEEE 802.3ab para Gigabit Ethernet<br \/>\t\t\t&#8211; Autonegociaci&oacute;n<br \/>\t\t\t&#8211; Admite operaci&oacute;n de d&uacute;plex medio \/ completo (la mitad a 10\/100 Mbps, completo a 1000 Mbps)<br \/>\t\t\t&#8211; Auto MDI \/ MDIX<br \/>\t\t\t&#8211; IEEE 802.3x Flow Control admite el modo full-duplex<br \/>\t\t\t&#8211; Cumple con IEEE 802.3az<\/div>\n<p>\t\t\t<strong>Rendimiento<\/strong>:<br \/>\t\t\t&nbsp; 16Gbps<br \/>\t\t\t&#8211; Max.velocidad env&iacute;o<br \/>\t\t\t&nbsp; 11.9 Mpps<br \/>\t\t\t&#8211; Tama&ntilde;o tabla MAC<br \/>\t\t\t&nbsp; 8K Entries<br \/>\t\t\t&#8211; Packet Buffer<br \/>\t\t\t&nbsp; 1.5Mbits<br \/>\t\t\t&#8211; Modo env&iacute;o:<br \/>\t\t\t&nbsp; Store and Forward<br \/>\t\t\t<strong>PoE<\/strong><br \/>\t\t\t&#8211; Est&aacute;ndar PoE: IEEE 802.3af \/ 802.3at<br \/>\t\t\t&#8211; Puertos con capacidad PoE: puertos 1 a 8<br \/>\t\t\t&#8211; Presupuesto de energ&iacute;a PoE:<br \/>\t\t\t&nbsp; 64 W<br \/>\t\t\t&nbsp; 30 W por puerto PoE m&aacute;x.<br \/>\t\t\t&#8211; <strong>Alimentaci&oacute;n<\/strong>:<br \/>\t\t\t&nbsp; 100 to 240 VAC, 50 to 60 Hz<br \/>\t\t\t&#8211; Max.Consumo:<br \/>\t\t\t&nbsp; 77.9 W (PoE on)<br \/>\t\t\t&nbsp; 4.6 W (PoE off)<br \/>\t\t\t&#8211; Consumo Standy:<br \/>\t\t\t&nbsp; 2 Watts<br \/>\t\t\t&#8211; Sin ventilador<br \/>\t\t\t&#8211; Nivel ac&uacute;stico:<br \/>\t\t\t&nbsp; 0 dBA<br \/>\t\t\t&#8211; Dimensions (W x D x H)<br \/>\t\t\t&nbsp; 171 x 97.8 x 28.6 mm<br \/>\t\t\t&#8211; Peso:<br \/>\t\t\t&nbsp; 0.43kg<br \/>\t\t\t&#8211; LEDs<br \/>\t\t\t&nbsp; Power (Per Device)<br \/>\t\t\t&nbsp; PoE Max. (DGS-1100-08P Only)<br \/>\t\t\t&nbsp; Link\/Activity\/Speed (Per Port)<br \/>\t\t\t&#8211; Certifications<br \/>\t\t\t&nbsp; FCC Class A<br \/>\t\t\t&nbsp; CE Class A<br \/>\t\t\t&nbsp; VCCI Class A<br \/>\t\t\t&#8211; Vertificaciones<br \/>\t\t\t&nbsp; UL\/cUL<br \/>\t\t\t&nbsp; CE LVD<br \/>\t\t\t&#8211; MTBF<br \/>\t\t\t&nbsp; 503,585 Hours (DGS-1100-08)<br \/>\t\t\t&#8211; <strong>VLAN<\/strong><br \/>\t\t\t&nbsp; Port-based VLAN<br \/>\t\t\t&nbsp; 802.1Q Tagged VLAN<br \/>\t\t\t&nbsp; Surveillance VLAN<br \/>\t\t\t&nbsp; Voice VLAN<br \/>\t\t\t&nbsp; Management VLAN<br \/>\t\t\t&nbsp; VLAN Group<br \/>\t\t\t&nbsp;&nbsp;&nbsp; Soporta 32 static VLAN groups<br \/>\t\t\t&nbsp;&nbsp;&nbsp; Max. 4094 VIDs<br \/>\t\t\t&#8211; <strong>Funciones L2<\/strong><br \/>\t\t\t&nbsp; Flow Control<br \/>\t\t\t&nbsp;&nbsp;&nbsp; 802.3x Flow Control<br \/>\t\t\t&nbsp;&nbsp;&nbsp; HOL Blocking Prevention<br \/>\t\t\t&nbsp; IGMP Snooping<br \/>\t\t\t&nbsp;&nbsp;&nbsp; IGMP v1\/v2 Snooping<br \/>\t\t\t&nbsp;&nbsp;&nbsp; Soporta 32 Groups<br \/>\t\t\t&nbsp; Loopback Detection<br \/>\t\t\t&nbsp; Link Aggregation<br \/>\t\t\t&nbsp;&nbsp;&nbsp; 2 groups, 2-4 ports per group (DGS-1100-08\/08P)<br \/>\t\t\t&nbsp; Port Mirroring<br \/>\t\t\t&nbsp;&nbsp;&nbsp; One-to-One<br \/>\t\t\t&nbsp;&nbsp;&nbsp; Many-to-One (DGS-1100-16\/24 only)<br \/>\t\t\t&nbsp; Cable Diagnostics<br \/>\t\t\t&nbsp; Statistics<br \/>\t\t\t&nbsp;&nbsp;&nbsp; Tx Ok<br \/>\t\t\t&nbsp;&nbsp;&nbsp; Tx Error<br \/>\t\t\t&nbsp;&nbsp;&nbsp; Rx Ok<br \/>\t\t\t&nbsp; &#8211; Rx Error<br \/>\t\t\t&#8211; <strong>QoS<\/strong><br \/>\t\t\t&nbsp; 802.1p Quality of Service<br \/>\t\t\t&nbsp; 4 queues per port<br \/>\t\t\t&nbsp; Queue Handling<br \/>\t\t\t&nbsp;&nbsp; Strict<br \/>\t\t\t&nbsp;&nbsp; Weighted Round Robin (WRR)<br \/>\t\t\t&#8211; <strong>Bandwidth Control<\/strong><br \/>\t\t\t&nbsp; &#8211; DGS-1100-05\/08\/08P Port Based (Ingress\/Egress, min. granularity 8 kb\/s)<br \/>\t\t\t&#8211; <strong>Seguridad<\/strong><br \/>\t\t\t&nbsp; Static MAC Address<br \/>\t\t\t&nbsp;&nbsp; Max. 32 entries (DGS-1100-05\/08\/08P)<br \/>\t\t\t&nbsp;&nbsp; Broadcast\/Multicast\/Unknown Unicast Storm Control<br \/>\t\t\t&#8211; <strong>Gest&iacute;on<\/strong><br \/>\t\t\t&nbsp; Web-Based GUI (Soporta IPv4)<br \/>\t\t\t&nbsp; Smart Console Utility<br \/>\t\t\t&#8211; <strong>D-Link Green<\/strong><br \/>\t\t\t&nbsp; Power Saving by<br \/>\t\t\t&nbsp;&nbsp; Link Status<br \/>\t\t\t&nbsp;&nbsp; Cable Length<br \/>\t\t\t&nbsp;&nbsp; Energy Efficient Ethernet (IEEE 802.3az)<br \/>\t\t\t&nbsp;&nbsp; RoHS Compliant<br \/>\t\t\t&#8211; <strong>RFC Standard List<\/strong><br \/>\t\t\t&nbsp; RFC 768 UDP<br \/>\t\t\t&nbsp; RFC 791 IP<br \/>\t\t\t&nbsp; RFC 792 ICMP<br \/>\t\t\t&nbsp; RFC 793 TCP<br \/>\t\t\t&nbsp; RFC 826 ARP<br \/>\t\t\t&nbsp; RFC 951 BootP Client<br \/>\t\t\t&nbsp; RFC 1542 BootP\/DHCP client<br \/>\t\t\t&nbsp; RFC 1945 HTTP\/1.0<br \/>\t\t\t&nbsp; RFC 2647 802.1p<\/td>\n<\/tr>\n<tr>\n<td><strong>Fecha de revisi&oacute;n<\/strong><\/td>\n<td>13-06-2022 por MPM<\/td>\n<\/tr>\n<\/table>\n","protected":false},"excerpt":{"rendered":"<p>&nbsp; Marca D-Link Modelo DGS-1100-08PV2\/E Especificaciones &#8211; 8 puertos 10\/100\/1000 Mbps (PoE) Funci&oacute;n de los puertos &#8211; IEEE 802.3 para Ethernet &#8211; IEEE 802.3u para Fast Ethernet &#8211; IEEE 802.3ab para Gigabit Ethernet &#8211; Autonegociaci&oacute;n &#8211; Admite operaci&oacute;n de d&uacute;plex medio \/ completo (la mitad a 10\/100 Mbps, completo a 1000 Mbps) &#8211; Auto MDI&hellip;&nbsp;<a href=\"https:\/\/aivlisoft.net\/shop\/producto\/d-link-dgs-1100-08pv2-e-8xgb-poe-switch-64w\/\" rel=\"bookmark\"><span class=\"screen-reader-text\">D-Link DGS-1100-08PV2\/E 8xGb PoE Switch (64W)<\/span><\/a><\/p>\n","protected":false},"featured_media":21316,"template":"","meta":{"neve_meta_sidebar":"","neve_meta_container":"","neve_meta_enable_content_width":"","neve_meta_content_width":0,"neve_meta_title_alignment":"","neve_meta_author_avatar":"","neve_post_elements_order":"","neve_meta_disable_header":"","neve_meta_disable_footer":"","neve_meta_disable_title":""},"product_brand":[],"product_cat":[8773],"product_tag":[7540],"class_list":{"0":"post-21315","1":"product","2":"type-product","3":"status-publish","4":"has-post-thumbnail","6":"product_cat-switches-sobremesa","7":"product_tag-dgs-1100-08pv2-e","9":"first","10":"instock","11":"taxable","12":"shipping-taxable","13":"purchasable","14":"product-type-simple"},"yoast_head":"<!-- This site is optimized with the Yoast SEO plugin v26.0 - https:\/\/yoast.com\/wordpress\/plugins\/seo\/ -->\n<title>D-Link DGS-1100-08PV2\/E 8xGb PoE Switch (64W) - Aivlisoft Inform\u00e1tica<\/title>\n<meta name=\"robots\" content=\"index, follow, max-snippet:-1, max-image-preview:large, max-video-preview:-1\" \/>\n<link rel=\"canonical\" href=\"https:\/\/aivlisoft.net\/shop\/producto\/d-link-dgs-1100-08pv2-e-8xgb-poe-switch-64w\/\" \/>\n<meta property=\"og:locale\" content=\"es_ES\" \/>\n<meta property=\"og:type\" content=\"article\" \/>\n<meta property=\"og:title\" content=\"D-Link DGS-1100-08PV2\/E 8xGb PoE Switch (64W) - Aivlisoft Inform\u00e1tica\" \/>\n<meta property=\"og:description\" content=\"&nbsp; Marca D-Link Modelo DGS-1100-08PV2\/E Especificaciones &#8211; 8 puertos 10\/100\/1000 Mbps (PoE) Funci&oacute;n de los puertos &#8211; IEEE 802.3 para Ethernet &#8211; IEEE 802.3u para Fast Ethernet &#8211; IEEE 802.3ab para Gigabit Ethernet &#8211; Autonegociaci&oacute;n &#8211; Admite operaci&oacute;n de d&uacute;plex medio \/ completo (la mitad a 10\/100 Mbps, completo a 1000 Mbps) &#8211; Auto MDI&hellip;&nbsp;D-Link DGS-1100-08PV2\/E 8xGb PoE Switch (64W)\" \/>\n<meta property=\"og:url\" content=\"https:\/\/aivlisoft.net\/shop\/producto\/d-link-dgs-1100-08pv2-e-8xgb-poe-switch-64w\/\" \/>\n<meta property=\"og:site_name\" content=\"Aivlisoft Inform\u00e1tica\" \/>\n<meta property=\"article:modified_time\" content=\"2025-01-14T11:55:29+00:00\" \/>\n<meta property=\"og:image\" content=\"https:\/\/aivlisoft.net\/shop\/wp-content\/uploads\/2025\/01\/NSWSSO0307_800.jpg\" \/>\n\t<meta property=\"og:image:width\" content=\"800\" \/>\n\t<meta property=\"og:image:height\" content=\"800\" \/>\n\t<meta property=\"og:image:type\" content=\"image\/jpeg\" \/>\n<meta name=\"twitter:card\" content=\"summary_large_image\" \/>\n<meta name=\"twitter:label1\" content=\"Tiempo de lectura\" \/>\n\t<meta name=\"twitter:data1\" content=\"3 minutos\" \/>\n<script type=\"application\/ld+json\" class=\"yoast-schema-graph\">{\"@context\":\"https:\/\/schema.org\",\"@graph\":[{\"@type\":\"WebPage\",\"@id\":\"https:\/\/aivlisoft.net\/shop\/producto\/d-link-dgs-1100-08pv2-e-8xgb-poe-switch-64w\/\",\"url\":\"https:\/\/aivlisoft.net\/shop\/producto\/d-link-dgs-1100-08pv2-e-8xgb-poe-switch-64w\/\",\"name\":\"D-Link DGS-1100-08PV2\/E 8xGb PoE Switch (64W) - Aivlisoft Inform\u00e1tica\",\"isPartOf\":{\"@id\":\"https:\/\/aivlisoft.net\/shop\/#website\"},\"primaryImageOfPage\":{\"@id\":\"https:\/\/aivlisoft.net\/shop\/producto\/d-link-dgs-1100-08pv2-e-8xgb-poe-switch-64w\/#primaryimage\"},\"image\":{\"@id\":\"https:\/\/aivlisoft.net\/shop\/producto\/d-link-dgs-1100-08pv2-e-8xgb-poe-switch-64w\/#primaryimage\"},\"thumbnailUrl\":\"https:\/\/aivlisoft.net\/shop\/wp-content\/uploads\/2025\/01\/NSWSSO0307_800.jpg\",\"datePublished\":\"2025-01-13T15:52:29+00:00\",\"dateModified\":\"2025-01-14T11:55:29+00:00\",\"breadcrumb\":{\"@id\":\"https:\/\/aivlisoft.net\/shop\/producto\/d-link-dgs-1100-08pv2-e-8xgb-poe-switch-64w\/#breadcrumb\"},\"inLanguage\":\"es\",\"potentialAction\":[{\"@type\":\"ReadAction\",\"target\":[\"https:\/\/aivlisoft.net\/shop\/producto\/d-link-dgs-1100-08pv2-e-8xgb-poe-switch-64w\/\"]}]},{\"@type\":\"ImageObject\",\"inLanguage\":\"es\",\"@id\":\"https:\/\/aivlisoft.net\/shop\/producto\/d-link-dgs-1100-08pv2-e-8xgb-poe-switch-64w\/#primaryimage\",\"url\":\"https:\/\/aivlisoft.net\/shop\/wp-content\/uploads\/2025\/01\/NSWSSO0307_800.jpg\",\"contentUrl\":\"https:\/\/aivlisoft.net\/shop\/wp-content\/uploads\/2025\/01\/NSWSSO0307_800.jpg\",\"width\":800,\"height\":800},{\"@type\":\"BreadcrumbList\",\"@id\":\"https:\/\/aivlisoft.net\/shop\/producto\/d-link-dgs-1100-08pv2-e-8xgb-poe-switch-64w\/#breadcrumb\",\"itemListElement\":[{\"@type\":\"ListItem\",\"position\":1,\"name\":\"Portada\",\"item\":\"https:\/\/aivlisoft.net\/shop\/\"},{\"@type\":\"ListItem\",\"position\":2,\"name\":\"Tienda\",\"item\":\"https:\/\/aivlisoft.net\/shop\/tienda\/\"},{\"@type\":\"ListItem\",\"position\":3,\"name\":\"D-Link DGS-1100-08PV2\/E 8xGb PoE Switch (64W)\"}]},{\"@type\":\"WebSite\",\"@id\":\"https:\/\/aivlisoft.net\/shop\/#website\",\"url\":\"https:\/\/aivlisoft.net\/shop\/\",\"name\":\"Aivlisoft Inform\u00e1tica\",\"description\":\"En Aivlisoft Inform\u00e1tica ofrecemos soluciones tecnol\u00f3gicas para empresas: venta de ordenadores, consumibles, perif\u00e9ricos y m\u00e1s. Calidad, atenci\u00f3n personalizada y los mejores precios para tu negocio.\",\"publisher\":{\"@id\":\"https:\/\/aivlisoft.net\/shop\/#organization\"},\"potentialAction\":[{\"@type\":\"SearchAction\",\"target\":{\"@type\":\"EntryPoint\",\"urlTemplate\":\"https:\/\/aivlisoft.net\/shop\/?s={search_term_string}\"},\"query-input\":{\"@type\":\"PropertyValueSpecification\",\"valueRequired\":true,\"valueName\":\"search_term_string\"}}],\"inLanguage\":\"es\"},{\"@type\":\"Organization\",\"@id\":\"https:\/\/aivlisoft.net\/shop\/#organization\",\"name\":\"Aivlisoft Inform\u00e1tica\",\"url\":\"https:\/\/aivlisoft.net\/shop\/\",\"logo\":{\"@type\":\"ImageObject\",\"inLanguage\":\"es\",\"@id\":\"https:\/\/aivlisoft.net\/shop\/#\/schema\/logo\/image\/\",\"url\":\"https:\/\/aivlisoft.net\/shop\/wp-content\/uploads\/2024\/12\/removal.ai_5b848c54-0cdf-4140-95c5-c5536bb7573b-logodef.png\",\"contentUrl\":\"https:\/\/aivlisoft.net\/shop\/wp-content\/uploads\/2024\/12\/removal.ai_5b848c54-0cdf-4140-95c5-c5536bb7573b-logodef.png\",\"width\":484,\"height\":182,\"caption\":\"Aivlisoft Inform\u00e1tica\"},\"image\":{\"@id\":\"https:\/\/aivlisoft.net\/shop\/#\/schema\/logo\/image\/\"}}]}<\/script>\n<!-- \/ Yoast SEO plugin. -->","yoast_head_json":{"title":"D-Link DGS-1100-08PV2\/E 8xGb PoE Switch (64W) - Aivlisoft Inform\u00e1tica","robots":{"index":"index","follow":"follow","max-snippet":"max-snippet:-1","max-image-preview":"max-image-preview:large","max-video-preview":"max-video-preview:-1"},"canonical":"https:\/\/aivlisoft.net\/shop\/producto\/d-link-dgs-1100-08pv2-e-8xgb-poe-switch-64w\/","og_locale":"es_ES","og_type":"article","og_title":"D-Link DGS-1100-08PV2\/E 8xGb PoE Switch (64W) - Aivlisoft Inform\u00e1tica","og_description":"&nbsp; Marca D-Link Modelo DGS-1100-08PV2\/E Especificaciones &#8211; 8 puertos 10\/100\/1000 Mbps (PoE) Funci&oacute;n de los puertos &#8211; IEEE 802.3 para Ethernet &#8211; IEEE 802.3u para Fast Ethernet &#8211; IEEE 802.3ab para Gigabit Ethernet &#8211; Autonegociaci&oacute;n &#8211; Admite operaci&oacute;n de d&uacute;plex medio \/ completo (la mitad a 10\/100 Mbps, completo a 1000 Mbps) &#8211; Auto MDI&hellip;&nbsp;D-Link DGS-1100-08PV2\/E 8xGb PoE Switch (64W)","og_url":"https:\/\/aivlisoft.net\/shop\/producto\/d-link-dgs-1100-08pv2-e-8xgb-poe-switch-64w\/","og_site_name":"Aivlisoft Inform\u00e1tica","article_modified_time":"2025-01-14T11:55:29+00:00","og_image":[{"width":800,"height":800,"url":"https:\/\/aivlisoft.net\/shop\/wp-content\/uploads\/2025\/01\/NSWSSO0307_800.jpg","type":"image\/jpeg"}],"twitter_card":"summary_large_image","twitter_misc":{"Tiempo de lectura":"3 minutos"},"schema":{"@context":"https:\/\/schema.org","@graph":[{"@type":"WebPage","@id":"https:\/\/aivlisoft.net\/shop\/producto\/d-link-dgs-1100-08pv2-e-8xgb-poe-switch-64w\/","url":"https:\/\/aivlisoft.net\/shop\/producto\/d-link-dgs-1100-08pv2-e-8xgb-poe-switch-64w\/","name":"D-Link DGS-1100-08PV2\/E 8xGb PoE Switch (64W) - Aivlisoft Inform\u00e1tica","isPartOf":{"@id":"https:\/\/aivlisoft.net\/shop\/#website"},"primaryImageOfPage":{"@id":"https:\/\/aivlisoft.net\/shop\/producto\/d-link-dgs-1100-08pv2-e-8xgb-poe-switch-64w\/#primaryimage"},"image":{"@id":"https:\/\/aivlisoft.net\/shop\/producto\/d-link-dgs-1100-08pv2-e-8xgb-poe-switch-64w\/#primaryimage"},"thumbnailUrl":"https:\/\/aivlisoft.net\/shop\/wp-content\/uploads\/2025\/01\/NSWSSO0307_800.jpg","datePublished":"2025-01-13T15:52:29+00:00","dateModified":"2025-01-14T11:55:29+00:00","breadcrumb":{"@id":"https:\/\/aivlisoft.net\/shop\/producto\/d-link-dgs-1100-08pv2-e-8xgb-poe-switch-64w\/#breadcrumb"},"inLanguage":"es","potentialAction":[{"@type":"ReadAction","target":["https:\/\/aivlisoft.net\/shop\/producto\/d-link-dgs-1100-08pv2-e-8xgb-poe-switch-64w\/"]}]},{"@type":"ImageObject","inLanguage":"es","@id":"https:\/\/aivlisoft.net\/shop\/producto\/d-link-dgs-1100-08pv2-e-8xgb-poe-switch-64w\/#primaryimage","url":"https:\/\/aivlisoft.net\/shop\/wp-content\/uploads\/2025\/01\/NSWSSO0307_800.jpg","contentUrl":"https:\/\/aivlisoft.net\/shop\/wp-content\/uploads\/2025\/01\/NSWSSO0307_800.jpg","width":800,"height":800},{"@type":"BreadcrumbList","@id":"https:\/\/aivlisoft.net\/shop\/producto\/d-link-dgs-1100-08pv2-e-8xgb-poe-switch-64w\/#breadcrumb","itemListElement":[{"@type":"ListItem","position":1,"name":"Portada","item":"https:\/\/aivlisoft.net\/shop\/"},{"@type":"ListItem","position":2,"name":"Tienda","item":"https:\/\/aivlisoft.net\/shop\/tienda\/"},{"@type":"ListItem","position":3,"name":"D-Link DGS-1100-08PV2\/E 8xGb PoE Switch (64W)"}]},{"@type":"WebSite","@id":"https:\/\/aivlisoft.net\/shop\/#website","url":"https:\/\/aivlisoft.net\/shop\/","name":"Aivlisoft Inform\u00e1tica","description":"En Aivlisoft Inform\u00e1tica ofrecemos soluciones tecnol\u00f3gicas para empresas: venta de ordenadores, consumibles, perif\u00e9ricos y m\u00e1s. Calidad, atenci\u00f3n personalizada y los mejores precios para tu negocio.","publisher":{"@id":"https:\/\/aivlisoft.net\/shop\/#organization"},"potentialAction":[{"@type":"SearchAction","target":{"@type":"EntryPoint","urlTemplate":"https:\/\/aivlisoft.net\/shop\/?s={search_term_string}"},"query-input":{"@type":"PropertyValueSpecification","valueRequired":true,"valueName":"search_term_string"}}],"inLanguage":"es"},{"@type":"Organization","@id":"https:\/\/aivlisoft.net\/shop\/#organization","name":"Aivlisoft Inform\u00e1tica","url":"https:\/\/aivlisoft.net\/shop\/","logo":{"@type":"ImageObject","inLanguage":"es","@id":"https:\/\/aivlisoft.net\/shop\/#\/schema\/logo\/image\/","url":"https:\/\/aivlisoft.net\/shop\/wp-content\/uploads\/2024\/12\/removal.ai_5b848c54-0cdf-4140-95c5-c5536bb7573b-logodef.png","contentUrl":"https:\/\/aivlisoft.net\/shop\/wp-content\/uploads\/2024\/12\/removal.ai_5b848c54-0cdf-4140-95c5-c5536bb7573b-logodef.png","width":484,"height":182,"caption":"Aivlisoft Inform\u00e1tica"},"image":{"@id":"https:\/\/aivlisoft.net\/shop\/#\/schema\/logo\/image\/"}}]}},"_links":{"self":[{"href":"https:\/\/aivlisoft.net\/shop\/wp-json\/wp\/v2\/product\/21315","targetHints":{"allow":["GET"]}}],"collection":[{"href":"https:\/\/aivlisoft.net\/shop\/wp-json\/wp\/v2\/product"}],"about":[{"href":"https:\/\/aivlisoft.net\/shop\/wp-json\/wp\/v2\/types\/product"}],"wp:featuredmedia":[{"embeddable":true,"href":"https:\/\/aivlisoft.net\/shop\/wp-json\/wp\/v2\/media\/21316"}],"wp:attachment":[{"href":"https:\/\/aivlisoft.net\/shop\/wp-json\/wp\/v2\/media?parent=21315"}],"wp:term":[{"taxonomy":"product_brand","embeddable":true,"href":"https:\/\/aivlisoft.net\/shop\/wp-json\/wp\/v2\/product_brand?post=21315"},{"taxonomy":"product_cat","embeddable":true,"href":"https:\/\/aivlisoft.net\/shop\/wp-json\/wp\/v2\/product_cat?post=21315"},{"taxonomy":"product_tag","embeddable":true,"href":"https:\/\/aivlisoft.net\/shop\/wp-json\/wp\/v2\/product_tag?post=21315"}],"curies":[{"name":"wp","href":"https:\/\/api.w.org\/{rel}","templated":true}]}}