{"id":21255,"date":"2025-01-13T15:51:52","date_gmt":"2025-01-13T15:51:52","guid":{"rendered":"https:\/\/aivlisoft.com\/?post_type=product&#038;p=21255"},"modified":"2025-01-14T11:55:12","modified_gmt":"2025-01-14T11:55:12","slug":"edimax-pro-gs-5208plg-v2-switch-10xgb-poe-2xsfp","status":"publish","type":"product","link":"https:\/\/aivlisoft.net\/shop\/producto\/edimax-pro-gs-5208plg-v2-switch-10xgb-poe-2xsfp\/","title":{"rendered":"Edimax PRO GS-5208PLG V2 Switch 10xGB PoE+ (2xSFP)"},"content":{"rendered":"<p>&nbsp;<\/p>\n<table class=\"k-table\" width=\"100%\">\n<tr>\n<td><strong>Marca<\/strong><\/td>\n<td>Edimax Pro<\/td>\n<\/tr>\n<tr>\n<td><strong>Modelo<\/strong><\/td>\n<td><strong>GS-5208PLG V2<\/strong><\/td>\n<\/tr>\n<tr>\n<td><strong>Caracteristicas<\/strong><\/td>\n<td>&#8211; 8 x Gigabit RJ45 10\/100 \/ 1000Base-T<br \/>\t\t\t&#8211; 2 x Gigabit SFP 1000Base-X<br \/>\t\t\t&#8211; M&eacute;todo de transmisi&oacute;n: almacenar y reenviar<br \/>\t\t\t&#8211; Botones: bot&oacute;n de reinicio<br \/>\t\t\t&#8211; Indicadores LED: Por puerto: Enlace \/ Act, PoE: Act \/ Estado, Por unidad: Energ&iacute;a<br \/>\t\t\t&#8211; Entrada de energ&iacute;a: 100-240 V CA, 50-60 Hz, fuente de alimentaci&oacute;n interna<br \/>\t\t\t&#8211; Presupuesto total de energ&iacute;a: 85W<br \/>\t\t\t&#8211; Montaje: escritorio \/ montaje en bastidor (kit de montaje en bastidor incluido)<br \/>\t\t\t&#8211; Vivienda: Metal<br \/>\t\t\t&#8211; Ventilador: sin ventilador<br \/>\t\t\t&#8211; Dimensiones (L x W x H): 265 (W) x 184 (D) x 44 (H) mm<br \/>\t\t\t&#8211; Peso: 1,42 kg<br \/>\t\t\t<strong>Rendimiento<\/strong><br \/>\t\t\t&#8211; Capacidad de conmutaci&oacute;n: 20 Gbps<br \/>\t\t\t&#8211; Direcci&oacute;n MAC: 4K<br \/>\t\t\t&#8211; Tramas gigantes: 9.2K Bytes<br \/>\t\t\t&#8211; Memoria de b&uacute;fer: 1,5 Mb<br \/>\t\t\t&#8211; Tasas de filtrado \/ reenv&iacute;o:<br \/>\t\t\t&nbsp; Max. 14,88 Mpps<br \/>\t\t\t&nbsp; Puerto de 1000 Mbps &#8211; 1,488,000pps<br \/>\t\t\t&nbsp; Puerto de 100 Mbps &#8211; 148,800pps<br \/>\t\t\t&nbsp; Puerto de 10 Mbps &#8211; 14,880pps<br \/>\t\t\t<strong>PoE<\/strong><br \/>\t\t\t&#8211; Est&aacute;ndar: IEEE 802.3af (PoE), IEEE 802.3at (PoE +)<br \/>\t\t\t&#8211; Potencia de salida: hasta 30 W por puerto<br \/>\t\t\t&#8211; Asignaci&oacute;n de pines: 1\/2 (+), 3\/6 (-) End-Span (modo A)<br \/>\t\t\t&#8211; Gesti&oacute;n: estado de PoE, encendido \/ apagado de PoE<br \/>\t\t\t&#8211; PoE de largo alcance: PoE de larga distancia garantizado a 200 metros a 10 Mbps<br \/>\t\t\t&#8211; Protecci&oacute;n de retroalimentaci&oacute;n de energ&iacute;a: incorporada<br \/>\t\t\t<strong>Funciones inteligentes<\/strong><br \/>\t\t\t&#8211; Calidad de servicio (QoS):<br \/>\t\t\t&nbsp; QoS basada en puertos<br \/>\t\t\t&nbsp; QoS IEEE802.1p,<br \/>\t\t\t&nbsp; 4 colas de prioridad<br \/>\t\t\t&nbsp; Algoritmo de programaci&oacute;n<br \/>\t\t\t&#8211; VLAN:<br \/>\t\t\t&nbsp; Hasta 10 VLAN<br \/>\t\t\t&nbsp; VLAN basada en etiquetas 802.1Q<br \/>\t\t\t&#8211; Enlace de puertos: IEEE 802.3ad LACP<br \/>\t\t\t&#8211; Espejo: duplicaci&oacute;n del puerto tanto en el tr&aacute;fico de entrada como de salida<br \/>\t\t\t&#8211; Inspecci&oacute;n IGMP:<br \/>\t\t\t&nbsp; Inspecci&oacute;n IGMP v1 \/ v2 \/ v3<br \/>\t\t\t&nbsp; Bloquear tr&aacute;fico de multidifusi&oacute;n desconocido<br \/>\t\t\t&nbsp; Grupos de multidifusi&oacute;n: 128<br \/>\t\t\t&#8211; Seguridad: control Broadcast Storm<br \/>\t\t\t&#8211; Gesti&oacute;n:<br \/>\t\t\t&nbsp; Interfaz de usuario: gesti&oacute;n basada en web<br \/>\t\t\t&nbsp; Cuenta de usuario: configuraci&oacute;n de la cuenta de inicio de sesi&oacute;n<br \/>\t\t\t&nbsp; Actualizaci&oacute;n de firmware: actualizaci&oacute;n de firmware por WEB<br \/>\t\t\t&nbsp; Detecci&oacute;n \/ prevenci&oacute;n de bucles<\/td>\n<\/tr>\n<tr>\n<td><strong>Fecha Revisi&oacute;n<\/strong><\/td>\n<td>30-11-2021 por MSB<\/td>\n<\/tr>\n<\/table>\n<p><br class=\"k-br\" \/>&nbsp;<\/p>\n","protected":false},"excerpt":{"rendered":"<p>&nbsp; Marca Edimax Pro Modelo GS-5208PLG V2 Caracteristicas &#8211; 8 x Gigabit RJ45 10\/100 \/ 1000Base-T &#8211; 2 x Gigabit SFP 1000Base-X &#8211; M&eacute;todo de transmisi&oacute;n: almacenar y reenviar &#8211; Botones: bot&oacute;n de reinicio &#8211; Indicadores LED: Por puerto: Enlace \/ Act, PoE: Act \/ Estado, Por unidad: Energ&iacute;a &#8211; Entrada de energ&iacute;a: 100-240 V&hellip;&nbsp;<a href=\"https:\/\/aivlisoft.net\/shop\/producto\/edimax-pro-gs-5208plg-v2-switch-10xgb-poe-2xsfp\/\" rel=\"bookmark\"><span class=\"screen-reader-text\">Edimax PRO GS-5208PLG V2 Switch 10xGB PoE+ (2xSFP)<\/span><\/a><\/p>\n","protected":false},"featured_media":21256,"template":"","meta":{"neve_meta_sidebar":"","neve_meta_container":"","neve_meta_enable_content_width":"","neve_meta_content_width":0,"neve_meta_title_alignment":"","neve_meta_author_avatar":"","neve_post_elements_order":"","neve_meta_disable_header":"","neve_meta_disable_footer":"","neve_meta_disable_title":""},"product_brand":[],"product_cat":[8773],"product_tag":[7524],"class_list":{"0":"post-21255","1":"product","2":"type-product","3":"status-publish","4":"has-post-thumbnail","6":"product_cat-switches-sobremesa","7":"product_tag-gs-5208plg-v2","9":"first","10":"instock","11":"taxable","12":"shipping-taxable","13":"purchasable","14":"product-type-simple"},"yoast_head":"<!-- This site is optimized with the Yoast SEO plugin v26.0 - https:\/\/yoast.com\/wordpress\/plugins\/seo\/ -->\n<title>Edimax PRO GS-5208PLG V2 Switch 10xGB PoE+ (2xSFP) - Aivlisoft Inform\u00e1tica<\/title>\n<meta name=\"robots\" content=\"index, follow, max-snippet:-1, max-image-preview:large, max-video-preview:-1\" \/>\n<link rel=\"canonical\" href=\"https:\/\/aivlisoft.net\/shop\/producto\/edimax-pro-gs-5208plg-v2-switch-10xgb-poe-2xsfp\/\" \/>\n<meta property=\"og:locale\" content=\"es_ES\" \/>\n<meta property=\"og:type\" content=\"article\" \/>\n<meta property=\"og:title\" content=\"Edimax PRO GS-5208PLG V2 Switch 10xGB PoE+ (2xSFP) - Aivlisoft Inform\u00e1tica\" \/>\n<meta property=\"og:description\" content=\"&nbsp; Marca Edimax Pro Modelo GS-5208PLG V2 Caracteristicas &#8211; 8 x Gigabit RJ45 10\/100 \/ 1000Base-T &#8211; 2 x Gigabit SFP 1000Base-X &#8211; M&eacute;todo de transmisi&oacute;n: almacenar y reenviar &#8211; Botones: bot&oacute;n de reinicio &#8211; Indicadores LED: Por puerto: Enlace \/ Act, PoE: Act \/ Estado, Por unidad: Energ&iacute;a &#8211; Entrada de energ&iacute;a: 100-240 V&hellip;&nbsp;Edimax PRO GS-5208PLG V2 Switch 10xGB PoE+ (2xSFP)\" \/>\n<meta property=\"og:url\" content=\"https:\/\/aivlisoft.net\/shop\/producto\/edimax-pro-gs-5208plg-v2-switch-10xgb-poe-2xsfp\/\" \/>\n<meta property=\"og:site_name\" content=\"Aivlisoft Inform\u00e1tica\" \/>\n<meta property=\"article:modified_time\" content=\"2025-01-14T11:55:12+00:00\" \/>\n<meta property=\"og:image\" content=\"https:\/\/aivlisoft.net\/shop\/wp-content\/uploads\/2025\/01\/NSWSSO0288_800.jpg\" \/>\n\t<meta property=\"og:image:width\" content=\"800\" \/>\n\t<meta property=\"og:image:height\" content=\"800\" \/>\n\t<meta property=\"og:image:type\" content=\"image\/jpeg\" \/>\n<meta name=\"twitter:card\" content=\"summary_large_image\" \/>\n<meta name=\"twitter:label1\" content=\"Tiempo de lectura\" \/>\n\t<meta name=\"twitter:data1\" content=\"2 minutos\" \/>\n<script type=\"application\/ld+json\" class=\"yoast-schema-graph\">{\"@context\":\"https:\/\/schema.org\",\"@graph\":[{\"@type\":\"WebPage\",\"@id\":\"https:\/\/aivlisoft.net\/shop\/producto\/edimax-pro-gs-5208plg-v2-switch-10xgb-poe-2xsfp\/\",\"url\":\"https:\/\/aivlisoft.net\/shop\/producto\/edimax-pro-gs-5208plg-v2-switch-10xgb-poe-2xsfp\/\",\"name\":\"Edimax PRO GS-5208PLG V2 Switch 10xGB PoE+ (2xSFP) - Aivlisoft Inform\u00e1tica\",\"isPartOf\":{\"@id\":\"https:\/\/aivlisoft.net\/shop\/#website\"},\"primaryImageOfPage\":{\"@id\":\"https:\/\/aivlisoft.net\/shop\/producto\/edimax-pro-gs-5208plg-v2-switch-10xgb-poe-2xsfp\/#primaryimage\"},\"image\":{\"@id\":\"https:\/\/aivlisoft.net\/shop\/producto\/edimax-pro-gs-5208plg-v2-switch-10xgb-poe-2xsfp\/#primaryimage\"},\"thumbnailUrl\":\"https:\/\/aivlisoft.net\/shop\/wp-content\/uploads\/2025\/01\/NSWSSO0288_800.jpg\",\"datePublished\":\"2025-01-13T15:51:52+00:00\",\"dateModified\":\"2025-01-14T11:55:12+00:00\",\"breadcrumb\":{\"@id\":\"https:\/\/aivlisoft.net\/shop\/producto\/edimax-pro-gs-5208plg-v2-switch-10xgb-poe-2xsfp\/#breadcrumb\"},\"inLanguage\":\"es\",\"potentialAction\":[{\"@type\":\"ReadAction\",\"target\":[\"https:\/\/aivlisoft.net\/shop\/producto\/edimax-pro-gs-5208plg-v2-switch-10xgb-poe-2xsfp\/\"]}]},{\"@type\":\"ImageObject\",\"inLanguage\":\"es\",\"@id\":\"https:\/\/aivlisoft.net\/shop\/producto\/edimax-pro-gs-5208plg-v2-switch-10xgb-poe-2xsfp\/#primaryimage\",\"url\":\"https:\/\/aivlisoft.net\/shop\/wp-content\/uploads\/2025\/01\/NSWSSO0288_800.jpg\",\"contentUrl\":\"https:\/\/aivlisoft.net\/shop\/wp-content\/uploads\/2025\/01\/NSWSSO0288_800.jpg\",\"width\":800,\"height\":800},{\"@type\":\"BreadcrumbList\",\"@id\":\"https:\/\/aivlisoft.net\/shop\/producto\/edimax-pro-gs-5208plg-v2-switch-10xgb-poe-2xsfp\/#breadcrumb\",\"itemListElement\":[{\"@type\":\"ListItem\",\"position\":1,\"name\":\"Portada\",\"item\":\"https:\/\/aivlisoft.net\/shop\/\"},{\"@type\":\"ListItem\",\"position\":2,\"name\":\"Tienda\",\"item\":\"https:\/\/aivlisoft.net\/shop\/tienda\/\"},{\"@type\":\"ListItem\",\"position\":3,\"name\":\"Edimax PRO GS-5208PLG V2 Switch 10xGB PoE+ (2xSFP)\"}]},{\"@type\":\"WebSite\",\"@id\":\"https:\/\/aivlisoft.net\/shop\/#website\",\"url\":\"https:\/\/aivlisoft.net\/shop\/\",\"name\":\"Aivlisoft Inform\u00e1tica\",\"description\":\"En Aivlisoft Inform\u00e1tica ofrecemos soluciones tecnol\u00f3gicas para empresas: venta de ordenadores, consumibles, perif\u00e9ricos y m\u00e1s. Calidad, atenci\u00f3n personalizada y los mejores precios para tu negocio.\",\"publisher\":{\"@id\":\"https:\/\/aivlisoft.net\/shop\/#organization\"},\"potentialAction\":[{\"@type\":\"SearchAction\",\"target\":{\"@type\":\"EntryPoint\",\"urlTemplate\":\"https:\/\/aivlisoft.net\/shop\/?s={search_term_string}\"},\"query-input\":{\"@type\":\"PropertyValueSpecification\",\"valueRequired\":true,\"valueName\":\"search_term_string\"}}],\"inLanguage\":\"es\"},{\"@type\":\"Organization\",\"@id\":\"https:\/\/aivlisoft.net\/shop\/#organization\",\"name\":\"Aivlisoft Inform\u00e1tica\",\"url\":\"https:\/\/aivlisoft.net\/shop\/\",\"logo\":{\"@type\":\"ImageObject\",\"inLanguage\":\"es\",\"@id\":\"https:\/\/aivlisoft.net\/shop\/#\/schema\/logo\/image\/\",\"url\":\"https:\/\/aivlisoft.net\/shop\/wp-content\/uploads\/2024\/12\/removal.ai_5b848c54-0cdf-4140-95c5-c5536bb7573b-logodef.png\",\"contentUrl\":\"https:\/\/aivlisoft.net\/shop\/wp-content\/uploads\/2024\/12\/removal.ai_5b848c54-0cdf-4140-95c5-c5536bb7573b-logodef.png\",\"width\":484,\"height\":182,\"caption\":\"Aivlisoft Inform\u00e1tica\"},\"image\":{\"@id\":\"https:\/\/aivlisoft.net\/shop\/#\/schema\/logo\/image\/\"}}]}<\/script>\n<!-- \/ Yoast SEO plugin. -->","yoast_head_json":{"title":"Edimax PRO GS-5208PLG V2 Switch 10xGB PoE+ (2xSFP) - Aivlisoft Inform\u00e1tica","robots":{"index":"index","follow":"follow","max-snippet":"max-snippet:-1","max-image-preview":"max-image-preview:large","max-video-preview":"max-video-preview:-1"},"canonical":"https:\/\/aivlisoft.net\/shop\/producto\/edimax-pro-gs-5208plg-v2-switch-10xgb-poe-2xsfp\/","og_locale":"es_ES","og_type":"article","og_title":"Edimax PRO GS-5208PLG V2 Switch 10xGB PoE+ (2xSFP) - Aivlisoft Inform\u00e1tica","og_description":"&nbsp; Marca Edimax Pro Modelo GS-5208PLG V2 Caracteristicas &#8211; 8 x Gigabit RJ45 10\/100 \/ 1000Base-T &#8211; 2 x Gigabit SFP 1000Base-X &#8211; M&eacute;todo de transmisi&oacute;n: almacenar y reenviar &#8211; Botones: bot&oacute;n de reinicio &#8211; Indicadores LED: Por puerto: Enlace \/ Act, PoE: Act \/ Estado, Por unidad: Energ&iacute;a &#8211; Entrada de energ&iacute;a: 100-240 V&hellip;&nbsp;Edimax PRO GS-5208PLG V2 Switch 10xGB PoE+ (2xSFP)","og_url":"https:\/\/aivlisoft.net\/shop\/producto\/edimax-pro-gs-5208plg-v2-switch-10xgb-poe-2xsfp\/","og_site_name":"Aivlisoft Inform\u00e1tica","article_modified_time":"2025-01-14T11:55:12+00:00","og_image":[{"width":800,"height":800,"url":"https:\/\/aivlisoft.net\/shop\/wp-content\/uploads\/2025\/01\/NSWSSO0288_800.jpg","type":"image\/jpeg"}],"twitter_card":"summary_large_image","twitter_misc":{"Tiempo de lectura":"2 minutos"},"schema":{"@context":"https:\/\/schema.org","@graph":[{"@type":"WebPage","@id":"https:\/\/aivlisoft.net\/shop\/producto\/edimax-pro-gs-5208plg-v2-switch-10xgb-poe-2xsfp\/","url":"https:\/\/aivlisoft.net\/shop\/producto\/edimax-pro-gs-5208plg-v2-switch-10xgb-poe-2xsfp\/","name":"Edimax PRO GS-5208PLG V2 Switch 10xGB PoE+ (2xSFP) - Aivlisoft Inform\u00e1tica","isPartOf":{"@id":"https:\/\/aivlisoft.net\/shop\/#website"},"primaryImageOfPage":{"@id":"https:\/\/aivlisoft.net\/shop\/producto\/edimax-pro-gs-5208plg-v2-switch-10xgb-poe-2xsfp\/#primaryimage"},"image":{"@id":"https:\/\/aivlisoft.net\/shop\/producto\/edimax-pro-gs-5208plg-v2-switch-10xgb-poe-2xsfp\/#primaryimage"},"thumbnailUrl":"https:\/\/aivlisoft.net\/shop\/wp-content\/uploads\/2025\/01\/NSWSSO0288_800.jpg","datePublished":"2025-01-13T15:51:52+00:00","dateModified":"2025-01-14T11:55:12+00:00","breadcrumb":{"@id":"https:\/\/aivlisoft.net\/shop\/producto\/edimax-pro-gs-5208plg-v2-switch-10xgb-poe-2xsfp\/#breadcrumb"},"inLanguage":"es","potentialAction":[{"@type":"ReadAction","target":["https:\/\/aivlisoft.net\/shop\/producto\/edimax-pro-gs-5208plg-v2-switch-10xgb-poe-2xsfp\/"]}]},{"@type":"ImageObject","inLanguage":"es","@id":"https:\/\/aivlisoft.net\/shop\/producto\/edimax-pro-gs-5208plg-v2-switch-10xgb-poe-2xsfp\/#primaryimage","url":"https:\/\/aivlisoft.net\/shop\/wp-content\/uploads\/2025\/01\/NSWSSO0288_800.jpg","contentUrl":"https:\/\/aivlisoft.net\/shop\/wp-content\/uploads\/2025\/01\/NSWSSO0288_800.jpg","width":800,"height":800},{"@type":"BreadcrumbList","@id":"https:\/\/aivlisoft.net\/shop\/producto\/edimax-pro-gs-5208plg-v2-switch-10xgb-poe-2xsfp\/#breadcrumb","itemListElement":[{"@type":"ListItem","position":1,"name":"Portada","item":"https:\/\/aivlisoft.net\/shop\/"},{"@type":"ListItem","position":2,"name":"Tienda","item":"https:\/\/aivlisoft.net\/shop\/tienda\/"},{"@type":"ListItem","position":3,"name":"Edimax PRO GS-5208PLG V2 Switch 10xGB PoE+ (2xSFP)"}]},{"@type":"WebSite","@id":"https:\/\/aivlisoft.net\/shop\/#website","url":"https:\/\/aivlisoft.net\/shop\/","name":"Aivlisoft Inform\u00e1tica","description":"En Aivlisoft Inform\u00e1tica ofrecemos soluciones tecnol\u00f3gicas para empresas: venta de ordenadores, consumibles, perif\u00e9ricos y m\u00e1s. Calidad, atenci\u00f3n personalizada y los mejores precios para tu negocio.","publisher":{"@id":"https:\/\/aivlisoft.net\/shop\/#organization"},"potentialAction":[{"@type":"SearchAction","target":{"@type":"EntryPoint","urlTemplate":"https:\/\/aivlisoft.net\/shop\/?s={search_term_string}"},"query-input":{"@type":"PropertyValueSpecification","valueRequired":true,"valueName":"search_term_string"}}],"inLanguage":"es"},{"@type":"Organization","@id":"https:\/\/aivlisoft.net\/shop\/#organization","name":"Aivlisoft Inform\u00e1tica","url":"https:\/\/aivlisoft.net\/shop\/","logo":{"@type":"ImageObject","inLanguage":"es","@id":"https:\/\/aivlisoft.net\/shop\/#\/schema\/logo\/image\/","url":"https:\/\/aivlisoft.net\/shop\/wp-content\/uploads\/2024\/12\/removal.ai_5b848c54-0cdf-4140-95c5-c5536bb7573b-logodef.png","contentUrl":"https:\/\/aivlisoft.net\/shop\/wp-content\/uploads\/2024\/12\/removal.ai_5b848c54-0cdf-4140-95c5-c5536bb7573b-logodef.png","width":484,"height":182,"caption":"Aivlisoft Inform\u00e1tica"},"image":{"@id":"https:\/\/aivlisoft.net\/shop\/#\/schema\/logo\/image\/"}}]}},"_links":{"self":[{"href":"https:\/\/aivlisoft.net\/shop\/wp-json\/wp\/v2\/product\/21255","targetHints":{"allow":["GET"]}}],"collection":[{"href":"https:\/\/aivlisoft.net\/shop\/wp-json\/wp\/v2\/product"}],"about":[{"href":"https:\/\/aivlisoft.net\/shop\/wp-json\/wp\/v2\/types\/product"}],"wp:featuredmedia":[{"embeddable":true,"href":"https:\/\/aivlisoft.net\/shop\/wp-json\/wp\/v2\/media\/21256"}],"wp:attachment":[{"href":"https:\/\/aivlisoft.net\/shop\/wp-json\/wp\/v2\/media?parent=21255"}],"wp:term":[{"taxonomy":"product_brand","embeddable":true,"href":"https:\/\/aivlisoft.net\/shop\/wp-json\/wp\/v2\/product_brand?post=21255"},{"taxonomy":"product_cat","embeddable":true,"href":"https:\/\/aivlisoft.net\/shop\/wp-json\/wp\/v2\/product_cat?post=21255"},{"taxonomy":"product_tag","embeddable":true,"href":"https:\/\/aivlisoft.net\/shop\/wp-json\/wp\/v2\/product_tag?post=21255"}],"curies":[{"name":"wp","href":"https:\/\/api.w.org\/{rel}","templated":true}]}}