{"id":21230,"date":"2025-01-13T15:51:33","date_gmt":"2025-01-13T15:51:33","guid":{"rendered":"https:\/\/aivlisoft.com\/?post_type=product&#038;p=21230"},"modified":"2025-01-14T11:55:02","modified_gmt":"2025-01-14T11:55:02","slug":"d-link-dgs-1100-05v2-switch-5xgigabit-easysmart","status":"publish","type":"product","link":"https:\/\/aivlisoft.net\/shop\/producto\/d-link-dgs-1100-05v2-switch-5xgigabit-easysmart\/","title":{"rendered":"D-Link DGS-1100-05V2 Switch 5xGigabit EasySmart"},"content":{"rendered":"<p><\/p>\n<table class=\"tabla_caracteristicas k-table\" width=\"100%\">\n<tbody>\n<tr>\n<td><strong>Marca<\/strong><\/td>\n<td>D-Link<\/td>\n<\/tr>\n<tr>\n<td><strong>Modelo<\/strong><\/td>\n<td><strong>DGS-1100-05V2<\/strong><\/td>\n<\/tr>\n<tr>\n<td valign=\"top\"><strong>Caracter&iacute;sticas<\/strong><\/td>\n<td>\n<div>&#8211; Puertos Gigabit: 5 puertos<strong><\/strong><br \/>&#8211; Capacidad del Switch: 10 Gbps<br \/>&#8211; M&aacute;xima velocidad de env&iacute;o: 7.44 Mpps<br \/>&#8211; Tabla de direcciones MAC Tama&ntilde;o: 2K<br \/>&#8211; Buffer de Paquetes: 1 Mbits<br \/>&#8211; Memoria Flash: 2 MB<br \/>&#8211; Enlace \/ Actividad (por puerto): S&iacute;<br \/><strong>F&iacute;sica y Ambiental<\/strong><br \/>&#8211; Consumo de energ&iacute;a (Max): 3.42 W<br \/>&#8211; Entrada de energ&iacute;a: 240 VAC, fuente de alimentaci&oacute;n externa de 50 a 60Hz<br \/>&#8211; Dimensiones (W x D x H): 100.5 x 82 x 28 mm<br \/>&#8211; Peso: 0,23 kg<br \/>&#8211; MTBF: 1,562,055 hours<br \/>&#8211; Temperatura<br \/>&nbsp; De funcionamiento: 0 &deg; a 40 &deg; C <br \/>&nbsp; Almacenamiento: -10 &deg; a 70 &deg; C<br \/>&#8211; Humedad<br \/>&nbsp; De funcionamiento: 0% ~ 90% sin condensaci&oacute;n<br \/>&nbsp; Almacenamiento: 0% ~ 90% sin condensaci&oacute;n<br \/>&#8211; EMI \/ EMC: FCC Class B, CE Class B, VCCI Class B, BSMI, CCC<br \/>&#8211; Seguridad: cUL, CE LVD, CB, BSMI, CCC<br \/><strong><\/strong><\/div>\n<p><strong>VLAN<\/strong><br \/>&#8211; VLAN basada en puertos<br \/>&#8211; 802.1Q ha etiquetado a VLAN<br \/>&#8211; VLAN de vigilancia<br \/>&#8211; VLAN de voz<br \/>&#8211; VLAN de administraci&oacute;n<br \/>&#8211; Grupo VLAN:<br \/>&nbsp; Soporta 32 grupos VLAN est&aacute;ticos<br \/>&nbsp; Max. 4094 VIDs<br \/><strong>L2 Caracter&iacute;sticas<\/strong><br \/>&#8211; Control de flujo:<br \/>&nbsp; 802.3x Control de flujo<br \/>&nbsp; Prevenci&oacute;n del bloqueo de HOL<br \/>&#8211; Jumbo Frames hasta 9216 Bytes<br \/>&#8211; IGMP Snooping:<br \/>&nbsp; Seguimiento de IGMP v1 \/ v2<br \/>&nbsp; Soporta 32 grupos<br \/>&#8211; Tronco est&aacute;tico:<br \/>&nbsp; 2 grupos, 2-4 puertos por grupo<br \/>&#8211; Detecci&oacute;n de bucle invertido<br \/>&#8211; Diagn&oacute;stico de cables<br \/>&#8211; Espejo de puerto:<br \/>&nbsp; Doce y cincuenta y nueve de la noche<br \/>&#8211; Estad&iacute;stica:<br \/>&nbsp; Esta bien<br \/>&nbsp; Error de Tx<br \/>&nbsp; Ok ok<br \/>&nbsp; Error de Rx<br \/><strong>Calidad de Servicio (QoS)<\/strong><br \/>&#8211; 802.1p Calidad de servicio<br \/>&#8211; 4 colas por puerto<br \/>&#8211; Manejo de colas:<br \/>&nbsp; Estricto<br \/>&nbsp; Robo Redondeado Ponderado (WRR)<br \/>&#8211; Control de Ancho de Banda<br \/>&nbsp; Basado en puertos (Ingreso \/ Salidas, granularidad m&iacute;nima 8 Kb \/ s)<br \/><strong>Seguridad<\/strong><br \/>&#8211; Direcci&oacute;n MAC est&aacute;tica:<br \/>&nbsp; Hasta 32 entradas<br \/>&#8211; Broadcast \/ Multicast \/ Unicast Storm Control desconocido<br \/><strong>Administraci&oacute;n<\/strong><br \/>&#8211; GUI basada en web (admite IPv4)<br \/>&#8211; Utilidad basada en cliente (Utilidad SmartConsole)<br \/><strong>D-Link Verde<\/strong><br \/>&#8211; Ahorro de energ&iacute;a por:<br \/>&nbsp; Estado del enlace, longitud del cable<br \/>&#8211; Cumple con IEEE 802.3az Energy Efficient Ethernet<br \/>&#8211; Cumple con RoHS 6<br \/><strong>Lista est&aacute;ndar de RFC<\/strong><br \/>&#8211; RFC 768 UDP<br \/>&#8211; RFC 791 IP<br \/>&#8211; RFC 792 ICMP<br \/>&#8211; RFC 793 TCP<br \/>&#8211; RFC 826 ARP<br \/>&#8211; Cliente RFC 951 BootP<br \/>&#8211; Cliente RFC 1542 BootP \/ DHCP<br \/>&#8211; RFC 1945 HTTP \/ 1.0<br \/>&#8211; RFC 2647 802.1p<br \/>&#8211; RFC 2236, 4451 IGMP Snooping<\/td>\n<\/tr>\n<tr>\n<td><strong>Fecha Revisi&oacute;n<\/strong><\/td>\n<td>10-11-2020 por MSB<\/td>\n<\/tr>\n<\/tbody>\n<\/table>\n","protected":false},"excerpt":{"rendered":"<p>Marca D-Link Modelo DGS-1100-05V2 Caracter&iacute;sticas &#8211; Puertos Gigabit: 5 puertos&#8211; Capacidad del Switch: 10 Gbps&#8211; M&aacute;xima velocidad de env&iacute;o: 7.44 Mpps&#8211; Tabla de direcciones MAC Tama&ntilde;o: 2K&#8211; Buffer de Paquetes: 1 Mbits&#8211; Memoria Flash: 2 MB&#8211; Enlace \/ Actividad (por puerto): S&iacute;F&iacute;sica y Ambiental&#8211; Consumo de energ&iacute;a (Max): 3.42 W&#8211; Entrada de energ&iacute;a: 240 VAC,&hellip;&nbsp;<a href=\"https:\/\/aivlisoft.net\/shop\/producto\/d-link-dgs-1100-05v2-switch-5xgigabit-easysmart\/\" rel=\"bookmark\"><span class=\"screen-reader-text\">D-Link DGS-1100-05V2 Switch 5xGigabit EasySmart<\/span><\/a><\/p>\n","protected":false},"featured_media":21231,"template":"","meta":{"neve_meta_sidebar":"","neve_meta_container":"","neve_meta_enable_content_width":"","neve_meta_content_width":0,"neve_meta_title_alignment":"","neve_meta_author_avatar":"","neve_post_elements_order":"","neve_meta_disable_header":"","neve_meta_disable_footer":"","neve_meta_disable_title":""},"product_brand":[],"product_cat":[8773],"product_tag":[7517],"class_list":{"0":"post-21230","1":"product","2":"type-product","3":"status-publish","4":"has-post-thumbnail","6":"product_cat-switches-sobremesa","7":"product_tag-dgs-1100-05v2","9":"first","10":"instock","11":"taxable","12":"shipping-taxable","13":"purchasable","14":"product-type-simple"},"yoast_head":"<!-- This site is optimized with the Yoast SEO plugin v26.0 - https:\/\/yoast.com\/wordpress\/plugins\/seo\/ -->\n<title>D-Link DGS-1100-05V2 Switch 5xGigabit EasySmart - Aivlisoft Inform\u00e1tica<\/title>\n<meta name=\"robots\" content=\"index, follow, max-snippet:-1, max-image-preview:large, max-video-preview:-1\" \/>\n<link rel=\"canonical\" href=\"https:\/\/aivlisoft.net\/shop\/producto\/d-link-dgs-1100-05v2-switch-5xgigabit-easysmart\/\" \/>\n<meta property=\"og:locale\" content=\"es_ES\" \/>\n<meta property=\"og:type\" content=\"article\" \/>\n<meta property=\"og:title\" content=\"D-Link DGS-1100-05V2 Switch 5xGigabit EasySmart - Aivlisoft Inform\u00e1tica\" \/>\n<meta property=\"og:description\" content=\"Marca D-Link Modelo DGS-1100-05V2 Caracter&iacute;sticas &#8211; Puertos Gigabit: 5 puertos&#8211; Capacidad del Switch: 10 Gbps&#8211; M&aacute;xima velocidad de env&iacute;o: 7.44 Mpps&#8211; Tabla de direcciones MAC Tama&ntilde;o: 2K&#8211; Buffer de Paquetes: 1 Mbits&#8211; Memoria Flash: 2 MB&#8211; Enlace \/ Actividad (por puerto): S&iacute;F&iacute;sica y Ambiental&#8211; Consumo de energ&iacute;a (Max): 3.42 W&#8211; Entrada de energ&iacute;a: 240 VAC,&hellip;&nbsp;D-Link DGS-1100-05V2 Switch 5xGigabit EasySmart\" \/>\n<meta property=\"og:url\" content=\"https:\/\/aivlisoft.net\/shop\/producto\/d-link-dgs-1100-05v2-switch-5xgigabit-easysmart\/\" \/>\n<meta property=\"og:site_name\" content=\"Aivlisoft Inform\u00e1tica\" \/>\n<meta property=\"article:modified_time\" content=\"2025-01-14T11:55:02+00:00\" \/>\n<meta property=\"og:image\" content=\"https:\/\/aivlisoft.net\/shop\/wp-content\/uploads\/2025\/01\/NSWSSO0275_800.jpg\" \/>\n\t<meta property=\"og:image:width\" content=\"800\" \/>\n\t<meta property=\"og:image:height\" content=\"800\" \/>\n\t<meta property=\"og:image:type\" content=\"image\/jpeg\" \/>\n<meta name=\"twitter:card\" content=\"summary_large_image\" \/>\n<meta name=\"twitter:label1\" content=\"Tiempo de lectura\" \/>\n\t<meta name=\"twitter:data1\" content=\"2 minutos\" \/>\n<script type=\"application\/ld+json\" class=\"yoast-schema-graph\">{\"@context\":\"https:\/\/schema.org\",\"@graph\":[{\"@type\":\"WebPage\",\"@id\":\"https:\/\/aivlisoft.net\/shop\/producto\/d-link-dgs-1100-05v2-switch-5xgigabit-easysmart\/\",\"url\":\"https:\/\/aivlisoft.net\/shop\/producto\/d-link-dgs-1100-05v2-switch-5xgigabit-easysmart\/\",\"name\":\"D-Link DGS-1100-05V2 Switch 5xGigabit EasySmart - Aivlisoft Inform\u00e1tica\",\"isPartOf\":{\"@id\":\"https:\/\/aivlisoft.net\/shop\/#website\"},\"primaryImageOfPage\":{\"@id\":\"https:\/\/aivlisoft.net\/shop\/producto\/d-link-dgs-1100-05v2-switch-5xgigabit-easysmart\/#primaryimage\"},\"image\":{\"@id\":\"https:\/\/aivlisoft.net\/shop\/producto\/d-link-dgs-1100-05v2-switch-5xgigabit-easysmart\/#primaryimage\"},\"thumbnailUrl\":\"https:\/\/aivlisoft.net\/shop\/wp-content\/uploads\/2025\/01\/NSWSSO0275_800.jpg\",\"datePublished\":\"2025-01-13T15:51:33+00:00\",\"dateModified\":\"2025-01-14T11:55:02+00:00\",\"breadcrumb\":{\"@id\":\"https:\/\/aivlisoft.net\/shop\/producto\/d-link-dgs-1100-05v2-switch-5xgigabit-easysmart\/#breadcrumb\"},\"inLanguage\":\"es\",\"potentialAction\":[{\"@type\":\"ReadAction\",\"target\":[\"https:\/\/aivlisoft.net\/shop\/producto\/d-link-dgs-1100-05v2-switch-5xgigabit-easysmart\/\"]}]},{\"@type\":\"ImageObject\",\"inLanguage\":\"es\",\"@id\":\"https:\/\/aivlisoft.net\/shop\/producto\/d-link-dgs-1100-05v2-switch-5xgigabit-easysmart\/#primaryimage\",\"url\":\"https:\/\/aivlisoft.net\/shop\/wp-content\/uploads\/2025\/01\/NSWSSO0275_800.jpg\",\"contentUrl\":\"https:\/\/aivlisoft.net\/shop\/wp-content\/uploads\/2025\/01\/NSWSSO0275_800.jpg\",\"width\":800,\"height\":800},{\"@type\":\"BreadcrumbList\",\"@id\":\"https:\/\/aivlisoft.net\/shop\/producto\/d-link-dgs-1100-05v2-switch-5xgigabit-easysmart\/#breadcrumb\",\"itemListElement\":[{\"@type\":\"ListItem\",\"position\":1,\"name\":\"Portada\",\"item\":\"https:\/\/aivlisoft.net\/shop\/\"},{\"@type\":\"ListItem\",\"position\":2,\"name\":\"Tienda\",\"item\":\"https:\/\/aivlisoft.net\/shop\/tienda\/\"},{\"@type\":\"ListItem\",\"position\":3,\"name\":\"D-Link DGS-1100-05V2 Switch 5xGigabit EasySmart\"}]},{\"@type\":\"WebSite\",\"@id\":\"https:\/\/aivlisoft.net\/shop\/#website\",\"url\":\"https:\/\/aivlisoft.net\/shop\/\",\"name\":\"Aivlisoft Inform\u00e1tica\",\"description\":\"En Aivlisoft Inform\u00e1tica ofrecemos soluciones tecnol\u00f3gicas para empresas: venta de ordenadores, consumibles, perif\u00e9ricos y m\u00e1s. Calidad, atenci\u00f3n personalizada y los mejores precios para tu negocio.\",\"publisher\":{\"@id\":\"https:\/\/aivlisoft.net\/shop\/#organization\"},\"potentialAction\":[{\"@type\":\"SearchAction\",\"target\":{\"@type\":\"EntryPoint\",\"urlTemplate\":\"https:\/\/aivlisoft.net\/shop\/?s={search_term_string}\"},\"query-input\":{\"@type\":\"PropertyValueSpecification\",\"valueRequired\":true,\"valueName\":\"search_term_string\"}}],\"inLanguage\":\"es\"},{\"@type\":\"Organization\",\"@id\":\"https:\/\/aivlisoft.net\/shop\/#organization\",\"name\":\"Aivlisoft Inform\u00e1tica\",\"url\":\"https:\/\/aivlisoft.net\/shop\/\",\"logo\":{\"@type\":\"ImageObject\",\"inLanguage\":\"es\",\"@id\":\"https:\/\/aivlisoft.net\/shop\/#\/schema\/logo\/image\/\",\"url\":\"https:\/\/aivlisoft.net\/shop\/wp-content\/uploads\/2024\/12\/removal.ai_5b848c54-0cdf-4140-95c5-c5536bb7573b-logodef.png\",\"contentUrl\":\"https:\/\/aivlisoft.net\/shop\/wp-content\/uploads\/2024\/12\/removal.ai_5b848c54-0cdf-4140-95c5-c5536bb7573b-logodef.png\",\"width\":484,\"height\":182,\"caption\":\"Aivlisoft Inform\u00e1tica\"},\"image\":{\"@id\":\"https:\/\/aivlisoft.net\/shop\/#\/schema\/logo\/image\/\"}}]}<\/script>\n<!-- \/ Yoast SEO plugin. -->","yoast_head_json":{"title":"D-Link DGS-1100-05V2 Switch 5xGigabit EasySmart - Aivlisoft Inform\u00e1tica","robots":{"index":"index","follow":"follow","max-snippet":"max-snippet:-1","max-image-preview":"max-image-preview:large","max-video-preview":"max-video-preview:-1"},"canonical":"https:\/\/aivlisoft.net\/shop\/producto\/d-link-dgs-1100-05v2-switch-5xgigabit-easysmart\/","og_locale":"es_ES","og_type":"article","og_title":"D-Link DGS-1100-05V2 Switch 5xGigabit EasySmart - Aivlisoft Inform\u00e1tica","og_description":"Marca D-Link Modelo DGS-1100-05V2 Caracter&iacute;sticas &#8211; Puertos Gigabit: 5 puertos&#8211; Capacidad del Switch: 10 Gbps&#8211; M&aacute;xima velocidad de env&iacute;o: 7.44 Mpps&#8211; Tabla de direcciones MAC Tama&ntilde;o: 2K&#8211; Buffer de Paquetes: 1 Mbits&#8211; Memoria Flash: 2 MB&#8211; Enlace \/ Actividad (por puerto): S&iacute;F&iacute;sica y Ambiental&#8211; Consumo de energ&iacute;a (Max): 3.42 W&#8211; Entrada de energ&iacute;a: 240 VAC,&hellip;&nbsp;D-Link DGS-1100-05V2 Switch 5xGigabit EasySmart","og_url":"https:\/\/aivlisoft.net\/shop\/producto\/d-link-dgs-1100-05v2-switch-5xgigabit-easysmart\/","og_site_name":"Aivlisoft Inform\u00e1tica","article_modified_time":"2025-01-14T11:55:02+00:00","og_image":[{"width":800,"height":800,"url":"https:\/\/aivlisoft.net\/shop\/wp-content\/uploads\/2025\/01\/NSWSSO0275_800.jpg","type":"image\/jpeg"}],"twitter_card":"summary_large_image","twitter_misc":{"Tiempo de lectura":"2 minutos"},"schema":{"@context":"https:\/\/schema.org","@graph":[{"@type":"WebPage","@id":"https:\/\/aivlisoft.net\/shop\/producto\/d-link-dgs-1100-05v2-switch-5xgigabit-easysmart\/","url":"https:\/\/aivlisoft.net\/shop\/producto\/d-link-dgs-1100-05v2-switch-5xgigabit-easysmart\/","name":"D-Link DGS-1100-05V2 Switch 5xGigabit EasySmart - Aivlisoft Inform\u00e1tica","isPartOf":{"@id":"https:\/\/aivlisoft.net\/shop\/#website"},"primaryImageOfPage":{"@id":"https:\/\/aivlisoft.net\/shop\/producto\/d-link-dgs-1100-05v2-switch-5xgigabit-easysmart\/#primaryimage"},"image":{"@id":"https:\/\/aivlisoft.net\/shop\/producto\/d-link-dgs-1100-05v2-switch-5xgigabit-easysmart\/#primaryimage"},"thumbnailUrl":"https:\/\/aivlisoft.net\/shop\/wp-content\/uploads\/2025\/01\/NSWSSO0275_800.jpg","datePublished":"2025-01-13T15:51:33+00:00","dateModified":"2025-01-14T11:55:02+00:00","breadcrumb":{"@id":"https:\/\/aivlisoft.net\/shop\/producto\/d-link-dgs-1100-05v2-switch-5xgigabit-easysmart\/#breadcrumb"},"inLanguage":"es","potentialAction":[{"@type":"ReadAction","target":["https:\/\/aivlisoft.net\/shop\/producto\/d-link-dgs-1100-05v2-switch-5xgigabit-easysmart\/"]}]},{"@type":"ImageObject","inLanguage":"es","@id":"https:\/\/aivlisoft.net\/shop\/producto\/d-link-dgs-1100-05v2-switch-5xgigabit-easysmart\/#primaryimage","url":"https:\/\/aivlisoft.net\/shop\/wp-content\/uploads\/2025\/01\/NSWSSO0275_800.jpg","contentUrl":"https:\/\/aivlisoft.net\/shop\/wp-content\/uploads\/2025\/01\/NSWSSO0275_800.jpg","width":800,"height":800},{"@type":"BreadcrumbList","@id":"https:\/\/aivlisoft.net\/shop\/producto\/d-link-dgs-1100-05v2-switch-5xgigabit-easysmart\/#breadcrumb","itemListElement":[{"@type":"ListItem","position":1,"name":"Portada","item":"https:\/\/aivlisoft.net\/shop\/"},{"@type":"ListItem","position":2,"name":"Tienda","item":"https:\/\/aivlisoft.net\/shop\/tienda\/"},{"@type":"ListItem","position":3,"name":"D-Link DGS-1100-05V2 Switch 5xGigabit EasySmart"}]},{"@type":"WebSite","@id":"https:\/\/aivlisoft.net\/shop\/#website","url":"https:\/\/aivlisoft.net\/shop\/","name":"Aivlisoft Inform\u00e1tica","description":"En Aivlisoft Inform\u00e1tica ofrecemos soluciones tecnol\u00f3gicas para empresas: venta de ordenadores, consumibles, perif\u00e9ricos y m\u00e1s. Calidad, atenci\u00f3n personalizada y los mejores precios para tu negocio.","publisher":{"@id":"https:\/\/aivlisoft.net\/shop\/#organization"},"potentialAction":[{"@type":"SearchAction","target":{"@type":"EntryPoint","urlTemplate":"https:\/\/aivlisoft.net\/shop\/?s={search_term_string}"},"query-input":{"@type":"PropertyValueSpecification","valueRequired":true,"valueName":"search_term_string"}}],"inLanguage":"es"},{"@type":"Organization","@id":"https:\/\/aivlisoft.net\/shop\/#organization","name":"Aivlisoft Inform\u00e1tica","url":"https:\/\/aivlisoft.net\/shop\/","logo":{"@type":"ImageObject","inLanguage":"es","@id":"https:\/\/aivlisoft.net\/shop\/#\/schema\/logo\/image\/","url":"https:\/\/aivlisoft.net\/shop\/wp-content\/uploads\/2024\/12\/removal.ai_5b848c54-0cdf-4140-95c5-c5536bb7573b-logodef.png","contentUrl":"https:\/\/aivlisoft.net\/shop\/wp-content\/uploads\/2024\/12\/removal.ai_5b848c54-0cdf-4140-95c5-c5536bb7573b-logodef.png","width":484,"height":182,"caption":"Aivlisoft Inform\u00e1tica"},"image":{"@id":"https:\/\/aivlisoft.net\/shop\/#\/schema\/logo\/image\/"}}]}},"_links":{"self":[{"href":"https:\/\/aivlisoft.net\/shop\/wp-json\/wp\/v2\/product\/21230","targetHints":{"allow":["GET"]}}],"collection":[{"href":"https:\/\/aivlisoft.net\/shop\/wp-json\/wp\/v2\/product"}],"about":[{"href":"https:\/\/aivlisoft.net\/shop\/wp-json\/wp\/v2\/types\/product"}],"wp:featuredmedia":[{"embeddable":true,"href":"https:\/\/aivlisoft.net\/shop\/wp-json\/wp\/v2\/media\/21231"}],"wp:attachment":[{"href":"https:\/\/aivlisoft.net\/shop\/wp-json\/wp\/v2\/media?parent=21230"}],"wp:term":[{"taxonomy":"product_brand","embeddable":true,"href":"https:\/\/aivlisoft.net\/shop\/wp-json\/wp\/v2\/product_brand?post=21230"},{"taxonomy":"product_cat","embeddable":true,"href":"https:\/\/aivlisoft.net\/shop\/wp-json\/wp\/v2\/product_cat?post=21230"},{"taxonomy":"product_tag","embeddable":true,"href":"https:\/\/aivlisoft.net\/shop\/wp-json\/wp\/v2\/product_tag?post=21230"}],"curies":[{"name":"wp","href":"https:\/\/api.w.org\/{rel}","templated":true}]}}