{"id":21214,"date":"2025-01-13T15:51:24","date_gmt":"2025-01-13T15:51:24","guid":{"rendered":"https:\/\/aivlisoft.com\/?post_type=product&#038;p=21214"},"modified":"2025-01-14T11:54:58","modified_gmt":"2025-01-14T11:54:58","slug":"tp-link-sg2210mp-switch-10xgb-8xpoe-enrackable","status":"publish","type":"product","link":"https:\/\/aivlisoft.net\/shop\/producto\/tp-link-sg2210mp-switch-10xgb-8xpoe-enrackable\/","title":{"rendered":"TP-LINK SG2210MP Switch 10xGB 8xPoE+ Enrackable"},"content":{"rendered":"<p><\/p>\n<table class=\"tabla_caracteristicas k-table\" width=\"100%\">\n<tbody>\n<tr>\n<td valign=\"top\"><strong>Marca<\/strong><\/td>\n<td>TP-Link<\/td>\n<\/tr>\n<tr>\n<td valign=\"top\"><strong>Modelo<\/strong><\/td>\n<td valign=\"top\"><strong><\/strong><strong>TL-SG2210MP<\/strong><\/td>\n<\/tr>\n<tr>\n<td valign=\"top\"><strong>Caracter&iacute;sticas<\/strong><\/td>\n<td valign=\"top\"><strong>Est&aacute;ndares y Protocolos &nbsp;&nbsp; &nbsp;<\/strong><br \/>&#8211; IEEE 802.3i, IEEE 802.3u, IEEE 802.3ab, IEEE802.3z, IEEE 802.3ad, IEEE 802.3x, IEEE 802.3af, IEEE 802.3at, IEEE 802.3az, IEEE 802.1d, IEEE 802.1s, IEEE 802.1w, IEEE 802.1q, IEEE 802.1x, IEEE 802.1p<br \/><strong>Interfaz &nbsp;&nbsp; &nbsp;<\/strong><br \/>&#8211; Puertos RJ45 8 &times; 10\/100\/1000 Mbps, todos compatibles con PoE + (negociaci&oacute;n autom&aacute;tica \/ MDI \/ MDIX autom&aacute;tico)<br \/>&#8211; 2 ranuras SFP de 100\/1000 Mbps<br \/><strong>Cantidad de Ventiladores &nbsp;&nbsp; &nbsp;<\/strong><br \/>&#8211; 1<br \/><strong>Fuente de Alimentaci&oacute;n &nbsp;&nbsp; &nbsp;<\/strong><br \/>&#8211; 150 W<br \/><strong>Dimensiones &nbsp;&nbsp; &nbsp;<\/strong><br \/>&#8211; 294 x 180 x 44 mm<strong><br \/>Consumo de Potencia &nbsp;&nbsp; &nbsp;<\/strong><br \/>&#8211; 12.2 W (110 V \/ 60 Hz with no PD connected)<br \/>&#8211; 173.9 W (110 V \/ 60 Hz with 150 W PD connected)<br \/><strong>M&aacute;xima Disipaci&oacute;n de Calor<\/strong><br \/>&#8211; 41.63 BTU\/h (with no PD connected)<br \/>&#8211; 539.35 BTU\/h (with 150 W PD connected)<\/td>\n<\/tr>\n<tr>\n<td valign=\"top\"><strong>Rendimiento<\/strong><\/td>\n<td valign=\"top\">&#8211; Capacidad de conmutaci&oacute;n: 20 Gbps<br \/>&#8211; Tasa de Reenv&iacute;o de Paquetes: 14.9 Mpps<br \/>&#8211; Tabla de Direcciones MAC: 8K<br \/>&#8211; Memoria del Buffer de Paquete: 4.1 Mb<br \/>&#8211; Jumbo Frame: 9 KB<\/td>\n<\/tr>\n<tr>\n<td valign=\"top\"><strong>Gest&oacute;n<\/strong><\/td>\n<td valign=\"top\">&#8211; Omada App: Si<br \/>&#8211; Centralized Management:<br \/>&nbsp; Omada Cloud-Based Controller<br \/>&nbsp; Omada Hardware Controller (OC300)<br \/>&nbsp; Omada Hardware Controller (OC200)<br \/>&nbsp; Omada Software Controller<br \/>&#8211; Cloud Access: S&iacute; (a trav&eacute;s de OC300, OC200, Omada Cloud-Based Controller o Omada Software Controller)<br \/>&#8211; Management Features: <br \/>&nbsp; Gesti&oacute;n de GUI y CLI basada en web<br \/>&nbsp; SNMPv1 \/ v2c \/ v3<br \/>&nbsp; Captura \/ informe SNMP<br \/>&nbsp; RMON (grupos 1,2,3,9)<br \/>&nbsp; Plantilla SDM<br \/>&nbsp; Cliente DHCP \/ BOOTP<br \/>&nbsp; Imagen dual, configuraci&oacute;n dual<br \/>&nbsp; Monitorizaci&oacute;n de la CPU<br \/>&nbsp; Diagn&oacute;stico de cable<br \/>&nbsp; EEE<br \/>&nbsp; Registro del sistema<br \/>&nbsp; 802.1ab LLDP \/ LLDP-MED<\/td>\n<\/tr>\n<tr>\n<td valign=\"top\"><strong>Otros<\/strong><\/td>\n<td valign=\"top\"><strong>Certificaciones<\/strong><br \/>&#8211; FCC, CE, RoHS<br \/><strong>Contenido del Paquete &nbsp;&nbsp; &nbsp;<\/strong><br \/>&#8211; TL-SG2210MP<br \/>&#8211; Cable de alimentaci&oacute;n<br \/>&#8211; Gu&iacute;a de instalaci&oacute;n<br \/>&#8211; Kit de montaje<br \/>&#8211; Patas de goma<br \/><strong>Factores Ambientales &nbsp;&nbsp; &nbsp;<\/strong><br \/>&#8211; Temperatura de funcionamiento: 0&ordm;C~40&ordm;C<br \/>&#8211; Temperatura de almacenamiento: -40&ordm;C~70&ordm;C<br \/>&#8211; Humedad de funcionamiento: 10%~90% sin condensaci&oacute;n<br \/>&#8211; Humedad de almacenamiento: 5%~90% sin condensaci&oacute;n <\/td>\n<\/tr>\n<tr>\n<td valign=\"top\"><strong>Fecha de revisi&oacute;n<\/strong><\/td>\n<td>30-10-2020 por MPM<\/td>\n<\/tr>\n<\/tbody>\n<\/table>\n","protected":false},"excerpt":{"rendered":"<p>Marca TP-Link Modelo TL-SG2210MP Caracter&iacute;sticas Est&aacute;ndares y Protocolos &nbsp;&nbsp; &nbsp;&#8211; IEEE 802.3i, IEEE 802.3u, IEEE 802.3ab, IEEE802.3z, IEEE 802.3ad, IEEE 802.3x, IEEE 802.3af, IEEE 802.3at, IEEE 802.3az, IEEE 802.1d, IEEE 802.1s, IEEE 802.1w, IEEE 802.1q, IEEE 802.1x, IEEE 802.1pInterfaz &nbsp;&nbsp; &nbsp;&#8211; Puertos RJ45 8 &times; 10\/100\/1000 Mbps, todos compatibles con PoE + (negociaci&oacute;n autom&aacute;tica \/&hellip;&nbsp;<a href=\"https:\/\/aivlisoft.net\/shop\/producto\/tp-link-sg2210mp-switch-10xgb-8xpoe-enrackable\/\" rel=\"bookmark\"><span class=\"screen-reader-text\">TP-LINK SG2210MP Switch 10xGB 8xPoE+ Enrackable<\/span><\/a><\/p>\n","protected":false},"featured_media":21215,"template":"","meta":{"neve_meta_sidebar":"","neve_meta_container":"","neve_meta_enable_content_width":"","neve_meta_content_width":0,"neve_meta_title_alignment":"","neve_meta_author_avatar":"","neve_post_elements_order":"","neve_meta_disable_header":"","neve_meta_disable_footer":"","neve_meta_disable_title":""},"product_brand":[],"product_cat":[8773],"product_tag":[7513],"class_list":{"0":"post-21214","1":"product","2":"type-product","3":"status-publish","4":"has-post-thumbnail","6":"product_cat-switches-sobremesa","7":"product_tag-sg2210mp","9":"first","10":"instock","11":"taxable","12":"shipping-taxable","13":"purchasable","14":"product-type-simple"},"yoast_head":"<!-- This site is optimized with the Yoast SEO plugin v26.0 - https:\/\/yoast.com\/wordpress\/plugins\/seo\/ -->\n<title>TP-LINK SG2210MP Switch 10xGB 8xPoE+ Enrackable - Aivlisoft Inform\u00e1tica<\/title>\n<meta name=\"robots\" content=\"index, follow, max-snippet:-1, max-image-preview:large, max-video-preview:-1\" \/>\n<link rel=\"canonical\" href=\"https:\/\/aivlisoft.net\/shop\/producto\/tp-link-sg2210mp-switch-10xgb-8xpoe-enrackable\/\" \/>\n<meta property=\"og:locale\" content=\"es_ES\" \/>\n<meta property=\"og:type\" content=\"article\" \/>\n<meta property=\"og:title\" content=\"TP-LINK SG2210MP Switch 10xGB 8xPoE+ Enrackable - Aivlisoft Inform\u00e1tica\" \/>\n<meta property=\"og:description\" content=\"Marca TP-Link Modelo TL-SG2210MP Caracter&iacute;sticas Est&aacute;ndares y Protocolos &nbsp;&nbsp; &nbsp;&#8211; IEEE 802.3i, IEEE 802.3u, IEEE 802.3ab, IEEE802.3z, IEEE 802.3ad, IEEE 802.3x, IEEE 802.3af, IEEE 802.3at, IEEE 802.3az, IEEE 802.1d, IEEE 802.1s, IEEE 802.1w, IEEE 802.1q, IEEE 802.1x, IEEE 802.1pInterfaz &nbsp;&nbsp; &nbsp;&#8211; Puertos RJ45 8 &times; 10\/100\/1000 Mbps, todos compatibles con PoE + (negociaci&oacute;n autom&aacute;tica \/&hellip;&nbsp;TP-LINK SG2210MP Switch 10xGB 8xPoE+ Enrackable\" \/>\n<meta property=\"og:url\" content=\"https:\/\/aivlisoft.net\/shop\/producto\/tp-link-sg2210mp-switch-10xgb-8xpoe-enrackable\/\" \/>\n<meta property=\"og:site_name\" content=\"Aivlisoft Inform\u00e1tica\" \/>\n<meta property=\"article:modified_time\" content=\"2025-01-14T11:54:58+00:00\" \/>\n<meta property=\"og:image\" content=\"https:\/\/aivlisoft.net\/shop\/wp-content\/uploads\/2025\/01\/NSWSSO0268_800.jpg\" \/>\n\t<meta property=\"og:image:width\" content=\"800\" \/>\n\t<meta property=\"og:image:height\" content=\"800\" \/>\n\t<meta property=\"og:image:type\" content=\"image\/jpeg\" \/>\n<meta name=\"twitter:card\" content=\"summary_large_image\" \/>\n<meta name=\"twitter:label1\" content=\"Tiempo de lectura\" \/>\n\t<meta name=\"twitter:data1\" content=\"2 minutos\" \/>\n<script type=\"application\/ld+json\" class=\"yoast-schema-graph\">{\"@context\":\"https:\/\/schema.org\",\"@graph\":[{\"@type\":\"WebPage\",\"@id\":\"https:\/\/aivlisoft.net\/shop\/producto\/tp-link-sg2210mp-switch-10xgb-8xpoe-enrackable\/\",\"url\":\"https:\/\/aivlisoft.net\/shop\/producto\/tp-link-sg2210mp-switch-10xgb-8xpoe-enrackable\/\",\"name\":\"TP-LINK SG2210MP Switch 10xGB 8xPoE+ Enrackable - Aivlisoft Inform\u00e1tica\",\"isPartOf\":{\"@id\":\"https:\/\/aivlisoft.net\/shop\/#website\"},\"primaryImageOfPage\":{\"@id\":\"https:\/\/aivlisoft.net\/shop\/producto\/tp-link-sg2210mp-switch-10xgb-8xpoe-enrackable\/#primaryimage\"},\"image\":{\"@id\":\"https:\/\/aivlisoft.net\/shop\/producto\/tp-link-sg2210mp-switch-10xgb-8xpoe-enrackable\/#primaryimage\"},\"thumbnailUrl\":\"https:\/\/aivlisoft.net\/shop\/wp-content\/uploads\/2025\/01\/NSWSSO0268_800.jpg\",\"datePublished\":\"2025-01-13T15:51:24+00:00\",\"dateModified\":\"2025-01-14T11:54:58+00:00\",\"breadcrumb\":{\"@id\":\"https:\/\/aivlisoft.net\/shop\/producto\/tp-link-sg2210mp-switch-10xgb-8xpoe-enrackable\/#breadcrumb\"},\"inLanguage\":\"es\",\"potentialAction\":[{\"@type\":\"ReadAction\",\"target\":[\"https:\/\/aivlisoft.net\/shop\/producto\/tp-link-sg2210mp-switch-10xgb-8xpoe-enrackable\/\"]}]},{\"@type\":\"ImageObject\",\"inLanguage\":\"es\",\"@id\":\"https:\/\/aivlisoft.net\/shop\/producto\/tp-link-sg2210mp-switch-10xgb-8xpoe-enrackable\/#primaryimage\",\"url\":\"https:\/\/aivlisoft.net\/shop\/wp-content\/uploads\/2025\/01\/NSWSSO0268_800.jpg\",\"contentUrl\":\"https:\/\/aivlisoft.net\/shop\/wp-content\/uploads\/2025\/01\/NSWSSO0268_800.jpg\",\"width\":800,\"height\":800},{\"@type\":\"BreadcrumbList\",\"@id\":\"https:\/\/aivlisoft.net\/shop\/producto\/tp-link-sg2210mp-switch-10xgb-8xpoe-enrackable\/#breadcrumb\",\"itemListElement\":[{\"@type\":\"ListItem\",\"position\":1,\"name\":\"Portada\",\"item\":\"https:\/\/aivlisoft.net\/shop\/\"},{\"@type\":\"ListItem\",\"position\":2,\"name\":\"Tienda\",\"item\":\"https:\/\/aivlisoft.net\/shop\/tienda\/\"},{\"@type\":\"ListItem\",\"position\":3,\"name\":\"TP-LINK SG2210MP Switch 10xGB 8xPoE+ Enrackable\"}]},{\"@type\":\"WebSite\",\"@id\":\"https:\/\/aivlisoft.net\/shop\/#website\",\"url\":\"https:\/\/aivlisoft.net\/shop\/\",\"name\":\"Aivlisoft Inform\u00e1tica\",\"description\":\"En Aivlisoft Inform\u00e1tica ofrecemos soluciones tecnol\u00f3gicas para empresas: venta de ordenadores, consumibles, perif\u00e9ricos y m\u00e1s. Calidad, atenci\u00f3n personalizada y los mejores precios para tu negocio.\",\"publisher\":{\"@id\":\"https:\/\/aivlisoft.net\/shop\/#organization\"},\"potentialAction\":[{\"@type\":\"SearchAction\",\"target\":{\"@type\":\"EntryPoint\",\"urlTemplate\":\"https:\/\/aivlisoft.net\/shop\/?s={search_term_string}\"},\"query-input\":{\"@type\":\"PropertyValueSpecification\",\"valueRequired\":true,\"valueName\":\"search_term_string\"}}],\"inLanguage\":\"es\"},{\"@type\":\"Organization\",\"@id\":\"https:\/\/aivlisoft.net\/shop\/#organization\",\"name\":\"Aivlisoft Inform\u00e1tica\",\"url\":\"https:\/\/aivlisoft.net\/shop\/\",\"logo\":{\"@type\":\"ImageObject\",\"inLanguage\":\"es\",\"@id\":\"https:\/\/aivlisoft.net\/shop\/#\/schema\/logo\/image\/\",\"url\":\"https:\/\/aivlisoft.net\/shop\/wp-content\/uploads\/2024\/12\/removal.ai_5b848c54-0cdf-4140-95c5-c5536bb7573b-logodef.png\",\"contentUrl\":\"https:\/\/aivlisoft.net\/shop\/wp-content\/uploads\/2024\/12\/removal.ai_5b848c54-0cdf-4140-95c5-c5536bb7573b-logodef.png\",\"width\":484,\"height\":182,\"caption\":\"Aivlisoft Inform\u00e1tica\"},\"image\":{\"@id\":\"https:\/\/aivlisoft.net\/shop\/#\/schema\/logo\/image\/\"}}]}<\/script>\n<!-- \/ Yoast SEO plugin. -->","yoast_head_json":{"title":"TP-LINK SG2210MP Switch 10xGB 8xPoE+ Enrackable - Aivlisoft Inform\u00e1tica","robots":{"index":"index","follow":"follow","max-snippet":"max-snippet:-1","max-image-preview":"max-image-preview:large","max-video-preview":"max-video-preview:-1"},"canonical":"https:\/\/aivlisoft.net\/shop\/producto\/tp-link-sg2210mp-switch-10xgb-8xpoe-enrackable\/","og_locale":"es_ES","og_type":"article","og_title":"TP-LINK SG2210MP Switch 10xGB 8xPoE+ Enrackable - Aivlisoft Inform\u00e1tica","og_description":"Marca TP-Link Modelo TL-SG2210MP Caracter&iacute;sticas Est&aacute;ndares y Protocolos &nbsp;&nbsp; &nbsp;&#8211; IEEE 802.3i, IEEE 802.3u, IEEE 802.3ab, IEEE802.3z, IEEE 802.3ad, IEEE 802.3x, IEEE 802.3af, IEEE 802.3at, IEEE 802.3az, IEEE 802.1d, IEEE 802.1s, IEEE 802.1w, IEEE 802.1q, IEEE 802.1x, IEEE 802.1pInterfaz &nbsp;&nbsp; &nbsp;&#8211; Puertos RJ45 8 &times; 10\/100\/1000 Mbps, todos compatibles con PoE + (negociaci&oacute;n autom&aacute;tica \/&hellip;&nbsp;TP-LINK SG2210MP Switch 10xGB 8xPoE+ Enrackable","og_url":"https:\/\/aivlisoft.net\/shop\/producto\/tp-link-sg2210mp-switch-10xgb-8xpoe-enrackable\/","og_site_name":"Aivlisoft Inform\u00e1tica","article_modified_time":"2025-01-14T11:54:58+00:00","og_image":[{"width":800,"height":800,"url":"https:\/\/aivlisoft.net\/shop\/wp-content\/uploads\/2025\/01\/NSWSSO0268_800.jpg","type":"image\/jpeg"}],"twitter_card":"summary_large_image","twitter_misc":{"Tiempo de lectura":"2 minutos"},"schema":{"@context":"https:\/\/schema.org","@graph":[{"@type":"WebPage","@id":"https:\/\/aivlisoft.net\/shop\/producto\/tp-link-sg2210mp-switch-10xgb-8xpoe-enrackable\/","url":"https:\/\/aivlisoft.net\/shop\/producto\/tp-link-sg2210mp-switch-10xgb-8xpoe-enrackable\/","name":"TP-LINK SG2210MP Switch 10xGB 8xPoE+ Enrackable - Aivlisoft Inform\u00e1tica","isPartOf":{"@id":"https:\/\/aivlisoft.net\/shop\/#website"},"primaryImageOfPage":{"@id":"https:\/\/aivlisoft.net\/shop\/producto\/tp-link-sg2210mp-switch-10xgb-8xpoe-enrackable\/#primaryimage"},"image":{"@id":"https:\/\/aivlisoft.net\/shop\/producto\/tp-link-sg2210mp-switch-10xgb-8xpoe-enrackable\/#primaryimage"},"thumbnailUrl":"https:\/\/aivlisoft.net\/shop\/wp-content\/uploads\/2025\/01\/NSWSSO0268_800.jpg","datePublished":"2025-01-13T15:51:24+00:00","dateModified":"2025-01-14T11:54:58+00:00","breadcrumb":{"@id":"https:\/\/aivlisoft.net\/shop\/producto\/tp-link-sg2210mp-switch-10xgb-8xpoe-enrackable\/#breadcrumb"},"inLanguage":"es","potentialAction":[{"@type":"ReadAction","target":["https:\/\/aivlisoft.net\/shop\/producto\/tp-link-sg2210mp-switch-10xgb-8xpoe-enrackable\/"]}]},{"@type":"ImageObject","inLanguage":"es","@id":"https:\/\/aivlisoft.net\/shop\/producto\/tp-link-sg2210mp-switch-10xgb-8xpoe-enrackable\/#primaryimage","url":"https:\/\/aivlisoft.net\/shop\/wp-content\/uploads\/2025\/01\/NSWSSO0268_800.jpg","contentUrl":"https:\/\/aivlisoft.net\/shop\/wp-content\/uploads\/2025\/01\/NSWSSO0268_800.jpg","width":800,"height":800},{"@type":"BreadcrumbList","@id":"https:\/\/aivlisoft.net\/shop\/producto\/tp-link-sg2210mp-switch-10xgb-8xpoe-enrackable\/#breadcrumb","itemListElement":[{"@type":"ListItem","position":1,"name":"Portada","item":"https:\/\/aivlisoft.net\/shop\/"},{"@type":"ListItem","position":2,"name":"Tienda","item":"https:\/\/aivlisoft.net\/shop\/tienda\/"},{"@type":"ListItem","position":3,"name":"TP-LINK SG2210MP Switch 10xGB 8xPoE+ Enrackable"}]},{"@type":"WebSite","@id":"https:\/\/aivlisoft.net\/shop\/#website","url":"https:\/\/aivlisoft.net\/shop\/","name":"Aivlisoft Inform\u00e1tica","description":"En Aivlisoft Inform\u00e1tica ofrecemos soluciones tecnol\u00f3gicas para empresas: venta de ordenadores, consumibles, perif\u00e9ricos y m\u00e1s. Calidad, atenci\u00f3n personalizada y los mejores precios para tu negocio.","publisher":{"@id":"https:\/\/aivlisoft.net\/shop\/#organization"},"potentialAction":[{"@type":"SearchAction","target":{"@type":"EntryPoint","urlTemplate":"https:\/\/aivlisoft.net\/shop\/?s={search_term_string}"},"query-input":{"@type":"PropertyValueSpecification","valueRequired":true,"valueName":"search_term_string"}}],"inLanguage":"es"},{"@type":"Organization","@id":"https:\/\/aivlisoft.net\/shop\/#organization","name":"Aivlisoft Inform\u00e1tica","url":"https:\/\/aivlisoft.net\/shop\/","logo":{"@type":"ImageObject","inLanguage":"es","@id":"https:\/\/aivlisoft.net\/shop\/#\/schema\/logo\/image\/","url":"https:\/\/aivlisoft.net\/shop\/wp-content\/uploads\/2024\/12\/removal.ai_5b848c54-0cdf-4140-95c5-c5536bb7573b-logodef.png","contentUrl":"https:\/\/aivlisoft.net\/shop\/wp-content\/uploads\/2024\/12\/removal.ai_5b848c54-0cdf-4140-95c5-c5536bb7573b-logodef.png","width":484,"height":182,"caption":"Aivlisoft Inform\u00e1tica"},"image":{"@id":"https:\/\/aivlisoft.net\/shop\/#\/schema\/logo\/image\/"}}]}},"_links":{"self":[{"href":"https:\/\/aivlisoft.net\/shop\/wp-json\/wp\/v2\/product\/21214","targetHints":{"allow":["GET"]}}],"collection":[{"href":"https:\/\/aivlisoft.net\/shop\/wp-json\/wp\/v2\/product"}],"about":[{"href":"https:\/\/aivlisoft.net\/shop\/wp-json\/wp\/v2\/types\/product"}],"wp:featuredmedia":[{"embeddable":true,"href":"https:\/\/aivlisoft.net\/shop\/wp-json\/wp\/v2\/media\/21215"}],"wp:attachment":[{"href":"https:\/\/aivlisoft.net\/shop\/wp-json\/wp\/v2\/media?parent=21214"}],"wp:term":[{"taxonomy":"product_brand","embeddable":true,"href":"https:\/\/aivlisoft.net\/shop\/wp-json\/wp\/v2\/product_brand?post=21214"},{"taxonomy":"product_cat","embeddable":true,"href":"https:\/\/aivlisoft.net\/shop\/wp-json\/wp\/v2\/product_cat?post=21214"},{"taxonomy":"product_tag","embeddable":true,"href":"https:\/\/aivlisoft.net\/shop\/wp-json\/wp\/v2\/product_tag?post=21214"}],"curies":[{"name":"wp","href":"https:\/\/api.w.org\/{rel}","templated":true}]}}