{"id":21188,"date":"2025-01-13T15:51:07","date_gmt":"2025-01-13T15:51:07","guid":{"rendered":"https:\/\/aivlisoft.com\/?post_type=product&#038;p=21188"},"modified":"2025-01-14T11:54:49","modified_gmt":"2025-01-14T11:54:49","slug":"tp-link-ls1005g-switch-5xgb","status":"publish","type":"product","link":"https:\/\/aivlisoft.net\/shop\/producto\/tp-link-ls1005g-switch-5xgb\/","title":{"rendered":"TP-LINK LS1005G Switch 5xGB"},"content":{"rendered":"<p><\/p>\n<table class=\"tabla_caracteristicas k-table\" width=\"100%\">\n<tbody>\n<tr>\n<td valign=\"top\"><strong>Marca<\/strong><\/td>\n<td>TP-Link<\/td>\n<\/tr>\n<tr>\n<td valign=\"top\"><strong>Modelo<\/strong><\/td>\n<td valign=\"top\"><strong>LS1005G<\/strong><\/td>\n<\/tr>\n<tr>\n<td valign=\"top\"><strong>Caracter&iacute;sticas de Hardware<\/strong><\/td>\n<td valign=\"top\"><strong>Est&aacute;ndares y Protocolos &nbsp;&nbsp; &nbsp;<\/strong><br \/>&#8211; IEEE 802.3i\/802.3u\/ 802.3ab\/802.3x<br \/><strong>Interfaz &nbsp;&nbsp; &nbsp;<\/strong><br \/>&#8211; Puertos 5 &times; 10\/100 \/ 1000Mbps, negociaci&oacute;n autom&aacute;tica, Auto-MDI \/ MDIX<br \/><strong>Cantidad de Ventiladores &nbsp;&nbsp; &nbsp;<\/strong><br \/>&#8211; Sin ventilador<br \/><strong>Fuente de Alimentaci&oacute;n &nbsp;&nbsp; &nbsp;<\/strong><br \/>&#8211; Adaptador de corriente externo (salida: 5VDC \/ 0.6A)<br \/><strong>Dimensiones &nbsp;&nbsp; &nbsp;<\/strong><br \/>&#8211; 90 &times; 72 &times; 23 mm<br \/><strong>Consumo de Potencia &nbsp;&nbsp; &nbsp;<\/strong><br \/>&#8211; M&aacute;ximo: 3.7W<br \/><strong>M&aacute;xima Disipaci&oacute;n de Calor<\/strong><br \/>&#8211; 12.617 Btu\/hr<\/td>\n<\/tr>\n<tr>\n<td valign=\"top\"><strong>Rendimiento<\/strong><\/td>\n<td valign=\"top\">&#8211; Capacidad de conmutaci&oacute;n: 10 Gbps<br \/>&#8211; Tasa de Reenv&iacute;o de Paquetes: 7.4 Mpps<br \/>&#8211; Tabla de Direcciones MAC: 2K<br \/>&#8211; Memoria del Buffer de Paquete: 1.5 Mb<br \/>&#8211; Jumbo Frame: 16 KB<\/td>\n<\/tr>\n<tr>\n<td valign=\"top\"><strong>Caracter&iacute;sticas de Software<\/strong><\/td>\n<td valign=\"top\"><strong>Caracter&iacute;sticas Avanzadas<br \/><\/strong>&#8211; Tecnolog&iacute;a Green<br \/>&#8211; Control de flujo 802.3X<br \/>&#8211; Contrapresi&oacute;n<br \/><strong>M&eacute;todo de Transferencia &nbsp;&nbsp; &nbsp;<\/strong><br \/>&#8211; Almacenamiento y reenv&iacute;o<\/td>\n<\/tr>\n<tr>\n<td valign=\"top\"><strong>Otros<\/strong><\/td>\n<td valign=\"top\"><strong>Certificaciones &nbsp;&nbsp; &nbsp;<\/strong><br \/>&#8211; FCC, CE, RoHS<br \/><strong>Contenido del Paquete &nbsp;&nbsp; &nbsp;<\/strong><br \/>&#8211; Switch de escritorio de 5 puertos 10\/100\/1000Mbps<br \/>&#8211; Adaptador de corriente<br \/>&#8211; Gu&iacute;a de Instalaci&oacute;n<br \/><strong>Factores Ambientales &nbsp;&nbsp; &nbsp;<\/strong><br \/>&#8211; Temperatura de funcionamiento: 0&ordm;C~40&ordm;C<br \/>&#8211; Temperatura de almacenamiento: -40&ordm;C~70&ordm;C<br \/>&#8211; Humedad de funcionamiento: 10%~90% sin condensaci&oacute;n<br \/>&#8211; Humedad de almacenamiento: 5%~90% sin condensaci&oacute;n <\/td>\n<\/tr>\n<tr>\n<td valign=\"top\"><strong>Fecha de revisi&oacute;n<\/strong><\/td>\n<td>20-12-2019 por MRS<\/td>\n<\/tr>\n<\/tbody>\n<\/table>\n","protected":false},"excerpt":{"rendered":"<p>Marca TP-Link Modelo LS1005G Caracter&iacute;sticas de Hardware Est&aacute;ndares y Protocolos &nbsp;&nbsp; &nbsp;&#8211; IEEE 802.3i\/802.3u\/ 802.3ab\/802.3xInterfaz &nbsp;&nbsp; &nbsp;&#8211; Puertos 5 &times; 10\/100 \/ 1000Mbps, negociaci&oacute;n autom&aacute;tica, Auto-MDI \/ MDIXCantidad de Ventiladores &nbsp;&nbsp; &nbsp;&#8211; Sin ventiladorFuente de Alimentaci&oacute;n &nbsp;&nbsp; &nbsp;&#8211; Adaptador de corriente externo (salida: 5VDC \/ 0.6A)Dimensiones &nbsp;&nbsp; &nbsp;&#8211; 90 &times; 72 &times; 23 mmConsumo de&hellip;&nbsp;<a href=\"https:\/\/aivlisoft.net\/shop\/producto\/tp-link-ls1005g-switch-5xgb\/\" rel=\"bookmark\"><span class=\"screen-reader-text\">TP-LINK LS1005G Switch 5xGB<\/span><\/a><\/p>\n","protected":false},"featured_media":21189,"template":"","meta":{"neve_meta_sidebar":"","neve_meta_container":"","neve_meta_enable_content_width":"","neve_meta_content_width":0,"neve_meta_title_alignment":"","neve_meta_author_avatar":"","neve_post_elements_order":"","neve_meta_disable_header":"","neve_meta_disable_footer":"","neve_meta_disable_title":""},"product_brand":[],"product_cat":[8773],"product_tag":[7506],"class_list":{"0":"post-21188","1":"product","2":"type-product","3":"status-publish","4":"has-post-thumbnail","6":"product_cat-switches-sobremesa","7":"product_tag-ls1005g","9":"first","10":"instock","11":"taxable","12":"shipping-taxable","13":"purchasable","14":"product-type-simple"},"yoast_head":"<!-- This site is optimized with the Yoast SEO plugin v26.0 - https:\/\/yoast.com\/wordpress\/plugins\/seo\/ -->\n<title>TP-LINK LS1005G Switch 5xGB - Aivlisoft Inform\u00e1tica<\/title>\n<meta name=\"robots\" content=\"index, follow, max-snippet:-1, max-image-preview:large, max-video-preview:-1\" \/>\n<link rel=\"canonical\" href=\"https:\/\/aivlisoft.net\/shop\/producto\/tp-link-ls1005g-switch-5xgb\/\" \/>\n<meta property=\"og:locale\" content=\"es_ES\" \/>\n<meta property=\"og:type\" content=\"article\" \/>\n<meta property=\"og:title\" content=\"TP-LINK LS1005G Switch 5xGB - Aivlisoft Inform\u00e1tica\" \/>\n<meta property=\"og:description\" content=\"Marca TP-Link Modelo LS1005G Caracter&iacute;sticas de Hardware Est&aacute;ndares y Protocolos &nbsp;&nbsp; &nbsp;&#8211; IEEE 802.3i\/802.3u\/ 802.3ab\/802.3xInterfaz &nbsp;&nbsp; &nbsp;&#8211; Puertos 5 &times; 10\/100 \/ 1000Mbps, negociaci&oacute;n autom&aacute;tica, Auto-MDI \/ MDIXCantidad de Ventiladores &nbsp;&nbsp; &nbsp;&#8211; Sin ventiladorFuente de Alimentaci&oacute;n &nbsp;&nbsp; &nbsp;&#8211; Adaptador de corriente externo (salida: 5VDC \/ 0.6A)Dimensiones &nbsp;&nbsp; &nbsp;&#8211; 90 &times; 72 &times; 23 mmConsumo de&hellip;&nbsp;TP-LINK LS1005G Switch 5xGB\" \/>\n<meta property=\"og:url\" content=\"https:\/\/aivlisoft.net\/shop\/producto\/tp-link-ls1005g-switch-5xgb\/\" \/>\n<meta property=\"og:site_name\" content=\"Aivlisoft Inform\u00e1tica\" \/>\n<meta property=\"article:modified_time\" content=\"2025-01-14T11:54:49+00:00\" \/>\n<meta property=\"og:image\" content=\"https:\/\/aivlisoft.net\/shop\/wp-content\/uploads\/2025\/01\/NSWSSO0254_800.jpg\" \/>\n\t<meta property=\"og:image:width\" content=\"800\" \/>\n\t<meta property=\"og:image:height\" content=\"800\" \/>\n\t<meta property=\"og:image:type\" content=\"image\/jpeg\" \/>\n<meta name=\"twitter:card\" content=\"summary_large_image\" \/>\n<meta name=\"twitter:label1\" content=\"Tiempo de lectura\" \/>\n\t<meta name=\"twitter:data1\" content=\"1 minuto\" \/>\n<script type=\"application\/ld+json\" class=\"yoast-schema-graph\">{\"@context\":\"https:\/\/schema.org\",\"@graph\":[{\"@type\":\"WebPage\",\"@id\":\"https:\/\/aivlisoft.net\/shop\/producto\/tp-link-ls1005g-switch-5xgb\/\",\"url\":\"https:\/\/aivlisoft.net\/shop\/producto\/tp-link-ls1005g-switch-5xgb\/\",\"name\":\"TP-LINK LS1005G Switch 5xGB - Aivlisoft Inform\u00e1tica\",\"isPartOf\":{\"@id\":\"https:\/\/aivlisoft.net\/shop\/#website\"},\"primaryImageOfPage\":{\"@id\":\"https:\/\/aivlisoft.net\/shop\/producto\/tp-link-ls1005g-switch-5xgb\/#primaryimage\"},\"image\":{\"@id\":\"https:\/\/aivlisoft.net\/shop\/producto\/tp-link-ls1005g-switch-5xgb\/#primaryimage\"},\"thumbnailUrl\":\"https:\/\/aivlisoft.net\/shop\/wp-content\/uploads\/2025\/01\/NSWSSO0254_800.jpg\",\"datePublished\":\"2025-01-13T15:51:07+00:00\",\"dateModified\":\"2025-01-14T11:54:49+00:00\",\"breadcrumb\":{\"@id\":\"https:\/\/aivlisoft.net\/shop\/producto\/tp-link-ls1005g-switch-5xgb\/#breadcrumb\"},\"inLanguage\":\"es\",\"potentialAction\":[{\"@type\":\"ReadAction\",\"target\":[\"https:\/\/aivlisoft.net\/shop\/producto\/tp-link-ls1005g-switch-5xgb\/\"]}]},{\"@type\":\"ImageObject\",\"inLanguage\":\"es\",\"@id\":\"https:\/\/aivlisoft.net\/shop\/producto\/tp-link-ls1005g-switch-5xgb\/#primaryimage\",\"url\":\"https:\/\/aivlisoft.net\/shop\/wp-content\/uploads\/2025\/01\/NSWSSO0254_800.jpg\",\"contentUrl\":\"https:\/\/aivlisoft.net\/shop\/wp-content\/uploads\/2025\/01\/NSWSSO0254_800.jpg\",\"width\":800,\"height\":800},{\"@type\":\"BreadcrumbList\",\"@id\":\"https:\/\/aivlisoft.net\/shop\/producto\/tp-link-ls1005g-switch-5xgb\/#breadcrumb\",\"itemListElement\":[{\"@type\":\"ListItem\",\"position\":1,\"name\":\"Portada\",\"item\":\"https:\/\/aivlisoft.net\/shop\/\"},{\"@type\":\"ListItem\",\"position\":2,\"name\":\"Tienda\",\"item\":\"https:\/\/aivlisoft.net\/shop\/tienda\/\"},{\"@type\":\"ListItem\",\"position\":3,\"name\":\"TP-LINK LS1005G Switch 5xGB\"}]},{\"@type\":\"WebSite\",\"@id\":\"https:\/\/aivlisoft.net\/shop\/#website\",\"url\":\"https:\/\/aivlisoft.net\/shop\/\",\"name\":\"Aivlisoft Inform\u00e1tica\",\"description\":\"En Aivlisoft Inform\u00e1tica ofrecemos soluciones tecnol\u00f3gicas para empresas: venta de ordenadores, consumibles, perif\u00e9ricos y m\u00e1s. Calidad, atenci\u00f3n personalizada y los mejores precios para tu negocio.\",\"publisher\":{\"@id\":\"https:\/\/aivlisoft.net\/shop\/#organization\"},\"potentialAction\":[{\"@type\":\"SearchAction\",\"target\":{\"@type\":\"EntryPoint\",\"urlTemplate\":\"https:\/\/aivlisoft.net\/shop\/?s={search_term_string}\"},\"query-input\":{\"@type\":\"PropertyValueSpecification\",\"valueRequired\":true,\"valueName\":\"search_term_string\"}}],\"inLanguage\":\"es\"},{\"@type\":\"Organization\",\"@id\":\"https:\/\/aivlisoft.net\/shop\/#organization\",\"name\":\"Aivlisoft Inform\u00e1tica\",\"url\":\"https:\/\/aivlisoft.net\/shop\/\",\"logo\":{\"@type\":\"ImageObject\",\"inLanguage\":\"es\",\"@id\":\"https:\/\/aivlisoft.net\/shop\/#\/schema\/logo\/image\/\",\"url\":\"https:\/\/aivlisoft.net\/shop\/wp-content\/uploads\/2024\/12\/removal.ai_5b848c54-0cdf-4140-95c5-c5536bb7573b-logodef.png\",\"contentUrl\":\"https:\/\/aivlisoft.net\/shop\/wp-content\/uploads\/2024\/12\/removal.ai_5b848c54-0cdf-4140-95c5-c5536bb7573b-logodef.png\",\"width\":484,\"height\":182,\"caption\":\"Aivlisoft Inform\u00e1tica\"},\"image\":{\"@id\":\"https:\/\/aivlisoft.net\/shop\/#\/schema\/logo\/image\/\"}}]}<\/script>\n<!-- \/ Yoast SEO plugin. -->","yoast_head_json":{"title":"TP-LINK LS1005G Switch 5xGB - Aivlisoft Inform\u00e1tica","robots":{"index":"index","follow":"follow","max-snippet":"max-snippet:-1","max-image-preview":"max-image-preview:large","max-video-preview":"max-video-preview:-1"},"canonical":"https:\/\/aivlisoft.net\/shop\/producto\/tp-link-ls1005g-switch-5xgb\/","og_locale":"es_ES","og_type":"article","og_title":"TP-LINK LS1005G Switch 5xGB - Aivlisoft Inform\u00e1tica","og_description":"Marca TP-Link Modelo LS1005G Caracter&iacute;sticas de Hardware Est&aacute;ndares y Protocolos &nbsp;&nbsp; &nbsp;&#8211; IEEE 802.3i\/802.3u\/ 802.3ab\/802.3xInterfaz &nbsp;&nbsp; &nbsp;&#8211; Puertos 5 &times; 10\/100 \/ 1000Mbps, negociaci&oacute;n autom&aacute;tica, Auto-MDI \/ MDIXCantidad de Ventiladores &nbsp;&nbsp; &nbsp;&#8211; Sin ventiladorFuente de Alimentaci&oacute;n &nbsp;&nbsp; &nbsp;&#8211; Adaptador de corriente externo (salida: 5VDC \/ 0.6A)Dimensiones &nbsp;&nbsp; &nbsp;&#8211; 90 &times; 72 &times; 23 mmConsumo de&hellip;&nbsp;TP-LINK LS1005G Switch 5xGB","og_url":"https:\/\/aivlisoft.net\/shop\/producto\/tp-link-ls1005g-switch-5xgb\/","og_site_name":"Aivlisoft Inform\u00e1tica","article_modified_time":"2025-01-14T11:54:49+00:00","og_image":[{"width":800,"height":800,"url":"https:\/\/aivlisoft.net\/shop\/wp-content\/uploads\/2025\/01\/NSWSSO0254_800.jpg","type":"image\/jpeg"}],"twitter_card":"summary_large_image","twitter_misc":{"Tiempo de lectura":"1 minuto"},"schema":{"@context":"https:\/\/schema.org","@graph":[{"@type":"WebPage","@id":"https:\/\/aivlisoft.net\/shop\/producto\/tp-link-ls1005g-switch-5xgb\/","url":"https:\/\/aivlisoft.net\/shop\/producto\/tp-link-ls1005g-switch-5xgb\/","name":"TP-LINK LS1005G Switch 5xGB - Aivlisoft Inform\u00e1tica","isPartOf":{"@id":"https:\/\/aivlisoft.net\/shop\/#website"},"primaryImageOfPage":{"@id":"https:\/\/aivlisoft.net\/shop\/producto\/tp-link-ls1005g-switch-5xgb\/#primaryimage"},"image":{"@id":"https:\/\/aivlisoft.net\/shop\/producto\/tp-link-ls1005g-switch-5xgb\/#primaryimage"},"thumbnailUrl":"https:\/\/aivlisoft.net\/shop\/wp-content\/uploads\/2025\/01\/NSWSSO0254_800.jpg","datePublished":"2025-01-13T15:51:07+00:00","dateModified":"2025-01-14T11:54:49+00:00","breadcrumb":{"@id":"https:\/\/aivlisoft.net\/shop\/producto\/tp-link-ls1005g-switch-5xgb\/#breadcrumb"},"inLanguage":"es","potentialAction":[{"@type":"ReadAction","target":["https:\/\/aivlisoft.net\/shop\/producto\/tp-link-ls1005g-switch-5xgb\/"]}]},{"@type":"ImageObject","inLanguage":"es","@id":"https:\/\/aivlisoft.net\/shop\/producto\/tp-link-ls1005g-switch-5xgb\/#primaryimage","url":"https:\/\/aivlisoft.net\/shop\/wp-content\/uploads\/2025\/01\/NSWSSO0254_800.jpg","contentUrl":"https:\/\/aivlisoft.net\/shop\/wp-content\/uploads\/2025\/01\/NSWSSO0254_800.jpg","width":800,"height":800},{"@type":"BreadcrumbList","@id":"https:\/\/aivlisoft.net\/shop\/producto\/tp-link-ls1005g-switch-5xgb\/#breadcrumb","itemListElement":[{"@type":"ListItem","position":1,"name":"Portada","item":"https:\/\/aivlisoft.net\/shop\/"},{"@type":"ListItem","position":2,"name":"Tienda","item":"https:\/\/aivlisoft.net\/shop\/tienda\/"},{"@type":"ListItem","position":3,"name":"TP-LINK LS1005G Switch 5xGB"}]},{"@type":"WebSite","@id":"https:\/\/aivlisoft.net\/shop\/#website","url":"https:\/\/aivlisoft.net\/shop\/","name":"Aivlisoft Inform\u00e1tica","description":"En Aivlisoft Inform\u00e1tica ofrecemos soluciones tecnol\u00f3gicas para empresas: venta de ordenadores, consumibles, perif\u00e9ricos y m\u00e1s. Calidad, atenci\u00f3n personalizada y los mejores precios para tu negocio.","publisher":{"@id":"https:\/\/aivlisoft.net\/shop\/#organization"},"potentialAction":[{"@type":"SearchAction","target":{"@type":"EntryPoint","urlTemplate":"https:\/\/aivlisoft.net\/shop\/?s={search_term_string}"},"query-input":{"@type":"PropertyValueSpecification","valueRequired":true,"valueName":"search_term_string"}}],"inLanguage":"es"},{"@type":"Organization","@id":"https:\/\/aivlisoft.net\/shop\/#organization","name":"Aivlisoft Inform\u00e1tica","url":"https:\/\/aivlisoft.net\/shop\/","logo":{"@type":"ImageObject","inLanguage":"es","@id":"https:\/\/aivlisoft.net\/shop\/#\/schema\/logo\/image\/","url":"https:\/\/aivlisoft.net\/shop\/wp-content\/uploads\/2024\/12\/removal.ai_5b848c54-0cdf-4140-95c5-c5536bb7573b-logodef.png","contentUrl":"https:\/\/aivlisoft.net\/shop\/wp-content\/uploads\/2024\/12\/removal.ai_5b848c54-0cdf-4140-95c5-c5536bb7573b-logodef.png","width":484,"height":182,"caption":"Aivlisoft Inform\u00e1tica"},"image":{"@id":"https:\/\/aivlisoft.net\/shop\/#\/schema\/logo\/image\/"}}]}},"_links":{"self":[{"href":"https:\/\/aivlisoft.net\/shop\/wp-json\/wp\/v2\/product\/21188","targetHints":{"allow":["GET"]}}],"collection":[{"href":"https:\/\/aivlisoft.net\/shop\/wp-json\/wp\/v2\/product"}],"about":[{"href":"https:\/\/aivlisoft.net\/shop\/wp-json\/wp\/v2\/types\/product"}],"wp:featuredmedia":[{"embeddable":true,"href":"https:\/\/aivlisoft.net\/shop\/wp-json\/wp\/v2\/media\/21189"}],"wp:attachment":[{"href":"https:\/\/aivlisoft.net\/shop\/wp-json\/wp\/v2\/media?parent=21188"}],"wp:term":[{"taxonomy":"product_brand","embeddable":true,"href":"https:\/\/aivlisoft.net\/shop\/wp-json\/wp\/v2\/product_brand?post=21188"},{"taxonomy":"product_cat","embeddable":true,"href":"https:\/\/aivlisoft.net\/shop\/wp-json\/wp\/v2\/product_cat?post=21188"},{"taxonomy":"product_tag","embeddable":true,"href":"https:\/\/aivlisoft.net\/shop\/wp-json\/wp\/v2\/product_tag?post=21188"}],"curies":[{"name":"wp","href":"https:\/\/api.w.org\/{rel}","templated":true}]}}