{"id":21184,"date":"2025-01-13T15:51:05","date_gmt":"2025-01-13T15:51:05","guid":{"rendered":"https:\/\/aivlisoft.com\/?post_type=product&#038;p=21184"},"modified":"2025-01-14T11:54:49","modified_gmt":"2025-01-14T11:54:49","slug":"tp-link-tl-sg116e-switch-16xgb-metal","status":"publish","type":"product","link":"https:\/\/aivlisoft.net\/shop\/producto\/tp-link-tl-sg116e-switch-16xgb-metal\/","title":{"rendered":"TP-LINK TL-SG116E Switch 16xGB Metal"},"content":{"rendered":"<p><strong><\/strong><strong><\/strong><strong>Switch Gigabit Unmanaged Pro de 16 puertos<\/strong><\/p>\n<p>&#8211; 16 puertos RJ45 de 10\/100 \/ 1000Mbps<br \/>&#8211; Plug and play, sin necesidad de configuraci&oacute;n<br \/>&#8211; Carcasa met&aacute;lica duradera de calidad superior y aspecto profesional.<br \/>&#8211; Gesti&oacute;n inteligente a trav&eacute;s de una interfaz de usuario web y utilidad descargable.<br \/>&#8211; La tecnolog&iacute;a verde reduce el consumo de energ&iacute;a.<\/p>\n<table class=\"tabla_caracteristicas k-table\" width=\"100%\">\n<tbody>\n<tr>\n<td><strong>Marca<\/strong><\/td>\n<td>TP-LINK<\/td>\n<\/tr>\n<tr>\n<td valign=\"top\"><strong>Modelo<\/strong><\/td>\n<td><strong>TL-SG116E<\/strong><\/td>\n<\/tr>\n<tr>\n<td><strong>Caracter&iacute;sticas de Hardware<\/strong><\/td>\n<td><strong><\/strong><strong>Normas y Protocolos<\/strong><br \/>&#8211; IEEE 802.3i, IEEE 802.3u, IEEE 802.3ab, IEEE 802.3x, IEEE 802.1q, IEEE 802.1p<br \/><strong>Interfaz<\/strong><br \/>&#8211; 16 puertos RJ45 de 10\/100 \/ 1000Mbps<br \/>&#8211; Negociaci&oacute;n AUTO \/ AUTO MDI \/ MDIX<br \/><strong>Medios de red<\/strong><br \/>&#8211; 10BASE-T: cable UTP categor&iacute;a 3, 4, 5 (m&aacute;ximo 100 m)<br \/>&#8211; EIA \/ TIA-568 100&Omega; STP (m&aacute;ximo 100m)<br \/>&#8211; 100BASE-TX: cable UTP categor&iacute;a 5, 5e (m&aacute;ximo 100m)<br \/>&#8211; EIA \/ TIA-568 100&Omega; STP (m&aacute;ximo 100m)<br \/>&#8211; 1000BASE-T: cable UTP de categor&iacute;a 5, 5e, 6 o superior (m&aacute;ximo 100 m)<br \/>&#8211; EIA \/ TIA-568 100&Omega; STP (m&aacute;ximo 100m)<br \/><strong>Cantidad de ventiladores<\/strong><br \/>&#8211; sin ventilador<br \/><strong>Fuente de alimentaci&oacute;n<\/strong><br \/>&#8211; Adaptador de alimentaci&oacute;n externa (Salida: 9VDC \/ 0.6A)<br \/><strong>El consumo de energ&iacute;a<\/strong><br \/>&#8211; M&aacute;ximo: 9.3 W<br \/><strong>Dimensiones<\/strong><br \/>&#8211; 286 x 111.7 x 25.4 mm<br \/><strong>Consumo m&aacute;ximo de energ&iacute;a<\/strong><br \/>&#8211; 9.19W (220V \/ 50Hz)<br \/><strong>Disipaci&oacute;n de calor m&aacute;xima 3<\/strong><br \/>&#8211; 1.36BTU \/ h<\/td>\n<\/tr>\n<tr>\n<td valign=\"top\"><strong>Rendimiento<\/strong><\/td>\n<td><strong><\/strong><strong>Capacidad de conmutaci&oacute;n<\/strong><br \/>&#8211; 32Gbps<br \/><strong>Tasa de reenv&iacute;o de paquetes<\/strong><br \/>&#8211; 23.81Mpps<br \/><strong>Tabla de direcciones MAC<\/strong><br \/>&#8211; 8K<br \/><strong>Memoria b&uacute;fer de paquetes<\/strong><br \/>&#8211; 4.1Mb<br \/><strong>Marco jumbo<\/strong><br \/>&#8211; 9KB<\/td>\n<\/tr>\n<tr>\n<td valign=\"top\"><strong>Caracter&iacute;sticas de Software<\/strong><\/td>\n<td><strong><\/strong><strong><\/strong><strong>Calidad de servicio<\/strong><br \/>&#8211; Soporte basado en puerto \/ 802.1p \/ prioridad DSCP<br \/>&#8211; Soporte 4 colas de prioridad<br \/>&#8211; L&iacute;mite de tarifa<br \/>&#8211; Control de tormentas<br \/><strong>Caracter&iacute;sticas de l2<\/strong><br \/>&#8211; IGMP Snooping V1 \/ V2 \/ V3<br \/>&#8211; Agregaci&oacute;n de enlaces est&aacute;ticos<br \/>&#8211; Port Mirroring<br \/>&#8211; Diagn&oacute;stico de cables<br \/>&#8211; Prevenci&oacute;n de bucles<br \/><strong>VLAN<\/strong><br \/>&#8211; Admite hasta 32 VLAN simult&aacute;neamente (de 4K ID de VLAN)<br \/>&#8211; MTU \/ Puerto \/ Etiqueta VLAN<br \/><strong>M&eacute;todo de transmisi&oacute;n<\/strong><br \/>&#8211; Almacenamiento y reenvio<\/td>\n<\/tr>\n<tr>\n<td valign=\"top\"><strong>Otros<\/strong><\/td>\n<td><strong><\/strong><strong>Certificaciones<\/strong><br \/>&#8211; FCC, RoHS<br \/><strong>Contenidos del paquete<\/strong><br \/>&#8211; TL-SG116E<br \/>&#8211; Cable de alimentaci&oacute;n<br \/>&#8211; Gu&iacute;a de instalaci&oacute;n<br \/>&#8211; Patas de goma<br \/><strong>Requisitos del sistema<\/strong><br \/>&#8211; Microsoft&reg; Windows&reg; para ejecutar la utilidad<br \/><strong>Factores ambientales<\/strong><br \/>&#8211; Temperatura de funcionamiento: 0&ordm;C ~ 40&ordm;C<br \/>&#8211; Temperatura de almacenamiento: -40&ordm;C ~ 70&ordm;C<br \/>&#8211; Humedad de funcionamiento: 10% ~ 90% sin condensaci&oacute;n<br \/>&#8211; Humedad de almacenamiento: 5% ~ 90% sin condensaci&oacute;n<\/td>\n<\/tr>\n<tr>\n<td><strong>Fecha de revisi&oacute;n<\/strong><\/td>\n<td>14-06-2019 por AVN<\/td>\n<\/tr>\n<\/tbody>\n<\/table>\n","protected":false},"excerpt":{"rendered":"<p>Switch Gigabit Unmanaged Pro de 16 puertos &#8211; 16 puertos RJ45 de 10\/100 \/ 1000Mbps&#8211; Plug and play, sin necesidad de configuraci&oacute;n&#8211; Carcasa met&aacute;lica duradera de calidad superior y aspecto profesional.&#8211; Gesti&oacute;n inteligente a trav&eacute;s de una interfaz de usuario web y utilidad descargable.&#8211; La tecnolog&iacute;a verde reduce el consumo de energ&iacute;a. Marca TP-LINK Modelo&hellip;&nbsp;<a href=\"https:\/\/aivlisoft.net\/shop\/producto\/tp-link-tl-sg116e-switch-16xgb-metal\/\" rel=\"bookmark\"><span class=\"screen-reader-text\">TP-LINK TL-SG116E Switch 16xGB Metal<\/span><\/a><\/p>\n","protected":false},"featured_media":21185,"template":"","meta":{"neve_meta_sidebar":"","neve_meta_container":"","neve_meta_enable_content_width":"","neve_meta_content_width":0,"neve_meta_title_alignment":"","neve_meta_author_avatar":"","neve_post_elements_order":"","neve_meta_disable_header":"","neve_meta_disable_footer":"","neve_meta_disable_title":""},"product_brand":[],"product_cat":[8773],"product_tag":[7505],"class_list":{"0":"post-21184","1":"product","2":"type-product","3":"status-publish","4":"has-post-thumbnail","6":"product_cat-switches-sobremesa","7":"product_tag-tl-sg116e","9":"first","10":"instock","11":"taxable","12":"shipping-taxable","13":"purchasable","14":"product-type-simple"},"yoast_head":"<!-- This site is optimized with the Yoast SEO plugin v26.0 - https:\/\/yoast.com\/wordpress\/plugins\/seo\/ -->\n<title>TP-LINK TL-SG116E Switch 16xGB Metal - Aivlisoft Inform\u00e1tica<\/title>\n<meta name=\"robots\" content=\"index, follow, max-snippet:-1, max-image-preview:large, max-video-preview:-1\" \/>\n<link rel=\"canonical\" href=\"https:\/\/aivlisoft.net\/shop\/producto\/tp-link-tl-sg116e-switch-16xgb-metal\/\" \/>\n<meta property=\"og:locale\" content=\"es_ES\" \/>\n<meta property=\"og:type\" content=\"article\" \/>\n<meta property=\"og:title\" content=\"TP-LINK TL-SG116E Switch 16xGB Metal - Aivlisoft Inform\u00e1tica\" \/>\n<meta property=\"og:description\" content=\"Switch Gigabit Unmanaged Pro de 16 puertos &#8211; 16 puertos RJ45 de 10\/100 \/ 1000Mbps&#8211; Plug and play, sin necesidad de configuraci&oacute;n&#8211; Carcasa met&aacute;lica duradera de calidad superior y aspecto profesional.&#8211; Gesti&oacute;n inteligente a trav&eacute;s de una interfaz de usuario web y utilidad descargable.&#8211; La tecnolog&iacute;a verde reduce el consumo de energ&iacute;a. Marca TP-LINK Modelo&hellip;&nbsp;TP-LINK TL-SG116E Switch 16xGB Metal\" \/>\n<meta property=\"og:url\" content=\"https:\/\/aivlisoft.net\/shop\/producto\/tp-link-tl-sg116e-switch-16xgb-metal\/\" \/>\n<meta property=\"og:site_name\" content=\"Aivlisoft Inform\u00e1tica\" \/>\n<meta property=\"article:modified_time\" content=\"2025-01-14T11:54:49+00:00\" \/>\n<meta property=\"og:image\" content=\"https:\/\/aivlisoft.net\/shop\/wp-content\/uploads\/2025\/01\/NSWSSO0248_800.jpg\" \/>\n\t<meta property=\"og:image:width\" content=\"800\" \/>\n\t<meta property=\"og:image:height\" content=\"800\" \/>\n\t<meta property=\"og:image:type\" content=\"image\/jpeg\" \/>\n<meta name=\"twitter:card\" content=\"summary_large_image\" \/>\n<meta name=\"twitter:label1\" content=\"Tiempo de lectura\" \/>\n\t<meta name=\"twitter:data1\" content=\"2 minutos\" \/>\n<script type=\"application\/ld+json\" class=\"yoast-schema-graph\">{\"@context\":\"https:\/\/schema.org\",\"@graph\":[{\"@type\":\"WebPage\",\"@id\":\"https:\/\/aivlisoft.net\/shop\/producto\/tp-link-tl-sg116e-switch-16xgb-metal\/\",\"url\":\"https:\/\/aivlisoft.net\/shop\/producto\/tp-link-tl-sg116e-switch-16xgb-metal\/\",\"name\":\"TP-LINK TL-SG116E Switch 16xGB Metal - Aivlisoft Inform\u00e1tica\",\"isPartOf\":{\"@id\":\"https:\/\/aivlisoft.net\/shop\/#website\"},\"primaryImageOfPage\":{\"@id\":\"https:\/\/aivlisoft.net\/shop\/producto\/tp-link-tl-sg116e-switch-16xgb-metal\/#primaryimage\"},\"image\":{\"@id\":\"https:\/\/aivlisoft.net\/shop\/producto\/tp-link-tl-sg116e-switch-16xgb-metal\/#primaryimage\"},\"thumbnailUrl\":\"https:\/\/aivlisoft.net\/shop\/wp-content\/uploads\/2025\/01\/NSWSSO0248_800.jpg\",\"datePublished\":\"2025-01-13T15:51:05+00:00\",\"dateModified\":\"2025-01-14T11:54:49+00:00\",\"breadcrumb\":{\"@id\":\"https:\/\/aivlisoft.net\/shop\/producto\/tp-link-tl-sg116e-switch-16xgb-metal\/#breadcrumb\"},\"inLanguage\":\"es\",\"potentialAction\":[{\"@type\":\"ReadAction\",\"target\":[\"https:\/\/aivlisoft.net\/shop\/producto\/tp-link-tl-sg116e-switch-16xgb-metal\/\"]}]},{\"@type\":\"ImageObject\",\"inLanguage\":\"es\",\"@id\":\"https:\/\/aivlisoft.net\/shop\/producto\/tp-link-tl-sg116e-switch-16xgb-metal\/#primaryimage\",\"url\":\"https:\/\/aivlisoft.net\/shop\/wp-content\/uploads\/2025\/01\/NSWSSO0248_800.jpg\",\"contentUrl\":\"https:\/\/aivlisoft.net\/shop\/wp-content\/uploads\/2025\/01\/NSWSSO0248_800.jpg\",\"width\":800,\"height\":800},{\"@type\":\"BreadcrumbList\",\"@id\":\"https:\/\/aivlisoft.net\/shop\/producto\/tp-link-tl-sg116e-switch-16xgb-metal\/#breadcrumb\",\"itemListElement\":[{\"@type\":\"ListItem\",\"position\":1,\"name\":\"Portada\",\"item\":\"https:\/\/aivlisoft.net\/shop\/\"},{\"@type\":\"ListItem\",\"position\":2,\"name\":\"Tienda\",\"item\":\"https:\/\/aivlisoft.net\/shop\/tienda\/\"},{\"@type\":\"ListItem\",\"position\":3,\"name\":\"TP-LINK TL-SG116E Switch 16xGB Metal\"}]},{\"@type\":\"WebSite\",\"@id\":\"https:\/\/aivlisoft.net\/shop\/#website\",\"url\":\"https:\/\/aivlisoft.net\/shop\/\",\"name\":\"Aivlisoft Inform\u00e1tica\",\"description\":\"En Aivlisoft Inform\u00e1tica ofrecemos soluciones tecnol\u00f3gicas para empresas: venta de ordenadores, consumibles, perif\u00e9ricos y m\u00e1s. Calidad, atenci\u00f3n personalizada y los mejores precios para tu negocio.\",\"publisher\":{\"@id\":\"https:\/\/aivlisoft.net\/shop\/#organization\"},\"potentialAction\":[{\"@type\":\"SearchAction\",\"target\":{\"@type\":\"EntryPoint\",\"urlTemplate\":\"https:\/\/aivlisoft.net\/shop\/?s={search_term_string}\"},\"query-input\":{\"@type\":\"PropertyValueSpecification\",\"valueRequired\":true,\"valueName\":\"search_term_string\"}}],\"inLanguage\":\"es\"},{\"@type\":\"Organization\",\"@id\":\"https:\/\/aivlisoft.net\/shop\/#organization\",\"name\":\"Aivlisoft Inform\u00e1tica\",\"url\":\"https:\/\/aivlisoft.net\/shop\/\",\"logo\":{\"@type\":\"ImageObject\",\"inLanguage\":\"es\",\"@id\":\"https:\/\/aivlisoft.net\/shop\/#\/schema\/logo\/image\/\",\"url\":\"https:\/\/aivlisoft.net\/shop\/wp-content\/uploads\/2024\/12\/removal.ai_5b848c54-0cdf-4140-95c5-c5536bb7573b-logodef.png\",\"contentUrl\":\"https:\/\/aivlisoft.net\/shop\/wp-content\/uploads\/2024\/12\/removal.ai_5b848c54-0cdf-4140-95c5-c5536bb7573b-logodef.png\",\"width\":484,\"height\":182,\"caption\":\"Aivlisoft Inform\u00e1tica\"},\"image\":{\"@id\":\"https:\/\/aivlisoft.net\/shop\/#\/schema\/logo\/image\/\"}}]}<\/script>\n<!-- \/ Yoast SEO plugin. -->","yoast_head_json":{"title":"TP-LINK TL-SG116E Switch 16xGB Metal - Aivlisoft Inform\u00e1tica","robots":{"index":"index","follow":"follow","max-snippet":"max-snippet:-1","max-image-preview":"max-image-preview:large","max-video-preview":"max-video-preview:-1"},"canonical":"https:\/\/aivlisoft.net\/shop\/producto\/tp-link-tl-sg116e-switch-16xgb-metal\/","og_locale":"es_ES","og_type":"article","og_title":"TP-LINK TL-SG116E Switch 16xGB Metal - Aivlisoft Inform\u00e1tica","og_description":"Switch Gigabit Unmanaged Pro de 16 puertos &#8211; 16 puertos RJ45 de 10\/100 \/ 1000Mbps&#8211; Plug and play, sin necesidad de configuraci&oacute;n&#8211; Carcasa met&aacute;lica duradera de calidad superior y aspecto profesional.&#8211; Gesti&oacute;n inteligente a trav&eacute;s de una interfaz de usuario web y utilidad descargable.&#8211; La tecnolog&iacute;a verde reduce el consumo de energ&iacute;a. Marca TP-LINK Modelo&hellip;&nbsp;TP-LINK TL-SG116E Switch 16xGB Metal","og_url":"https:\/\/aivlisoft.net\/shop\/producto\/tp-link-tl-sg116e-switch-16xgb-metal\/","og_site_name":"Aivlisoft Inform\u00e1tica","article_modified_time":"2025-01-14T11:54:49+00:00","og_image":[{"width":800,"height":800,"url":"https:\/\/aivlisoft.net\/shop\/wp-content\/uploads\/2025\/01\/NSWSSO0248_800.jpg","type":"image\/jpeg"}],"twitter_card":"summary_large_image","twitter_misc":{"Tiempo de lectura":"2 minutos"},"schema":{"@context":"https:\/\/schema.org","@graph":[{"@type":"WebPage","@id":"https:\/\/aivlisoft.net\/shop\/producto\/tp-link-tl-sg116e-switch-16xgb-metal\/","url":"https:\/\/aivlisoft.net\/shop\/producto\/tp-link-tl-sg116e-switch-16xgb-metal\/","name":"TP-LINK TL-SG116E Switch 16xGB Metal - Aivlisoft Inform\u00e1tica","isPartOf":{"@id":"https:\/\/aivlisoft.net\/shop\/#website"},"primaryImageOfPage":{"@id":"https:\/\/aivlisoft.net\/shop\/producto\/tp-link-tl-sg116e-switch-16xgb-metal\/#primaryimage"},"image":{"@id":"https:\/\/aivlisoft.net\/shop\/producto\/tp-link-tl-sg116e-switch-16xgb-metal\/#primaryimage"},"thumbnailUrl":"https:\/\/aivlisoft.net\/shop\/wp-content\/uploads\/2025\/01\/NSWSSO0248_800.jpg","datePublished":"2025-01-13T15:51:05+00:00","dateModified":"2025-01-14T11:54:49+00:00","breadcrumb":{"@id":"https:\/\/aivlisoft.net\/shop\/producto\/tp-link-tl-sg116e-switch-16xgb-metal\/#breadcrumb"},"inLanguage":"es","potentialAction":[{"@type":"ReadAction","target":["https:\/\/aivlisoft.net\/shop\/producto\/tp-link-tl-sg116e-switch-16xgb-metal\/"]}]},{"@type":"ImageObject","inLanguage":"es","@id":"https:\/\/aivlisoft.net\/shop\/producto\/tp-link-tl-sg116e-switch-16xgb-metal\/#primaryimage","url":"https:\/\/aivlisoft.net\/shop\/wp-content\/uploads\/2025\/01\/NSWSSO0248_800.jpg","contentUrl":"https:\/\/aivlisoft.net\/shop\/wp-content\/uploads\/2025\/01\/NSWSSO0248_800.jpg","width":800,"height":800},{"@type":"BreadcrumbList","@id":"https:\/\/aivlisoft.net\/shop\/producto\/tp-link-tl-sg116e-switch-16xgb-metal\/#breadcrumb","itemListElement":[{"@type":"ListItem","position":1,"name":"Portada","item":"https:\/\/aivlisoft.net\/shop\/"},{"@type":"ListItem","position":2,"name":"Tienda","item":"https:\/\/aivlisoft.net\/shop\/tienda\/"},{"@type":"ListItem","position":3,"name":"TP-LINK TL-SG116E Switch 16xGB Metal"}]},{"@type":"WebSite","@id":"https:\/\/aivlisoft.net\/shop\/#website","url":"https:\/\/aivlisoft.net\/shop\/","name":"Aivlisoft Inform\u00e1tica","description":"En Aivlisoft Inform\u00e1tica ofrecemos soluciones tecnol\u00f3gicas para empresas: venta de ordenadores, consumibles, perif\u00e9ricos y m\u00e1s. Calidad, atenci\u00f3n personalizada y los mejores precios para tu negocio.","publisher":{"@id":"https:\/\/aivlisoft.net\/shop\/#organization"},"potentialAction":[{"@type":"SearchAction","target":{"@type":"EntryPoint","urlTemplate":"https:\/\/aivlisoft.net\/shop\/?s={search_term_string}"},"query-input":{"@type":"PropertyValueSpecification","valueRequired":true,"valueName":"search_term_string"}}],"inLanguage":"es"},{"@type":"Organization","@id":"https:\/\/aivlisoft.net\/shop\/#organization","name":"Aivlisoft Inform\u00e1tica","url":"https:\/\/aivlisoft.net\/shop\/","logo":{"@type":"ImageObject","inLanguage":"es","@id":"https:\/\/aivlisoft.net\/shop\/#\/schema\/logo\/image\/","url":"https:\/\/aivlisoft.net\/shop\/wp-content\/uploads\/2024\/12\/removal.ai_5b848c54-0cdf-4140-95c5-c5536bb7573b-logodef.png","contentUrl":"https:\/\/aivlisoft.net\/shop\/wp-content\/uploads\/2024\/12\/removal.ai_5b848c54-0cdf-4140-95c5-c5536bb7573b-logodef.png","width":484,"height":182,"caption":"Aivlisoft Inform\u00e1tica"},"image":{"@id":"https:\/\/aivlisoft.net\/shop\/#\/schema\/logo\/image\/"}}]}},"_links":{"self":[{"href":"https:\/\/aivlisoft.net\/shop\/wp-json\/wp\/v2\/product\/21184","targetHints":{"allow":["GET"]}}],"collection":[{"href":"https:\/\/aivlisoft.net\/shop\/wp-json\/wp\/v2\/product"}],"about":[{"href":"https:\/\/aivlisoft.net\/shop\/wp-json\/wp\/v2\/types\/product"}],"wp:featuredmedia":[{"embeddable":true,"href":"https:\/\/aivlisoft.net\/shop\/wp-json\/wp\/v2\/media\/21185"}],"wp:attachment":[{"href":"https:\/\/aivlisoft.net\/shop\/wp-json\/wp\/v2\/media?parent=21184"}],"wp:term":[{"taxonomy":"product_brand","embeddable":true,"href":"https:\/\/aivlisoft.net\/shop\/wp-json\/wp\/v2\/product_brand?post=21184"},{"taxonomy":"product_cat","embeddable":true,"href":"https:\/\/aivlisoft.net\/shop\/wp-json\/wp\/v2\/product_cat?post=21184"},{"taxonomy":"product_tag","embeddable":true,"href":"https:\/\/aivlisoft.net\/shop\/wp-json\/wp\/v2\/product_tag?post=21184"}],"curies":[{"name":"wp","href":"https:\/\/api.w.org\/{rel}","templated":true}]}}