{"id":21140,"date":"2025-01-13T15:50:40","date_gmt":"2025-01-13T15:50:40","guid":{"rendered":"https:\/\/aivlisoft.com\/?post_type=product&#038;p=21140"},"modified":"2025-01-14T11:54:36","modified_gmt":"2025-01-14T11:54:36","slug":"d-link-dgs-1005p-switch-5xgb-4xpoe","status":"publish","type":"product","link":"https:\/\/aivlisoft.net\/shop\/producto\/d-link-dgs-1005p-switch-5xgb-4xpoe\/","title":{"rendered":"D-Link DGS-1005P Switch 5xGB 4xPoE"},"content":{"rendered":"<p><\/p>\n<table class=\"tabla_caracteristicas k-table\" width=\"100%\">\n<tbody>\n<tr>\n<td valign=\"top\"><strong>Marca<\/strong><\/td>\n<td>D-Link<\/td>\n<\/tr>\n<tr>\n<td valign=\"top\"><strong>Modelo<\/strong><\/td>\n<td><strong>DGS-1005P<\/strong><\/td>\n<\/tr>\n<tr>\n<td valign=\"top\">\n<div><strong>Caracter&iacute;sticas <\/strong><\/div>\n<div><strong><br type=\"_moz\" \/><\/strong><\/div>\n<\/td>\n<td><strong>Interfaces<\/strong><br \/>&#8211; 5 x Puertos 10\/100\/1000BASE-T<br \/>&#8211; Intercambio de interfaz de medios: ajuste autom&aacute;tico de MDI \/ MDI-X en todos los puertos<br \/><strong>Est&aacute;ndares<\/strong><br \/>&#8211; IEEE 802.3 10BASE-T Ethernet (cobre de par trenzado)<br \/>&#8211; Fast Ethernet IEEE 802.3u 100BASE-TX (cobre de par trenzado)<br \/>&#8211; Gigabit Ethernet IEEE 802.3ab 1000BASE-T<br \/>&#8211; Control de flujo IEEE 802.3x<br \/>&#8211; IEEE 802.1p QoS<br \/>&#8211; ANSI \/ IEEE 802.3 NWay autonegociaci&oacute;n<br \/><strong>Actuaci&oacute;n<\/strong><br \/>&#8211; Tejido de conmutaci&oacute;n: 10 Gbps<br \/>&#8211; M&eacute;todo de transmisi&oacute;n: Store-and-forward<br \/>&#8211; Tasas de transferencia de datos: Gigabit Ethernet: 2000 Mbps (full-duplex)<br \/>&nbsp; Fast Ethernet: 100 Mbps (semid&uacute;plex), 200 Mbps (d&uacute;plex completo)<br \/>&nbsp; Ethernet: 10 Mbps (semid&uacute;plex), 20 Mbps (d&uacute;plex completo)<br \/>&#8211; Tasas de filtrado \/ reenv&iacute;o de paquetes: 7.44 Mpps<br \/>&#8211; Tabla de direcciones MAC: 2 entradas por dispositivo<br \/>&#8211; Memoria intermedia RAM: 64 KB por dispositivo<br \/><strong>PoE<\/strong><br \/>&#8211; Est&aacute;ndares PoE: IEEE 802.3af IEEE 802.3at<br \/>&#8211; Puertos con capacidad PoE: Puertos 1 a 4<br \/>&#8211; Presupuesto de potencia: 60 W (30 W m&aacute;x. Por puerto PoE)<br \/><strong>F&iacute;sico<\/strong><br \/>&#8211; LED: potencia \/ PoE m&aacute;x. (Por unidad), potencia \/ estado (por puerto), actividad \/ enlace y velocidad (por puerto)<br \/>&#8211; Peso: 0.26 kg (9.17 oz)<br \/>&#8211; Dimensiones: 100 x 98 x 28 mm (3.94 x 3.86 x 1.10 in)<br \/>&#8211; Entrada de CC: adaptador de alimentaci&oacute;n externo de 53,5 V \/ 1,2 A<br \/>&#8211; Consumo de energ&iacute;a: 64.5 W m&aacute;ximo (PoE encendido)<br \/>&nbsp; 3.08 W m&aacute;ximo (PoE desactivado)<br \/>&nbsp; 0.54 W (en espera)<br \/>&#8211; Temperatura: funcionamiento: 0 a 40 ?C (32 a 104 ?F)<br \/>&nbsp; Almacenamiento: -10 a 70 ?C (-40 a 158 ?F)<br \/>&#8211; Humedad: funcionamiento: 0% a 95% HR sin condensaci&oacute;n<br \/>&nbsp; Almacenamiento: 0% a 95% HR sin condensaci&oacute;n<br \/><strong>Certificaciones<\/strong><br \/>&#8211; Seguridad: cUL, CB, LVD, BSMI<br \/>&#8211; EMI \/ EMC: CE, BSMI, FCC, VCCI, RCM<\/td>\n<\/tr>\n<tr>\n<td valign=\"top\"><strong>Fecha de revisi&oacute;n<\/strong><\/td>\n<td>17-09-2018 por MSB<\/td>\n<\/tr>\n<\/tbody>\n<\/table>\n","protected":false},"excerpt":{"rendered":"<p>Marca D-Link Modelo DGS-1005P Caracter&iacute;sticas Interfaces&#8211; 5 x Puertos 10\/100\/1000BASE-T&#8211; Intercambio de interfaz de medios: ajuste autom&aacute;tico de MDI \/ MDI-X en todos los puertosEst&aacute;ndares&#8211; IEEE 802.3 10BASE-T Ethernet (cobre de par trenzado)&#8211; Fast Ethernet IEEE 802.3u 100BASE-TX (cobre de par trenzado)&#8211; Gigabit Ethernet IEEE 802.3ab 1000BASE-T&#8211; Control de flujo IEEE 802.3x&#8211; IEEE 802.1p QoS&#8211;&hellip;&nbsp;<a href=\"https:\/\/aivlisoft.net\/shop\/producto\/d-link-dgs-1005p-switch-5xgb-4xpoe\/\" rel=\"bookmark\"><span class=\"screen-reader-text\">D-Link DGS-1005P Switch 5xGB 4xPoE<\/span><\/a><\/p>\n","protected":false},"featured_media":21141,"template":"","meta":{"neve_meta_sidebar":"","neve_meta_container":"","neve_meta_enable_content_width":"","neve_meta_content_width":0,"neve_meta_title_alignment":"","neve_meta_author_avatar":"","neve_post_elements_order":"","neve_meta_disable_header":"","neve_meta_disable_footer":"","neve_meta_disable_title":""},"product_brand":[],"product_cat":[8773],"product_tag":[7495],"class_list":{"0":"post-21140","1":"product","2":"type-product","3":"status-publish","4":"has-post-thumbnail","6":"product_cat-switches-sobremesa","7":"product_tag-dgs-1005p","9":"first","10":"instock","11":"taxable","12":"shipping-taxable","13":"purchasable","14":"product-type-simple"},"yoast_head":"<!-- This site is optimized with the Yoast SEO plugin v26.0 - https:\/\/yoast.com\/wordpress\/plugins\/seo\/ -->\n<title>D-Link DGS-1005P Switch 5xGB 4xPoE - Aivlisoft Inform\u00e1tica<\/title>\n<meta name=\"robots\" content=\"index, follow, max-snippet:-1, max-image-preview:large, max-video-preview:-1\" \/>\n<link rel=\"canonical\" href=\"https:\/\/aivlisoft.net\/shop\/producto\/d-link-dgs-1005p-switch-5xgb-4xpoe\/\" \/>\n<meta property=\"og:locale\" content=\"es_ES\" \/>\n<meta property=\"og:type\" content=\"article\" \/>\n<meta property=\"og:title\" content=\"D-Link DGS-1005P Switch 5xGB 4xPoE - Aivlisoft Inform\u00e1tica\" \/>\n<meta property=\"og:description\" content=\"Marca D-Link Modelo DGS-1005P Caracter&iacute;sticas Interfaces&#8211; 5 x Puertos 10\/100\/1000BASE-T&#8211; Intercambio de interfaz de medios: ajuste autom&aacute;tico de MDI \/ MDI-X en todos los puertosEst&aacute;ndares&#8211; IEEE 802.3 10BASE-T Ethernet (cobre de par trenzado)&#8211; Fast Ethernet IEEE 802.3u 100BASE-TX (cobre de par trenzado)&#8211; Gigabit Ethernet IEEE 802.3ab 1000BASE-T&#8211; Control de flujo IEEE 802.3x&#8211; IEEE 802.1p QoS&#8211;&hellip;&nbsp;D-Link DGS-1005P Switch 5xGB 4xPoE\" \/>\n<meta property=\"og:url\" content=\"https:\/\/aivlisoft.net\/shop\/producto\/d-link-dgs-1005p-switch-5xgb-4xpoe\/\" \/>\n<meta property=\"og:site_name\" content=\"Aivlisoft Inform\u00e1tica\" \/>\n<meta property=\"article:modified_time\" content=\"2025-01-14T11:54:36+00:00\" \/>\n<meta property=\"og:image\" content=\"https:\/\/aivlisoft.net\/shop\/wp-content\/uploads\/2025\/01\/NSWSSO0230_800.jpg\" \/>\n\t<meta property=\"og:image:width\" content=\"800\" \/>\n\t<meta property=\"og:image:height\" content=\"800\" \/>\n\t<meta property=\"og:image:type\" content=\"image\/jpeg\" \/>\n<meta name=\"twitter:card\" content=\"summary_large_image\" \/>\n<meta name=\"twitter:label1\" content=\"Tiempo de lectura\" \/>\n\t<meta name=\"twitter:data1\" content=\"1 minuto\" \/>\n<script type=\"application\/ld+json\" class=\"yoast-schema-graph\">{\"@context\":\"https:\/\/schema.org\",\"@graph\":[{\"@type\":\"WebPage\",\"@id\":\"https:\/\/aivlisoft.net\/shop\/producto\/d-link-dgs-1005p-switch-5xgb-4xpoe\/\",\"url\":\"https:\/\/aivlisoft.net\/shop\/producto\/d-link-dgs-1005p-switch-5xgb-4xpoe\/\",\"name\":\"D-Link DGS-1005P Switch 5xGB 4xPoE - Aivlisoft Inform\u00e1tica\",\"isPartOf\":{\"@id\":\"https:\/\/aivlisoft.net\/shop\/#website\"},\"primaryImageOfPage\":{\"@id\":\"https:\/\/aivlisoft.net\/shop\/producto\/d-link-dgs-1005p-switch-5xgb-4xpoe\/#primaryimage\"},\"image\":{\"@id\":\"https:\/\/aivlisoft.net\/shop\/producto\/d-link-dgs-1005p-switch-5xgb-4xpoe\/#primaryimage\"},\"thumbnailUrl\":\"https:\/\/aivlisoft.net\/shop\/wp-content\/uploads\/2025\/01\/NSWSSO0230_800.jpg\",\"datePublished\":\"2025-01-13T15:50:40+00:00\",\"dateModified\":\"2025-01-14T11:54:36+00:00\",\"breadcrumb\":{\"@id\":\"https:\/\/aivlisoft.net\/shop\/producto\/d-link-dgs-1005p-switch-5xgb-4xpoe\/#breadcrumb\"},\"inLanguage\":\"es\",\"potentialAction\":[{\"@type\":\"ReadAction\",\"target\":[\"https:\/\/aivlisoft.net\/shop\/producto\/d-link-dgs-1005p-switch-5xgb-4xpoe\/\"]}]},{\"@type\":\"ImageObject\",\"inLanguage\":\"es\",\"@id\":\"https:\/\/aivlisoft.net\/shop\/producto\/d-link-dgs-1005p-switch-5xgb-4xpoe\/#primaryimage\",\"url\":\"https:\/\/aivlisoft.net\/shop\/wp-content\/uploads\/2025\/01\/NSWSSO0230_800.jpg\",\"contentUrl\":\"https:\/\/aivlisoft.net\/shop\/wp-content\/uploads\/2025\/01\/NSWSSO0230_800.jpg\",\"width\":800,\"height\":800},{\"@type\":\"BreadcrumbList\",\"@id\":\"https:\/\/aivlisoft.net\/shop\/producto\/d-link-dgs-1005p-switch-5xgb-4xpoe\/#breadcrumb\",\"itemListElement\":[{\"@type\":\"ListItem\",\"position\":1,\"name\":\"Portada\",\"item\":\"https:\/\/aivlisoft.net\/shop\/\"},{\"@type\":\"ListItem\",\"position\":2,\"name\":\"Tienda\",\"item\":\"https:\/\/aivlisoft.net\/shop\/tienda\/\"},{\"@type\":\"ListItem\",\"position\":3,\"name\":\"D-Link DGS-1005P Switch 5xGB 4xPoE\"}]},{\"@type\":\"WebSite\",\"@id\":\"https:\/\/aivlisoft.net\/shop\/#website\",\"url\":\"https:\/\/aivlisoft.net\/shop\/\",\"name\":\"Aivlisoft Inform\u00e1tica\",\"description\":\"En Aivlisoft Inform\u00e1tica ofrecemos soluciones tecnol\u00f3gicas para empresas: venta de ordenadores, consumibles, perif\u00e9ricos y m\u00e1s. Calidad, atenci\u00f3n personalizada y los mejores precios para tu negocio.\",\"publisher\":{\"@id\":\"https:\/\/aivlisoft.net\/shop\/#organization\"},\"potentialAction\":[{\"@type\":\"SearchAction\",\"target\":{\"@type\":\"EntryPoint\",\"urlTemplate\":\"https:\/\/aivlisoft.net\/shop\/?s={search_term_string}\"},\"query-input\":{\"@type\":\"PropertyValueSpecification\",\"valueRequired\":true,\"valueName\":\"search_term_string\"}}],\"inLanguage\":\"es\"},{\"@type\":\"Organization\",\"@id\":\"https:\/\/aivlisoft.net\/shop\/#organization\",\"name\":\"Aivlisoft Inform\u00e1tica\",\"url\":\"https:\/\/aivlisoft.net\/shop\/\",\"logo\":{\"@type\":\"ImageObject\",\"inLanguage\":\"es\",\"@id\":\"https:\/\/aivlisoft.net\/shop\/#\/schema\/logo\/image\/\",\"url\":\"https:\/\/aivlisoft.net\/shop\/wp-content\/uploads\/2024\/12\/removal.ai_5b848c54-0cdf-4140-95c5-c5536bb7573b-logodef.png\",\"contentUrl\":\"https:\/\/aivlisoft.net\/shop\/wp-content\/uploads\/2024\/12\/removal.ai_5b848c54-0cdf-4140-95c5-c5536bb7573b-logodef.png\",\"width\":484,\"height\":182,\"caption\":\"Aivlisoft Inform\u00e1tica\"},\"image\":{\"@id\":\"https:\/\/aivlisoft.net\/shop\/#\/schema\/logo\/image\/\"}}]}<\/script>\n<!-- \/ Yoast SEO plugin. -->","yoast_head_json":{"title":"D-Link DGS-1005P Switch 5xGB 4xPoE - Aivlisoft Inform\u00e1tica","robots":{"index":"index","follow":"follow","max-snippet":"max-snippet:-1","max-image-preview":"max-image-preview:large","max-video-preview":"max-video-preview:-1"},"canonical":"https:\/\/aivlisoft.net\/shop\/producto\/d-link-dgs-1005p-switch-5xgb-4xpoe\/","og_locale":"es_ES","og_type":"article","og_title":"D-Link DGS-1005P Switch 5xGB 4xPoE - Aivlisoft Inform\u00e1tica","og_description":"Marca D-Link Modelo DGS-1005P Caracter&iacute;sticas Interfaces&#8211; 5 x Puertos 10\/100\/1000BASE-T&#8211; Intercambio de interfaz de medios: ajuste autom&aacute;tico de MDI \/ MDI-X en todos los puertosEst&aacute;ndares&#8211; IEEE 802.3 10BASE-T Ethernet (cobre de par trenzado)&#8211; Fast Ethernet IEEE 802.3u 100BASE-TX (cobre de par trenzado)&#8211; Gigabit Ethernet IEEE 802.3ab 1000BASE-T&#8211; Control de flujo IEEE 802.3x&#8211; IEEE 802.1p QoS&#8211;&hellip;&nbsp;D-Link DGS-1005P Switch 5xGB 4xPoE","og_url":"https:\/\/aivlisoft.net\/shop\/producto\/d-link-dgs-1005p-switch-5xgb-4xpoe\/","og_site_name":"Aivlisoft Inform\u00e1tica","article_modified_time":"2025-01-14T11:54:36+00:00","og_image":[{"width":800,"height":800,"url":"https:\/\/aivlisoft.net\/shop\/wp-content\/uploads\/2025\/01\/NSWSSO0230_800.jpg","type":"image\/jpeg"}],"twitter_card":"summary_large_image","twitter_misc":{"Tiempo de lectura":"1 minuto"},"schema":{"@context":"https:\/\/schema.org","@graph":[{"@type":"WebPage","@id":"https:\/\/aivlisoft.net\/shop\/producto\/d-link-dgs-1005p-switch-5xgb-4xpoe\/","url":"https:\/\/aivlisoft.net\/shop\/producto\/d-link-dgs-1005p-switch-5xgb-4xpoe\/","name":"D-Link DGS-1005P Switch 5xGB 4xPoE - Aivlisoft Inform\u00e1tica","isPartOf":{"@id":"https:\/\/aivlisoft.net\/shop\/#website"},"primaryImageOfPage":{"@id":"https:\/\/aivlisoft.net\/shop\/producto\/d-link-dgs-1005p-switch-5xgb-4xpoe\/#primaryimage"},"image":{"@id":"https:\/\/aivlisoft.net\/shop\/producto\/d-link-dgs-1005p-switch-5xgb-4xpoe\/#primaryimage"},"thumbnailUrl":"https:\/\/aivlisoft.net\/shop\/wp-content\/uploads\/2025\/01\/NSWSSO0230_800.jpg","datePublished":"2025-01-13T15:50:40+00:00","dateModified":"2025-01-14T11:54:36+00:00","breadcrumb":{"@id":"https:\/\/aivlisoft.net\/shop\/producto\/d-link-dgs-1005p-switch-5xgb-4xpoe\/#breadcrumb"},"inLanguage":"es","potentialAction":[{"@type":"ReadAction","target":["https:\/\/aivlisoft.net\/shop\/producto\/d-link-dgs-1005p-switch-5xgb-4xpoe\/"]}]},{"@type":"ImageObject","inLanguage":"es","@id":"https:\/\/aivlisoft.net\/shop\/producto\/d-link-dgs-1005p-switch-5xgb-4xpoe\/#primaryimage","url":"https:\/\/aivlisoft.net\/shop\/wp-content\/uploads\/2025\/01\/NSWSSO0230_800.jpg","contentUrl":"https:\/\/aivlisoft.net\/shop\/wp-content\/uploads\/2025\/01\/NSWSSO0230_800.jpg","width":800,"height":800},{"@type":"BreadcrumbList","@id":"https:\/\/aivlisoft.net\/shop\/producto\/d-link-dgs-1005p-switch-5xgb-4xpoe\/#breadcrumb","itemListElement":[{"@type":"ListItem","position":1,"name":"Portada","item":"https:\/\/aivlisoft.net\/shop\/"},{"@type":"ListItem","position":2,"name":"Tienda","item":"https:\/\/aivlisoft.net\/shop\/tienda\/"},{"@type":"ListItem","position":3,"name":"D-Link DGS-1005P Switch 5xGB 4xPoE"}]},{"@type":"WebSite","@id":"https:\/\/aivlisoft.net\/shop\/#website","url":"https:\/\/aivlisoft.net\/shop\/","name":"Aivlisoft Inform\u00e1tica","description":"En Aivlisoft Inform\u00e1tica ofrecemos soluciones tecnol\u00f3gicas para empresas: venta de ordenadores, consumibles, perif\u00e9ricos y m\u00e1s. Calidad, atenci\u00f3n personalizada y los mejores precios para tu negocio.","publisher":{"@id":"https:\/\/aivlisoft.net\/shop\/#organization"},"potentialAction":[{"@type":"SearchAction","target":{"@type":"EntryPoint","urlTemplate":"https:\/\/aivlisoft.net\/shop\/?s={search_term_string}"},"query-input":{"@type":"PropertyValueSpecification","valueRequired":true,"valueName":"search_term_string"}}],"inLanguage":"es"},{"@type":"Organization","@id":"https:\/\/aivlisoft.net\/shop\/#organization","name":"Aivlisoft Inform\u00e1tica","url":"https:\/\/aivlisoft.net\/shop\/","logo":{"@type":"ImageObject","inLanguage":"es","@id":"https:\/\/aivlisoft.net\/shop\/#\/schema\/logo\/image\/","url":"https:\/\/aivlisoft.net\/shop\/wp-content\/uploads\/2024\/12\/removal.ai_5b848c54-0cdf-4140-95c5-c5536bb7573b-logodef.png","contentUrl":"https:\/\/aivlisoft.net\/shop\/wp-content\/uploads\/2024\/12\/removal.ai_5b848c54-0cdf-4140-95c5-c5536bb7573b-logodef.png","width":484,"height":182,"caption":"Aivlisoft Inform\u00e1tica"},"image":{"@id":"https:\/\/aivlisoft.net\/shop\/#\/schema\/logo\/image\/"}}]}},"_links":{"self":[{"href":"https:\/\/aivlisoft.net\/shop\/wp-json\/wp\/v2\/product\/21140","targetHints":{"allow":["GET"]}}],"collection":[{"href":"https:\/\/aivlisoft.net\/shop\/wp-json\/wp\/v2\/product"}],"about":[{"href":"https:\/\/aivlisoft.net\/shop\/wp-json\/wp\/v2\/types\/product"}],"wp:featuredmedia":[{"embeddable":true,"href":"https:\/\/aivlisoft.net\/shop\/wp-json\/wp\/v2\/media\/21141"}],"wp:attachment":[{"href":"https:\/\/aivlisoft.net\/shop\/wp-json\/wp\/v2\/media?parent=21140"}],"wp:term":[{"taxonomy":"product_brand","embeddable":true,"href":"https:\/\/aivlisoft.net\/shop\/wp-json\/wp\/v2\/product_brand?post=21140"},{"taxonomy":"product_cat","embeddable":true,"href":"https:\/\/aivlisoft.net\/shop\/wp-json\/wp\/v2\/product_cat?post=21140"},{"taxonomy":"product_tag","embeddable":true,"href":"https:\/\/aivlisoft.net\/shop\/wp-json\/wp\/v2\/product_tag?post=21140"}],"curies":[{"name":"wp","href":"https:\/\/api.w.org\/{rel}","templated":true}]}}