{"id":21128,"date":"2025-01-13T15:50:33","date_gmt":"2025-01-13T15:50:33","guid":{"rendered":"https:\/\/aivlisoft.com\/?post_type=product&#038;p=21128"},"modified":"2025-01-14T11:54:34","modified_gmt":"2025-01-14T11:54:34","slug":"d-link-des-1005p-switch-5x10-100mbps-1xpoe","status":"publish","type":"product","link":"https:\/\/aivlisoft.net\/shop\/producto\/d-link-des-1005p-switch-5x10-100mbps-1xpoe\/","title":{"rendered":"D-Link DES-1005P Switch 5&#215;10\/100Mbps 1xPoE"},"content":{"rendered":"<p><\/p>\n<table class=\"tabla_caracteristicas k-table\" width=\"100%\">\n<tbody>\n<tr>\n<td><strong>Marca<\/strong><\/td>\n<td>D-Link<\/td>\n<\/tr>\n<tr>\n<td><strong>Modelo<\/strong><\/td>\n<td><strong>DES-1005P<\/strong><\/td>\n<\/tr>\n<tr>\n<td valign=\"top\"><strong>Caracter&iacute;sticas<\/strong><\/td>\n<td>\n<div><\/div>\n<p>&#8211; 5 x Fast Ethernet de 10\/100 Mbps con un puerto habilitado para PoE<br \/>&#8211; Crossover MDI \/ MDIX autom&aacute;tico para todos los puertos<br \/>&#8211; Esquema de conmutaci&oacute;n Store-and-forward<br \/>&#8211; Full \/ half-duplex para Ethernet \/ Fast<br \/>&#8211; Velocidades Ethernet<br \/>&#8211; Control de flujo IEEE 802.3x<br \/>&#8211; Instalaci&oacute;n Plug-and-play<br \/>&#8211; Tecnolog&iacute;a verde D-Link incorporada<br \/>&#8211; RoHS<br \/>&#8211; IEEE 802.1p QoS (4 colas, modo estricto)<br \/><strong>Capacidad de conmutaci&oacute;n<\/strong><br \/>&#8211; 1 Gbps<br \/><strong>Est&aacute;ndares<\/strong><br \/>&#8211; IEEE 802.3 10BASE-T Ethernet<br \/>&#8211; Fast Ethernet IEEE 802.3u 100BASE-TX<br \/>&#8211; Negociaci&oacute;n autom&aacute;tica ANSI \/ IEEE 802.3 NWay<br \/>&#8211; Control de flujo IEEE 802.3x<br \/>&#8211; IEEE 802.1p QoS<br \/><strong>Caracter&iacute;sticas de PoE<\/strong><br \/>&#8211; Compatible con IEEE 802.3af<br \/>&#8211; Suministra potencia a PD: hasta 15.4 vatios<br \/>&#8211; Presupuesto total de PoE: 15.4 vatios<br \/>&#8211; Recuento de puertos PoE \/ Vatios medios de PoE<br \/><strong>Tasas de transferencia de datos<\/strong><br \/>&#8211; Ethernet:<br \/>&nbsp; 10 Mbps (semid&uacute;plex)<br \/>&nbsp; 20 Mbps (full duplex)<br \/>&#8211; Fast Ethernet:<br \/>&nbsp; 100 Mbps (semid&uacute;plex)<br \/>&nbsp; 200 Mbps (d&uacute;plex completo)<br \/><strong>Topolog&iacute;a<\/strong><br \/>&#8211; Estrella<br \/><strong>Intercambio de interfaz de medios<\/strong><br \/>&#8211; Ajuste autom&aacute;tico MDI \/ MDIX para todos los puertos<br \/><strong>Cables de red<\/strong><br \/>&#8211; 10BASE-T<br \/>&nbsp; UTP CAT 3\/4\/5 \/ 5e (100 m m&aacute;x.)<br \/>&nbsp; EIA \/ TIA-586 STP de 100 ohmios (100 m m&aacute;x.)<br \/>&#8211; 100BASE-TX<br \/>&nbsp; UTP CAT 5 \/ 5e (100 m m&aacute;x.)<br \/>&nbsp; EIA \/ TIA-568 100-ohm STP (100 m m&aacute;x.)<br \/><strong>Indicadores LED<\/strong><br \/>&#8211; Por puerto: Enlace \/ Actividad \/ Velocidad \/ Estado de PoE<br \/>&#8211; Por dispositivo: potencia \/ PoE Max<br \/><strong>M&eacute;todo de transmisi&oacute;n<\/strong><br \/>&#8211; Almacenamiento y reenvio<br \/><strong>Tabla de direcciones MAC<\/strong><br \/>&#8211; 2K entradas por dispositivo<br \/><strong>Aprendizaje de direcciones MAC<\/strong><br \/>&#8211; Actualizaci&oacute;n autom&aacute;tica<br \/><strong>Tarifas de filtrado \/ reenv&iacute;o de paquetes<\/strong><br \/>&#8211; Ethernet: 14.880 pps por puerto<br \/>&#8211; Fast Ethernet: 148.800 pps por puerto<br \/><strong>Buffer de RAM<\/strong><br \/>&#8211; 64 KBytes por dispositivo<br \/><strong>El consumo de energ&iacute;a<\/strong><br \/>&#8211; Encendido (en espera):<br \/>&nbsp; Entrada de CC: 0.9 vatios<br \/>&nbsp; Entrada de CA: 1.8 vatios<br \/>&#8211; M&aacute;ximo (PoE desactivado)<br \/>&nbsp; Entrada DC: 2.05 vatios<br \/>&nbsp; Entrada de CA: 2.7 vatios<br \/>&#8211; M&aacute;ximo (PoE activado)<br \/>&nbsp; Entrada de CC: 17,29 vatios<br \/>&nbsp; Entrada de CA: 20.2 vatios<br \/><strong>Adaptador de corriente<\/strong><br \/>&#8211; Conmutaci&oacute;n del adaptador de alimentaci&oacute;n de nivel V de 48 V \/ 0,5 A<br \/><strong>Otras<\/strong><br \/>&#8211; MTBF: 324,616 horas<br \/>&#8211; Temperatura de funcionamiento: 0 a 40 ?C (32 a 104 ?F)<br \/>&#8211; Temperatura de almacenamiento: &#8211; -40 a 70 ?C (104 a 158 ?F)<br \/>&#8211; Humedad de funcionamiento: &#8211; 0% a 95% de humedad relativa sin condensaci&oacute;n<br \/>&#8211; Humedad de almacenamiento: &#8211; 0% a 95% HR sin condensaci&oacute;n<br \/>&#8211; Dimensiones del dispositivo (ancho x fondo x alto): &#8211; 140 x 85 x 28 mm<br \/><strong>Certificaciones<\/strong><br \/>&#8211; Clase B de la FCC<br \/>&#8211; ICES-003 Clase B<br \/>&#8211; cUL<\/td>\n<\/tr>\n<tr>\n<td><strong>Fecha Revisi&oacute;n<\/strong><\/td>\n<td>15-02-2018 por MSB<\/td>\n<\/tr>\n<\/tbody>\n<\/table>\n","protected":false},"excerpt":{"rendered":"<p>Marca D-Link Modelo DES-1005P Caracter&iacute;sticas &#8211; 5 x Fast Ethernet de 10\/100 Mbps con un puerto habilitado para PoE&#8211; Crossover MDI \/ MDIX autom&aacute;tico para todos los puertos&#8211; Esquema de conmutaci&oacute;n Store-and-forward&#8211; Full \/ half-duplex para Ethernet \/ Fast&#8211; Velocidades Ethernet&#8211; Control de flujo IEEE 802.3x&#8211; Instalaci&oacute;n Plug-and-play&#8211; Tecnolog&iacute;a verde D-Link incorporada&#8211; RoHS&#8211; IEEE 802.1p&hellip;&nbsp;<a href=\"https:\/\/aivlisoft.net\/shop\/producto\/d-link-des-1005p-switch-5x10-100mbps-1xpoe\/\" rel=\"bookmark\"><span class=\"screen-reader-text\">D-Link DES-1005P Switch 5&#215;10\/100Mbps 1xPoE<\/span><\/a><\/p>\n","protected":false},"featured_media":21129,"template":"","meta":{"neve_meta_sidebar":"","neve_meta_container":"","neve_meta_enable_content_width":"","neve_meta_content_width":0,"neve_meta_title_alignment":"","neve_meta_author_avatar":"","neve_post_elements_order":"","neve_meta_disable_header":"","neve_meta_disable_footer":"","neve_meta_disable_title":""},"product_brand":[],"product_cat":[8773],"product_tag":[7492],"class_list":{"0":"post-21128","1":"product","2":"type-product","3":"status-publish","4":"has-post-thumbnail","6":"product_cat-switches-sobremesa","7":"product_tag-des-1005p","9":"first","10":"instock","11":"taxable","12":"shipping-taxable","13":"purchasable","14":"product-type-simple"},"yoast_head":"<!-- This site is optimized with the Yoast SEO plugin v26.0 - https:\/\/yoast.com\/wordpress\/plugins\/seo\/ -->\n<title>D-Link DES-1005P Switch 5x10\/100Mbps 1xPoE - Aivlisoft Inform\u00e1tica<\/title>\n<meta name=\"robots\" content=\"index, follow, max-snippet:-1, max-image-preview:large, max-video-preview:-1\" \/>\n<link rel=\"canonical\" href=\"https:\/\/aivlisoft.net\/shop\/producto\/d-link-des-1005p-switch-5x10-100mbps-1xpoe\/\" \/>\n<meta property=\"og:locale\" content=\"es_ES\" \/>\n<meta property=\"og:type\" content=\"article\" \/>\n<meta property=\"og:title\" content=\"D-Link DES-1005P Switch 5x10\/100Mbps 1xPoE - Aivlisoft Inform\u00e1tica\" \/>\n<meta property=\"og:description\" content=\"Marca D-Link Modelo DES-1005P Caracter&iacute;sticas &#8211; 5 x Fast Ethernet de 10\/100 Mbps con un puerto habilitado para PoE&#8211; Crossover MDI \/ MDIX autom&aacute;tico para todos los puertos&#8211; Esquema de conmutaci&oacute;n Store-and-forward&#8211; Full \/ half-duplex para Ethernet \/ Fast&#8211; Velocidades Ethernet&#8211; Control de flujo IEEE 802.3x&#8211; Instalaci&oacute;n Plug-and-play&#8211; Tecnolog&iacute;a verde D-Link incorporada&#8211; RoHS&#8211; IEEE 802.1p&hellip;&nbsp;D-Link DES-1005P Switch 5&#215;10\/100Mbps 1xPoE\" \/>\n<meta property=\"og:url\" content=\"https:\/\/aivlisoft.net\/shop\/producto\/d-link-des-1005p-switch-5x10-100mbps-1xpoe\/\" \/>\n<meta property=\"og:site_name\" content=\"Aivlisoft Inform\u00e1tica\" \/>\n<meta property=\"article:modified_time\" content=\"2025-01-14T11:54:34+00:00\" \/>\n<meta property=\"og:image\" content=\"https:\/\/aivlisoft.net\/shop\/wp-content\/uploads\/2025\/01\/NSWSSO0215_800.jpg\" \/>\n\t<meta property=\"og:image:width\" content=\"800\" \/>\n\t<meta property=\"og:image:height\" content=\"800\" \/>\n\t<meta property=\"og:image:type\" content=\"image\/jpeg\" \/>\n<meta name=\"twitter:card\" content=\"summary_large_image\" \/>\n<meta name=\"twitter:label1\" content=\"Tiempo de lectura\" \/>\n\t<meta name=\"twitter:data1\" content=\"2 minutos\" \/>\n<script type=\"application\/ld+json\" class=\"yoast-schema-graph\">{\"@context\":\"https:\/\/schema.org\",\"@graph\":[{\"@type\":\"WebPage\",\"@id\":\"https:\/\/aivlisoft.net\/shop\/producto\/d-link-des-1005p-switch-5x10-100mbps-1xpoe\/\",\"url\":\"https:\/\/aivlisoft.net\/shop\/producto\/d-link-des-1005p-switch-5x10-100mbps-1xpoe\/\",\"name\":\"D-Link DES-1005P Switch 5x10\/100Mbps 1xPoE - Aivlisoft Inform\u00e1tica\",\"isPartOf\":{\"@id\":\"https:\/\/aivlisoft.net\/shop\/#website\"},\"primaryImageOfPage\":{\"@id\":\"https:\/\/aivlisoft.net\/shop\/producto\/d-link-des-1005p-switch-5x10-100mbps-1xpoe\/#primaryimage\"},\"image\":{\"@id\":\"https:\/\/aivlisoft.net\/shop\/producto\/d-link-des-1005p-switch-5x10-100mbps-1xpoe\/#primaryimage\"},\"thumbnailUrl\":\"https:\/\/aivlisoft.net\/shop\/wp-content\/uploads\/2025\/01\/NSWSSO0215_800.jpg\",\"datePublished\":\"2025-01-13T15:50:33+00:00\",\"dateModified\":\"2025-01-14T11:54:34+00:00\",\"breadcrumb\":{\"@id\":\"https:\/\/aivlisoft.net\/shop\/producto\/d-link-des-1005p-switch-5x10-100mbps-1xpoe\/#breadcrumb\"},\"inLanguage\":\"es\",\"potentialAction\":[{\"@type\":\"ReadAction\",\"target\":[\"https:\/\/aivlisoft.net\/shop\/producto\/d-link-des-1005p-switch-5x10-100mbps-1xpoe\/\"]}]},{\"@type\":\"ImageObject\",\"inLanguage\":\"es\",\"@id\":\"https:\/\/aivlisoft.net\/shop\/producto\/d-link-des-1005p-switch-5x10-100mbps-1xpoe\/#primaryimage\",\"url\":\"https:\/\/aivlisoft.net\/shop\/wp-content\/uploads\/2025\/01\/NSWSSO0215_800.jpg\",\"contentUrl\":\"https:\/\/aivlisoft.net\/shop\/wp-content\/uploads\/2025\/01\/NSWSSO0215_800.jpg\",\"width\":800,\"height\":800},{\"@type\":\"BreadcrumbList\",\"@id\":\"https:\/\/aivlisoft.net\/shop\/producto\/d-link-des-1005p-switch-5x10-100mbps-1xpoe\/#breadcrumb\",\"itemListElement\":[{\"@type\":\"ListItem\",\"position\":1,\"name\":\"Portada\",\"item\":\"https:\/\/aivlisoft.net\/shop\/\"},{\"@type\":\"ListItem\",\"position\":2,\"name\":\"Tienda\",\"item\":\"https:\/\/aivlisoft.net\/shop\/tienda\/\"},{\"@type\":\"ListItem\",\"position\":3,\"name\":\"D-Link DES-1005P Switch 5&#215;10\/100Mbps 1xPoE\"}]},{\"@type\":\"WebSite\",\"@id\":\"https:\/\/aivlisoft.net\/shop\/#website\",\"url\":\"https:\/\/aivlisoft.net\/shop\/\",\"name\":\"Aivlisoft Inform\u00e1tica\",\"description\":\"En Aivlisoft Inform\u00e1tica ofrecemos soluciones tecnol\u00f3gicas para empresas: venta de ordenadores, consumibles, perif\u00e9ricos y m\u00e1s. Calidad, atenci\u00f3n personalizada y los mejores precios para tu negocio.\",\"publisher\":{\"@id\":\"https:\/\/aivlisoft.net\/shop\/#organization\"},\"potentialAction\":[{\"@type\":\"SearchAction\",\"target\":{\"@type\":\"EntryPoint\",\"urlTemplate\":\"https:\/\/aivlisoft.net\/shop\/?s={search_term_string}\"},\"query-input\":{\"@type\":\"PropertyValueSpecification\",\"valueRequired\":true,\"valueName\":\"search_term_string\"}}],\"inLanguage\":\"es\"},{\"@type\":\"Organization\",\"@id\":\"https:\/\/aivlisoft.net\/shop\/#organization\",\"name\":\"Aivlisoft Inform\u00e1tica\",\"url\":\"https:\/\/aivlisoft.net\/shop\/\",\"logo\":{\"@type\":\"ImageObject\",\"inLanguage\":\"es\",\"@id\":\"https:\/\/aivlisoft.net\/shop\/#\/schema\/logo\/image\/\",\"url\":\"https:\/\/aivlisoft.net\/shop\/wp-content\/uploads\/2024\/12\/removal.ai_5b848c54-0cdf-4140-95c5-c5536bb7573b-logodef.png\",\"contentUrl\":\"https:\/\/aivlisoft.net\/shop\/wp-content\/uploads\/2024\/12\/removal.ai_5b848c54-0cdf-4140-95c5-c5536bb7573b-logodef.png\",\"width\":484,\"height\":182,\"caption\":\"Aivlisoft Inform\u00e1tica\"},\"image\":{\"@id\":\"https:\/\/aivlisoft.net\/shop\/#\/schema\/logo\/image\/\"}}]}<\/script>\n<!-- \/ Yoast SEO plugin. -->","yoast_head_json":{"title":"D-Link DES-1005P Switch 5x10\/100Mbps 1xPoE - Aivlisoft Inform\u00e1tica","robots":{"index":"index","follow":"follow","max-snippet":"max-snippet:-1","max-image-preview":"max-image-preview:large","max-video-preview":"max-video-preview:-1"},"canonical":"https:\/\/aivlisoft.net\/shop\/producto\/d-link-des-1005p-switch-5x10-100mbps-1xpoe\/","og_locale":"es_ES","og_type":"article","og_title":"D-Link DES-1005P Switch 5x10\/100Mbps 1xPoE - Aivlisoft Inform\u00e1tica","og_description":"Marca D-Link Modelo DES-1005P Caracter&iacute;sticas &#8211; 5 x Fast Ethernet de 10\/100 Mbps con un puerto habilitado para PoE&#8211; Crossover MDI \/ MDIX autom&aacute;tico para todos los puertos&#8211; Esquema de conmutaci&oacute;n Store-and-forward&#8211; Full \/ half-duplex para Ethernet \/ Fast&#8211; Velocidades Ethernet&#8211; Control de flujo IEEE 802.3x&#8211; Instalaci&oacute;n Plug-and-play&#8211; Tecnolog&iacute;a verde D-Link incorporada&#8211; RoHS&#8211; IEEE 802.1p&hellip;&nbsp;D-Link DES-1005P Switch 5&#215;10\/100Mbps 1xPoE","og_url":"https:\/\/aivlisoft.net\/shop\/producto\/d-link-des-1005p-switch-5x10-100mbps-1xpoe\/","og_site_name":"Aivlisoft Inform\u00e1tica","article_modified_time":"2025-01-14T11:54:34+00:00","og_image":[{"width":800,"height":800,"url":"https:\/\/aivlisoft.net\/shop\/wp-content\/uploads\/2025\/01\/NSWSSO0215_800.jpg","type":"image\/jpeg"}],"twitter_card":"summary_large_image","twitter_misc":{"Tiempo de lectura":"2 minutos"},"schema":{"@context":"https:\/\/schema.org","@graph":[{"@type":"WebPage","@id":"https:\/\/aivlisoft.net\/shop\/producto\/d-link-des-1005p-switch-5x10-100mbps-1xpoe\/","url":"https:\/\/aivlisoft.net\/shop\/producto\/d-link-des-1005p-switch-5x10-100mbps-1xpoe\/","name":"D-Link DES-1005P Switch 5x10\/100Mbps 1xPoE - Aivlisoft Inform\u00e1tica","isPartOf":{"@id":"https:\/\/aivlisoft.net\/shop\/#website"},"primaryImageOfPage":{"@id":"https:\/\/aivlisoft.net\/shop\/producto\/d-link-des-1005p-switch-5x10-100mbps-1xpoe\/#primaryimage"},"image":{"@id":"https:\/\/aivlisoft.net\/shop\/producto\/d-link-des-1005p-switch-5x10-100mbps-1xpoe\/#primaryimage"},"thumbnailUrl":"https:\/\/aivlisoft.net\/shop\/wp-content\/uploads\/2025\/01\/NSWSSO0215_800.jpg","datePublished":"2025-01-13T15:50:33+00:00","dateModified":"2025-01-14T11:54:34+00:00","breadcrumb":{"@id":"https:\/\/aivlisoft.net\/shop\/producto\/d-link-des-1005p-switch-5x10-100mbps-1xpoe\/#breadcrumb"},"inLanguage":"es","potentialAction":[{"@type":"ReadAction","target":["https:\/\/aivlisoft.net\/shop\/producto\/d-link-des-1005p-switch-5x10-100mbps-1xpoe\/"]}]},{"@type":"ImageObject","inLanguage":"es","@id":"https:\/\/aivlisoft.net\/shop\/producto\/d-link-des-1005p-switch-5x10-100mbps-1xpoe\/#primaryimage","url":"https:\/\/aivlisoft.net\/shop\/wp-content\/uploads\/2025\/01\/NSWSSO0215_800.jpg","contentUrl":"https:\/\/aivlisoft.net\/shop\/wp-content\/uploads\/2025\/01\/NSWSSO0215_800.jpg","width":800,"height":800},{"@type":"BreadcrumbList","@id":"https:\/\/aivlisoft.net\/shop\/producto\/d-link-des-1005p-switch-5x10-100mbps-1xpoe\/#breadcrumb","itemListElement":[{"@type":"ListItem","position":1,"name":"Portada","item":"https:\/\/aivlisoft.net\/shop\/"},{"@type":"ListItem","position":2,"name":"Tienda","item":"https:\/\/aivlisoft.net\/shop\/tienda\/"},{"@type":"ListItem","position":3,"name":"D-Link DES-1005P Switch 5&#215;10\/100Mbps 1xPoE"}]},{"@type":"WebSite","@id":"https:\/\/aivlisoft.net\/shop\/#website","url":"https:\/\/aivlisoft.net\/shop\/","name":"Aivlisoft Inform\u00e1tica","description":"En Aivlisoft Inform\u00e1tica ofrecemos soluciones tecnol\u00f3gicas para empresas: venta de ordenadores, consumibles, perif\u00e9ricos y m\u00e1s. Calidad, atenci\u00f3n personalizada y los mejores precios para tu negocio.","publisher":{"@id":"https:\/\/aivlisoft.net\/shop\/#organization"},"potentialAction":[{"@type":"SearchAction","target":{"@type":"EntryPoint","urlTemplate":"https:\/\/aivlisoft.net\/shop\/?s={search_term_string}"},"query-input":{"@type":"PropertyValueSpecification","valueRequired":true,"valueName":"search_term_string"}}],"inLanguage":"es"},{"@type":"Organization","@id":"https:\/\/aivlisoft.net\/shop\/#organization","name":"Aivlisoft Inform\u00e1tica","url":"https:\/\/aivlisoft.net\/shop\/","logo":{"@type":"ImageObject","inLanguage":"es","@id":"https:\/\/aivlisoft.net\/shop\/#\/schema\/logo\/image\/","url":"https:\/\/aivlisoft.net\/shop\/wp-content\/uploads\/2024\/12\/removal.ai_5b848c54-0cdf-4140-95c5-c5536bb7573b-logodef.png","contentUrl":"https:\/\/aivlisoft.net\/shop\/wp-content\/uploads\/2024\/12\/removal.ai_5b848c54-0cdf-4140-95c5-c5536bb7573b-logodef.png","width":484,"height":182,"caption":"Aivlisoft Inform\u00e1tica"},"image":{"@id":"https:\/\/aivlisoft.net\/shop\/#\/schema\/logo\/image\/"}}]}},"_links":{"self":[{"href":"https:\/\/aivlisoft.net\/shop\/wp-json\/wp\/v2\/product\/21128","targetHints":{"allow":["GET"]}}],"collection":[{"href":"https:\/\/aivlisoft.net\/shop\/wp-json\/wp\/v2\/product"}],"about":[{"href":"https:\/\/aivlisoft.net\/shop\/wp-json\/wp\/v2\/types\/product"}],"wp:featuredmedia":[{"embeddable":true,"href":"https:\/\/aivlisoft.net\/shop\/wp-json\/wp\/v2\/media\/21129"}],"wp:attachment":[{"href":"https:\/\/aivlisoft.net\/shop\/wp-json\/wp\/v2\/media?parent=21128"}],"wp:term":[{"taxonomy":"product_brand","embeddable":true,"href":"https:\/\/aivlisoft.net\/shop\/wp-json\/wp\/v2\/product_brand?post=21128"},{"taxonomy":"product_cat","embeddable":true,"href":"https:\/\/aivlisoft.net\/shop\/wp-json\/wp\/v2\/product_cat?post=21128"},{"taxonomy":"product_tag","embeddable":true,"href":"https:\/\/aivlisoft.net\/shop\/wp-json\/wp\/v2\/product_tag?post=21128"}],"curies":[{"name":"wp","href":"https:\/\/api.w.org\/{rel}","templated":true}]}}