{"id":21086,"date":"2025-01-13T15:50:00","date_gmt":"2025-01-13T15:50:00","guid":{"rendered":"https:\/\/aivlisoft.com\/?post_type=product&#038;p=21086"},"modified":"2025-01-14T11:54:15","modified_gmt":"2025-01-14T11:54:15","slug":"tp-link-tl-sg108e-switch-8xgb","status":"publish","type":"product","link":"https:\/\/aivlisoft.net\/shop\/producto\/tp-link-tl-sg108e-switch-8xgb\/","title":{"rendered":"TP-LINK TL-SG108E Switch 8xGB"},"content":{"rendered":"<div style=\"text-align: justify;\">Proporciona funciones de supervisi&oacute;n de red, priorizaci&oacute;n de tr&aacute;fico y VLAN<br \/>Tecnolog&iacute;a de eficiencia energ&eacute;tica innovadora que reduce el gasto de energ&iacute;a hasta en un 80%<br \/>F&aacute;cil configuraci&oacute;n de red con la conectividad plug-and-play<br \/>Administraci&oacute;n centralizada de todos los Switches Easy Smart con la Utilidad de configuraci&oacute;n Easy Smart<\/div>\n<p><\/p>\n<table class=\"tabla_caracteristicas\" width=\"100%\">\n<tbody>\n<tr>\n<td><strong>Marca<\/strong><\/td>\n<td>TP-LINK<\/td>\n<\/tr>\n<tr>\n<td valign=\"top\"><strong>Modelo<\/strong><\/td>\n<td>\n<div>Switch Easy Smart 8p<\/div>\n<div>(<strong>TL-SG108E<\/strong>)<\/div>\n<\/td>\n<\/tr>\n<tr>\n<td valign=\"top\"><strong>Especificaciones<\/strong><\/td>\n<td>\n<div>CARACTER&Iacute;STICAS DE HARDWARE<br \/>\t\t\t&#8211; Est&aacute;ndares y protocolos:<br \/>\t\t\t&nbsp; IEEE 802.3, IEEE 802.3u, IEEE 802.3ab,<\/div>\n<div>&nbsp; IEEE 802.3x, IEEE 802.1q, IEEE 802.1p<br \/>\t\t\t&#8211; Interfaces:<\/div>\n<div>&nbsp; 8 x puertos 10\/100\/1000Mbps RJ45<br \/>\t\t\t&nbsp; AUTO Negociaci&oacute;n\/AUTO MDI\/MDIX<br \/>\t\t\t&#8211; Medios de Red:<br \/>\t\t\t&nbsp; 10BASE-T: Cable UTP categor&iacute;a 3, 4, 5<\/div>\n<div>&nbsp; (m&aacute;ximo de 100m)<br \/>\t\t\t&nbsp; EIA\/TIA-568 100&Omega; STP (m&aacute;ximo de 100m)<br \/>\t\t\t&nbsp; 100BASE-TX: Cable UTP categor&iacute;a 5, 5e<\/div>\n<div>&nbsp; (m&aacute;ximo de 100m)<br \/>\t\t\t&nbsp; EIA\/TIA-568 100&Omega; STP (m&aacute;ximo de 100m)<br \/>\t\t\t&nbsp; 1000BASE-T: Cable UTP categor&iacute;a 5, 5e, 6 o<\/div>\n<div>&nbsp; superior (m&aacute;ximo de 100m)<br \/>\t\t\t&nbsp; EIA\/TIA-568 100&Omega; STP (m&aacute;ximo de 100m)<br \/>\t\t\t&#8211; Dimensiones (W X D X H): (158*101*25 mm)<br \/>\t\t\t&#8211; Consumo de potencia: Max 5.46W (220V\/50Hz)<br \/>\t\t\tRENDIMIENTO<br \/>\t\t\t&#8211; Tabla de direcciones MAC: 8k<\/div>\n<div>&#8211; Memoria del buffer de paquetes: 2Mb<br \/>\t\t\t&#8211; Tasa de reenv&iacute;o de paquetes: 11.9Mpps<br \/>\t\t\t&#8211; Jumbo Frame: 16Kb<br \/>\t\t\tCARACTER&Iacute;STICAS DE SOFTWARE<br \/>\t\t\t&#8211; Calidad de Servicio:<\/div>\n<div>&nbsp; Soporta prioridad basada en puertos y 802.1p<br \/>\t\t\t&nbsp; Soporta 4 colas de prioridad<br \/>\t\t\t&nbsp; Limitador de tr&aacute;fico<br \/>\t\t\t&nbsp; Control de Tormentas<br \/>\t\t\t&#8211; Caracter&iacute;sticas L2:<\/div>\n<div>&nbsp; IGMP Snooping<br \/>\t\t\t&nbsp; Agregaci&oacute;n de puertos<br \/>\t\t\t&nbsp; Port Mirroring<br \/>\t\t\t&nbsp; Diagn&oacute;sticos del Cable<br \/>\t\t\t&nbsp; Prevenci&oacute;n de bucles<br \/>\t\t\t&#8211; VLAN: Soporta hasta 32 VLAN de manera simult&aacute;nea<\/div>\n<div>&nbsp; (de entre 4,000 VLAN) VLAN MTU\/Puerto\/Etiqueta<\/div>\n<div>&#8211; M&eacute;todo de transmisi&oacute;n: Store-And-Forward<br \/>\t\t\tOTROS<br \/>\t\t\t&#8211; Certificaciones: CE, FCC, RoHS<br \/>\t\t\t&#8211; Contenido del Paquete: TL-SG108E<br \/>\t\t\t&nbsp; Cable de corriente<br \/>\t\t\t&nbsp; Gu&iacute;a de Instalaci&oacute;n<br \/>\t\t\t&nbsp; CD de Recursos<br \/>\t\t\t&nbsp; Bases de Goma<br \/>\t\t\t&#8211; Requisitos del sistema: Microsoft&reg; Windows&reg; XP,<\/div>\n<div>&nbsp; Vista&trade; Windows 7 o Windows 8, MAC&reg; OS,<\/div>\n<div>&nbsp; NetWare&reg;, UNIX&reg; o Linux.<br \/>\t\t\t&#8211; Factores ambientales: Operating Temperature:<\/div>\n<div>&nbsp; 0&#8451;~40&#8451; (32&#8457;~104&#8457;);<br \/>\t\t\t&nbsp; Temperatura de almacenamiento:<\/div>\n<div>&nbsp; -40&#8451;~70&#8451; (-40&#8457;~158&#8457;)<br \/>\t\t\t&nbsp; Humedad de operacion:<\/div>\n<div>&nbsp; 10%~90% sin condensaci&oacute;n<br \/>\t\t\t&nbsp; Humedad de almacenamiento:<\/div>\n<div>&nbsp; 5%~90% sin condensaci&oacute;n<\/div>\n<\/td>\n<\/tr>\n<tr>\n<td><strong>Fecha de revisi&oacute;n<\/strong><\/td>\n<td>25-02-2015 por MSB<\/td>\n<\/tr>\n<\/tbody>\n<\/table>\n","protected":false},"excerpt":{"rendered":"<p>Proporciona funciones de supervisi&oacute;n de red, priorizaci&oacute;n de tr&aacute;fico y VLANTecnolog&iacute;a de eficiencia energ&eacute;tica innovadora que reduce el gasto de energ&iacute;a hasta en un 80%F&aacute;cil configuraci&oacute;n de red con la conectividad plug-and-playAdministraci&oacute;n centralizada de todos los Switches Easy Smart con la Utilidad de configuraci&oacute;n Easy Smart Marca TP-LINK Modelo Switch Easy Smart 8p (TL-SG108E) Especificaciones&hellip;&nbsp;<a href=\"https:\/\/aivlisoft.net\/shop\/producto\/tp-link-tl-sg108e-switch-8xgb\/\" rel=\"bookmark\"><span class=\"screen-reader-text\">TP-LINK TL-SG108E Switch 8xGB<\/span><\/a><\/p>\n","protected":false},"featured_media":21087,"template":"","meta":{"neve_meta_sidebar":"","neve_meta_container":"","neve_meta_enable_content_width":"","neve_meta_content_width":0,"neve_meta_title_alignment":"","neve_meta_author_avatar":"","neve_post_elements_order":"","neve_meta_disable_header":"","neve_meta_disable_footer":"","neve_meta_disable_title":""},"product_brand":[],"product_cat":[8773],"product_tag":[7478],"class_list":{"0":"post-21086","1":"product","2":"type-product","3":"status-publish","4":"has-post-thumbnail","6":"product_cat-switches-sobremesa","7":"product_tag-tl-sg108e","9":"first","10":"instock","11":"taxable","12":"shipping-taxable","13":"purchasable","14":"product-type-simple"},"yoast_head":"<!-- This site is optimized with the Yoast SEO plugin v26.0 - https:\/\/yoast.com\/wordpress\/plugins\/seo\/ -->\n<title>TP-LINK TL-SG108E Switch 8xGB - Aivlisoft Inform\u00e1tica<\/title>\n<meta name=\"robots\" content=\"index, follow, max-snippet:-1, max-image-preview:large, max-video-preview:-1\" \/>\n<link rel=\"canonical\" href=\"https:\/\/aivlisoft.net\/shop\/producto\/tp-link-tl-sg108e-switch-8xgb\/\" \/>\n<meta property=\"og:locale\" content=\"es_ES\" \/>\n<meta property=\"og:type\" content=\"article\" \/>\n<meta property=\"og:title\" content=\"TP-LINK TL-SG108E Switch 8xGB - Aivlisoft Inform\u00e1tica\" \/>\n<meta property=\"og:description\" content=\"Proporciona funciones de supervisi&oacute;n de red, priorizaci&oacute;n de tr&aacute;fico y VLANTecnolog&iacute;a de eficiencia energ&eacute;tica innovadora que reduce el gasto de energ&iacute;a hasta en un 80%F&aacute;cil configuraci&oacute;n de red con la conectividad plug-and-playAdministraci&oacute;n centralizada de todos los Switches Easy Smart con la Utilidad de configuraci&oacute;n Easy Smart Marca TP-LINK Modelo Switch Easy Smart 8p (TL-SG108E) Especificaciones&hellip;&nbsp;TP-LINK TL-SG108E Switch 8xGB\" \/>\n<meta property=\"og:url\" content=\"https:\/\/aivlisoft.net\/shop\/producto\/tp-link-tl-sg108e-switch-8xgb\/\" \/>\n<meta property=\"og:site_name\" content=\"Aivlisoft Inform\u00e1tica\" \/>\n<meta property=\"article:modified_time\" content=\"2025-01-14T11:54:15+00:00\" \/>\n<meta property=\"og:image\" content=\"https:\/\/aivlisoft.net\/shop\/wp-content\/uploads\/2025\/01\/NSWSSO0165_800.jpg\" \/>\n\t<meta property=\"og:image:width\" content=\"800\" \/>\n\t<meta property=\"og:image:height\" content=\"800\" \/>\n\t<meta property=\"og:image:type\" content=\"image\/jpeg\" \/>\n<meta name=\"twitter:card\" content=\"summary_large_image\" \/>\n<meta name=\"twitter:label1\" content=\"Tiempo de lectura\" \/>\n\t<meta name=\"twitter:data1\" content=\"2 minutos\" \/>\n<script type=\"application\/ld+json\" class=\"yoast-schema-graph\">{\"@context\":\"https:\/\/schema.org\",\"@graph\":[{\"@type\":\"WebPage\",\"@id\":\"https:\/\/aivlisoft.net\/shop\/producto\/tp-link-tl-sg108e-switch-8xgb\/\",\"url\":\"https:\/\/aivlisoft.net\/shop\/producto\/tp-link-tl-sg108e-switch-8xgb\/\",\"name\":\"TP-LINK TL-SG108E Switch 8xGB - Aivlisoft Inform\u00e1tica\",\"isPartOf\":{\"@id\":\"https:\/\/aivlisoft.net\/shop\/#website\"},\"primaryImageOfPage\":{\"@id\":\"https:\/\/aivlisoft.net\/shop\/producto\/tp-link-tl-sg108e-switch-8xgb\/#primaryimage\"},\"image\":{\"@id\":\"https:\/\/aivlisoft.net\/shop\/producto\/tp-link-tl-sg108e-switch-8xgb\/#primaryimage\"},\"thumbnailUrl\":\"https:\/\/aivlisoft.net\/shop\/wp-content\/uploads\/2025\/01\/NSWSSO0165_800.jpg\",\"datePublished\":\"2025-01-13T15:50:00+00:00\",\"dateModified\":\"2025-01-14T11:54:15+00:00\",\"breadcrumb\":{\"@id\":\"https:\/\/aivlisoft.net\/shop\/producto\/tp-link-tl-sg108e-switch-8xgb\/#breadcrumb\"},\"inLanguage\":\"es\",\"potentialAction\":[{\"@type\":\"ReadAction\",\"target\":[\"https:\/\/aivlisoft.net\/shop\/producto\/tp-link-tl-sg108e-switch-8xgb\/\"]}]},{\"@type\":\"ImageObject\",\"inLanguage\":\"es\",\"@id\":\"https:\/\/aivlisoft.net\/shop\/producto\/tp-link-tl-sg108e-switch-8xgb\/#primaryimage\",\"url\":\"https:\/\/aivlisoft.net\/shop\/wp-content\/uploads\/2025\/01\/NSWSSO0165_800.jpg\",\"contentUrl\":\"https:\/\/aivlisoft.net\/shop\/wp-content\/uploads\/2025\/01\/NSWSSO0165_800.jpg\",\"width\":800,\"height\":800},{\"@type\":\"BreadcrumbList\",\"@id\":\"https:\/\/aivlisoft.net\/shop\/producto\/tp-link-tl-sg108e-switch-8xgb\/#breadcrumb\",\"itemListElement\":[{\"@type\":\"ListItem\",\"position\":1,\"name\":\"Portada\",\"item\":\"https:\/\/aivlisoft.net\/shop\/\"},{\"@type\":\"ListItem\",\"position\":2,\"name\":\"Tienda\",\"item\":\"https:\/\/aivlisoft.net\/shop\/tienda\/\"},{\"@type\":\"ListItem\",\"position\":3,\"name\":\"TP-LINK TL-SG108E Switch 8xGB\"}]},{\"@type\":\"WebSite\",\"@id\":\"https:\/\/aivlisoft.net\/shop\/#website\",\"url\":\"https:\/\/aivlisoft.net\/shop\/\",\"name\":\"Aivlisoft Inform\u00e1tica\",\"description\":\"En Aivlisoft Inform\u00e1tica ofrecemos soluciones tecnol\u00f3gicas para empresas: venta de ordenadores, consumibles, perif\u00e9ricos y m\u00e1s. Calidad, atenci\u00f3n personalizada y los mejores precios para tu negocio.\",\"publisher\":{\"@id\":\"https:\/\/aivlisoft.net\/shop\/#organization\"},\"potentialAction\":[{\"@type\":\"SearchAction\",\"target\":{\"@type\":\"EntryPoint\",\"urlTemplate\":\"https:\/\/aivlisoft.net\/shop\/?s={search_term_string}\"},\"query-input\":{\"@type\":\"PropertyValueSpecification\",\"valueRequired\":true,\"valueName\":\"search_term_string\"}}],\"inLanguage\":\"es\"},{\"@type\":\"Organization\",\"@id\":\"https:\/\/aivlisoft.net\/shop\/#organization\",\"name\":\"Aivlisoft Inform\u00e1tica\",\"url\":\"https:\/\/aivlisoft.net\/shop\/\",\"logo\":{\"@type\":\"ImageObject\",\"inLanguage\":\"es\",\"@id\":\"https:\/\/aivlisoft.net\/shop\/#\/schema\/logo\/image\/\",\"url\":\"https:\/\/aivlisoft.net\/shop\/wp-content\/uploads\/2024\/12\/removal.ai_5b848c54-0cdf-4140-95c5-c5536bb7573b-logodef.png\",\"contentUrl\":\"https:\/\/aivlisoft.net\/shop\/wp-content\/uploads\/2024\/12\/removal.ai_5b848c54-0cdf-4140-95c5-c5536bb7573b-logodef.png\",\"width\":484,\"height\":182,\"caption\":\"Aivlisoft Inform\u00e1tica\"},\"image\":{\"@id\":\"https:\/\/aivlisoft.net\/shop\/#\/schema\/logo\/image\/\"}}]}<\/script>\n<!-- \/ Yoast SEO plugin. -->","yoast_head_json":{"title":"TP-LINK TL-SG108E Switch 8xGB - Aivlisoft Inform\u00e1tica","robots":{"index":"index","follow":"follow","max-snippet":"max-snippet:-1","max-image-preview":"max-image-preview:large","max-video-preview":"max-video-preview:-1"},"canonical":"https:\/\/aivlisoft.net\/shop\/producto\/tp-link-tl-sg108e-switch-8xgb\/","og_locale":"es_ES","og_type":"article","og_title":"TP-LINK TL-SG108E Switch 8xGB - Aivlisoft Inform\u00e1tica","og_description":"Proporciona funciones de supervisi&oacute;n de red, priorizaci&oacute;n de tr&aacute;fico y VLANTecnolog&iacute;a de eficiencia energ&eacute;tica innovadora que reduce el gasto de energ&iacute;a hasta en un 80%F&aacute;cil configuraci&oacute;n de red con la conectividad plug-and-playAdministraci&oacute;n centralizada de todos los Switches Easy Smart con la Utilidad de configuraci&oacute;n Easy Smart Marca TP-LINK Modelo Switch Easy Smart 8p (TL-SG108E) Especificaciones&hellip;&nbsp;TP-LINK TL-SG108E Switch 8xGB","og_url":"https:\/\/aivlisoft.net\/shop\/producto\/tp-link-tl-sg108e-switch-8xgb\/","og_site_name":"Aivlisoft Inform\u00e1tica","article_modified_time":"2025-01-14T11:54:15+00:00","og_image":[{"width":800,"height":800,"url":"https:\/\/aivlisoft.net\/shop\/wp-content\/uploads\/2025\/01\/NSWSSO0165_800.jpg","type":"image\/jpeg"}],"twitter_card":"summary_large_image","twitter_misc":{"Tiempo de lectura":"2 minutos"},"schema":{"@context":"https:\/\/schema.org","@graph":[{"@type":"WebPage","@id":"https:\/\/aivlisoft.net\/shop\/producto\/tp-link-tl-sg108e-switch-8xgb\/","url":"https:\/\/aivlisoft.net\/shop\/producto\/tp-link-tl-sg108e-switch-8xgb\/","name":"TP-LINK TL-SG108E Switch 8xGB - Aivlisoft Inform\u00e1tica","isPartOf":{"@id":"https:\/\/aivlisoft.net\/shop\/#website"},"primaryImageOfPage":{"@id":"https:\/\/aivlisoft.net\/shop\/producto\/tp-link-tl-sg108e-switch-8xgb\/#primaryimage"},"image":{"@id":"https:\/\/aivlisoft.net\/shop\/producto\/tp-link-tl-sg108e-switch-8xgb\/#primaryimage"},"thumbnailUrl":"https:\/\/aivlisoft.net\/shop\/wp-content\/uploads\/2025\/01\/NSWSSO0165_800.jpg","datePublished":"2025-01-13T15:50:00+00:00","dateModified":"2025-01-14T11:54:15+00:00","breadcrumb":{"@id":"https:\/\/aivlisoft.net\/shop\/producto\/tp-link-tl-sg108e-switch-8xgb\/#breadcrumb"},"inLanguage":"es","potentialAction":[{"@type":"ReadAction","target":["https:\/\/aivlisoft.net\/shop\/producto\/tp-link-tl-sg108e-switch-8xgb\/"]}]},{"@type":"ImageObject","inLanguage":"es","@id":"https:\/\/aivlisoft.net\/shop\/producto\/tp-link-tl-sg108e-switch-8xgb\/#primaryimage","url":"https:\/\/aivlisoft.net\/shop\/wp-content\/uploads\/2025\/01\/NSWSSO0165_800.jpg","contentUrl":"https:\/\/aivlisoft.net\/shop\/wp-content\/uploads\/2025\/01\/NSWSSO0165_800.jpg","width":800,"height":800},{"@type":"BreadcrumbList","@id":"https:\/\/aivlisoft.net\/shop\/producto\/tp-link-tl-sg108e-switch-8xgb\/#breadcrumb","itemListElement":[{"@type":"ListItem","position":1,"name":"Portada","item":"https:\/\/aivlisoft.net\/shop\/"},{"@type":"ListItem","position":2,"name":"Tienda","item":"https:\/\/aivlisoft.net\/shop\/tienda\/"},{"@type":"ListItem","position":3,"name":"TP-LINK TL-SG108E Switch 8xGB"}]},{"@type":"WebSite","@id":"https:\/\/aivlisoft.net\/shop\/#website","url":"https:\/\/aivlisoft.net\/shop\/","name":"Aivlisoft Inform\u00e1tica","description":"En Aivlisoft Inform\u00e1tica ofrecemos soluciones tecnol\u00f3gicas para empresas: venta de ordenadores, consumibles, perif\u00e9ricos y m\u00e1s. Calidad, atenci\u00f3n personalizada y los mejores precios para tu negocio.","publisher":{"@id":"https:\/\/aivlisoft.net\/shop\/#organization"},"potentialAction":[{"@type":"SearchAction","target":{"@type":"EntryPoint","urlTemplate":"https:\/\/aivlisoft.net\/shop\/?s={search_term_string}"},"query-input":{"@type":"PropertyValueSpecification","valueRequired":true,"valueName":"search_term_string"}}],"inLanguage":"es"},{"@type":"Organization","@id":"https:\/\/aivlisoft.net\/shop\/#organization","name":"Aivlisoft Inform\u00e1tica","url":"https:\/\/aivlisoft.net\/shop\/","logo":{"@type":"ImageObject","inLanguage":"es","@id":"https:\/\/aivlisoft.net\/shop\/#\/schema\/logo\/image\/","url":"https:\/\/aivlisoft.net\/shop\/wp-content\/uploads\/2024\/12\/removal.ai_5b848c54-0cdf-4140-95c5-c5536bb7573b-logodef.png","contentUrl":"https:\/\/aivlisoft.net\/shop\/wp-content\/uploads\/2024\/12\/removal.ai_5b848c54-0cdf-4140-95c5-c5536bb7573b-logodef.png","width":484,"height":182,"caption":"Aivlisoft Inform\u00e1tica"},"image":{"@id":"https:\/\/aivlisoft.net\/shop\/#\/schema\/logo\/image\/"}}]}},"_links":{"self":[{"href":"https:\/\/aivlisoft.net\/shop\/wp-json\/wp\/v2\/product\/21086","targetHints":{"allow":["GET"]}}],"collection":[{"href":"https:\/\/aivlisoft.net\/shop\/wp-json\/wp\/v2\/product"}],"about":[{"href":"https:\/\/aivlisoft.net\/shop\/wp-json\/wp\/v2\/types\/product"}],"wp:featuredmedia":[{"embeddable":true,"href":"https:\/\/aivlisoft.net\/shop\/wp-json\/wp\/v2\/media\/21087"}],"wp:attachment":[{"href":"https:\/\/aivlisoft.net\/shop\/wp-json\/wp\/v2\/media?parent=21086"}],"wp:term":[{"taxonomy":"product_brand","embeddable":true,"href":"https:\/\/aivlisoft.net\/shop\/wp-json\/wp\/v2\/product_brand?post=21086"},{"taxonomy":"product_cat","embeddable":true,"href":"https:\/\/aivlisoft.net\/shop\/wp-json\/wp\/v2\/product_cat?post=21086"},{"taxonomy":"product_tag","embeddable":true,"href":"https:\/\/aivlisoft.net\/shop\/wp-json\/wp\/v2\/product_tag?post=21086"}],"curies":[{"name":"wp","href":"https:\/\/api.w.org\/{rel}","templated":true}]}}