{"id":21069,"date":"2025-01-13T15:49:52","date_gmt":"2025-01-13T15:49:52","guid":{"rendered":"https:\/\/aivlisoft.com\/?post_type=product&#038;p=21069"},"modified":"2025-01-14T11:54:11","modified_gmt":"2025-01-14T11:54:11","slug":"d-link-des-1210-28p-swtich-24x10-100-poe-2xgb-2xsf","status":"publish","type":"product","link":"https:\/\/aivlisoft.net\/shop\/producto\/d-link-des-1210-28p-swtich-24x10-100-poe-2xgb-2xsf\/","title":{"rendered":"D-Link DES-1210-28P Swtich 24&#215;10\/100 PoE 2xGB 2xSF"},"content":{"rendered":"<div>\t&nbsp;<\/div>\n<div>\tLa serie DES -1210&nbsp; es la &uacute;ltima generaci&oacute;n de Smart Switches .<\/div>\n<div>\tEquipado con 8 , 24 o 48 puertos Fast Ethernet , 2&nbsp; puertos Gigabit y 2 puertos combo Gigabit \/ SFP puertos, esta serie ofrece todas las caracter&iacute;sticas necesarias en una peque&ntilde;a y mediana empresa , sin la complejidad o el coste que supone . La funci&oacute;n de interfaz web y la utilidad para PC SmartConsole hacen estos switches f&aacute;cil de instalar , configurar y solucionar problemas . Su completo conjunto de caracter&iacute;sticas permite una perfecta integraci&oacute;n en cualquier entorno .<\/p>\n<p>\tLa opci&oacute;n de PoE est&aacute; disponible para los miembros de 8 y 24 puertos de la familia. La integraci&oacute;n de tecnolog&iacute;as como PoE basado en el tiempo que permite que el poder de ser apagado a una hora predeterminada , el ahorro de energ&iacute;a en los tel&eacute;fonos VoIP, puntos de acceso inal&aacute;mbrico o cualquier otro equipo PoE . El DES- 1210- 28P utiliza la funci&oacute;n Smart Fan , encendiendo autom&aacute;ticamente los ventiladores del sistema s&oacute;lo cuando sea necesario . Esto no s&oacute;lo ahorra energ&iacute;a y costes , sino que tambi&eacute;n se extiende la vida &uacute;til del swicht. El DES- 1210- 28P es tambi&eacute;n compatible con el nuevo est&aacute;ndar PoE + , lo que le permite alimentar hasta 30 Watts a los dispositivos conectados.<\/p>\n<p>\t<strong>Amplio conjunto de funciones<\/strong><br \/>\tEquipado con una l&iacute;nea completa de caracter&iacute;sticas, estos switches incluyen calidad de servicio , Port Trunking , Spanning Tree y el snooping IGMP . Vigilancia y mantenimiento de la red incluyen caracter&iacute;sticas de duplicaci&oacute;n de puertos , detecci&oacute;n de bucle invertido y los innovadores Cable Diagnostics. Con el diagn&oacute;stico de cables , el interruptor marcar&aacute; un cable Ethernet defectuoso conectado a cualquiera de sus puertos , detallando el tipo de error detectado.<\/p>\n<p>\t<strong>Preparado para la convergencia de redes<\/strong><br \/>\tEstos conmutadores son ideales para redes convergentes , donde la telefon&iacute;a IP \/ VoIP, sistemas de vigilancia IP y el tr&aacute;fico de datos tradicional se integran en el flujo de datos. La voz de Auto y Auto Surveillance VLAN caracter&iacute;sticas colocar&aacute;n autom&aacute;ticamente este tipo de tr&aacute;fico en VLAN separadas , lo que garantiza la confidencialidad , la priorizaci&oacute;n y la calidad de estos servicios en la red.<\/p>\n<p>\t<strong>Asegure su red<\/strong><br \/>\tLa serie DES -1210 soporta autenticaci&oacute;n RADIUS, para garantizar que s&oacute;lo los usuarios autorizados pueden acceder a la red. Adem&aacute;s , la lista de control de acceso ( ACL ) caracter&iacute;stica mejora a&uacute;n m&aacute;s la seguridad al garantizar que los recursos de red s&oacute;lo son accesibles por los usuarios leg&iacute;timos. Adem&aacute;s , la serie DES -1210 protege contra los ataques de red m&aacute;s extendidos , como ARP spoofing o servidores DHCP falsos . Smart Binding gestiona el acceso no deseado a la red. Esto se hace mediante la comprobaci&oacute;n de IP y la direcci&oacute;n MAC en un puerto en particular contra una base de datos pre -configurada antes de permitir o denegar el acceso .<\/p>\n<p>\t<strong>Evite interrupciones en la red<\/strong><br \/>\tInnovadora Safeguard Engine de D -Link protege contra las inundaciones de tr&aacute;fico causados &#8203;&#8203;por las tormentas de broadcast o ataques de virus , bloqueando el tr&aacute;fico que llega al umbral definible y evitando que la red caiga antes de que ocurran . Spanning Tree (STP ) y Rapid Spanning Tree ( RSTP ) permiten rutas redundantes en una red para asegurar servidores y otros recursos est&aacute;n siempre disponibles.<\/p>\n<p>\t<strong>Gesti&oacute;n vers&aacute;til<\/strong><\/div>\n<div>\tLa nueva generaci&oacute;n de switches inteligentes cuenta con una utilidad SmartConsole PC intuitiva basada en Web y una interfaz amigable que permite a los administradores configurar y controlar su red hasta el nivel de puerto. La SmartConsole detecta autom&aacute;ticamente varios D -Link Web Smart Switches dentro del mismo segmento de red , por lo que los administradores pueden acceder a todos ellos, incluso antes de que se hayan configurado . Esto permite un despliegue muy r&aacute;pido y configuraciones iniciales , incluidas actualizaciones de firmware. Para los administradores m&aacute;s avanzados , la serie DES -1210 soporta una interfaz de l&iacute;nea de comandos ( CLI) accesible con Telnet.<br \/>\t&nbsp;<\/div>\n<p><\/p>\n<table class=\"tabla_caracteristicas\" width=\"100%\">\n<tbody>\n<tr>\n<td valign=\"top\" width=\"35%\">\t\t\t\t<b><small><font face=\"Tahoma,Arial, Helvetica, sans-serif\" style=\"font-size: 11px\">Marca<\/font><\/small><\/b><\/td>\n<td valign=\"top\" width=\"65%\">\t\t\t\t<small><font face=\"Tahoma,Arial, Helvetica, sans-serif\" style=\"font-size: 11px\">D-Link<\/font><\/small><\/td>\n<\/tr>\n<tr>\n<td valign=\"top\" width=\"35%\">\t\t\t\t<b><small><font face=\"Tahoma,Arial, Helvetica, sans-serif\" style=\"font-size: 11px\">Modelo<\/font><\/small><\/b><\/td>\n<td valign=\"top\" width=\"65%\">\t\t\t\t<strong><small><font face=\"Tahoma,Arial, Helvetica, sans-serif\" style=\"font-size: 11px\">DES-1210-28P <br \/>\t\t\t\t<\/font><\/small><\/strong><\/td>\n<\/tr>\n<tr>\n<td valign=\"top\" width=\"35%\">\t\t\t\t<b><small><font face=\"Tahoma,Arial, Helvetica, sans-serif\" style=\"font-size: 11px\">Especificaciones<\/font><\/small><\/b><\/td>\n<td valign=\"top\" width=\"65%\">\n<div>\t\t\t\t\t<small><font face=\"Tahoma,Arial, Helvetica, sans-serif\" style=\"font-size: 11px\">&#8211; N&uacute;mero de puertos 10\/100BASE-TX: 24 puertos<br \/>\t\t\t\t\t&#8211; N&uacute;mero de puertos 10\/100\/1000BASE-T: 2 puertos<br \/>\t\t\t\t\t&#8211; N&uacute;mero de puertos combo 1000Base-T\/SFP ports: 2 puertos<br \/>\t\t\t\t\t&#8211; Soporte PoE (Standard(s)\/Number of Ports\/Maximum Power Budget):<br \/>\t\t\t\t\t&nbsp; DES-1210-28P (802.3af\/802.3at\/24 ports\/193W)<br \/>\t\t\t\t\t&#8211; Rendimiento: 12.8 Gbps<br \/>\t\t\t\t\t&#8211; Tasa transferencia (64-Byte Packet): 9.5 Mpps<br \/>\t\t\t\t\t&#8211; Tama&ntilde;o tabla direcciones MAC: 8K<br \/>\t\t\t\t\t&#8211; Packet Buffer: 512 KB<br \/>\t\t\t\t\t&#8211; Flash Memory: 16<br \/>\t\t\t\t\t&#8211; Diagnostic LED Indicators<br \/>\t\t\t\t\t&nbsp; .Power (Per Device)<br \/>\t\t\t\t\t&nbsp; .Console (Per Device)<br \/>\t\t\t\t\t&nbsp; .Link\/Activity (Per Port)<br \/>\t\t\t\t\t<\/font><\/small><\/div>\n<\/td>\n<\/tr>\n<tr>\n<td valign=\"top\" width=\"35%\">\t\t\t\t<b><small><font face=\"Tahoma,Arial, Helvetica, sans-serif\" style=\"font-size: 11px\">Funciones avanzadas L2<\/font><\/small><\/b><\/td>\n<td valign=\"top\" width=\"65%\">\t\t\t\t<small><font face=\"Tahoma,Arial, Helvetica, sans-serif\" style=\"font-size: 11px\">&#8211; MAC Address Table: 8K entries<br \/>\t\t\t\t&#8211; Flow Control: 802.3x Flow Control<br \/>\t\t\t\t&#8211; HOL Blocking Prevention<br \/>\t\t\t\t&#8211; IGMP Snooping<br \/>\t\t\t\t&nbsp; .IGMP v1\/v2 Snooping<br \/>\t\t\t\t&nbsp; .Supports 256 IGMP groups<br \/>\t\t\t\t&#8211; Supports at least 64 static multicast addresses<br \/>\t\t\t\t&nbsp; .IGMP per VLAN<br \/>\t\t\t\t&nbsp; .Supports IGMP Querier<br \/>\t\t\t\t&#8211; Spanning Tree Protocol<br \/>\t\t\t\t&nbsp; .802.1D STP<br \/>\t\t\t\t&nbsp; .802.1w RSTP<br \/>\t\t\t\t&#8211; Loopback Detection<br \/>\t\t\t\t&#8211; 802.3ad Link Aggregation<br \/>\t\t\t\t&nbsp; .4 groups per device (DES-1210-08P)<br \/>\t\t\t\t&nbsp; .14 groups per device (DES-1210-28\/28P)<br \/>\t\t\t\t&nbsp; .26 groups per device (DES-1210-52)<br \/>\t\t\t\t&nbsp; .8 ports per group<br \/>\t\t\t\t&#8211; Port Mirroring<br \/>\t\t\t\t&nbsp; .One-to-One<br \/>\t\t\t\t&nbsp; .Many-to-One<br \/>\t\t\t\t&nbsp; .Supports Mirroring for Tx\/Rx\/Both<br \/>\t\t\t\t&#8211; Cable Diagnostics<br \/>\t\t\t\t&#8211; Configurable Auto MDI\/MDIX<br \/>\t\t\t\t&#8211; Multicast Filtering<br \/>\t\t\t\t&nbsp; .Forwards all unregistered groups<br \/>\t\t\t\t&nbsp; .Filters all unregistered groups<br \/>\t\t\t\t<strong>VLAN<\/strong><br \/>\t\t\t\t&#8211; 802.1Q<br \/>\t\t\t\t&#8211; VLAN Group<br \/>\t\t\t\t&nbsp; .Max. 256 static VLAN groups<br \/>\t\t\t\t&nbsp; .Max. 4094 VIDs<br \/>\t\t\t\t&#8211; Management VLAN<br \/>\t\t\t\t&#8211; Asymmetric VLAN<br \/>\t\t\t\t&#8211; Auto Voice VLAN<br \/>\t\t\t\t&nbsp; .Max. 10 user-defined OUI<br \/>\t\t\t\t&nbsp; .Max. 8 default OUI<br \/>\t\t\t\t<strong>QoS (Quality of Service)<\/strong><br \/>\t\t\t\t&#8211; 802.1p Quality of Service<br \/>\t\t\t\t&#8211; 4 queues per port<br \/>\t\t\t\t&#8211; Queue Handling<br \/>\t\t\t\t&nbsp; .Strict<br \/>\t\t\t\t&nbsp; .Weighted Round Robin (WRR)<br \/>\t\t\t\t&#8211; CoS based on<br \/>\t\t\t\t&nbsp; .802.1p Priority Queues<br \/>\t\t\t\t&nbsp; .DSCP<br \/>\t\t\t\t&nbsp; .ToS<br \/>\t\t\t\t&#8211; Bandwidth Control<br \/>\t\t\t\t&nbsp; .Port-based (Ingress\/Egress,<br \/>\t\t\t\t&nbsp;&nbsp; min. granularity 64 Kb\/s for<br \/>\t\t\t\t&nbsp;&nbsp; 10\/100 Mbps and 1850 Kb\/s<br \/>\t\t\t\t&nbsp;&nbsp; for 1000 Mbps)<br \/>\t\t\t\t<strong>Access Control List (ACL)<\/strong><br \/>\t\t\t\t&#8211; Max. 50 profiles<br \/>\t\t\t\t&#8211; Max. 200 rules shared by profiles<br \/>\t\t\t\t&#8211; ACL based on:<br \/>\t\t\t\t&nbsp; .MAC Address<br \/>\t\t\t\t&nbsp; .IPv4 Address<br \/>\t\t\t\t&nbsp; .ICMP\/IGMP\/TCP\/UDP<br \/>\t\t\t\t&nbsp; .VLAN ID<br \/>\t\t\t\t&nbsp; .802.1p Priority Queues<br \/>\t\t\t\t&nbsp; .DSCP<br \/>\t\t\t\t&#8211; ACL Actions<br \/>\t\t\t\t&nbsp; .Permit<br \/>\t\t\t\t&nbsp; .Deny<br \/>\t\t\t\t<strong>Security<\/strong><br \/>\t\t\t\t&#8211; 802.1X<br \/>\t\t\t\t&#8211; Port Security<br \/>\t\t\t\t&nbsp; .Supports up to 64 MAC addresses per port<br \/>\t\t\t\t&#8211; Broadcast\/Multicast\/Unicast Storm Control<br \/>\t\t\t\t&#8211; Static MAC<br \/>\t\t\t\t&#8211;&nbsp; D-Link Safeguard Engine<br \/>\t\t\t\t&#8211;&nbsp; DHCP Server Screening<br \/>\t\t\t\t&#8211;&nbsp; ARP Spoofing Prevention<br \/>\t\t\t\t&nbsp;&nbsp; .Max. 64 entries<br \/>\t\t\t\t&#8211;&nbsp; SSL2<br \/>\t\t\t\t&nbsp;&nbsp; .Supports v1\/v2\/v3<br \/>\t\t\t\t&nbsp;&nbsp; .Supports IPv4<br \/>\t\t\t\t&#8211; Smart Binding<br \/>\t\t\t\t<strong>MIB<\/strong><br \/>\t\t\t\t&#8211; 1213 MIB II<br \/>\t\t\t\t&#8211; 1493 Bridge MIB<br \/>\t\t\t\t&#8211; 1907 SNMP v2 MIB<br \/>\t\t\t\t&#8211; 1215 Trap Convention MIB<br \/>\t\t\t\t&#8211; 2233 Interface Group MIB<br \/>\t\t\t\t&#8211; D-Link Private MIB<br \/>\t\t\t\t&#8211; Power-Ethernet MIB<br \/>\t\t\t\t&#8211; LLDP MIB1<br \/>\t\t\t\t<strong>Gesti&oacute;n<\/strong><br \/>\t\t\t\t&#8211; Web-based GUI<br \/>\t\t\t\t&#8211; Compact CLI through Telnet<br \/>\t\t\t\t&#8211; Telnet Server<br \/>\t\t\t\t&#8211; SmartConsole Utility<br \/>\t\t\t\t&#8211; TFTP Client<br \/>\t\t\t\t&#8211; SNMP<br \/>\t\t\t\t&nbsp; .Supports v1\/v2\/v3<br \/>\t\t\t\t&#8211; SNMP Trap<br \/>\t\t\t\t&#8211; Trap for SmartConsole Utility<br \/>\t\t\t\t&#8211; System Log<br \/>\t\t\t\t&nbsp; .Max. 500 log entries<br \/>\t\t\t\t&nbsp; .Supports IPv4 log server<br \/>\t\t\t\t&#8211; BootP\/DHCP Client<br \/>\t\t\t\t&#8211; Time Setting<br \/>\t\t\t\t&nbsp; .SNTP<br \/>\t\t\t\t&#8211; LLDP, LLDP-MED<br \/>\t\t\t\t&#8211; Time-based PoE<br \/>\t\t\t\t&#8211; IPV6 Management<br \/>\t\t\t\t&#8211; RMON v1 group 1, 2, 3, 9<br \/>\t\t\t\t<\/font><\/small><\/td>\n<\/tr>\n<tr>\n<td valign=\"top\" width=\"35%\">\t\t\t\t<b><small><font face=\"Tahoma,Arial, Helvetica, sans-serif\" style=\"font-size: 11px\">Otras caracter&iacute;sticas<\/font><\/small><\/b><\/td>\n<td valign=\"top\" width=\"65%\">\n<div>\t\t\t\t\t<small><font face=\"Tahoma,Arial, Helvetica, sans-serif\" style=\"font-size: 11px\">&#8211; Consumo (Maximum PoE off\/on): 26.4W \/ 254W<br \/>\t\t\t\t\t&#8211; Power Input: 10 to 240 VAC, 50\/60Hz internal universal power supply<br \/>\t\t\t\t\t&#8211; Dimensiones (W x D x H): 440 x 250 x 44 mm<br \/>\t\t\t\t\t&#8211; Tama&ntilde;o: 19&quot; ancho estandar rack, 1U altura <br \/>\t\t\t\t\t&#8211; Ventilaci&oacute;n: 3 x smart fans<br \/>\t\t\t\t\t&#8211; Disipaci&oacute;n de calor: 866.65 BTU por hora<br \/>\t\t\t\t\t&#8211; MTBF: 205.416 horas<br \/>\t\t\t\t\t&#8211; Temperatura: <br \/>\t\t\t\t\t&nbsp; .Operaci&oacute;n: 0&deg; to 40&deg;C<br \/>\t\t\t\t\t&nbsp; .Almacenamiento: 10&deg; to 70&deg;C<br \/>\t\t\t\t\t&#8211; Homedad: 5% ~ 95% Non-condensing<br \/>\t\t\t\t\t&#8211; Normativas: <br \/>\t\t\t\t\t&nbsp; .EMI\/EMC:<br \/>\t\t\t\t\t&nbsp;&nbsp; FCC Class A, CE Class A, VCCI Class A, IC, C-Tick<br \/>\t\t\t\t\t&nbsp; .Safety: cUL, LVD<br \/>\t\t\t\t\t<\/font><\/small><\/div>\n<\/td>\n<\/tr>\n<tr>\n<td valign=\"top\" width=\"35%\">\t\t\t\t<b><small><font face=\"Tahoma,Arial, Helvetica, sans-serif\" style=\"font-size: 11px\">Fecha de revisi&oacute;n<\/font><\/small><\/b><\/td>\n<td valign=\"top\" width=\"65%\">\t\t\t\t<small><font face=\"Tahoma,Arial, Helvetica, sans-serif\" style=\"font-size: 11px\">18-11-2013 por FE4<\/font><\/small><\/td>\n<\/tr>\n<\/tbody>\n<\/table>\n","protected":false},"excerpt":{"rendered":"<p>&nbsp; La serie DES -1210&nbsp; es la &uacute;ltima generaci&oacute;n de Smart Switches . Equipado con 8 , 24 o 48 puertos Fast Ethernet , 2&nbsp; puertos Gigabit y 2 puertos combo Gigabit \/ SFP puertos, esta serie ofrece todas las caracter&iacute;sticas necesarias en una peque&ntilde;a y mediana empresa , sin la complejidad o el coste&hellip;&nbsp;<a href=\"https:\/\/aivlisoft.net\/shop\/producto\/d-link-des-1210-28p-swtich-24x10-100-poe-2xgb-2xsf\/\" rel=\"bookmark\"><span class=\"screen-reader-text\">D-Link DES-1210-28P Swtich 24&#215;10\/100 PoE 2xGB 2xSF<\/span><\/a><\/p>\n","protected":false},"featured_media":21070,"template":"","meta":{"neve_meta_sidebar":"","neve_meta_container":"","neve_meta_enable_content_width":"","neve_meta_content_width":0,"neve_meta_title_alignment":"","neve_meta_author_avatar":"","neve_post_elements_order":"","neve_meta_disable_header":"","neve_meta_disable_footer":"","neve_meta_disable_title":""},"product_brand":[],"product_cat":[8773],"product_tag":[7473],"class_list":{"0":"post-21069","1":"product","2":"type-product","3":"status-publish","4":"has-post-thumbnail","6":"product_cat-switches-sobremesa","7":"product_tag-des-1210-28p","9":"first","10":"instock","11":"taxable","12":"shipping-taxable","13":"purchasable","14":"product-type-simple"},"yoast_head":"<!-- This site is optimized with the Yoast SEO plugin v26.0 - https:\/\/yoast.com\/wordpress\/plugins\/seo\/ -->\n<title>D-Link DES-1210-28P Swtich 24x10\/100 PoE 2xGB 2xSF - Aivlisoft Inform\u00e1tica<\/title>\n<meta name=\"robots\" content=\"index, follow, max-snippet:-1, max-image-preview:large, max-video-preview:-1\" \/>\n<link rel=\"canonical\" href=\"https:\/\/aivlisoft.net\/shop\/producto\/d-link-des-1210-28p-swtich-24x10-100-poe-2xgb-2xsf\/\" \/>\n<meta property=\"og:locale\" content=\"es_ES\" \/>\n<meta property=\"og:type\" content=\"article\" \/>\n<meta property=\"og:title\" content=\"D-Link DES-1210-28P Swtich 24x10\/100 PoE 2xGB 2xSF - Aivlisoft Inform\u00e1tica\" \/>\n<meta property=\"og:description\" content=\"&nbsp; La serie DES -1210&nbsp; es la &uacute;ltima generaci&oacute;n de Smart Switches . Equipado con 8 , 24 o 48 puertos Fast Ethernet , 2&nbsp; puertos Gigabit y 2 puertos combo Gigabit \/ SFP puertos, esta serie ofrece todas las caracter&iacute;sticas necesarias en una peque&ntilde;a y mediana empresa , sin la complejidad o el coste&hellip;&nbsp;D-Link DES-1210-28P Swtich 24&#215;10\/100 PoE 2xGB 2xSF\" \/>\n<meta property=\"og:url\" content=\"https:\/\/aivlisoft.net\/shop\/producto\/d-link-des-1210-28p-swtich-24x10-100-poe-2xgb-2xsf\/\" \/>\n<meta property=\"og:site_name\" content=\"Aivlisoft Inform\u00e1tica\" \/>\n<meta property=\"article:modified_time\" content=\"2025-01-14T11:54:11+00:00\" \/>\n<meta property=\"og:image\" content=\"https:\/\/aivlisoft.net\/shop\/wp-content\/uploads\/2025\/01\/NSWSSO0134_800.jpg\" \/>\n\t<meta property=\"og:image:width\" content=\"800\" \/>\n\t<meta property=\"og:image:height\" content=\"800\" \/>\n\t<meta property=\"og:image:type\" content=\"image\/jpeg\" \/>\n<meta name=\"twitter:card\" content=\"summary_large_image\" \/>\n<meta name=\"twitter:label1\" content=\"Tiempo de lectura\" \/>\n\t<meta name=\"twitter:data1\" content=\"7 minutos\" \/>\n<script type=\"application\/ld+json\" class=\"yoast-schema-graph\">{\"@context\":\"https:\/\/schema.org\",\"@graph\":[{\"@type\":\"WebPage\",\"@id\":\"https:\/\/aivlisoft.net\/shop\/producto\/d-link-des-1210-28p-swtich-24x10-100-poe-2xgb-2xsf\/\",\"url\":\"https:\/\/aivlisoft.net\/shop\/producto\/d-link-des-1210-28p-swtich-24x10-100-poe-2xgb-2xsf\/\",\"name\":\"D-Link DES-1210-28P Swtich 24x10\/100 PoE 2xGB 2xSF - Aivlisoft Inform\u00e1tica\",\"isPartOf\":{\"@id\":\"https:\/\/aivlisoft.net\/shop\/#website\"},\"primaryImageOfPage\":{\"@id\":\"https:\/\/aivlisoft.net\/shop\/producto\/d-link-des-1210-28p-swtich-24x10-100-poe-2xgb-2xsf\/#primaryimage\"},\"image\":{\"@id\":\"https:\/\/aivlisoft.net\/shop\/producto\/d-link-des-1210-28p-swtich-24x10-100-poe-2xgb-2xsf\/#primaryimage\"},\"thumbnailUrl\":\"https:\/\/aivlisoft.net\/shop\/wp-content\/uploads\/2025\/01\/NSWSSO0134_800.jpg\",\"datePublished\":\"2025-01-13T15:49:52+00:00\",\"dateModified\":\"2025-01-14T11:54:11+00:00\",\"breadcrumb\":{\"@id\":\"https:\/\/aivlisoft.net\/shop\/producto\/d-link-des-1210-28p-swtich-24x10-100-poe-2xgb-2xsf\/#breadcrumb\"},\"inLanguage\":\"es\",\"potentialAction\":[{\"@type\":\"ReadAction\",\"target\":[\"https:\/\/aivlisoft.net\/shop\/producto\/d-link-des-1210-28p-swtich-24x10-100-poe-2xgb-2xsf\/\"]}]},{\"@type\":\"ImageObject\",\"inLanguage\":\"es\",\"@id\":\"https:\/\/aivlisoft.net\/shop\/producto\/d-link-des-1210-28p-swtich-24x10-100-poe-2xgb-2xsf\/#primaryimage\",\"url\":\"https:\/\/aivlisoft.net\/shop\/wp-content\/uploads\/2025\/01\/NSWSSO0134_800.jpg\",\"contentUrl\":\"https:\/\/aivlisoft.net\/shop\/wp-content\/uploads\/2025\/01\/NSWSSO0134_800.jpg\",\"width\":800,\"height\":800},{\"@type\":\"BreadcrumbList\",\"@id\":\"https:\/\/aivlisoft.net\/shop\/producto\/d-link-des-1210-28p-swtich-24x10-100-poe-2xgb-2xsf\/#breadcrumb\",\"itemListElement\":[{\"@type\":\"ListItem\",\"position\":1,\"name\":\"Portada\",\"item\":\"https:\/\/aivlisoft.net\/shop\/\"},{\"@type\":\"ListItem\",\"position\":2,\"name\":\"Tienda\",\"item\":\"https:\/\/aivlisoft.net\/shop\/tienda\/\"},{\"@type\":\"ListItem\",\"position\":3,\"name\":\"D-Link DES-1210-28P Swtich 24&#215;10\/100 PoE 2xGB 2xSF\"}]},{\"@type\":\"WebSite\",\"@id\":\"https:\/\/aivlisoft.net\/shop\/#website\",\"url\":\"https:\/\/aivlisoft.net\/shop\/\",\"name\":\"Aivlisoft Inform\u00e1tica\",\"description\":\"En Aivlisoft Inform\u00e1tica ofrecemos soluciones tecnol\u00f3gicas para empresas: venta de ordenadores, consumibles, perif\u00e9ricos y m\u00e1s. Calidad, atenci\u00f3n personalizada y los mejores precios para tu negocio.\",\"publisher\":{\"@id\":\"https:\/\/aivlisoft.net\/shop\/#organization\"},\"potentialAction\":[{\"@type\":\"SearchAction\",\"target\":{\"@type\":\"EntryPoint\",\"urlTemplate\":\"https:\/\/aivlisoft.net\/shop\/?s={search_term_string}\"},\"query-input\":{\"@type\":\"PropertyValueSpecification\",\"valueRequired\":true,\"valueName\":\"search_term_string\"}}],\"inLanguage\":\"es\"},{\"@type\":\"Organization\",\"@id\":\"https:\/\/aivlisoft.net\/shop\/#organization\",\"name\":\"Aivlisoft Inform\u00e1tica\",\"url\":\"https:\/\/aivlisoft.net\/shop\/\",\"logo\":{\"@type\":\"ImageObject\",\"inLanguage\":\"es\",\"@id\":\"https:\/\/aivlisoft.net\/shop\/#\/schema\/logo\/image\/\",\"url\":\"https:\/\/aivlisoft.net\/shop\/wp-content\/uploads\/2024\/12\/removal.ai_5b848c54-0cdf-4140-95c5-c5536bb7573b-logodef.png\",\"contentUrl\":\"https:\/\/aivlisoft.net\/shop\/wp-content\/uploads\/2024\/12\/removal.ai_5b848c54-0cdf-4140-95c5-c5536bb7573b-logodef.png\",\"width\":484,\"height\":182,\"caption\":\"Aivlisoft Inform\u00e1tica\"},\"image\":{\"@id\":\"https:\/\/aivlisoft.net\/shop\/#\/schema\/logo\/image\/\"}}]}<\/script>\n<!-- \/ Yoast SEO plugin. -->","yoast_head_json":{"title":"D-Link DES-1210-28P Swtich 24x10\/100 PoE 2xGB 2xSF - Aivlisoft Inform\u00e1tica","robots":{"index":"index","follow":"follow","max-snippet":"max-snippet:-1","max-image-preview":"max-image-preview:large","max-video-preview":"max-video-preview:-1"},"canonical":"https:\/\/aivlisoft.net\/shop\/producto\/d-link-des-1210-28p-swtich-24x10-100-poe-2xgb-2xsf\/","og_locale":"es_ES","og_type":"article","og_title":"D-Link DES-1210-28P Swtich 24x10\/100 PoE 2xGB 2xSF - Aivlisoft Inform\u00e1tica","og_description":"&nbsp; La serie DES -1210&nbsp; es la &uacute;ltima generaci&oacute;n de Smart Switches . Equipado con 8 , 24 o 48 puertos Fast Ethernet , 2&nbsp; puertos Gigabit y 2 puertos combo Gigabit \/ SFP puertos, esta serie ofrece todas las caracter&iacute;sticas necesarias en una peque&ntilde;a y mediana empresa , sin la complejidad o el coste&hellip;&nbsp;D-Link DES-1210-28P Swtich 24&#215;10\/100 PoE 2xGB 2xSF","og_url":"https:\/\/aivlisoft.net\/shop\/producto\/d-link-des-1210-28p-swtich-24x10-100-poe-2xgb-2xsf\/","og_site_name":"Aivlisoft Inform\u00e1tica","article_modified_time":"2025-01-14T11:54:11+00:00","og_image":[{"width":800,"height":800,"url":"https:\/\/aivlisoft.net\/shop\/wp-content\/uploads\/2025\/01\/NSWSSO0134_800.jpg","type":"image\/jpeg"}],"twitter_card":"summary_large_image","twitter_misc":{"Tiempo de lectura":"7 minutos"},"schema":{"@context":"https:\/\/schema.org","@graph":[{"@type":"WebPage","@id":"https:\/\/aivlisoft.net\/shop\/producto\/d-link-des-1210-28p-swtich-24x10-100-poe-2xgb-2xsf\/","url":"https:\/\/aivlisoft.net\/shop\/producto\/d-link-des-1210-28p-swtich-24x10-100-poe-2xgb-2xsf\/","name":"D-Link DES-1210-28P Swtich 24x10\/100 PoE 2xGB 2xSF - Aivlisoft Inform\u00e1tica","isPartOf":{"@id":"https:\/\/aivlisoft.net\/shop\/#website"},"primaryImageOfPage":{"@id":"https:\/\/aivlisoft.net\/shop\/producto\/d-link-des-1210-28p-swtich-24x10-100-poe-2xgb-2xsf\/#primaryimage"},"image":{"@id":"https:\/\/aivlisoft.net\/shop\/producto\/d-link-des-1210-28p-swtich-24x10-100-poe-2xgb-2xsf\/#primaryimage"},"thumbnailUrl":"https:\/\/aivlisoft.net\/shop\/wp-content\/uploads\/2025\/01\/NSWSSO0134_800.jpg","datePublished":"2025-01-13T15:49:52+00:00","dateModified":"2025-01-14T11:54:11+00:00","breadcrumb":{"@id":"https:\/\/aivlisoft.net\/shop\/producto\/d-link-des-1210-28p-swtich-24x10-100-poe-2xgb-2xsf\/#breadcrumb"},"inLanguage":"es","potentialAction":[{"@type":"ReadAction","target":["https:\/\/aivlisoft.net\/shop\/producto\/d-link-des-1210-28p-swtich-24x10-100-poe-2xgb-2xsf\/"]}]},{"@type":"ImageObject","inLanguage":"es","@id":"https:\/\/aivlisoft.net\/shop\/producto\/d-link-des-1210-28p-swtich-24x10-100-poe-2xgb-2xsf\/#primaryimage","url":"https:\/\/aivlisoft.net\/shop\/wp-content\/uploads\/2025\/01\/NSWSSO0134_800.jpg","contentUrl":"https:\/\/aivlisoft.net\/shop\/wp-content\/uploads\/2025\/01\/NSWSSO0134_800.jpg","width":800,"height":800},{"@type":"BreadcrumbList","@id":"https:\/\/aivlisoft.net\/shop\/producto\/d-link-des-1210-28p-swtich-24x10-100-poe-2xgb-2xsf\/#breadcrumb","itemListElement":[{"@type":"ListItem","position":1,"name":"Portada","item":"https:\/\/aivlisoft.net\/shop\/"},{"@type":"ListItem","position":2,"name":"Tienda","item":"https:\/\/aivlisoft.net\/shop\/tienda\/"},{"@type":"ListItem","position":3,"name":"D-Link DES-1210-28P Swtich 24&#215;10\/100 PoE 2xGB 2xSF"}]},{"@type":"WebSite","@id":"https:\/\/aivlisoft.net\/shop\/#website","url":"https:\/\/aivlisoft.net\/shop\/","name":"Aivlisoft Inform\u00e1tica","description":"En Aivlisoft Inform\u00e1tica ofrecemos soluciones tecnol\u00f3gicas para empresas: venta de ordenadores, consumibles, perif\u00e9ricos y m\u00e1s. Calidad, atenci\u00f3n personalizada y los mejores precios para tu negocio.","publisher":{"@id":"https:\/\/aivlisoft.net\/shop\/#organization"},"potentialAction":[{"@type":"SearchAction","target":{"@type":"EntryPoint","urlTemplate":"https:\/\/aivlisoft.net\/shop\/?s={search_term_string}"},"query-input":{"@type":"PropertyValueSpecification","valueRequired":true,"valueName":"search_term_string"}}],"inLanguage":"es"},{"@type":"Organization","@id":"https:\/\/aivlisoft.net\/shop\/#organization","name":"Aivlisoft Inform\u00e1tica","url":"https:\/\/aivlisoft.net\/shop\/","logo":{"@type":"ImageObject","inLanguage":"es","@id":"https:\/\/aivlisoft.net\/shop\/#\/schema\/logo\/image\/","url":"https:\/\/aivlisoft.net\/shop\/wp-content\/uploads\/2024\/12\/removal.ai_5b848c54-0cdf-4140-95c5-c5536bb7573b-logodef.png","contentUrl":"https:\/\/aivlisoft.net\/shop\/wp-content\/uploads\/2024\/12\/removal.ai_5b848c54-0cdf-4140-95c5-c5536bb7573b-logodef.png","width":484,"height":182,"caption":"Aivlisoft Inform\u00e1tica"},"image":{"@id":"https:\/\/aivlisoft.net\/shop\/#\/schema\/logo\/image\/"}}]}},"_links":{"self":[{"href":"https:\/\/aivlisoft.net\/shop\/wp-json\/wp\/v2\/product\/21069","targetHints":{"allow":["GET"]}}],"collection":[{"href":"https:\/\/aivlisoft.net\/shop\/wp-json\/wp\/v2\/product"}],"about":[{"href":"https:\/\/aivlisoft.net\/shop\/wp-json\/wp\/v2\/types\/product"}],"wp:featuredmedia":[{"embeddable":true,"href":"https:\/\/aivlisoft.net\/shop\/wp-json\/wp\/v2\/media\/21070"}],"wp:attachment":[{"href":"https:\/\/aivlisoft.net\/shop\/wp-json\/wp\/v2\/media?parent=21069"}],"wp:term":[{"taxonomy":"product_brand","embeddable":true,"href":"https:\/\/aivlisoft.net\/shop\/wp-json\/wp\/v2\/product_brand?post=21069"},{"taxonomy":"product_cat","embeddable":true,"href":"https:\/\/aivlisoft.net\/shop\/wp-json\/wp\/v2\/product_cat?post=21069"},{"taxonomy":"product_tag","embeddable":true,"href":"https:\/\/aivlisoft.net\/shop\/wp-json\/wp\/v2\/product_tag?post=21069"}],"curies":[{"name":"wp","href":"https:\/\/api.w.org\/{rel}","templated":true}]}}