{"id":21035,"date":"2025-01-13T15:49:27","date_gmt":"2025-01-13T15:49:27","guid":{"rendered":"https:\/\/aivlisoft.com\/?post_type=product&#038;p=21035"},"modified":"2025-01-14T11:53:59","modified_gmt":"2025-01-14T11:53:59","slug":"tp-link-tl-sg1008p-switch-8xgb-4xpoe","status":"publish","type":"product","link":"https:\/\/aivlisoft.net\/shop\/producto\/tp-link-tl-sg1008p-switch-8xgb-4xpoe\/","title":{"rendered":"TP-LINK TL-SG1008P Switch 8xGB 4xPoE"},"content":{"rendered":"<p>&#8211; Soporte alimentaci&oacute;n PoE de hasta 15,4 W para cada puerto PoE<br \/>&#8211; Soporta alimentaci&oacute;n PoE de hasta 53 W para todos los puertos PoE<br \/>&#8211; Soporta dispositivos compatibles con el est&aacute;ndar PoE IEEE 802.3af<br \/>&#8211; Soporta control de flujo IEEE 802.3x en modo Full-Duplex y Back-Pressure en modo Half-Duplex<br \/>&#8211; El TL-SG1008P dispone de una tabla de direcciones MAC de 1K y soporta aprendizaje y caducidad autom&aacute;ticas de direcciones MAC (Auto-Learning y Auto-Aging)<br \/>&#8211; Incluye indicadores LED para monitorizar la alimentaci&oacute;n, el estado del enlace, la actividad y la velocidad<br \/>&#8211; Fuente de alimentaci&oacute;n externa<\/p>\n<table class=\"tabla_caracteristicas k-table\" width=\"100%\">\n<tr>\n<td><strong>Marca<\/strong><\/td>\n<td>TP-LINK<\/td>\n<\/tr>\n<tr>\n<td><strong>Modelo<\/strong><\/td>\n<td><strong>TL-SG1008P<\/strong><\/td>\n<\/tr>\n<tr>\n<td valign=\"top\"><strong>Interfaces<\/strong><\/td>\n<td>&#8211; 8 puertos RJ45 a 10\/100\/1000Mbps<br \/>\t\t\t&#8211; Negociaci&oacute;n autom&aacute;tica, MDI\/MDIX autom&aacute;tico<\/td>\n<\/tr>\n<tr>\n<td valign=\"top\"><strong>Medios de red<\/strong><\/td>\n<td>&#8211; 10BASE-T: cable UTP Categor&iacute;a 3, 4, 5 (m&aacute;ximo 100 metros)<br \/>\t\t\t&nbsp; EIA\/TIA-568 100&Omega; STP (m&aacute;ximo 100 m)<br \/>\t\t\t&#8211; 100BASE-TX: cable UTP Categor&iacute;as 5, 5E (m&aacute;ximo 100 metros)<br \/>\t\t\t&nbsp; EIA\/TIA-568 100&Omega; STP (m&aacute;ximo 100 m)<br \/>\t\t\t&#8211; 1000BASE-T: cable UTP Categor&iacute;as 5, 5E, 6 o superior (m&aacute;ximo 100 metros)<br \/>\t\t\t&nbsp; EIA\/TIA-568 100&Omega; STP (m&aacute;ximo 100 m)<\/td>\n<\/tr>\n<tr>\n<td valign=\"top\"><strong>Especificaciones<\/strong><\/td>\n<td>&#8211; Standard: 802.3 af compliant<br \/>\t\t\t&#8211; PoE: Port1 &#8211; Port4<br \/>\t\t\t&#8211; Power Supply: 55W<\/td>\n<\/tr>\n<tr>\n<td valign=\"top\">\n<div><strong>Otras<\/strong><\/div>\n<div><strong>caracter&iacute;sticas<\/strong><\/div>\n<\/td>\n<td>&#8211; Cantidad de Ventiladores: No ventilador<br \/>\t\t\t&#8211; Consumo de Potencia: M&aacute;ximo (PoE on): 63W (220V\/50Hz)<br \/>\t\t\t&nbsp; M&aacute;ximo (PoE off): 5.8W (220V\/50Hz)<br \/>\t\t\t&#8211; Fuente de Alimentaci&oacute;n Externa: Fuente de Alimentaci&oacute;n Externa (Salida: 48VDC \/ 1.25A)<br \/>\t\t\t&#8211; Ancho de Banda de la Red Central: 16Gbps<br \/>\t\t\t&#8211; Tabla de Direcci&oacute;n MAC: 8K<br \/>\t\t\t&#8211; Tama&ntilde;o del B&uacute;fer: 2Mbits<br \/>\t\t\t&#8211; Dimensiones: 171 x 98 x 27 mm<br \/>\t\t\t<strong>Caracteristicas software<\/strong><br \/>\t\t\t&#8211; M&eacute;todo de Transmisi&oacute;n: Store-And-Forward<br \/>\t\t\t&#8211; Funciones Avanzadas: Soporta dispositivos compatibles con el est&aacute;ndar IEEE 802.3af<br \/>\t\t\t&nbsp; Funci&oacute;n de prioridad<br \/>\t\t\t&nbsp; Aprendizaje y caducidad autom&aacute;ticas de direcciones MAC (Auto-Learning y Auto-Aging)<br \/>\t\t\t&nbsp; Control de Flujo IEEE 802.3x en modo Full-Duplex y Back-Pressure en modo Half-Duplex<br \/>\t\t\t<strong>Otros<\/strong><br \/>\t\t\t&#8211; Certificaciones: FCC, CE, RoHS<br \/>\t\t\t&#8211; Contenido del Paquete: TL-SG1008P, Adaptador de corriente, Manual de Usuario<br \/>\t\t\t&#8211; Consumo: 5.8 vatios (m&aacute;x. sin dispositivos PoE conectados)<br \/>\t\t\t&nbsp; 58.8 vatios (m&aacute;x. con dispositivos PoE conectados consumiendo 53W)<br \/>\t\t\t&#8211; Factores Ambientales: Temperatura de funcionamiento: 0?~40? (32?~104?)<br \/>\t\t\t&nbsp; Temperatura de almacenamiento: -40?~70? (-40?~158?)<br \/>\t\t\t&nbsp; Humedad de funcionamiento: 10%~90% sin condensaci&oacute;n<br \/>\t\t\t&nbsp; Humedad de almacenamiento: 5%~90% sin condensaci&oacute;n<\/td>\n<\/tr>\n<tr>\n<td><strong>Fecha Revisi&oacute;n<\/strong><\/td>\n<td>02-05-2017 por MSB<\/td>\n<\/tr>\n<\/table>\n","protected":false},"excerpt":{"rendered":"<p>&#8211; Soporte alimentaci&oacute;n PoE de hasta 15,4 W para cada puerto PoE&#8211; Soporta alimentaci&oacute;n PoE de hasta 53 W para todos los puertos PoE&#8211; Soporta dispositivos compatibles con el est&aacute;ndar PoE IEEE 802.3af&#8211; Soporta control de flujo IEEE 802.3x en modo Full-Duplex y Back-Pressure en modo Half-Duplex&#8211; El TL-SG1008P dispone de una tabla de direcciones&hellip;&nbsp;<a href=\"https:\/\/aivlisoft.net\/shop\/producto\/tp-link-tl-sg1008p-switch-8xgb-4xpoe\/\" rel=\"bookmark\"><span class=\"screen-reader-text\">TP-LINK TL-SG1008P Switch 8xGB 4xPoE<\/span><\/a><\/p>\n","protected":false},"featured_media":21036,"template":"","meta":{"neve_meta_sidebar":"","neve_meta_container":"","neve_meta_enable_content_width":"","neve_meta_content_width":0,"neve_meta_title_alignment":"","neve_meta_author_avatar":"","neve_post_elements_order":"","neve_meta_disable_header":"","neve_meta_disable_footer":"","neve_meta_disable_title":""},"product_brand":[],"product_cat":[8773],"product_tag":[7465],"class_list":{"0":"post-21035","1":"product","2":"type-product","3":"status-publish","4":"has-post-thumbnail","6":"product_cat-switches-sobremesa","7":"product_tag-tl-sg1008p","9":"first","10":"instock","11":"taxable","12":"shipping-taxable","13":"purchasable","14":"product-type-simple"},"yoast_head":"<!-- This site is optimized with the Yoast SEO plugin v26.0 - https:\/\/yoast.com\/wordpress\/plugins\/seo\/ -->\n<title>TP-LINK TL-SG1008P Switch 8xGB 4xPoE - Aivlisoft Inform\u00e1tica<\/title>\n<meta name=\"robots\" content=\"index, follow, max-snippet:-1, max-image-preview:large, max-video-preview:-1\" \/>\n<link rel=\"canonical\" href=\"https:\/\/aivlisoft.net\/shop\/producto\/tp-link-tl-sg1008p-switch-8xgb-4xpoe\/\" \/>\n<meta property=\"og:locale\" content=\"es_ES\" \/>\n<meta property=\"og:type\" content=\"article\" \/>\n<meta property=\"og:title\" content=\"TP-LINK TL-SG1008P Switch 8xGB 4xPoE - Aivlisoft Inform\u00e1tica\" \/>\n<meta property=\"og:description\" content=\"&#8211; Soporte alimentaci&oacute;n PoE de hasta 15,4 W para cada puerto PoE&#8211; Soporta alimentaci&oacute;n PoE de hasta 53 W para todos los puertos PoE&#8211; Soporta dispositivos compatibles con el est&aacute;ndar PoE IEEE 802.3af&#8211; Soporta control de flujo IEEE 802.3x en modo Full-Duplex y Back-Pressure en modo Half-Duplex&#8211; El TL-SG1008P dispone de una tabla de direcciones&hellip;&nbsp;TP-LINK TL-SG1008P Switch 8xGB 4xPoE\" \/>\n<meta property=\"og:url\" content=\"https:\/\/aivlisoft.net\/shop\/producto\/tp-link-tl-sg1008p-switch-8xgb-4xpoe\/\" \/>\n<meta property=\"og:site_name\" content=\"Aivlisoft Inform\u00e1tica\" \/>\n<meta property=\"article:modified_time\" content=\"2025-01-14T11:53:59+00:00\" \/>\n<meta property=\"og:image\" content=\"https:\/\/aivlisoft.net\/shop\/wp-content\/uploads\/2025\/01\/NSWSSO0118_800.jpg\" \/>\n\t<meta property=\"og:image:width\" content=\"800\" \/>\n\t<meta property=\"og:image:height\" content=\"800\" \/>\n\t<meta property=\"og:image:type\" content=\"image\/jpeg\" \/>\n<meta name=\"twitter:card\" content=\"summary_large_image\" \/>\n<meta name=\"twitter:label1\" content=\"Tiempo de lectura\" \/>\n\t<meta name=\"twitter:data1\" content=\"2 minutos\" \/>\n<script type=\"application\/ld+json\" class=\"yoast-schema-graph\">{\"@context\":\"https:\/\/schema.org\",\"@graph\":[{\"@type\":\"WebPage\",\"@id\":\"https:\/\/aivlisoft.net\/shop\/producto\/tp-link-tl-sg1008p-switch-8xgb-4xpoe\/\",\"url\":\"https:\/\/aivlisoft.net\/shop\/producto\/tp-link-tl-sg1008p-switch-8xgb-4xpoe\/\",\"name\":\"TP-LINK TL-SG1008P Switch 8xGB 4xPoE - Aivlisoft Inform\u00e1tica\",\"isPartOf\":{\"@id\":\"https:\/\/aivlisoft.net\/shop\/#website\"},\"primaryImageOfPage\":{\"@id\":\"https:\/\/aivlisoft.net\/shop\/producto\/tp-link-tl-sg1008p-switch-8xgb-4xpoe\/#primaryimage\"},\"image\":{\"@id\":\"https:\/\/aivlisoft.net\/shop\/producto\/tp-link-tl-sg1008p-switch-8xgb-4xpoe\/#primaryimage\"},\"thumbnailUrl\":\"https:\/\/aivlisoft.net\/shop\/wp-content\/uploads\/2025\/01\/NSWSSO0118_800.jpg\",\"datePublished\":\"2025-01-13T15:49:27+00:00\",\"dateModified\":\"2025-01-14T11:53:59+00:00\",\"breadcrumb\":{\"@id\":\"https:\/\/aivlisoft.net\/shop\/producto\/tp-link-tl-sg1008p-switch-8xgb-4xpoe\/#breadcrumb\"},\"inLanguage\":\"es\",\"potentialAction\":[{\"@type\":\"ReadAction\",\"target\":[\"https:\/\/aivlisoft.net\/shop\/producto\/tp-link-tl-sg1008p-switch-8xgb-4xpoe\/\"]}]},{\"@type\":\"ImageObject\",\"inLanguage\":\"es\",\"@id\":\"https:\/\/aivlisoft.net\/shop\/producto\/tp-link-tl-sg1008p-switch-8xgb-4xpoe\/#primaryimage\",\"url\":\"https:\/\/aivlisoft.net\/shop\/wp-content\/uploads\/2025\/01\/NSWSSO0118_800.jpg\",\"contentUrl\":\"https:\/\/aivlisoft.net\/shop\/wp-content\/uploads\/2025\/01\/NSWSSO0118_800.jpg\",\"width\":800,\"height\":800},{\"@type\":\"BreadcrumbList\",\"@id\":\"https:\/\/aivlisoft.net\/shop\/producto\/tp-link-tl-sg1008p-switch-8xgb-4xpoe\/#breadcrumb\",\"itemListElement\":[{\"@type\":\"ListItem\",\"position\":1,\"name\":\"Portada\",\"item\":\"https:\/\/aivlisoft.net\/shop\/\"},{\"@type\":\"ListItem\",\"position\":2,\"name\":\"Tienda\",\"item\":\"https:\/\/aivlisoft.net\/shop\/tienda\/\"},{\"@type\":\"ListItem\",\"position\":3,\"name\":\"TP-LINK TL-SG1008P Switch 8xGB 4xPoE\"}]},{\"@type\":\"WebSite\",\"@id\":\"https:\/\/aivlisoft.net\/shop\/#website\",\"url\":\"https:\/\/aivlisoft.net\/shop\/\",\"name\":\"Aivlisoft Inform\u00e1tica\",\"description\":\"En Aivlisoft Inform\u00e1tica ofrecemos soluciones tecnol\u00f3gicas para empresas: venta de ordenadores, consumibles, perif\u00e9ricos y m\u00e1s. Calidad, atenci\u00f3n personalizada y los mejores precios para tu negocio.\",\"publisher\":{\"@id\":\"https:\/\/aivlisoft.net\/shop\/#organization\"},\"potentialAction\":[{\"@type\":\"SearchAction\",\"target\":{\"@type\":\"EntryPoint\",\"urlTemplate\":\"https:\/\/aivlisoft.net\/shop\/?s={search_term_string}\"},\"query-input\":{\"@type\":\"PropertyValueSpecification\",\"valueRequired\":true,\"valueName\":\"search_term_string\"}}],\"inLanguage\":\"es\"},{\"@type\":\"Organization\",\"@id\":\"https:\/\/aivlisoft.net\/shop\/#organization\",\"name\":\"Aivlisoft Inform\u00e1tica\",\"url\":\"https:\/\/aivlisoft.net\/shop\/\",\"logo\":{\"@type\":\"ImageObject\",\"inLanguage\":\"es\",\"@id\":\"https:\/\/aivlisoft.net\/shop\/#\/schema\/logo\/image\/\",\"url\":\"https:\/\/aivlisoft.net\/shop\/wp-content\/uploads\/2024\/12\/removal.ai_5b848c54-0cdf-4140-95c5-c5536bb7573b-logodef.png\",\"contentUrl\":\"https:\/\/aivlisoft.net\/shop\/wp-content\/uploads\/2024\/12\/removal.ai_5b848c54-0cdf-4140-95c5-c5536bb7573b-logodef.png\",\"width\":484,\"height\":182,\"caption\":\"Aivlisoft Inform\u00e1tica\"},\"image\":{\"@id\":\"https:\/\/aivlisoft.net\/shop\/#\/schema\/logo\/image\/\"}}]}<\/script>\n<!-- \/ Yoast SEO plugin. -->","yoast_head_json":{"title":"TP-LINK TL-SG1008P Switch 8xGB 4xPoE - Aivlisoft Inform\u00e1tica","robots":{"index":"index","follow":"follow","max-snippet":"max-snippet:-1","max-image-preview":"max-image-preview:large","max-video-preview":"max-video-preview:-1"},"canonical":"https:\/\/aivlisoft.net\/shop\/producto\/tp-link-tl-sg1008p-switch-8xgb-4xpoe\/","og_locale":"es_ES","og_type":"article","og_title":"TP-LINK TL-SG1008P Switch 8xGB 4xPoE - Aivlisoft Inform\u00e1tica","og_description":"&#8211; Soporte alimentaci&oacute;n PoE de hasta 15,4 W para cada puerto PoE&#8211; Soporta alimentaci&oacute;n PoE de hasta 53 W para todos los puertos PoE&#8211; Soporta dispositivos compatibles con el est&aacute;ndar PoE IEEE 802.3af&#8211; Soporta control de flujo IEEE 802.3x en modo Full-Duplex y Back-Pressure en modo Half-Duplex&#8211; El TL-SG1008P dispone de una tabla de direcciones&hellip;&nbsp;TP-LINK TL-SG1008P Switch 8xGB 4xPoE","og_url":"https:\/\/aivlisoft.net\/shop\/producto\/tp-link-tl-sg1008p-switch-8xgb-4xpoe\/","og_site_name":"Aivlisoft Inform\u00e1tica","article_modified_time":"2025-01-14T11:53:59+00:00","og_image":[{"width":800,"height":800,"url":"https:\/\/aivlisoft.net\/shop\/wp-content\/uploads\/2025\/01\/NSWSSO0118_800.jpg","type":"image\/jpeg"}],"twitter_card":"summary_large_image","twitter_misc":{"Tiempo de lectura":"2 minutos"},"schema":{"@context":"https:\/\/schema.org","@graph":[{"@type":"WebPage","@id":"https:\/\/aivlisoft.net\/shop\/producto\/tp-link-tl-sg1008p-switch-8xgb-4xpoe\/","url":"https:\/\/aivlisoft.net\/shop\/producto\/tp-link-tl-sg1008p-switch-8xgb-4xpoe\/","name":"TP-LINK TL-SG1008P Switch 8xGB 4xPoE - Aivlisoft Inform\u00e1tica","isPartOf":{"@id":"https:\/\/aivlisoft.net\/shop\/#website"},"primaryImageOfPage":{"@id":"https:\/\/aivlisoft.net\/shop\/producto\/tp-link-tl-sg1008p-switch-8xgb-4xpoe\/#primaryimage"},"image":{"@id":"https:\/\/aivlisoft.net\/shop\/producto\/tp-link-tl-sg1008p-switch-8xgb-4xpoe\/#primaryimage"},"thumbnailUrl":"https:\/\/aivlisoft.net\/shop\/wp-content\/uploads\/2025\/01\/NSWSSO0118_800.jpg","datePublished":"2025-01-13T15:49:27+00:00","dateModified":"2025-01-14T11:53:59+00:00","breadcrumb":{"@id":"https:\/\/aivlisoft.net\/shop\/producto\/tp-link-tl-sg1008p-switch-8xgb-4xpoe\/#breadcrumb"},"inLanguage":"es","potentialAction":[{"@type":"ReadAction","target":["https:\/\/aivlisoft.net\/shop\/producto\/tp-link-tl-sg1008p-switch-8xgb-4xpoe\/"]}]},{"@type":"ImageObject","inLanguage":"es","@id":"https:\/\/aivlisoft.net\/shop\/producto\/tp-link-tl-sg1008p-switch-8xgb-4xpoe\/#primaryimage","url":"https:\/\/aivlisoft.net\/shop\/wp-content\/uploads\/2025\/01\/NSWSSO0118_800.jpg","contentUrl":"https:\/\/aivlisoft.net\/shop\/wp-content\/uploads\/2025\/01\/NSWSSO0118_800.jpg","width":800,"height":800},{"@type":"BreadcrumbList","@id":"https:\/\/aivlisoft.net\/shop\/producto\/tp-link-tl-sg1008p-switch-8xgb-4xpoe\/#breadcrumb","itemListElement":[{"@type":"ListItem","position":1,"name":"Portada","item":"https:\/\/aivlisoft.net\/shop\/"},{"@type":"ListItem","position":2,"name":"Tienda","item":"https:\/\/aivlisoft.net\/shop\/tienda\/"},{"@type":"ListItem","position":3,"name":"TP-LINK TL-SG1008P Switch 8xGB 4xPoE"}]},{"@type":"WebSite","@id":"https:\/\/aivlisoft.net\/shop\/#website","url":"https:\/\/aivlisoft.net\/shop\/","name":"Aivlisoft Inform\u00e1tica","description":"En Aivlisoft Inform\u00e1tica ofrecemos soluciones tecnol\u00f3gicas para empresas: venta de ordenadores, consumibles, perif\u00e9ricos y m\u00e1s. Calidad, atenci\u00f3n personalizada y los mejores precios para tu negocio.","publisher":{"@id":"https:\/\/aivlisoft.net\/shop\/#organization"},"potentialAction":[{"@type":"SearchAction","target":{"@type":"EntryPoint","urlTemplate":"https:\/\/aivlisoft.net\/shop\/?s={search_term_string}"},"query-input":{"@type":"PropertyValueSpecification","valueRequired":true,"valueName":"search_term_string"}}],"inLanguage":"es"},{"@type":"Organization","@id":"https:\/\/aivlisoft.net\/shop\/#organization","name":"Aivlisoft Inform\u00e1tica","url":"https:\/\/aivlisoft.net\/shop\/","logo":{"@type":"ImageObject","inLanguage":"es","@id":"https:\/\/aivlisoft.net\/shop\/#\/schema\/logo\/image\/","url":"https:\/\/aivlisoft.net\/shop\/wp-content\/uploads\/2024\/12\/removal.ai_5b848c54-0cdf-4140-95c5-c5536bb7573b-logodef.png","contentUrl":"https:\/\/aivlisoft.net\/shop\/wp-content\/uploads\/2024\/12\/removal.ai_5b848c54-0cdf-4140-95c5-c5536bb7573b-logodef.png","width":484,"height":182,"caption":"Aivlisoft Inform\u00e1tica"},"image":{"@id":"https:\/\/aivlisoft.net\/shop\/#\/schema\/logo\/image\/"}}]}},"_links":{"self":[{"href":"https:\/\/aivlisoft.net\/shop\/wp-json\/wp\/v2\/product\/21035","targetHints":{"allow":["GET"]}}],"collection":[{"href":"https:\/\/aivlisoft.net\/shop\/wp-json\/wp\/v2\/product"}],"about":[{"href":"https:\/\/aivlisoft.net\/shop\/wp-json\/wp\/v2\/types\/product"}],"wp:featuredmedia":[{"embeddable":true,"href":"https:\/\/aivlisoft.net\/shop\/wp-json\/wp\/v2\/media\/21036"}],"wp:attachment":[{"href":"https:\/\/aivlisoft.net\/shop\/wp-json\/wp\/v2\/media?parent=21035"}],"wp:term":[{"taxonomy":"product_brand","embeddable":true,"href":"https:\/\/aivlisoft.net\/shop\/wp-json\/wp\/v2\/product_brand?post=21035"},{"taxonomy":"product_cat","embeddable":true,"href":"https:\/\/aivlisoft.net\/shop\/wp-json\/wp\/v2\/product_cat?post=21035"},{"taxonomy":"product_tag","embeddable":true,"href":"https:\/\/aivlisoft.net\/shop\/wp-json\/wp\/v2\/product_tag?post=21035"}],"curies":[{"name":"wp","href":"https:\/\/api.w.org\/{rel}","templated":true}]}}