{"id":20975,"date":"2025-01-13T15:48:47","date_gmt":"2025-01-13T15:48:47","guid":{"rendered":"https:\/\/aivlisoft.com\/?post_type=product&#038;p=20975"},"modified":"2025-01-14T11:53:42","modified_gmt":"2025-01-14T11:53:42","slug":"edimax-igs-1005-industrial-din-rail-switch-5xgbe","status":"publish","type":"product","link":"https:\/\/aivlisoft.net\/shop\/producto\/edimax-igs-1005-industrial-din-rail-switch-5xgbe\/","title":{"rendered":"Edimax IGS-1005 Industrial Din-Rail Switch 5xGbE"},"content":{"rendered":"<p>&nbsp;<br \/>&nbsp;<\/p>\n<table class=\"tabla_caracteristicas k-table\" width=\"100%\">\n<tr>\n<td valign=\"top\"><strong>Marca<\/strong><\/td>\n<td>Edimax<\/td>\n<\/tr>\n<tr>\n<td valign=\"top\"><strong>Modelo<\/strong><\/td>\n<td><strong>IGS-1005<\/strong><\/td>\n<\/tr>\n<tr>\n<td valign=\"top\">\n<div><strong>Caracter&iacute;sticas <\/strong><\/div>\n<div>&nbsp;<\/div>\n<\/td>\n<td><strong>General <\/strong><br \/>\t\t\t&#8211; Puertos: 5 puertos Gigabit RJ-45 10\/100\/1000Base-T<br \/>\t\t\t&#8211; Conector: Bloque de terminales de 6 pines (Pin1\/2 para alimentaci&oacute;n 1, Pin 3\/4 para fallo de alimentaci&oacute;n (rel&eacute; alarma fallo alimentaci&oacute;n), Pin 5\/6 para alimentaci&oacute;n 2)<br \/>\t\t\t&#8211; Indicadores de LED: Por puerto: Conexi&oacute;n\/ Act<br \/>\t\t\t&#8211; Por unidad: PWR1, PWR2, Fallo alimentaci&oacute;n<br \/>\t\t\t&#8211; Entrada de corriente:<br \/>\t\t\t&nbsp; Fuente de alimentaci&oacute;n externa<br \/>\t\t\t&nbsp; Entrada de corriente: 12 V~48 VCC, 2.5 A (bloque de terminales)<br \/>\t\t\t&nbsp; Entrada de corriente redundante: 12 V~48 VCC, 2.5 A (bloque de terminales)<br \/>\t\t\t&#8211; Montaje: Montaje en riel DIN (Kit de montaje en riel DIN incluido) \/ Montaje de pared<br \/>\t\t\t&#8211; Carcasa: Metal, clasificaci&oacute;n IP30<br \/>\t\t\t&#8211; Ventilador: Sin ventilador<br \/>\t\t\t<strong>Rendimiento<\/strong><br \/>\t\t\t&#8211; Capacidad de conmutaci&oacute;n: 10Gbps<br \/>\t\t\t&#8211; Direcci&oacute;n MAC: 2K<br \/>\t\t\t&#8211; Memoria de b&uacute;fer: 2Mb<br \/>\t\t\t&#8211; Trama gigante: 9KB<br \/>\t\t\t&#8211; M&eacute;todo de transmisi&oacute;n: Almacenamiento y reenv&iacute;o<br \/>\t\t\t&#8211; Velocidades de filtrado\/reenv&iacute;o:<br \/>\t\t\t&nbsp; M&aacute;x. 7,44 Mpps<br \/>\t\t\t&nbsp; Puerto de 1000 Mbps &ndash; 1.488.000 pps<br \/>\t\t\t&nbsp; Puerto de 100 Mbps &ndash; 148.800 pps<br \/>\t\t\t&nbsp; Puerto de 10 Mbps &ndash; 14.880 pps<br \/>\t\t\t&#8211; Funciones avanzadas:<br \/>\t\t\t&nbsp; IEEE 802.1p Calidad de servicio (QoS)<br \/>\t\t\t&nbsp; Largo alcance garantizado de 200 metros a 10 Mbps<br \/>\t\t\t<strong>Otras<\/strong><br \/>\t\t\t&#8211; Protecci&oacute;n<br \/>\t\t\t&nbsp; Sobre reserva: Presente<br \/>\t\t\t&nbsp; Corriente de sobrecarga: Presente<br \/>\t\t\t&nbsp; Sobretensi&oacute;n 6 KV Por puerto RJ45<br \/>\t\t\t&#8211; MTBF: &gt;1,000,000 horas @25 &deg;C (Tiempo medio entre fallos)<br \/>\t\t\t&#8211; Est&aacute;ndares:<br \/>\t\t\t&nbsp; IEEE 802.3 10BaseT Ethernet<br \/>\t\t\t&nbsp; IEEE 802.3u 100BaseTX Fast Ethernet<br \/>\t\t\t&nbsp; IEEE 802.3ab 1000BaseT Gigabit Ethernet<br \/>\t\t\t&nbsp; IEEE 802.1p QoS (Quality of Service)<br \/>\t\t\t&nbsp; IEEE 802.3x d&uacute;plex completo y control de flujo<br \/>\t\t\t&nbsp; Ethernet de consumo eficiente de energ&iacute;a 802.3az<br \/>\t\t\t&#8211; Dimensiones : 127,5 (H) x 30 (D) x 83,6 (A) mm<br \/>\t\t\t&#8211; Peso: 387g<br \/>\t\t\t&#8211; Condiciones medioambientales:<br \/>\t\t\t&nbsp; Temperatura de funcionamiento: -20~70 &deg;C (-4~158 &deg;F)<br \/>\t\t\t&nbsp; Temperatura de almacenamiento: -40~185 &deg;C (-40~158 &deg;F)<br \/>\t\t\t&nbsp; Humedad de funcionamiento: 10~95 % (sin condensaci&oacute;n)<br \/>\t\t\t&nbsp; Humedad de almacenamiento: 10~95 % (sin condensaci&oacute;n)<br \/>\t\t\t&#8211; Certificaci&oacute;n: CE, FCC, BSMI<\/td>\n<\/tr>\n<tr>\n<td valign=\"top\"><strong>Fecha de revisi&oacute;n<\/strong><\/td>\n<td>26-05-2022 por MPM<\/td>\n<\/tr>\n<\/table>\n","protected":false},"excerpt":{"rendered":"<p>&nbsp;&nbsp; Marca Edimax Modelo IGS-1005 Caracter&iacute;sticas &nbsp; General &#8211; Puertos: 5 puertos Gigabit RJ-45 10\/100\/1000Base-T &#8211; Conector: Bloque de terminales de 6 pines (Pin1\/2 para alimentaci&oacute;n 1, Pin 3\/4 para fallo de alimentaci&oacute;n (rel&eacute; alarma fallo alimentaci&oacute;n), Pin 5\/6 para alimentaci&oacute;n 2) &#8211; Indicadores de LED: Por puerto: Conexi&oacute;n\/ Act &#8211; Por unidad: PWR1, PWR2,&hellip;&nbsp;<a href=\"https:\/\/aivlisoft.net\/shop\/producto\/edimax-igs-1005-industrial-din-rail-switch-5xgbe\/\" rel=\"bookmark\"><span class=\"screen-reader-text\">Edimax IGS-1005 Industrial Din-Rail Switch 5xGbE<\/span><\/a><\/p>\n","protected":false},"featured_media":20976,"template":"","meta":{"neve_meta_sidebar":"","neve_meta_container":"","neve_meta_enable_content_width":"","neve_meta_content_width":0,"neve_meta_title_alignment":"","neve_meta_author_avatar":"","neve_post_elements_order":"","neve_meta_disable_header":"","neve_meta_disable_footer":"","neve_meta_disable_title":""},"product_brand":[],"product_cat":[8772],"product_tag":[7449],"class_list":{"0":"post-20975","1":"product","2":"type-product","3":"status-publish","4":"has-post-thumbnail","6":"product_cat-switches-industriales","7":"product_tag-igs-1005","9":"first","10":"instock","11":"taxable","12":"shipping-taxable","13":"purchasable","14":"product-type-simple"},"yoast_head":"<!-- This site is optimized with the Yoast SEO plugin v26.0 - https:\/\/yoast.com\/wordpress\/plugins\/seo\/ -->\n<title>Edimax IGS-1005 Industrial Din-Rail Switch 5xGbE - Aivlisoft Inform\u00e1tica<\/title>\n<meta name=\"robots\" content=\"index, follow, max-snippet:-1, max-image-preview:large, max-video-preview:-1\" \/>\n<link rel=\"canonical\" href=\"https:\/\/aivlisoft.net\/shop\/producto\/edimax-igs-1005-industrial-din-rail-switch-5xgbe\/\" \/>\n<meta property=\"og:locale\" content=\"es_ES\" \/>\n<meta property=\"og:type\" content=\"article\" \/>\n<meta property=\"og:title\" content=\"Edimax IGS-1005 Industrial Din-Rail Switch 5xGbE - Aivlisoft Inform\u00e1tica\" \/>\n<meta property=\"og:description\" content=\"&nbsp;&nbsp; Marca Edimax Modelo IGS-1005 Caracter&iacute;sticas &nbsp; General &#8211; Puertos: 5 puertos Gigabit RJ-45 10\/100\/1000Base-T &#8211; Conector: Bloque de terminales de 6 pines (Pin1\/2 para alimentaci&oacute;n 1, Pin 3\/4 para fallo de alimentaci&oacute;n (rel&eacute; alarma fallo alimentaci&oacute;n), Pin 5\/6 para alimentaci&oacute;n 2) &#8211; Indicadores de LED: Por puerto: Conexi&oacute;n\/ Act &#8211; Por unidad: PWR1, PWR2,&hellip;&nbsp;Edimax IGS-1005 Industrial Din-Rail Switch 5xGbE\" \/>\n<meta property=\"og:url\" content=\"https:\/\/aivlisoft.net\/shop\/producto\/edimax-igs-1005-industrial-din-rail-switch-5xgbe\/\" \/>\n<meta property=\"og:site_name\" content=\"Aivlisoft Inform\u00e1tica\" \/>\n<meta property=\"article:modified_time\" content=\"2025-01-14T11:53:42+00:00\" \/>\n<meta property=\"og:image\" content=\"https:\/\/aivlisoft.net\/shop\/wp-content\/uploads\/2025\/01\/NSWSID0016_800.jpg\" \/>\n\t<meta property=\"og:image:width\" content=\"800\" \/>\n\t<meta property=\"og:image:height\" content=\"800\" \/>\n\t<meta property=\"og:image:type\" content=\"image\/jpeg\" \/>\n<meta name=\"twitter:card\" content=\"summary_large_image\" \/>\n<meta name=\"twitter:label1\" content=\"Tiempo de lectura\" \/>\n\t<meta name=\"twitter:data1\" content=\"2 minutos\" \/>\n<script type=\"application\/ld+json\" class=\"yoast-schema-graph\">{\"@context\":\"https:\/\/schema.org\",\"@graph\":[{\"@type\":\"WebPage\",\"@id\":\"https:\/\/aivlisoft.net\/shop\/producto\/edimax-igs-1005-industrial-din-rail-switch-5xgbe\/\",\"url\":\"https:\/\/aivlisoft.net\/shop\/producto\/edimax-igs-1005-industrial-din-rail-switch-5xgbe\/\",\"name\":\"Edimax IGS-1005 Industrial Din-Rail Switch 5xGbE - Aivlisoft Inform\u00e1tica\",\"isPartOf\":{\"@id\":\"https:\/\/aivlisoft.net\/shop\/#website\"},\"primaryImageOfPage\":{\"@id\":\"https:\/\/aivlisoft.net\/shop\/producto\/edimax-igs-1005-industrial-din-rail-switch-5xgbe\/#primaryimage\"},\"image\":{\"@id\":\"https:\/\/aivlisoft.net\/shop\/producto\/edimax-igs-1005-industrial-din-rail-switch-5xgbe\/#primaryimage\"},\"thumbnailUrl\":\"https:\/\/aivlisoft.net\/shop\/wp-content\/uploads\/2025\/01\/NSWSID0016_800.jpg\",\"datePublished\":\"2025-01-13T15:48:47+00:00\",\"dateModified\":\"2025-01-14T11:53:42+00:00\",\"breadcrumb\":{\"@id\":\"https:\/\/aivlisoft.net\/shop\/producto\/edimax-igs-1005-industrial-din-rail-switch-5xgbe\/#breadcrumb\"},\"inLanguage\":\"es\",\"potentialAction\":[{\"@type\":\"ReadAction\",\"target\":[\"https:\/\/aivlisoft.net\/shop\/producto\/edimax-igs-1005-industrial-din-rail-switch-5xgbe\/\"]}]},{\"@type\":\"ImageObject\",\"inLanguage\":\"es\",\"@id\":\"https:\/\/aivlisoft.net\/shop\/producto\/edimax-igs-1005-industrial-din-rail-switch-5xgbe\/#primaryimage\",\"url\":\"https:\/\/aivlisoft.net\/shop\/wp-content\/uploads\/2025\/01\/NSWSID0016_800.jpg\",\"contentUrl\":\"https:\/\/aivlisoft.net\/shop\/wp-content\/uploads\/2025\/01\/NSWSID0016_800.jpg\",\"width\":800,\"height\":800},{\"@type\":\"BreadcrumbList\",\"@id\":\"https:\/\/aivlisoft.net\/shop\/producto\/edimax-igs-1005-industrial-din-rail-switch-5xgbe\/#breadcrumb\",\"itemListElement\":[{\"@type\":\"ListItem\",\"position\":1,\"name\":\"Portada\",\"item\":\"https:\/\/aivlisoft.net\/shop\/\"},{\"@type\":\"ListItem\",\"position\":2,\"name\":\"Tienda\",\"item\":\"https:\/\/aivlisoft.net\/shop\/tienda\/\"},{\"@type\":\"ListItem\",\"position\":3,\"name\":\"Edimax IGS-1005 Industrial Din-Rail Switch 5xGbE\"}]},{\"@type\":\"WebSite\",\"@id\":\"https:\/\/aivlisoft.net\/shop\/#website\",\"url\":\"https:\/\/aivlisoft.net\/shop\/\",\"name\":\"Aivlisoft Inform\u00e1tica\",\"description\":\"En Aivlisoft Inform\u00e1tica ofrecemos soluciones tecnol\u00f3gicas para empresas: venta de ordenadores, consumibles, perif\u00e9ricos y m\u00e1s. Calidad, atenci\u00f3n personalizada y los mejores precios para tu negocio.\",\"publisher\":{\"@id\":\"https:\/\/aivlisoft.net\/shop\/#organization\"},\"potentialAction\":[{\"@type\":\"SearchAction\",\"target\":{\"@type\":\"EntryPoint\",\"urlTemplate\":\"https:\/\/aivlisoft.net\/shop\/?s={search_term_string}\"},\"query-input\":{\"@type\":\"PropertyValueSpecification\",\"valueRequired\":true,\"valueName\":\"search_term_string\"}}],\"inLanguage\":\"es\"},{\"@type\":\"Organization\",\"@id\":\"https:\/\/aivlisoft.net\/shop\/#organization\",\"name\":\"Aivlisoft Inform\u00e1tica\",\"url\":\"https:\/\/aivlisoft.net\/shop\/\",\"logo\":{\"@type\":\"ImageObject\",\"inLanguage\":\"es\",\"@id\":\"https:\/\/aivlisoft.net\/shop\/#\/schema\/logo\/image\/\",\"url\":\"https:\/\/aivlisoft.net\/shop\/wp-content\/uploads\/2024\/12\/removal.ai_5b848c54-0cdf-4140-95c5-c5536bb7573b-logodef.png\",\"contentUrl\":\"https:\/\/aivlisoft.net\/shop\/wp-content\/uploads\/2024\/12\/removal.ai_5b848c54-0cdf-4140-95c5-c5536bb7573b-logodef.png\",\"width\":484,\"height\":182,\"caption\":\"Aivlisoft Inform\u00e1tica\"},\"image\":{\"@id\":\"https:\/\/aivlisoft.net\/shop\/#\/schema\/logo\/image\/\"}}]}<\/script>\n<!-- \/ Yoast SEO plugin. -->","yoast_head_json":{"title":"Edimax IGS-1005 Industrial Din-Rail Switch 5xGbE - Aivlisoft Inform\u00e1tica","robots":{"index":"index","follow":"follow","max-snippet":"max-snippet:-1","max-image-preview":"max-image-preview:large","max-video-preview":"max-video-preview:-1"},"canonical":"https:\/\/aivlisoft.net\/shop\/producto\/edimax-igs-1005-industrial-din-rail-switch-5xgbe\/","og_locale":"es_ES","og_type":"article","og_title":"Edimax IGS-1005 Industrial Din-Rail Switch 5xGbE - Aivlisoft Inform\u00e1tica","og_description":"&nbsp;&nbsp; Marca Edimax Modelo IGS-1005 Caracter&iacute;sticas &nbsp; General &#8211; Puertos: 5 puertos Gigabit RJ-45 10\/100\/1000Base-T &#8211; Conector: Bloque de terminales de 6 pines (Pin1\/2 para alimentaci&oacute;n 1, Pin 3\/4 para fallo de alimentaci&oacute;n (rel&eacute; alarma fallo alimentaci&oacute;n), Pin 5\/6 para alimentaci&oacute;n 2) &#8211; Indicadores de LED: Por puerto: Conexi&oacute;n\/ Act &#8211; Por unidad: PWR1, PWR2,&hellip;&nbsp;Edimax IGS-1005 Industrial Din-Rail Switch 5xGbE","og_url":"https:\/\/aivlisoft.net\/shop\/producto\/edimax-igs-1005-industrial-din-rail-switch-5xgbe\/","og_site_name":"Aivlisoft Inform\u00e1tica","article_modified_time":"2025-01-14T11:53:42+00:00","og_image":[{"width":800,"height":800,"url":"https:\/\/aivlisoft.net\/shop\/wp-content\/uploads\/2025\/01\/NSWSID0016_800.jpg","type":"image\/jpeg"}],"twitter_card":"summary_large_image","twitter_misc":{"Tiempo de lectura":"2 minutos"},"schema":{"@context":"https:\/\/schema.org","@graph":[{"@type":"WebPage","@id":"https:\/\/aivlisoft.net\/shop\/producto\/edimax-igs-1005-industrial-din-rail-switch-5xgbe\/","url":"https:\/\/aivlisoft.net\/shop\/producto\/edimax-igs-1005-industrial-din-rail-switch-5xgbe\/","name":"Edimax IGS-1005 Industrial Din-Rail Switch 5xGbE - Aivlisoft Inform\u00e1tica","isPartOf":{"@id":"https:\/\/aivlisoft.net\/shop\/#website"},"primaryImageOfPage":{"@id":"https:\/\/aivlisoft.net\/shop\/producto\/edimax-igs-1005-industrial-din-rail-switch-5xgbe\/#primaryimage"},"image":{"@id":"https:\/\/aivlisoft.net\/shop\/producto\/edimax-igs-1005-industrial-din-rail-switch-5xgbe\/#primaryimage"},"thumbnailUrl":"https:\/\/aivlisoft.net\/shop\/wp-content\/uploads\/2025\/01\/NSWSID0016_800.jpg","datePublished":"2025-01-13T15:48:47+00:00","dateModified":"2025-01-14T11:53:42+00:00","breadcrumb":{"@id":"https:\/\/aivlisoft.net\/shop\/producto\/edimax-igs-1005-industrial-din-rail-switch-5xgbe\/#breadcrumb"},"inLanguage":"es","potentialAction":[{"@type":"ReadAction","target":["https:\/\/aivlisoft.net\/shop\/producto\/edimax-igs-1005-industrial-din-rail-switch-5xgbe\/"]}]},{"@type":"ImageObject","inLanguage":"es","@id":"https:\/\/aivlisoft.net\/shop\/producto\/edimax-igs-1005-industrial-din-rail-switch-5xgbe\/#primaryimage","url":"https:\/\/aivlisoft.net\/shop\/wp-content\/uploads\/2025\/01\/NSWSID0016_800.jpg","contentUrl":"https:\/\/aivlisoft.net\/shop\/wp-content\/uploads\/2025\/01\/NSWSID0016_800.jpg","width":800,"height":800},{"@type":"BreadcrumbList","@id":"https:\/\/aivlisoft.net\/shop\/producto\/edimax-igs-1005-industrial-din-rail-switch-5xgbe\/#breadcrumb","itemListElement":[{"@type":"ListItem","position":1,"name":"Portada","item":"https:\/\/aivlisoft.net\/shop\/"},{"@type":"ListItem","position":2,"name":"Tienda","item":"https:\/\/aivlisoft.net\/shop\/tienda\/"},{"@type":"ListItem","position":3,"name":"Edimax IGS-1005 Industrial Din-Rail Switch 5xGbE"}]},{"@type":"WebSite","@id":"https:\/\/aivlisoft.net\/shop\/#website","url":"https:\/\/aivlisoft.net\/shop\/","name":"Aivlisoft Inform\u00e1tica","description":"En Aivlisoft Inform\u00e1tica ofrecemos soluciones tecnol\u00f3gicas para empresas: venta de ordenadores, consumibles, perif\u00e9ricos y m\u00e1s. Calidad, atenci\u00f3n personalizada y los mejores precios para tu negocio.","publisher":{"@id":"https:\/\/aivlisoft.net\/shop\/#organization"},"potentialAction":[{"@type":"SearchAction","target":{"@type":"EntryPoint","urlTemplate":"https:\/\/aivlisoft.net\/shop\/?s={search_term_string}"},"query-input":{"@type":"PropertyValueSpecification","valueRequired":true,"valueName":"search_term_string"}}],"inLanguage":"es"},{"@type":"Organization","@id":"https:\/\/aivlisoft.net\/shop\/#organization","name":"Aivlisoft Inform\u00e1tica","url":"https:\/\/aivlisoft.net\/shop\/","logo":{"@type":"ImageObject","inLanguage":"es","@id":"https:\/\/aivlisoft.net\/shop\/#\/schema\/logo\/image\/","url":"https:\/\/aivlisoft.net\/shop\/wp-content\/uploads\/2024\/12\/removal.ai_5b848c54-0cdf-4140-95c5-c5536bb7573b-logodef.png","contentUrl":"https:\/\/aivlisoft.net\/shop\/wp-content\/uploads\/2024\/12\/removal.ai_5b848c54-0cdf-4140-95c5-c5536bb7573b-logodef.png","width":484,"height":182,"caption":"Aivlisoft Inform\u00e1tica"},"image":{"@id":"https:\/\/aivlisoft.net\/shop\/#\/schema\/logo\/image\/"}}]}},"_links":{"self":[{"href":"https:\/\/aivlisoft.net\/shop\/wp-json\/wp\/v2\/product\/20975","targetHints":{"allow":["GET"]}}],"collection":[{"href":"https:\/\/aivlisoft.net\/shop\/wp-json\/wp\/v2\/product"}],"about":[{"href":"https:\/\/aivlisoft.net\/shop\/wp-json\/wp\/v2\/types\/product"}],"wp:featuredmedia":[{"embeddable":true,"href":"https:\/\/aivlisoft.net\/shop\/wp-json\/wp\/v2\/media\/20976"}],"wp:attachment":[{"href":"https:\/\/aivlisoft.net\/shop\/wp-json\/wp\/v2\/media?parent=20975"}],"wp:term":[{"taxonomy":"product_brand","embeddable":true,"href":"https:\/\/aivlisoft.net\/shop\/wp-json\/wp\/v2\/product_brand?post=20975"},{"taxonomy":"product_cat","embeddable":true,"href":"https:\/\/aivlisoft.net\/shop\/wp-json\/wp\/v2\/product_cat?post=20975"},{"taxonomy":"product_tag","embeddable":true,"href":"https:\/\/aivlisoft.net\/shop\/wp-json\/wp\/v2\/product_tag?post=20975"}],"curies":[{"name":"wp","href":"https:\/\/api.w.org\/{rel}","templated":true}]}}