{"id":20962,"date":"2025-01-13T15:48:39","date_gmt":"2025-01-13T15:48:39","guid":{"rendered":"https:\/\/aivlisoft.com\/?post_type=product&#038;p=20962"},"modified":"2025-01-14T11:53:38","modified_gmt":"2025-01-14T11:53:38","slug":"d-link-dis-200g-12ps-switch-industrial-8xgb-2xsfp","status":"publish","type":"product","link":"https:\/\/aivlisoft.net\/shop\/producto\/d-link-dis-200g-12ps-switch-industrial-8xgb-2xsfp\/","title":{"rendered":"D-Link DIS-200G-12PS Switch Industrial 8xGB 2xSFP"},"content":{"rendered":"<p><\/p>\n<table class=\"tabla_caracteristicas k-table\" width=\"100%\">\n<tbody>\n<tr>\n<td><strong>Marca<\/strong><\/td>\n<td>D-Link<\/td>\n<\/tr>\n<tr>\n<td><strong>Modelo<\/strong><\/td>\n<td><strong>DIS-200G-12PS<\/strong><\/td>\n<\/tr>\n<tr>\n<td><strong>Interfaces<\/strong><\/td>\n<td><strong>N&uacute;mero de puertos<\/strong><br \/>&#8211; 8 puertos PoE 10\/100 \/ 1000BASE-T<br \/>&#8211; 2 x puertos 10\/100 \/ 1000BASE-T<br \/>&#8211; 2 x puertos SFP<br \/>&#8211; 1 x puerto de consola RJ-45<br \/><strong>Funciones<\/strong><br \/>&#8211; IEEE 802.3 para Ethernet<br \/>&#8211; IEEE 802.3u para Fast Ethernet<br \/>&#8211; IEEE 802.3ab para Gigabit Ethernet<br \/>&#8211; IEEE 802.3z para fibra Gigabit<br \/>&#8211; IEEE 802.3af \/ at Alimentaci&oacute;n a trav&eacute;s de Ethernet (DIS-200G-12PS)<br \/>&#8211; IEEE 802.3az-obediente<br \/><strong>Intercambio de interfaz de medios<\/strong><br \/>&#8211; Ajuste autom&aacute;tico MDI \/ MDIX para todos los puertos de par trenzado<\/td>\n<\/tr>\n<tr>\n<td><strong>Rendimiento<\/strong><\/td>\n<td>&#8211; Capacidad de conmutaci&oacute;n: 24 Gbps<br \/>&#8211; Velocidad m&aacute;xima de reenv&iacute;o: 17.85 Mpps<br \/>&#8211; Tama&ntilde;o de la tabla de direcciones MAC: hasta 8K entradas<br \/>&#8211; M&eacute;todo de transmisi&oacute;n: almacenar y reenviar<\/td>\n<\/tr>\n<tr>\n<td><strong>Poe<\/strong><\/td>\n<td>&#8211; Est&aacute;ndares PoE: IEEE 802.3af \/ at<br \/>&#8211; Puertos compatibles con PoE: puertos 1 a 8<br \/>&#8211; Suministro energ&iacute;a PoE: M&aacute;x. 240 W<\/td>\n<\/tr>\n<tr>\n<td><strong>Caracter&iacute;sticas f&iacute;sicas<\/strong><\/td>\n<td>&#8211; LED de diagn&oacute;stico: SYS, ALM, PWR1 \/ 2\/3, Enlace \/ Actividad \/ Velocidad, estado PoE, presupuesto PoE<br \/>&#8211; Entrada de alimentaci&oacute;n:<br \/>&nbsp; Entrada dual del bloque de terminales de 48 a 54 V CC<br \/>&nbsp; 54 V CC de 4 pines DIN de entrada de alimentaci&oacute;n &uacute;nica<br \/>&#8211; Consumos de energ&iacute;a:<br \/>&nbsp; M&aacute;ximo: 260 W (PoE encendido)<br \/>&nbsp; M&aacute;ximo: 10.8 W (PoE apagado)<br \/>&nbsp; En espera: 7.02 W<br \/>&#8211; Rel&eacute; de alarma: 1 A a 24 V<br \/>&#8211; Disipaci&oacute;n de calor:<br \/>&nbsp; 887.16 BTU \/ hr (PoE encendido)<br \/>&nbsp; 36.85 BTU \/ hr (PoE apagado)<br \/>&#8211; Peso: 1.76 kg<br \/>&#8211; Dimensiones: 210 x 171,2 x 53 mm.<br \/>&#8211; Ventilaci&oacute;n: sin ventilador<br \/>&#8211; Temperatura de funcionamiento: -40 a 65 &deg;<br \/>&#8211; Temperatura de almacenamiento: -40 a 85 &deg; C<br \/>&#8211; Humedad de funcionamiento: 0% a 95% HR, sin condensaci&oacute;n<br \/>&#8211; Humedad de almacenamiento: 0% a 95% HR, sin condensaci&oacute;n<br \/>&#8211; Material: carcasa de metal con clasificaci&oacute;n IP30<br \/>&#8211; Instalaci&oacute;n: riel DIN \/ montaje en pared<br \/>&#8211; MTBF: 213,112 horas<\/td>\n<\/tr>\n<tr>\n<td><strong>Certificaciones<\/strong><\/td>\n<td>&#8211; Certificaciones: CE, FCC, BSMI<br \/>&#8211; Seguridad: UL60950-1<br \/>&#8211; EMI: CISPR 22, FCC Parte 15B Clase A<br \/>&#8211; EMS: EN 61000-4-2 ESD, EN 61000-4-3 RS, EN 61000-4-4 EFT, EN 61000-4-5, EN 61000-4-6 CS, EN 61000-4-8<br \/>&#8211; Pruebas ambientales: IEC 60068-2-27 Choque, IEC 60068-2-32 Ca&iacute;da libre, IEC 60068-2-6 Vibraci&oacute;n<\/td>\n<\/tr>\n<tr>\n<td><strong>Fecha de revisi&oacute;n<\/strong><\/td>\n<td>23-10-2019 por MSB<\/td>\n<\/tr>\n<\/tbody>\n<\/table>\n","protected":false},"excerpt":{"rendered":"<p>Marca D-Link Modelo DIS-200G-12PS Interfaces N&uacute;mero de puertos&#8211; 8 puertos PoE 10\/100 \/ 1000BASE-T&#8211; 2 x puertos 10\/100 \/ 1000BASE-T&#8211; 2 x puertos SFP&#8211; 1 x puerto de consola RJ-45Funciones&#8211; IEEE 802.3 para Ethernet&#8211; IEEE 802.3u para Fast Ethernet&#8211; IEEE 802.3ab para Gigabit Ethernet&#8211; IEEE 802.3z para fibra Gigabit&#8211; IEEE 802.3af \/ at Alimentaci&oacute;n a&hellip;&nbsp;<a href=\"https:\/\/aivlisoft.net\/shop\/producto\/d-link-dis-200g-12ps-switch-industrial-8xgb-2xsfp\/\" rel=\"bookmark\"><span class=\"screen-reader-text\">D-Link DIS-200G-12PS Switch Industrial 8xGB 2xSFP<\/span><\/a><\/p>\n","protected":false},"featured_media":20963,"template":"","meta":{"neve_meta_sidebar":"","neve_meta_container":"","neve_meta_enable_content_width":"","neve_meta_content_width":0,"neve_meta_title_alignment":"","neve_meta_author_avatar":"","neve_post_elements_order":"","neve_meta_disable_header":"","neve_meta_disable_footer":"","neve_meta_disable_title":""},"product_brand":[],"product_cat":[8772],"product_tag":[7444],"class_list":{"0":"post-20962","1":"product","2":"type-product","3":"status-publish","4":"has-post-thumbnail","6":"product_cat-switches-industriales","7":"product_tag-dis-200g-12ps","9":"first","10":"instock","11":"taxable","12":"shipping-taxable","13":"purchasable","14":"product-type-simple"},"yoast_head":"<!-- This site is optimized with the Yoast SEO plugin v26.0 - https:\/\/yoast.com\/wordpress\/plugins\/seo\/ -->\n<title>D-Link DIS-200G-12PS Switch Industrial 8xGB 2xSFP - Aivlisoft Inform\u00e1tica<\/title>\n<meta name=\"robots\" content=\"index, follow, max-snippet:-1, max-image-preview:large, max-video-preview:-1\" \/>\n<link rel=\"canonical\" href=\"https:\/\/aivlisoft.net\/shop\/producto\/d-link-dis-200g-12ps-switch-industrial-8xgb-2xsfp\/\" \/>\n<meta property=\"og:locale\" content=\"es_ES\" \/>\n<meta property=\"og:type\" content=\"article\" \/>\n<meta property=\"og:title\" content=\"D-Link DIS-200G-12PS Switch Industrial 8xGB 2xSFP - Aivlisoft Inform\u00e1tica\" \/>\n<meta property=\"og:description\" content=\"Marca D-Link Modelo DIS-200G-12PS Interfaces N&uacute;mero de puertos&#8211; 8 puertos PoE 10\/100 \/ 1000BASE-T&#8211; 2 x puertos 10\/100 \/ 1000BASE-T&#8211; 2 x puertos SFP&#8211; 1 x puerto de consola RJ-45Funciones&#8211; IEEE 802.3 para Ethernet&#8211; IEEE 802.3u para Fast Ethernet&#8211; IEEE 802.3ab para Gigabit Ethernet&#8211; IEEE 802.3z para fibra Gigabit&#8211; IEEE 802.3af \/ at Alimentaci&oacute;n a&hellip;&nbsp;D-Link DIS-200G-12PS Switch Industrial 8xGB 2xSFP\" \/>\n<meta property=\"og:url\" content=\"https:\/\/aivlisoft.net\/shop\/producto\/d-link-dis-200g-12ps-switch-industrial-8xgb-2xsfp\/\" \/>\n<meta property=\"og:site_name\" content=\"Aivlisoft Inform\u00e1tica\" \/>\n<meta property=\"article:modified_time\" content=\"2025-01-14T11:53:38+00:00\" \/>\n<meta property=\"og:image\" content=\"https:\/\/aivlisoft.net\/shop\/wp-content\/uploads\/2025\/01\/NSWSID0011_800.jpg\" \/>\n\t<meta property=\"og:image:width\" content=\"800\" \/>\n\t<meta property=\"og:image:height\" content=\"800\" \/>\n\t<meta property=\"og:image:type\" content=\"image\/jpeg\" \/>\n<meta name=\"twitter:card\" content=\"summary_large_image\" \/>\n<meta name=\"twitter:label1\" content=\"Tiempo de lectura\" \/>\n\t<meta name=\"twitter:data1\" content=\"2 minutos\" \/>\n<script type=\"application\/ld+json\" class=\"yoast-schema-graph\">{\"@context\":\"https:\/\/schema.org\",\"@graph\":[{\"@type\":\"WebPage\",\"@id\":\"https:\/\/aivlisoft.net\/shop\/producto\/d-link-dis-200g-12ps-switch-industrial-8xgb-2xsfp\/\",\"url\":\"https:\/\/aivlisoft.net\/shop\/producto\/d-link-dis-200g-12ps-switch-industrial-8xgb-2xsfp\/\",\"name\":\"D-Link DIS-200G-12PS Switch Industrial 8xGB 2xSFP - Aivlisoft Inform\u00e1tica\",\"isPartOf\":{\"@id\":\"https:\/\/aivlisoft.net\/shop\/#website\"},\"primaryImageOfPage\":{\"@id\":\"https:\/\/aivlisoft.net\/shop\/producto\/d-link-dis-200g-12ps-switch-industrial-8xgb-2xsfp\/#primaryimage\"},\"image\":{\"@id\":\"https:\/\/aivlisoft.net\/shop\/producto\/d-link-dis-200g-12ps-switch-industrial-8xgb-2xsfp\/#primaryimage\"},\"thumbnailUrl\":\"https:\/\/aivlisoft.net\/shop\/wp-content\/uploads\/2025\/01\/NSWSID0011_800.jpg\",\"datePublished\":\"2025-01-13T15:48:39+00:00\",\"dateModified\":\"2025-01-14T11:53:38+00:00\",\"breadcrumb\":{\"@id\":\"https:\/\/aivlisoft.net\/shop\/producto\/d-link-dis-200g-12ps-switch-industrial-8xgb-2xsfp\/#breadcrumb\"},\"inLanguage\":\"es\",\"potentialAction\":[{\"@type\":\"ReadAction\",\"target\":[\"https:\/\/aivlisoft.net\/shop\/producto\/d-link-dis-200g-12ps-switch-industrial-8xgb-2xsfp\/\"]}]},{\"@type\":\"ImageObject\",\"inLanguage\":\"es\",\"@id\":\"https:\/\/aivlisoft.net\/shop\/producto\/d-link-dis-200g-12ps-switch-industrial-8xgb-2xsfp\/#primaryimage\",\"url\":\"https:\/\/aivlisoft.net\/shop\/wp-content\/uploads\/2025\/01\/NSWSID0011_800.jpg\",\"contentUrl\":\"https:\/\/aivlisoft.net\/shop\/wp-content\/uploads\/2025\/01\/NSWSID0011_800.jpg\",\"width\":800,\"height\":800},{\"@type\":\"BreadcrumbList\",\"@id\":\"https:\/\/aivlisoft.net\/shop\/producto\/d-link-dis-200g-12ps-switch-industrial-8xgb-2xsfp\/#breadcrumb\",\"itemListElement\":[{\"@type\":\"ListItem\",\"position\":1,\"name\":\"Portada\",\"item\":\"https:\/\/aivlisoft.net\/shop\/\"},{\"@type\":\"ListItem\",\"position\":2,\"name\":\"Tienda\",\"item\":\"https:\/\/aivlisoft.net\/shop\/tienda\/\"},{\"@type\":\"ListItem\",\"position\":3,\"name\":\"D-Link DIS-200G-12PS Switch Industrial 8xGB 2xSFP\"}]},{\"@type\":\"WebSite\",\"@id\":\"https:\/\/aivlisoft.net\/shop\/#website\",\"url\":\"https:\/\/aivlisoft.net\/shop\/\",\"name\":\"Aivlisoft Inform\u00e1tica\",\"description\":\"En Aivlisoft Inform\u00e1tica ofrecemos soluciones tecnol\u00f3gicas para empresas: venta de ordenadores, consumibles, perif\u00e9ricos y m\u00e1s. Calidad, atenci\u00f3n personalizada y los mejores precios para tu negocio.\",\"publisher\":{\"@id\":\"https:\/\/aivlisoft.net\/shop\/#organization\"},\"potentialAction\":[{\"@type\":\"SearchAction\",\"target\":{\"@type\":\"EntryPoint\",\"urlTemplate\":\"https:\/\/aivlisoft.net\/shop\/?s={search_term_string}\"},\"query-input\":{\"@type\":\"PropertyValueSpecification\",\"valueRequired\":true,\"valueName\":\"search_term_string\"}}],\"inLanguage\":\"es\"},{\"@type\":\"Organization\",\"@id\":\"https:\/\/aivlisoft.net\/shop\/#organization\",\"name\":\"Aivlisoft Inform\u00e1tica\",\"url\":\"https:\/\/aivlisoft.net\/shop\/\",\"logo\":{\"@type\":\"ImageObject\",\"inLanguage\":\"es\",\"@id\":\"https:\/\/aivlisoft.net\/shop\/#\/schema\/logo\/image\/\",\"url\":\"https:\/\/aivlisoft.net\/shop\/wp-content\/uploads\/2024\/12\/removal.ai_5b848c54-0cdf-4140-95c5-c5536bb7573b-logodef.png\",\"contentUrl\":\"https:\/\/aivlisoft.net\/shop\/wp-content\/uploads\/2024\/12\/removal.ai_5b848c54-0cdf-4140-95c5-c5536bb7573b-logodef.png\",\"width\":484,\"height\":182,\"caption\":\"Aivlisoft Inform\u00e1tica\"},\"image\":{\"@id\":\"https:\/\/aivlisoft.net\/shop\/#\/schema\/logo\/image\/\"}}]}<\/script>\n<!-- \/ Yoast SEO plugin. -->","yoast_head_json":{"title":"D-Link DIS-200G-12PS Switch Industrial 8xGB 2xSFP - Aivlisoft Inform\u00e1tica","robots":{"index":"index","follow":"follow","max-snippet":"max-snippet:-1","max-image-preview":"max-image-preview:large","max-video-preview":"max-video-preview:-1"},"canonical":"https:\/\/aivlisoft.net\/shop\/producto\/d-link-dis-200g-12ps-switch-industrial-8xgb-2xsfp\/","og_locale":"es_ES","og_type":"article","og_title":"D-Link DIS-200G-12PS Switch Industrial 8xGB 2xSFP - Aivlisoft Inform\u00e1tica","og_description":"Marca D-Link Modelo DIS-200G-12PS Interfaces N&uacute;mero de puertos&#8211; 8 puertos PoE 10\/100 \/ 1000BASE-T&#8211; 2 x puertos 10\/100 \/ 1000BASE-T&#8211; 2 x puertos SFP&#8211; 1 x puerto de consola RJ-45Funciones&#8211; IEEE 802.3 para Ethernet&#8211; IEEE 802.3u para Fast Ethernet&#8211; IEEE 802.3ab para Gigabit Ethernet&#8211; IEEE 802.3z para fibra Gigabit&#8211; IEEE 802.3af \/ at Alimentaci&oacute;n a&hellip;&nbsp;D-Link DIS-200G-12PS Switch Industrial 8xGB 2xSFP","og_url":"https:\/\/aivlisoft.net\/shop\/producto\/d-link-dis-200g-12ps-switch-industrial-8xgb-2xsfp\/","og_site_name":"Aivlisoft Inform\u00e1tica","article_modified_time":"2025-01-14T11:53:38+00:00","og_image":[{"width":800,"height":800,"url":"https:\/\/aivlisoft.net\/shop\/wp-content\/uploads\/2025\/01\/NSWSID0011_800.jpg","type":"image\/jpeg"}],"twitter_card":"summary_large_image","twitter_misc":{"Tiempo de lectura":"2 minutos"},"schema":{"@context":"https:\/\/schema.org","@graph":[{"@type":"WebPage","@id":"https:\/\/aivlisoft.net\/shop\/producto\/d-link-dis-200g-12ps-switch-industrial-8xgb-2xsfp\/","url":"https:\/\/aivlisoft.net\/shop\/producto\/d-link-dis-200g-12ps-switch-industrial-8xgb-2xsfp\/","name":"D-Link DIS-200G-12PS Switch Industrial 8xGB 2xSFP - Aivlisoft Inform\u00e1tica","isPartOf":{"@id":"https:\/\/aivlisoft.net\/shop\/#website"},"primaryImageOfPage":{"@id":"https:\/\/aivlisoft.net\/shop\/producto\/d-link-dis-200g-12ps-switch-industrial-8xgb-2xsfp\/#primaryimage"},"image":{"@id":"https:\/\/aivlisoft.net\/shop\/producto\/d-link-dis-200g-12ps-switch-industrial-8xgb-2xsfp\/#primaryimage"},"thumbnailUrl":"https:\/\/aivlisoft.net\/shop\/wp-content\/uploads\/2025\/01\/NSWSID0011_800.jpg","datePublished":"2025-01-13T15:48:39+00:00","dateModified":"2025-01-14T11:53:38+00:00","breadcrumb":{"@id":"https:\/\/aivlisoft.net\/shop\/producto\/d-link-dis-200g-12ps-switch-industrial-8xgb-2xsfp\/#breadcrumb"},"inLanguage":"es","potentialAction":[{"@type":"ReadAction","target":["https:\/\/aivlisoft.net\/shop\/producto\/d-link-dis-200g-12ps-switch-industrial-8xgb-2xsfp\/"]}]},{"@type":"ImageObject","inLanguage":"es","@id":"https:\/\/aivlisoft.net\/shop\/producto\/d-link-dis-200g-12ps-switch-industrial-8xgb-2xsfp\/#primaryimage","url":"https:\/\/aivlisoft.net\/shop\/wp-content\/uploads\/2025\/01\/NSWSID0011_800.jpg","contentUrl":"https:\/\/aivlisoft.net\/shop\/wp-content\/uploads\/2025\/01\/NSWSID0011_800.jpg","width":800,"height":800},{"@type":"BreadcrumbList","@id":"https:\/\/aivlisoft.net\/shop\/producto\/d-link-dis-200g-12ps-switch-industrial-8xgb-2xsfp\/#breadcrumb","itemListElement":[{"@type":"ListItem","position":1,"name":"Portada","item":"https:\/\/aivlisoft.net\/shop\/"},{"@type":"ListItem","position":2,"name":"Tienda","item":"https:\/\/aivlisoft.net\/shop\/tienda\/"},{"@type":"ListItem","position":3,"name":"D-Link DIS-200G-12PS Switch Industrial 8xGB 2xSFP"}]},{"@type":"WebSite","@id":"https:\/\/aivlisoft.net\/shop\/#website","url":"https:\/\/aivlisoft.net\/shop\/","name":"Aivlisoft Inform\u00e1tica","description":"En Aivlisoft Inform\u00e1tica ofrecemos soluciones tecnol\u00f3gicas para empresas: venta de ordenadores, consumibles, perif\u00e9ricos y m\u00e1s. Calidad, atenci\u00f3n personalizada y los mejores precios para tu negocio.","publisher":{"@id":"https:\/\/aivlisoft.net\/shop\/#organization"},"potentialAction":[{"@type":"SearchAction","target":{"@type":"EntryPoint","urlTemplate":"https:\/\/aivlisoft.net\/shop\/?s={search_term_string}"},"query-input":{"@type":"PropertyValueSpecification","valueRequired":true,"valueName":"search_term_string"}}],"inLanguage":"es"},{"@type":"Organization","@id":"https:\/\/aivlisoft.net\/shop\/#organization","name":"Aivlisoft Inform\u00e1tica","url":"https:\/\/aivlisoft.net\/shop\/","logo":{"@type":"ImageObject","inLanguage":"es","@id":"https:\/\/aivlisoft.net\/shop\/#\/schema\/logo\/image\/","url":"https:\/\/aivlisoft.net\/shop\/wp-content\/uploads\/2024\/12\/removal.ai_5b848c54-0cdf-4140-95c5-c5536bb7573b-logodef.png","contentUrl":"https:\/\/aivlisoft.net\/shop\/wp-content\/uploads\/2024\/12\/removal.ai_5b848c54-0cdf-4140-95c5-c5536bb7573b-logodef.png","width":484,"height":182,"caption":"Aivlisoft Inform\u00e1tica"},"image":{"@id":"https:\/\/aivlisoft.net\/shop\/#\/schema\/logo\/image\/"}}]}},"_links":{"self":[{"href":"https:\/\/aivlisoft.net\/shop\/wp-json\/wp\/v2\/product\/20962","targetHints":{"allow":["GET"]}}],"collection":[{"href":"https:\/\/aivlisoft.net\/shop\/wp-json\/wp\/v2\/product"}],"about":[{"href":"https:\/\/aivlisoft.net\/shop\/wp-json\/wp\/v2\/types\/product"}],"wp:featuredmedia":[{"embeddable":true,"href":"https:\/\/aivlisoft.net\/shop\/wp-json\/wp\/v2\/media\/20963"}],"wp:attachment":[{"href":"https:\/\/aivlisoft.net\/shop\/wp-json\/wp\/v2\/media?parent=20962"}],"wp:term":[{"taxonomy":"product_brand","embeddable":true,"href":"https:\/\/aivlisoft.net\/shop\/wp-json\/wp\/v2\/product_brand?post=20962"},{"taxonomy":"product_cat","embeddable":true,"href":"https:\/\/aivlisoft.net\/shop\/wp-json\/wp\/v2\/product_cat?post=20962"},{"taxonomy":"product_tag","embeddable":true,"href":"https:\/\/aivlisoft.net\/shop\/wp-json\/wp\/v2\/product_tag?post=20962"}],"curies":[{"name":"wp","href":"https:\/\/api.w.org\/{rel}","templated":true}]}}