{"id":20921,"date":"2025-01-13T15:48:10","date_gmt":"2025-01-13T15:48:10","guid":{"rendered":"https:\/\/aivlisoft.com\/?post_type=product&#038;p=20921"},"modified":"2025-01-14T11:53:20","modified_gmt":"2025-01-14T11:53:20","slug":"zyxel-xgs1250-12-switch-8xgb-3xmgig-1-2-5-5-10g-1x","status":"publish","type":"product","link":"https:\/\/aivlisoft.net\/shop\/producto\/zyxel-xgs1250-12-switch-8xgb-3xmgig-1-2-5-5-10g-1x\/","title":{"rendered":"Zyxel XGS1250-12 Switch 8xGb 3xmGig 1\/2.5\/5\/10G 1x"},"content":{"rendered":"<p><\/p>\n<table class=\"tabla_caracteristicas\" width=\"100%\">\n<tr>\n<td valign=\"top\"><strong>Marca<\/strong><\/td>\n<td>&nbsp;<\/td>\n<\/tr>\n<tr>\n<td valign=\"top\"><strong>Modelo<\/strong><\/td>\n<td><strong>XGS1250-12-ZZ0102F<\/strong><\/td>\n<\/tr>\n<tr>\n<td valign=\"top\"><strong>Interfaces<\/strong><\/td>\n<td>&#8211; Total de puertos: <strong>12<\/strong><br \/>\t\t\t&#8211; 8 x puertos 100\/1000Mbps<br \/>\t\t\t&#8211; 3 x Ethernet 1G\/2,5G\/5G\/10G (RJ-45)<br \/>\t\t\t&#8211; 1 x 1G SFP\/10G SFP+<\/td>\n<\/tr>\n<tr>\n<td valign=\"top\"><strong>Caracter&iacute;sticas<\/strong><\/td>\n<td>&#8211; Capacidad de conmutaci&oacute;n (Gbps): 96<br \/>\t\t\t&#8211; Tasa de reenv&iacute;o (Mpps): 71,42<br \/>\t\t\t&#8211; B&uacute;fer de paquetes (byte): 1,5 megas<br \/>\t\t\t&#8211; Tabla de direcciones MAC: 16K<br \/>\t\t\t&#8211; Trama gigante (byte): 12K<br \/>\t\t\t<strong>Alimentaci&oacute;n<\/strong><br \/>\t\t\t&#8211; Entrada: 100 &#8211; 240 V CA, 50\/60 Hz<br \/>\t\t\t&#8211; Fuente de alimentaci&oacute;n: Externo<br \/>\t\t\t&#8211; M&aacute;x. consumo de energ&iacute;a (vatios): 20.06<br \/>\t\t\t&#8211; M&iacute;n. consumo de energ&iacute;a (vatios): 6.16<br \/>\t\t\t<strong>Especificaciones ambientales<\/strong><br \/>\t\t\t&#8211; Temperatura de funcionamiento: 0&deg;C a 40&deg;C\/32&deg;F a 104&deg;F<br \/>\t\t\t&#8211; Humedad de funcionamiento: 10% a 90% (sin condensaci&oacute;n)<br \/>\t\t\t&#8211; Temperatura de almacenamiento: -40&deg;C a 70&deg;C\/-40&deg;F a 158&deg;F<br \/>\t\t\t&#8211; Humedad de almacenamiento: 10% a 90% (sin condensaci&oacute;n)<br \/>\t\t\t<strong>Dimensiones y peso<\/strong><br \/>\t\t\t&#8211; 250 x 104 x 27 mm<br \/>\t\t\t&#8211; 0,783 kg<\/td>\n<\/tr>\n<tr>\n<td valign=\"top\"><strong>Fecha de revisi&oacute;n<\/strong><\/td>\n<td>01-10-2024 por RTY<\/td>\n<\/tr>\n<\/table>\n","protected":false},"excerpt":{"rendered":"<p>Marca &nbsp; Modelo XGS1250-12-ZZ0102F Interfaces &#8211; Total de puertos: 12 &#8211; 8 x puertos 100\/1000Mbps &#8211; 3 x Ethernet 1G\/2,5G\/5G\/10G (RJ-45) &#8211; 1 x 1G SFP\/10G SFP+ Caracter&iacute;sticas &#8211; Capacidad de conmutaci&oacute;n (Gbps): 96 &#8211; Tasa de reenv&iacute;o (Mpps): 71,42 &#8211; B&uacute;fer de paquetes (byte): 1,5 megas &#8211; Tabla de direcciones MAC: 16K &#8211; Trama&hellip;&nbsp;<a href=\"https:\/\/aivlisoft.net\/shop\/producto\/zyxel-xgs1250-12-switch-8xgb-3xmgig-1-2-5-5-10g-1x\/\" rel=\"bookmark\"><span class=\"screen-reader-text\">Zyxel XGS1250-12 Switch 8xGb 3xmGig 1\/2.5\/5\/10G 1x<\/span><\/a><\/p>\n","protected":false},"featured_media":20922,"template":"","meta":{"neve_meta_sidebar":"","neve_meta_container":"","neve_meta_enable_content_width":"","neve_meta_content_width":0,"neve_meta_title_alignment":"","neve_meta_author_avatar":"","neve_post_elements_order":"","neve_meta_disable_header":"","neve_meta_disable_footer":"","neve_meta_disable_title":""},"product_brand":[],"product_cat":[8771],"product_tag":[7428],"class_list":{"0":"post-20921","1":"product","2":"type-product","3":"status-publish","4":"has-post-thumbnail","6":"product_cat-switches-armario","7":"product_tag-xgs1250-12-zz0102f","9":"first","10":"instock","11":"taxable","12":"shipping-taxable","13":"purchasable","14":"product-type-simple"},"yoast_head":"<!-- This site is optimized with the Yoast SEO plugin v26.0 - https:\/\/yoast.com\/wordpress\/plugins\/seo\/ -->\n<title>Zyxel XGS1250-12 Switch 8xGb 3xmGig 1\/2.5\/5\/10G 1x - Aivlisoft Inform\u00e1tica<\/title>\n<meta name=\"robots\" content=\"index, follow, max-snippet:-1, max-image-preview:large, max-video-preview:-1\" \/>\n<link rel=\"canonical\" href=\"https:\/\/aivlisoft.net\/shop\/producto\/zyxel-xgs1250-12-switch-8xgb-3xmgig-1-2-5-5-10g-1x\/\" \/>\n<meta property=\"og:locale\" content=\"es_ES\" \/>\n<meta property=\"og:type\" content=\"article\" \/>\n<meta property=\"og:title\" content=\"Zyxel XGS1250-12 Switch 8xGb 3xmGig 1\/2.5\/5\/10G 1x - Aivlisoft Inform\u00e1tica\" \/>\n<meta property=\"og:description\" content=\"Marca &nbsp; Modelo XGS1250-12-ZZ0102F Interfaces &#8211; Total de puertos: 12 &#8211; 8 x puertos 100\/1000Mbps &#8211; 3 x Ethernet 1G\/2,5G\/5G\/10G (RJ-45) &#8211; 1 x 1G SFP\/10G SFP+ Caracter&iacute;sticas &#8211; Capacidad de conmutaci&oacute;n (Gbps): 96 &#8211; Tasa de reenv&iacute;o (Mpps): 71,42 &#8211; B&uacute;fer de paquetes (byte): 1,5 megas &#8211; Tabla de direcciones MAC: 16K &#8211; Trama&hellip;&nbsp;Zyxel XGS1250-12 Switch 8xGb 3xmGig 1\/2.5\/5\/10G 1x\" \/>\n<meta property=\"og:url\" content=\"https:\/\/aivlisoft.net\/shop\/producto\/zyxel-xgs1250-12-switch-8xgb-3xmgig-1-2-5-5-10g-1x\/\" \/>\n<meta property=\"og:site_name\" content=\"Aivlisoft Inform\u00e1tica\" \/>\n<meta property=\"article:modified_time\" content=\"2025-01-14T11:53:20+00:00\" \/>\n<meta property=\"og:image\" content=\"https:\/\/aivlisoft.net\/shop\/wp-content\/uploads\/2025\/01\/NSWSAR0428_800.jpg\" \/>\n\t<meta property=\"og:image:width\" content=\"800\" \/>\n\t<meta property=\"og:image:height\" content=\"800\" \/>\n\t<meta property=\"og:image:type\" content=\"image\/jpeg\" \/>\n<meta name=\"twitter:card\" content=\"summary_large_image\" \/>\n<meta name=\"twitter:label1\" content=\"Tiempo de lectura\" \/>\n\t<meta name=\"twitter:data1\" content=\"1 minuto\" \/>\n<script type=\"application\/ld+json\" class=\"yoast-schema-graph\">{\"@context\":\"https:\/\/schema.org\",\"@graph\":[{\"@type\":\"WebPage\",\"@id\":\"https:\/\/aivlisoft.net\/shop\/producto\/zyxel-xgs1250-12-switch-8xgb-3xmgig-1-2-5-5-10g-1x\/\",\"url\":\"https:\/\/aivlisoft.net\/shop\/producto\/zyxel-xgs1250-12-switch-8xgb-3xmgig-1-2-5-5-10g-1x\/\",\"name\":\"Zyxel XGS1250-12 Switch 8xGb 3xmGig 1\/2.5\/5\/10G 1x - Aivlisoft Inform\u00e1tica\",\"isPartOf\":{\"@id\":\"https:\/\/aivlisoft.net\/shop\/#website\"},\"primaryImageOfPage\":{\"@id\":\"https:\/\/aivlisoft.net\/shop\/producto\/zyxel-xgs1250-12-switch-8xgb-3xmgig-1-2-5-5-10g-1x\/#primaryimage\"},\"image\":{\"@id\":\"https:\/\/aivlisoft.net\/shop\/producto\/zyxel-xgs1250-12-switch-8xgb-3xmgig-1-2-5-5-10g-1x\/#primaryimage\"},\"thumbnailUrl\":\"https:\/\/aivlisoft.net\/shop\/wp-content\/uploads\/2025\/01\/NSWSAR0428_800.jpg\",\"datePublished\":\"2025-01-13T15:48:10+00:00\",\"dateModified\":\"2025-01-14T11:53:20+00:00\",\"breadcrumb\":{\"@id\":\"https:\/\/aivlisoft.net\/shop\/producto\/zyxel-xgs1250-12-switch-8xgb-3xmgig-1-2-5-5-10g-1x\/#breadcrumb\"},\"inLanguage\":\"es\",\"potentialAction\":[{\"@type\":\"ReadAction\",\"target\":[\"https:\/\/aivlisoft.net\/shop\/producto\/zyxel-xgs1250-12-switch-8xgb-3xmgig-1-2-5-5-10g-1x\/\"]}]},{\"@type\":\"ImageObject\",\"inLanguage\":\"es\",\"@id\":\"https:\/\/aivlisoft.net\/shop\/producto\/zyxel-xgs1250-12-switch-8xgb-3xmgig-1-2-5-5-10g-1x\/#primaryimage\",\"url\":\"https:\/\/aivlisoft.net\/shop\/wp-content\/uploads\/2025\/01\/NSWSAR0428_800.jpg\",\"contentUrl\":\"https:\/\/aivlisoft.net\/shop\/wp-content\/uploads\/2025\/01\/NSWSAR0428_800.jpg\",\"width\":800,\"height\":800},{\"@type\":\"BreadcrumbList\",\"@id\":\"https:\/\/aivlisoft.net\/shop\/producto\/zyxel-xgs1250-12-switch-8xgb-3xmgig-1-2-5-5-10g-1x\/#breadcrumb\",\"itemListElement\":[{\"@type\":\"ListItem\",\"position\":1,\"name\":\"Portada\",\"item\":\"https:\/\/aivlisoft.net\/shop\/\"},{\"@type\":\"ListItem\",\"position\":2,\"name\":\"Tienda\",\"item\":\"https:\/\/aivlisoft.net\/shop\/tienda\/\"},{\"@type\":\"ListItem\",\"position\":3,\"name\":\"Zyxel XGS1250-12 Switch 8xGb 3xmGig 1\/2.5\/5\/10G 1x\"}]},{\"@type\":\"WebSite\",\"@id\":\"https:\/\/aivlisoft.net\/shop\/#website\",\"url\":\"https:\/\/aivlisoft.net\/shop\/\",\"name\":\"Aivlisoft Inform\u00e1tica\",\"description\":\"En Aivlisoft Inform\u00e1tica ofrecemos soluciones tecnol\u00f3gicas para empresas: venta de ordenadores, consumibles, perif\u00e9ricos y m\u00e1s. Calidad, atenci\u00f3n personalizada y los mejores precios para tu negocio.\",\"publisher\":{\"@id\":\"https:\/\/aivlisoft.net\/shop\/#organization\"},\"potentialAction\":[{\"@type\":\"SearchAction\",\"target\":{\"@type\":\"EntryPoint\",\"urlTemplate\":\"https:\/\/aivlisoft.net\/shop\/?s={search_term_string}\"},\"query-input\":{\"@type\":\"PropertyValueSpecification\",\"valueRequired\":true,\"valueName\":\"search_term_string\"}}],\"inLanguage\":\"es\"},{\"@type\":\"Organization\",\"@id\":\"https:\/\/aivlisoft.net\/shop\/#organization\",\"name\":\"Aivlisoft Inform\u00e1tica\",\"url\":\"https:\/\/aivlisoft.net\/shop\/\",\"logo\":{\"@type\":\"ImageObject\",\"inLanguage\":\"es\",\"@id\":\"https:\/\/aivlisoft.net\/shop\/#\/schema\/logo\/image\/\",\"url\":\"https:\/\/aivlisoft.net\/shop\/wp-content\/uploads\/2024\/12\/removal.ai_5b848c54-0cdf-4140-95c5-c5536bb7573b-logodef.png\",\"contentUrl\":\"https:\/\/aivlisoft.net\/shop\/wp-content\/uploads\/2024\/12\/removal.ai_5b848c54-0cdf-4140-95c5-c5536bb7573b-logodef.png\",\"width\":484,\"height\":182,\"caption\":\"Aivlisoft Inform\u00e1tica\"},\"image\":{\"@id\":\"https:\/\/aivlisoft.net\/shop\/#\/schema\/logo\/image\/\"}}]}<\/script>\n<!-- \/ Yoast SEO plugin. -->","yoast_head_json":{"title":"Zyxel XGS1250-12 Switch 8xGb 3xmGig 1\/2.5\/5\/10G 1x - Aivlisoft Inform\u00e1tica","robots":{"index":"index","follow":"follow","max-snippet":"max-snippet:-1","max-image-preview":"max-image-preview:large","max-video-preview":"max-video-preview:-1"},"canonical":"https:\/\/aivlisoft.net\/shop\/producto\/zyxel-xgs1250-12-switch-8xgb-3xmgig-1-2-5-5-10g-1x\/","og_locale":"es_ES","og_type":"article","og_title":"Zyxel XGS1250-12 Switch 8xGb 3xmGig 1\/2.5\/5\/10G 1x - Aivlisoft Inform\u00e1tica","og_description":"Marca &nbsp; Modelo XGS1250-12-ZZ0102F Interfaces &#8211; Total de puertos: 12 &#8211; 8 x puertos 100\/1000Mbps &#8211; 3 x Ethernet 1G\/2,5G\/5G\/10G (RJ-45) &#8211; 1 x 1G SFP\/10G SFP+ Caracter&iacute;sticas &#8211; Capacidad de conmutaci&oacute;n (Gbps): 96 &#8211; Tasa de reenv&iacute;o (Mpps): 71,42 &#8211; B&uacute;fer de paquetes (byte): 1,5 megas &#8211; Tabla de direcciones MAC: 16K &#8211; Trama&hellip;&nbsp;Zyxel XGS1250-12 Switch 8xGb 3xmGig 1\/2.5\/5\/10G 1x","og_url":"https:\/\/aivlisoft.net\/shop\/producto\/zyxel-xgs1250-12-switch-8xgb-3xmgig-1-2-5-5-10g-1x\/","og_site_name":"Aivlisoft Inform\u00e1tica","article_modified_time":"2025-01-14T11:53:20+00:00","og_image":[{"width":800,"height":800,"url":"https:\/\/aivlisoft.net\/shop\/wp-content\/uploads\/2025\/01\/NSWSAR0428_800.jpg","type":"image\/jpeg"}],"twitter_card":"summary_large_image","twitter_misc":{"Tiempo de lectura":"1 minuto"},"schema":{"@context":"https:\/\/schema.org","@graph":[{"@type":"WebPage","@id":"https:\/\/aivlisoft.net\/shop\/producto\/zyxel-xgs1250-12-switch-8xgb-3xmgig-1-2-5-5-10g-1x\/","url":"https:\/\/aivlisoft.net\/shop\/producto\/zyxel-xgs1250-12-switch-8xgb-3xmgig-1-2-5-5-10g-1x\/","name":"Zyxel XGS1250-12 Switch 8xGb 3xmGig 1\/2.5\/5\/10G 1x - Aivlisoft Inform\u00e1tica","isPartOf":{"@id":"https:\/\/aivlisoft.net\/shop\/#website"},"primaryImageOfPage":{"@id":"https:\/\/aivlisoft.net\/shop\/producto\/zyxel-xgs1250-12-switch-8xgb-3xmgig-1-2-5-5-10g-1x\/#primaryimage"},"image":{"@id":"https:\/\/aivlisoft.net\/shop\/producto\/zyxel-xgs1250-12-switch-8xgb-3xmgig-1-2-5-5-10g-1x\/#primaryimage"},"thumbnailUrl":"https:\/\/aivlisoft.net\/shop\/wp-content\/uploads\/2025\/01\/NSWSAR0428_800.jpg","datePublished":"2025-01-13T15:48:10+00:00","dateModified":"2025-01-14T11:53:20+00:00","breadcrumb":{"@id":"https:\/\/aivlisoft.net\/shop\/producto\/zyxel-xgs1250-12-switch-8xgb-3xmgig-1-2-5-5-10g-1x\/#breadcrumb"},"inLanguage":"es","potentialAction":[{"@type":"ReadAction","target":["https:\/\/aivlisoft.net\/shop\/producto\/zyxel-xgs1250-12-switch-8xgb-3xmgig-1-2-5-5-10g-1x\/"]}]},{"@type":"ImageObject","inLanguage":"es","@id":"https:\/\/aivlisoft.net\/shop\/producto\/zyxel-xgs1250-12-switch-8xgb-3xmgig-1-2-5-5-10g-1x\/#primaryimage","url":"https:\/\/aivlisoft.net\/shop\/wp-content\/uploads\/2025\/01\/NSWSAR0428_800.jpg","contentUrl":"https:\/\/aivlisoft.net\/shop\/wp-content\/uploads\/2025\/01\/NSWSAR0428_800.jpg","width":800,"height":800},{"@type":"BreadcrumbList","@id":"https:\/\/aivlisoft.net\/shop\/producto\/zyxel-xgs1250-12-switch-8xgb-3xmgig-1-2-5-5-10g-1x\/#breadcrumb","itemListElement":[{"@type":"ListItem","position":1,"name":"Portada","item":"https:\/\/aivlisoft.net\/shop\/"},{"@type":"ListItem","position":2,"name":"Tienda","item":"https:\/\/aivlisoft.net\/shop\/tienda\/"},{"@type":"ListItem","position":3,"name":"Zyxel XGS1250-12 Switch 8xGb 3xmGig 1\/2.5\/5\/10G 1x"}]},{"@type":"WebSite","@id":"https:\/\/aivlisoft.net\/shop\/#website","url":"https:\/\/aivlisoft.net\/shop\/","name":"Aivlisoft Inform\u00e1tica","description":"En Aivlisoft Inform\u00e1tica ofrecemos soluciones tecnol\u00f3gicas para empresas: venta de ordenadores, consumibles, perif\u00e9ricos y m\u00e1s. Calidad, atenci\u00f3n personalizada y los mejores precios para tu negocio.","publisher":{"@id":"https:\/\/aivlisoft.net\/shop\/#organization"},"potentialAction":[{"@type":"SearchAction","target":{"@type":"EntryPoint","urlTemplate":"https:\/\/aivlisoft.net\/shop\/?s={search_term_string}"},"query-input":{"@type":"PropertyValueSpecification","valueRequired":true,"valueName":"search_term_string"}}],"inLanguage":"es"},{"@type":"Organization","@id":"https:\/\/aivlisoft.net\/shop\/#organization","name":"Aivlisoft Inform\u00e1tica","url":"https:\/\/aivlisoft.net\/shop\/","logo":{"@type":"ImageObject","inLanguage":"es","@id":"https:\/\/aivlisoft.net\/shop\/#\/schema\/logo\/image\/","url":"https:\/\/aivlisoft.net\/shop\/wp-content\/uploads\/2024\/12\/removal.ai_5b848c54-0cdf-4140-95c5-c5536bb7573b-logodef.png","contentUrl":"https:\/\/aivlisoft.net\/shop\/wp-content\/uploads\/2024\/12\/removal.ai_5b848c54-0cdf-4140-95c5-c5536bb7573b-logodef.png","width":484,"height":182,"caption":"Aivlisoft Inform\u00e1tica"},"image":{"@id":"https:\/\/aivlisoft.net\/shop\/#\/schema\/logo\/image\/"}}]}},"_links":{"self":[{"href":"https:\/\/aivlisoft.net\/shop\/wp-json\/wp\/v2\/product\/20921","targetHints":{"allow":["GET"]}}],"collection":[{"href":"https:\/\/aivlisoft.net\/shop\/wp-json\/wp\/v2\/product"}],"about":[{"href":"https:\/\/aivlisoft.net\/shop\/wp-json\/wp\/v2\/types\/product"}],"wp:featuredmedia":[{"embeddable":true,"href":"https:\/\/aivlisoft.net\/shop\/wp-json\/wp\/v2\/media\/20922"}],"wp:attachment":[{"href":"https:\/\/aivlisoft.net\/shop\/wp-json\/wp\/v2\/media?parent=20921"}],"wp:term":[{"taxonomy":"product_brand","embeddable":true,"href":"https:\/\/aivlisoft.net\/shop\/wp-json\/wp\/v2\/product_brand?post=20921"},{"taxonomy":"product_cat","embeddable":true,"href":"https:\/\/aivlisoft.net\/shop\/wp-json\/wp\/v2\/product_cat?post=20921"},{"taxonomy":"product_tag","embeddable":true,"href":"https:\/\/aivlisoft.net\/shop\/wp-json\/wp\/v2\/product_tag?post=20921"}],"curies":[{"name":"wp","href":"https:\/\/api.w.org\/{rel}","templated":true}]}}