{"id":20916,"date":"2025-01-13T15:48:08","date_gmt":"2025-01-13T15:48:08","guid":{"rendered":"https:\/\/aivlisoft.com\/?post_type=product&#038;p=20916"},"modified":"2025-01-14T11:53:19","modified_gmt":"2025-01-14T11:53:19","slug":"tp-link-sg6654x-switch-l3-48xgbe-6x10gb-spf","status":"publish","type":"product","link":"https:\/\/aivlisoft.net\/shop\/producto\/tp-link-sg6654x-switch-l3-48xgbe-6x10gb-spf\/","title":{"rendered":"TP-Link SG6654X Switch L3 48xGbE 6x10Gb SPF+"},"content":{"rendered":"<p><\/p>\n<table class=\"tabla_caracteristicas\" width=\"100%\">\n<tr>\n<td><strong>Marca<\/strong><\/td>\n<td>TP-Link<\/td>\n<\/tr>\n<tr>\n<td valign=\"top\"><strong>Modelo<\/strong><\/td>\n<td><strong>SG6654X<\/strong><\/td>\n<\/tr>\n<tr>\n<td valign=\"top\"><strong>Puertos<\/strong><\/td>\n<td>&#8211; 48 &times; 10\/100\/1000 Mbps RJ45 Ports<br \/>\t\t\t&#8211; 6 &times; 10G SFP+ Slots<br \/>\t\t\t&#8211; 2 &times; USB 2.0 Ports<br \/>\t\t\t&#8211; 1 &times; RJ45 Console Port<br \/>\t\t\t&#8211; 1 &times; USB Type-C Console Port<br \/>\t\t\t&#8211; 1 &times; RJ45 Management Port<\/td>\n<\/tr>\n<tr>\n<td valign=\"top\"><strong>Rendimiento<\/strong><\/td>\n<td>&#8211; Capacidad de Conmutaci&oacute;n: 216 Gbps por Unidad<br \/>\t\t\t&#8211; Apilamiento:<br \/>\t\t\t&nbsp; N&uacute;mero de apilamiento: 4<br \/>\t\t\t&nbsp; Puerto de apilamiento: Ranura SFP+ 10G (todos los puertos de enlace ascendente se pueden utilizar como puertos de apilamiento)<br \/>\t\t\t&nbsp; Ancho de banda de pila: hasta 120 Gbps (6 puertos de pila)<br \/>\t\t\t&#8211; Tasa de Reenv&iacute;o de Paquetes: 160.7 Mpps<br \/>\t\t\t&#8211; Tabla de Direcciones MAC : 32 K<br \/>\t\t\t&#8211; Memoria del Buffer de Paquete: 3 MB<br \/>\t\t\t&#8211; Jumbo Frame: 9 KB<\/td>\n<\/tr>\n<tr>\n<td valign=\"top\"><strong>Software<\/strong><\/td>\n<td><strong>Calidad de Servicio&nbsp;&nbsp;&nbsp; &nbsp;<\/strong><br \/>\t\t\t&#8211; Class of Service:<br \/>\t\t\t&nbsp; 8 Queues of Priority<br \/>\t\t\t&nbsp; Port Priority<br \/>\t\t\t&nbsp; IEEE 802.1p Priority<br \/>\t\t\t&nbsp; DSCP Priority<br \/>\t\t\t&nbsp; Queue Min Bandwidth<br \/>\t\t\t&nbsp; Schedule Mode (SP, WRR, SP+WRR)<br \/>\t\t\t&#8211; Bandwidth Control:<br \/>\t\t\t&nbsp; Rate Limit<br \/>\t\t\t&nbsp; Storm Control<br \/>\t\t\t&#8211; Voice VLAN<br \/>\t\t\t&#8211; User Defined OUI<br \/>\t\t\t&#8211; Smoother Performance<br \/>\t\t\t&#8211; Action for Flows: QoS remark (802.1P Remark, DSCP Remark)<br \/>\t\t\t<strong>Caracter&iacute;sticas L3&nbsp;&nbsp;&nbsp; &nbsp;<\/strong><br \/>\t\t\t&#8211; IP Interfaces:<br \/>\t\t\t&nbsp; IPv4: Max 256, IPv6: Max 256<br \/>\t\t\t&#8211; Static Routing<br \/>\t\t\t&nbsp; Max 1,024, IPv6: Max 512<br \/>\t\t\t&#8211; Host Route Table: Max 6,100 entries<br \/>\t\t\t&#8211; RIP: Version v1\/v2, Max 8,190<br \/>\t\t\t&#8211; OSPF: Version v2\/v3; v2: Max 8,190, v3: Max 4,097<br \/>\t\t\t&#8211; VRRP: Version v2\/v3, Max 64 groups<br \/>\t\t\t&#8211; ECMP: 256 entries, max 32 ECMP Nexthops per Destination<br \/>\t\t\t&#8211; Static ARP: 512 static entries<br \/>\t\t\t&#8211; Dynamic ARP: 7,680 dynamic entries<br \/>\t\t\t&#8211; Proxy ARP<br \/>\t\t\t&#8211; DHCP Server:<br \/>\t\t\t&nbsp; Max 8K IP Pools<br \/>\t\t\t&nbsp; Max 1,000 Manual Binding Entries<br \/>\t\t\t&#8211; DHCP Relay:<br \/>\t\t\t&nbsp; Relayed Interface<br \/>\t\t\t&nbsp; Relayed VLAN<br \/>\t\t\t<strong>Caracter&iacute;sticas L2 y L2+&nbsp;&nbsp;&nbsp; &nbsp;<\/strong><br \/>\t\t\t&#8211; Link Aggregation<br \/>\t\t\t&#8211; Spanning Tree Protocol<br \/>\t\t\t&#8211; Port based and VLAN based Loopback Detection<br \/>\t\t\t&#8211; 802.3x Flow Control<br \/>\t\t\t&#8211; Supports 2,048 IGMP groups<br \/>\t\t\t&#8211; ERPS<br \/>\t\t\t&#8211; Mirroring<br \/>\t\t\t&#8211; RSPAN<br \/>\t\t\t&#8211; MAC Address Table<br \/>\t\t\t&#8211; PIM DM (IPv4)<br \/>\t\t\t&#8211; Multicast:<br \/>\t\t\t&nbsp; IGMP Snooping<br \/>\t\t\t&nbsp; MLD Snooping<br \/>\t\t\t&nbsp; L2 Multicast Table<br \/>\t\t\t&nbsp; Fast Leave<br \/>\t\t\t&nbsp; Multicast VLAN Registration (MVR)<br \/>\t\t\t&nbsp; Static Multicast IP<br \/>\t\t\t&nbsp; Multicast Filtering<br \/>\t\t\t<strong>Caracter&iacute;sticas Avanzadas&nbsp;&nbsp;&nbsp; &nbsp;<\/strong><br \/>\t\t\t&#8211; Automatic Device Discovery<br \/>\t\t\t&#8211; Batch Configuration<br \/>\t\t\t&#8211; Batch Firmware Upgrading<br \/>\t\t\t&#8211; Intelligent Network Monitoring<br \/>\t\t\t&#8211; Abnormal Event Warnings<br \/>\t\t\t&#8211; Unified Configuration<br \/>\t\t\t&#8211; Reboot Schedule<br \/>\t\t\t&#8211; ISP Features:<br \/>\t\t\t&nbsp; 802.3ah Ethernet Link OAM<br \/>\t\t\t&nbsp; L2PT (Layer 2 Protocol Tunneling)<br \/>\t\t\t&nbsp; Device Link Detect Protocol (DLDP)<br \/>\t\t\t&nbsp; DDM<br \/>\t\t\t&nbsp; sFlow<br \/>\t\t\t<strong>VLAN<\/strong><br \/>\t\t\t&#8211; Max 4K VLAN Group (802.1q VLAN)<br \/>\t\t\t&#8211; 802.1Q Tagged VLAN<br \/>\t\t\t&#8211; MAC VLAN Entries: 200<br \/>\t\t\t&#8211; Multicast VLAN<br \/>\t\t\t&#8211; Management VLAN<br \/>\t\t\t&#8211; VLAN VPN (QinQ): Max 256 entries<br \/>\t\t\t&#8211; GVRP<br \/>\t\t\t&#8211; Protocol VLAN: Protocol Template 16, Protocol VLAN 12 entries<br \/>\t\t\t&#8211; VLAN VPN<br \/>\t\t\t&#8211; Voice VLAN<br \/>\t\t\t&#8211; Private VLAN<br \/>\t\t\t<strong>Seguridad&nbsp;&nbsp;&nbsp; &nbsp;<\/strong><br \/>\t\t\t&#8211; Port Isolation<br \/>\t\t\t&#8211; CPU Defend<br \/>\t\t\t&#8211; ARP Inspection (Dynamic ARP Inspection)<br \/>\t\t\t&#8211; DoS Defend<br \/>\t\t\t&#8211; IP MAC Port Binding:<br \/>\t\t\t&nbsp; 1,024 Entries<br \/>\t\t\t&nbsp; DHCP Snooping<br \/>\t\t\t&nbsp; ARP Inspection<br \/>\t\t\t&nbsp; IPv4 Source Guard<br \/>\t\t\t&#8211; IPv6 MAC:<br \/>\t\t\t&nbsp; Port Binding<br \/>\t\t\t&nbsp; 1,024 Entries<br \/>\t\t\t&nbsp; DHCPv6 Snooping<br \/>\t\t\t&nbsp; ND Detection<br \/>\t\t\t&nbsp; ND Snooping<br \/>\t\t\t&nbsp; IPv6 Source Guard<br \/>\t\t\t&#8211; DHCP Filter<br \/>\t\t\t&#8211; Static\/Dynamic Port Security:<br \/>\t\t\t&nbsp; Up to 64 MAC addresses per port<br \/>\t\t\t&#8211; Broadcast\/Multicast\/Unknown unicast Storm Control:<br \/>\t\t\t&nbsp; kbps\/ratio control mode<br \/>\t\t\t&#8211; 802.1X:<br \/>\t\t\t&nbsp; Port base authentication<br \/>\t\t\t&nbsp; Mac base authentication<br \/>\t\t\t&nbsp; VLAN Assignment<br \/>\t\t\t&nbsp; MAB<br \/>\t\t\t&nbsp; Guest VLAN<br \/>\t\t\t&nbsp; RADIUS authentication and accountability support<br \/>\t\t\t&#8211; AAA (including TACACS+)<br \/>\t\t\t&#8211; Secure web management through HTTPS with SSLv3\/TLS 1.2<br \/>\t\t\t&#8211; Secure Command Line Interface (CLI) management with SSHv2<br \/>\t\t\t&#8211; IP\/Port\/MAC based access control<\/td>\n<\/tr>\n<tr>\n<td valign=\"top\">\n<div><strong>Especificaciones<\/strong><\/div>\n<\/td>\n<td>\n<div>&#8211; Cantidad de Ventiladores: 4 x ventiladores internos fijos<br \/>\t\t\t&#8211; Fuente de Alimentaci&oacute;n: 2 x m&oacute;dulos internos de fuente de alimentaci&oacute;n fija (100&ndash;240 VCA, 50\/60 Hz)<br \/>\t\t\t&#8211; Montaje en rack<br \/>\t\t\t&#8211; Consumo de potencia m&aacute;ximo 39,8 W (220 V\/50 Hz)<br \/>\t\t\t&#8211; Disipaci&oacute;n m&aacute;xima de calor 135,81 BTU\/h (220 V\/50 Hz)<br \/>\t\t\t&#8211; Requisitos del sistema: &nbsp;<br \/>\t\t\t&nbsp; Microsoft Windows 98SE, NT, 2000, XP<br \/>\t\t\t&nbsp; Vista o Windows 7\/8\/10\/11<br \/>\t\t\t&nbsp; MAC OS, NetWare, UNIX o Linux<br \/>\t\t\t<strong>Gesti&oacute;n<\/strong><br \/>\t\t\t&#8211; Omada App: Requiring the use of the Omada Hardware Controller, Omada Cloud-Based Controller, or Omada Software Controller.<br \/>\t\t\t&#8211; Gesti&oacute;n Centralizada&nbsp;&nbsp;&nbsp; &nbsp;<br \/>\t\t\t&nbsp; Omada Cloud-Based Controller<br \/>\t\t\t&nbsp; Omada Hardware Controller<br \/>\t\t\t&nbsp; Omada Software Controller<br \/>\t\t\t&#8211; Acceso a la nube: Requiring the use of the Omada Hardware Controller, Omada Cloud-Based Controller, or Omada Software Controller.<br \/>\t\t\t&#8211; Aprovisionamiento sin contacto:&nbsp; Requiring the use of the Omada Cloud-Based Controller.<br \/>\t\t\t&#8211; Funciones de gesti&oacute;n:<br \/>\t\t\t&nbsp; Web-based GUI<br \/>\t\t\t&nbsp; Command Line Interface (CLI) through console port, telnet<br \/>\t\t\t&nbsp; SNMPv1\/v2c\/v3<br \/>\t\t\t&nbsp; &#8211; Trap\/Inform<br \/>\t\t\t&nbsp; &#8211; RMON (1, 2, 3, 9 groups)<br \/>\t\t\t&nbsp; SDM Template<br \/>\t\t\t&nbsp; DHCP\/BOOTP Client<br \/>\t\t\t&nbsp; 802.1ab LLDP\/LLDP-MED<br \/>\t\t\t&nbsp; DHCP Auto Install<br \/>\t\t\t&nbsp; Dual Image, Dual Configuration<br \/>\t\t\t&nbsp; CPU Monitoring<br \/>\t\t\t&nbsp; Cable Diagnostics<br \/>\t\t\t&nbsp; Password Recovery<br \/>\t\t\t&nbsp; SNTP<br \/>\t\t\t&#8211; System Log<br \/>\t\t\t&#8211; EEE<br \/>\t\t\t<strong>Factores Ambientales<\/strong><br \/>\t\t\t&#8211; Temperatura de Operaci&oacute;n:<br \/>\t\t\t&nbsp; -5 &ordm;C a 50 &ordm;C a 300 metros<br \/>\t\t\t&nbsp; -5 &ordm;C a 45 &ordm;C a 2000 metros<br \/>\t\t\t&nbsp; -5 &ordm;C a 40 &ordm;C a 3000 metros<br \/>\t\t\t&#8211; Temperatura de almacenamiento: -40 &ordm;C a 70 &ordm;C<br \/>\t\t\t&#8211; Humedad de funcionamiento: 10&ndash;90% HR sin condensaci&oacute;n<br \/>\t\t\t&#8211; Humedad de almacenamiento: 5&ndash;90% RH sin condensaci&oacute;n<br \/>\t\t\t<strong>Dimensiones<\/strong><br \/>\t\t\t&#8211; 440 &times; 380 &times; 44 mm<\/div>\n<div><strong>Contenido<\/strong><br \/>\t\t\t&#8211; Interruptor SG6654X<br \/>\t\t\t&#8211; 2 &times; cables de alimentaci&oacute;n<br \/>\t\t\t&#8211; Cable de consola RJ45<br \/>\t\t\t&#8211; Gu&iacute;a de instalaci&oacute;n r&aacute;pida<br \/>\t\t\t&#8211; Kit de montaje en bastidor<br \/>\t\t\t&#8211; Pies de goma<\/div>\n<\/td>\n<\/tr>\n<tr>\n<td><strong>Fecha de revisi&oacute;n<\/strong><\/td>\n<td>24-09-2024 por RTY<\/td>\n<\/tr>\n<\/table>\n","protected":false},"excerpt":{"rendered":"<p>Marca TP-Link Modelo SG6654X Puertos &#8211; 48 &times; 10\/100\/1000 Mbps RJ45 Ports &#8211; 6 &times; 10G SFP+ Slots &#8211; 2 &times; USB 2.0 Ports &#8211; 1 &times; RJ45 Console Port &#8211; 1 &times; USB Type-C Console Port &#8211; 1 &times; RJ45 Management Port Rendimiento &#8211; Capacidad de Conmutaci&oacute;n: 216 Gbps por Unidad &#8211; Apilamiento: &nbsp;&hellip;&nbsp;<a href=\"https:\/\/aivlisoft.net\/shop\/producto\/tp-link-sg6654x-switch-l3-48xgbe-6x10gb-spf\/\" rel=\"bookmark\"><span class=\"screen-reader-text\">TP-Link SG6654X Switch L3 48xGbE 6x10Gb SPF+<\/span><\/a><\/p>\n","protected":false},"featured_media":20917,"template":"","meta":{"neve_meta_sidebar":"","neve_meta_container":"","neve_meta_enable_content_width":"","neve_meta_content_width":0,"neve_meta_title_alignment":"","neve_meta_author_avatar":"","neve_post_elements_order":"","neve_meta_disable_header":"","neve_meta_disable_footer":"","neve_meta_disable_title":""},"product_brand":[],"product_cat":[8771],"product_tag":[7427],"class_list":{"0":"post-20916","1":"product","2":"type-product","3":"status-publish","4":"has-post-thumbnail","6":"product_cat-switches-armario","7":"product_tag-sg6654x","9":"first","10":"instock","11":"taxable","12":"shipping-taxable","13":"purchasable","14":"product-type-simple"},"yoast_head":"<!-- This site is optimized with the Yoast SEO plugin v26.0 - https:\/\/yoast.com\/wordpress\/plugins\/seo\/ -->\n<title>TP-Link SG6654X Switch L3 48xGbE 6x10Gb SPF+ - Aivlisoft Inform\u00e1tica<\/title>\n<meta name=\"robots\" content=\"index, follow, max-snippet:-1, max-image-preview:large, max-video-preview:-1\" \/>\n<link rel=\"canonical\" href=\"https:\/\/aivlisoft.net\/shop\/producto\/tp-link-sg6654x-switch-l3-48xgbe-6x10gb-spf\/\" \/>\n<meta property=\"og:locale\" content=\"es_ES\" \/>\n<meta property=\"og:type\" content=\"article\" \/>\n<meta property=\"og:title\" content=\"TP-Link SG6654X Switch L3 48xGbE 6x10Gb SPF+ - Aivlisoft Inform\u00e1tica\" \/>\n<meta property=\"og:description\" content=\"Marca TP-Link Modelo SG6654X Puertos &#8211; 48 &times; 10\/100\/1000 Mbps RJ45 Ports &#8211; 6 &times; 10G SFP+ Slots &#8211; 2 &times; USB 2.0 Ports &#8211; 1 &times; RJ45 Console Port &#8211; 1 &times; USB Type-C Console Port &#8211; 1 &times; RJ45 Management Port Rendimiento &#8211; Capacidad de Conmutaci&oacute;n: 216 Gbps por Unidad &#8211; Apilamiento: &nbsp;&hellip;&nbsp;TP-Link SG6654X Switch L3 48xGbE 6x10Gb SPF+\" \/>\n<meta property=\"og:url\" content=\"https:\/\/aivlisoft.net\/shop\/producto\/tp-link-sg6654x-switch-l3-48xgbe-6x10gb-spf\/\" \/>\n<meta property=\"og:site_name\" content=\"Aivlisoft Inform\u00e1tica\" \/>\n<meta property=\"article:modified_time\" content=\"2025-01-14T11:53:19+00:00\" \/>\n<meta property=\"og:image\" content=\"https:\/\/aivlisoft.net\/shop\/wp-content\/uploads\/2025\/01\/NSWSAR0427_800.jpg\" \/>\n\t<meta property=\"og:image:width\" content=\"800\" \/>\n\t<meta property=\"og:image:height\" content=\"800\" \/>\n\t<meta property=\"og:image:type\" content=\"image\/jpeg\" \/>\n<meta name=\"twitter:card\" content=\"summary_large_image\" \/>\n<meta name=\"twitter:label1\" content=\"Tiempo de lectura\" \/>\n\t<meta name=\"twitter:data1\" content=\"5 minutos\" \/>\n<script type=\"application\/ld+json\" class=\"yoast-schema-graph\">{\"@context\":\"https:\/\/schema.org\",\"@graph\":[{\"@type\":\"WebPage\",\"@id\":\"https:\/\/aivlisoft.net\/shop\/producto\/tp-link-sg6654x-switch-l3-48xgbe-6x10gb-spf\/\",\"url\":\"https:\/\/aivlisoft.net\/shop\/producto\/tp-link-sg6654x-switch-l3-48xgbe-6x10gb-spf\/\",\"name\":\"TP-Link SG6654X Switch L3 48xGbE 6x10Gb SPF+ - Aivlisoft Inform\u00e1tica\",\"isPartOf\":{\"@id\":\"https:\/\/aivlisoft.net\/shop\/#website\"},\"primaryImageOfPage\":{\"@id\":\"https:\/\/aivlisoft.net\/shop\/producto\/tp-link-sg6654x-switch-l3-48xgbe-6x10gb-spf\/#primaryimage\"},\"image\":{\"@id\":\"https:\/\/aivlisoft.net\/shop\/producto\/tp-link-sg6654x-switch-l3-48xgbe-6x10gb-spf\/#primaryimage\"},\"thumbnailUrl\":\"https:\/\/aivlisoft.net\/shop\/wp-content\/uploads\/2025\/01\/NSWSAR0427_800.jpg\",\"datePublished\":\"2025-01-13T15:48:08+00:00\",\"dateModified\":\"2025-01-14T11:53:19+00:00\",\"breadcrumb\":{\"@id\":\"https:\/\/aivlisoft.net\/shop\/producto\/tp-link-sg6654x-switch-l3-48xgbe-6x10gb-spf\/#breadcrumb\"},\"inLanguage\":\"es\",\"potentialAction\":[{\"@type\":\"ReadAction\",\"target\":[\"https:\/\/aivlisoft.net\/shop\/producto\/tp-link-sg6654x-switch-l3-48xgbe-6x10gb-spf\/\"]}]},{\"@type\":\"ImageObject\",\"inLanguage\":\"es\",\"@id\":\"https:\/\/aivlisoft.net\/shop\/producto\/tp-link-sg6654x-switch-l3-48xgbe-6x10gb-spf\/#primaryimage\",\"url\":\"https:\/\/aivlisoft.net\/shop\/wp-content\/uploads\/2025\/01\/NSWSAR0427_800.jpg\",\"contentUrl\":\"https:\/\/aivlisoft.net\/shop\/wp-content\/uploads\/2025\/01\/NSWSAR0427_800.jpg\",\"width\":800,\"height\":800},{\"@type\":\"BreadcrumbList\",\"@id\":\"https:\/\/aivlisoft.net\/shop\/producto\/tp-link-sg6654x-switch-l3-48xgbe-6x10gb-spf\/#breadcrumb\",\"itemListElement\":[{\"@type\":\"ListItem\",\"position\":1,\"name\":\"Portada\",\"item\":\"https:\/\/aivlisoft.net\/shop\/\"},{\"@type\":\"ListItem\",\"position\":2,\"name\":\"Tienda\",\"item\":\"https:\/\/aivlisoft.net\/shop\/tienda\/\"},{\"@type\":\"ListItem\",\"position\":3,\"name\":\"TP-Link SG6654X Switch L3 48xGbE 6x10Gb SPF+\"}]},{\"@type\":\"WebSite\",\"@id\":\"https:\/\/aivlisoft.net\/shop\/#website\",\"url\":\"https:\/\/aivlisoft.net\/shop\/\",\"name\":\"Aivlisoft Inform\u00e1tica\",\"description\":\"En Aivlisoft Inform\u00e1tica ofrecemos soluciones tecnol\u00f3gicas para empresas: venta de ordenadores, consumibles, perif\u00e9ricos y m\u00e1s. Calidad, atenci\u00f3n personalizada y los mejores precios para tu negocio.\",\"publisher\":{\"@id\":\"https:\/\/aivlisoft.net\/shop\/#organization\"},\"potentialAction\":[{\"@type\":\"SearchAction\",\"target\":{\"@type\":\"EntryPoint\",\"urlTemplate\":\"https:\/\/aivlisoft.net\/shop\/?s={search_term_string}\"},\"query-input\":{\"@type\":\"PropertyValueSpecification\",\"valueRequired\":true,\"valueName\":\"search_term_string\"}}],\"inLanguage\":\"es\"},{\"@type\":\"Organization\",\"@id\":\"https:\/\/aivlisoft.net\/shop\/#organization\",\"name\":\"Aivlisoft Inform\u00e1tica\",\"url\":\"https:\/\/aivlisoft.net\/shop\/\",\"logo\":{\"@type\":\"ImageObject\",\"inLanguage\":\"es\",\"@id\":\"https:\/\/aivlisoft.net\/shop\/#\/schema\/logo\/image\/\",\"url\":\"https:\/\/aivlisoft.net\/shop\/wp-content\/uploads\/2024\/12\/removal.ai_5b848c54-0cdf-4140-95c5-c5536bb7573b-logodef.png\",\"contentUrl\":\"https:\/\/aivlisoft.net\/shop\/wp-content\/uploads\/2024\/12\/removal.ai_5b848c54-0cdf-4140-95c5-c5536bb7573b-logodef.png\",\"width\":484,\"height\":182,\"caption\":\"Aivlisoft Inform\u00e1tica\"},\"image\":{\"@id\":\"https:\/\/aivlisoft.net\/shop\/#\/schema\/logo\/image\/\"}}]}<\/script>\n<!-- \/ Yoast SEO plugin. -->","yoast_head_json":{"title":"TP-Link SG6654X Switch L3 48xGbE 6x10Gb SPF+ - Aivlisoft Inform\u00e1tica","robots":{"index":"index","follow":"follow","max-snippet":"max-snippet:-1","max-image-preview":"max-image-preview:large","max-video-preview":"max-video-preview:-1"},"canonical":"https:\/\/aivlisoft.net\/shop\/producto\/tp-link-sg6654x-switch-l3-48xgbe-6x10gb-spf\/","og_locale":"es_ES","og_type":"article","og_title":"TP-Link SG6654X Switch L3 48xGbE 6x10Gb SPF+ - Aivlisoft Inform\u00e1tica","og_description":"Marca TP-Link Modelo SG6654X Puertos &#8211; 48 &times; 10\/100\/1000 Mbps RJ45 Ports &#8211; 6 &times; 10G SFP+ Slots &#8211; 2 &times; USB 2.0 Ports &#8211; 1 &times; RJ45 Console Port &#8211; 1 &times; USB Type-C Console Port &#8211; 1 &times; RJ45 Management Port Rendimiento &#8211; Capacidad de Conmutaci&oacute;n: 216 Gbps por Unidad &#8211; Apilamiento: &nbsp;&hellip;&nbsp;TP-Link SG6654X Switch L3 48xGbE 6x10Gb SPF+","og_url":"https:\/\/aivlisoft.net\/shop\/producto\/tp-link-sg6654x-switch-l3-48xgbe-6x10gb-spf\/","og_site_name":"Aivlisoft Inform\u00e1tica","article_modified_time":"2025-01-14T11:53:19+00:00","og_image":[{"width":800,"height":800,"url":"https:\/\/aivlisoft.net\/shop\/wp-content\/uploads\/2025\/01\/NSWSAR0427_800.jpg","type":"image\/jpeg"}],"twitter_card":"summary_large_image","twitter_misc":{"Tiempo de lectura":"5 minutos"},"schema":{"@context":"https:\/\/schema.org","@graph":[{"@type":"WebPage","@id":"https:\/\/aivlisoft.net\/shop\/producto\/tp-link-sg6654x-switch-l3-48xgbe-6x10gb-spf\/","url":"https:\/\/aivlisoft.net\/shop\/producto\/tp-link-sg6654x-switch-l3-48xgbe-6x10gb-spf\/","name":"TP-Link SG6654X Switch L3 48xGbE 6x10Gb SPF+ - Aivlisoft Inform\u00e1tica","isPartOf":{"@id":"https:\/\/aivlisoft.net\/shop\/#website"},"primaryImageOfPage":{"@id":"https:\/\/aivlisoft.net\/shop\/producto\/tp-link-sg6654x-switch-l3-48xgbe-6x10gb-spf\/#primaryimage"},"image":{"@id":"https:\/\/aivlisoft.net\/shop\/producto\/tp-link-sg6654x-switch-l3-48xgbe-6x10gb-spf\/#primaryimage"},"thumbnailUrl":"https:\/\/aivlisoft.net\/shop\/wp-content\/uploads\/2025\/01\/NSWSAR0427_800.jpg","datePublished":"2025-01-13T15:48:08+00:00","dateModified":"2025-01-14T11:53:19+00:00","breadcrumb":{"@id":"https:\/\/aivlisoft.net\/shop\/producto\/tp-link-sg6654x-switch-l3-48xgbe-6x10gb-spf\/#breadcrumb"},"inLanguage":"es","potentialAction":[{"@type":"ReadAction","target":["https:\/\/aivlisoft.net\/shop\/producto\/tp-link-sg6654x-switch-l3-48xgbe-6x10gb-spf\/"]}]},{"@type":"ImageObject","inLanguage":"es","@id":"https:\/\/aivlisoft.net\/shop\/producto\/tp-link-sg6654x-switch-l3-48xgbe-6x10gb-spf\/#primaryimage","url":"https:\/\/aivlisoft.net\/shop\/wp-content\/uploads\/2025\/01\/NSWSAR0427_800.jpg","contentUrl":"https:\/\/aivlisoft.net\/shop\/wp-content\/uploads\/2025\/01\/NSWSAR0427_800.jpg","width":800,"height":800},{"@type":"BreadcrumbList","@id":"https:\/\/aivlisoft.net\/shop\/producto\/tp-link-sg6654x-switch-l3-48xgbe-6x10gb-spf\/#breadcrumb","itemListElement":[{"@type":"ListItem","position":1,"name":"Portada","item":"https:\/\/aivlisoft.net\/shop\/"},{"@type":"ListItem","position":2,"name":"Tienda","item":"https:\/\/aivlisoft.net\/shop\/tienda\/"},{"@type":"ListItem","position":3,"name":"TP-Link SG6654X Switch L3 48xGbE 6x10Gb SPF+"}]},{"@type":"WebSite","@id":"https:\/\/aivlisoft.net\/shop\/#website","url":"https:\/\/aivlisoft.net\/shop\/","name":"Aivlisoft Inform\u00e1tica","description":"En Aivlisoft Inform\u00e1tica ofrecemos soluciones tecnol\u00f3gicas para empresas: venta de ordenadores, consumibles, perif\u00e9ricos y m\u00e1s. Calidad, atenci\u00f3n personalizada y los mejores precios para tu negocio.","publisher":{"@id":"https:\/\/aivlisoft.net\/shop\/#organization"},"potentialAction":[{"@type":"SearchAction","target":{"@type":"EntryPoint","urlTemplate":"https:\/\/aivlisoft.net\/shop\/?s={search_term_string}"},"query-input":{"@type":"PropertyValueSpecification","valueRequired":true,"valueName":"search_term_string"}}],"inLanguage":"es"},{"@type":"Organization","@id":"https:\/\/aivlisoft.net\/shop\/#organization","name":"Aivlisoft Inform\u00e1tica","url":"https:\/\/aivlisoft.net\/shop\/","logo":{"@type":"ImageObject","inLanguage":"es","@id":"https:\/\/aivlisoft.net\/shop\/#\/schema\/logo\/image\/","url":"https:\/\/aivlisoft.net\/shop\/wp-content\/uploads\/2024\/12\/removal.ai_5b848c54-0cdf-4140-95c5-c5536bb7573b-logodef.png","contentUrl":"https:\/\/aivlisoft.net\/shop\/wp-content\/uploads\/2024\/12\/removal.ai_5b848c54-0cdf-4140-95c5-c5536bb7573b-logodef.png","width":484,"height":182,"caption":"Aivlisoft Inform\u00e1tica"},"image":{"@id":"https:\/\/aivlisoft.net\/shop\/#\/schema\/logo\/image\/"}}]}},"_links":{"self":[{"href":"https:\/\/aivlisoft.net\/shop\/wp-json\/wp\/v2\/product\/20916","targetHints":{"allow":["GET"]}}],"collection":[{"href":"https:\/\/aivlisoft.net\/shop\/wp-json\/wp\/v2\/product"}],"about":[{"href":"https:\/\/aivlisoft.net\/shop\/wp-json\/wp\/v2\/types\/product"}],"wp:featuredmedia":[{"embeddable":true,"href":"https:\/\/aivlisoft.net\/shop\/wp-json\/wp\/v2\/media\/20917"}],"wp:attachment":[{"href":"https:\/\/aivlisoft.net\/shop\/wp-json\/wp\/v2\/media?parent=20916"}],"wp:term":[{"taxonomy":"product_brand","embeddable":true,"href":"https:\/\/aivlisoft.net\/shop\/wp-json\/wp\/v2\/product_brand?post=20916"},{"taxonomy":"product_cat","embeddable":true,"href":"https:\/\/aivlisoft.net\/shop\/wp-json\/wp\/v2\/product_cat?post=20916"},{"taxonomy":"product_tag","embeddable":true,"href":"https:\/\/aivlisoft.net\/shop\/wp-json\/wp\/v2\/product_tag?post=20916"}],"curies":[{"name":"wp","href":"https:\/\/api.w.org\/{rel}","templated":true}]}}