{"id":20911,"date":"2025-01-13T15:48:05","date_gmt":"2025-01-13T15:48:05","guid":{"rendered":"https:\/\/aivlisoft.com\/?post_type=product&#038;p=20911"},"modified":"2025-01-14T11:53:17","modified_gmt":"2025-01-14T11:53:17","slug":"tp-link-sg2452lp-switch-32xgb-poe-16xgb-4xsfp","status":"publish","type":"product","link":"https:\/\/aivlisoft.net\/shop\/producto\/tp-link-sg2452lp-switch-32xgb-poe-16xgb-4xsfp\/","title":{"rendered":"TP-Link SG2452LP Switch 32xGb PoE+ 16xGb 4xSFP"},"content":{"rendered":"<p><\/p>\n<table class=\"tabla_caracteristicas\" width=\"100%\">\n<tr>\n<td><strong>Marca<\/strong><\/td>\n<td>TP-Link<\/td>\n<\/tr>\n<tr>\n<td valign=\"top\"><strong>Modelo<\/strong><\/td>\n<td><strong>SG2452LP<\/strong><\/td>\n<\/tr>\n<tr>\n<td valign=\"top\"><strong>Puertos<\/strong><\/td>\n<td>&#8211; 32 &times; 10\/100\/1000 Mbps PoE+ RJ45 Ports (Auto Negotiation\/Auto MDI\/MDIX)<br \/>\t\t\t&#8211; 16 &times; 10\/100\/1000 Mbps non-PoE RJ45 Ports (Auto Negotiation\/Auto MDI\/MDIX)<br \/>\t\t\t&#8211; 4 &times; Gigabit SFP Slots<br \/>\t\t\t<strong>Puertos PoE (RJ45)&nbsp;&nbsp;&nbsp;&nbsp;<\/strong><br \/>\t\t\t&#8211; Standard: 802.3at\/af compliant<br \/>\t\t\t&#8211; PoE+ Ports: 32 Ports (up to 30 W PoE Output per Port)<br \/>\t\t\t&#8211; PoE Power Budget: 230 W<\/td>\n<\/tr>\n<tr>\n<td valign=\"top\"><strong>Rendimiento<\/strong><\/td>\n<td>&#8211; Capacidad de Conmutaci&oacute;n: 104 Gbps por Unidad<br \/>\t\t\t&#8211; Tasa de Reenv&iacute;o de Paquetes: 77.37 Mpps<br \/>\t\t\t&#8211; Tabla de Direcciones MAC : 16 K<br \/>\t\t\t&#8211; Memoria del Buffer de Paquete: 12 Mbit<br \/>\t\t\t&#8211; Jumbo Frame: 9 KB<\/td>\n<\/tr>\n<tr>\n<td valign=\"top\"><strong>Software<\/strong><\/td>\n<td><strong>Calidad de Servicio&nbsp;&nbsp;&nbsp; &nbsp;<\/strong><br \/>\t\t\t&#8211; 802.1p CoS\/DSCP priority<br \/>\t\t\t&#8211; 8 priority queues<br \/>\t\t\t&#8211; Priority Schedule Mode: SP (Strict Priority), WRR (Weighted Round Robin)<br \/>\t\t\t&#8211; Queue Weight Config<br \/>\t\t\t&#8211; Bandwidth Control: Port\/Flow-based Rating Limit<br \/>\t\t\t&#8211; Smoother Performance<br \/>\t\t\t&#8211; Storm Control: Multiple Control Modes(kbps\/ratio), Broadcast\/Multicast\/Unknown-Unicast Control<br \/>\t\t\t<strong>Caracter&iacute;sticas L2 y L2+&nbsp;&nbsp;&nbsp; &nbsp;<\/strong><br \/>\t\t\t&#8211; 16 IP Interfaces: Support IPv4\/IPv6 Interface<br \/>\t\t\t&#8211; Static Routing: 32 IPv4\/IPv6 Static Routes<br \/>\t\t\t&#8211; DHCP Server<br \/>\t\t\t&#8211; DHCP Relay<br \/>\t\t\t&nbsp; DHCP Interface Relay<br \/>\t\t\t&nbsp; DHCP VLAN Relay<br \/>\t\t\t&#8211; DHCP L2 Relay<br \/>\t\t\t&#8211; Static ARP<br \/>\t\t\t&#8211; Proxy ARP<br \/>\t\t\t&#8211; Gratuitous ARP<br \/>\t\t\t&#8211; Link Aggregation<br \/>\t\t\t&#8211; Spanning Tree Protocol<br \/>\t\t\t&#8211; Loopback Detection<br \/>\t\t\t&#8211; 802.3x Flow Control<br \/>\t\t\t&#8211; Mirroring<br \/>\t\t\t&#8211; Device Link Detect Protocol (DLDP)<br \/>\t\t\t&#8211; 802.1ab LLDP\/ LLDP-MED<br \/>\t\t\t<strong>Multicast L2&nbsp;&nbsp;&nbsp; &nbsp;<\/strong><br \/>\t\t\t&#8211; 511 IPv4, IPv6 shared multicast groups<br \/>\t\t\t&#8211; IGMP Snooping<br \/>\t\t\t&#8211; Multicast VLAN Registration (MVR)<br \/>\t\t\t&#8211; Multicast Filtering<br \/>\t\t\t&#8211; Limited IP Multicast (256 profiles and 16 entries per profile)<br \/>\t\t\t<strong>Caracter&iacute;sticas Avanzadas&nbsp;&nbsp;&nbsp; &nbsp;<\/strong><br \/>\t\t\t&#8211; Automatic Device Discovery<br \/>\t\t\t&#8211; Batch Configuration<br \/>\t\t\t&#8211; Batch Firmware Upgrading<br \/>\t\t\t&#8211; Intelligent Network Monitoring<br \/>\t\t\t&#8211; Abnormal Event Warnings<br \/>\t\t\t&#8211; Unified Configuration<br \/>\t\t\t&#8211; Reboot Schedule<br \/>\t\t\t<strong>VLAN<\/strong><br \/>\t\t\t&#8211; VLAN Group: Max. 4K VLAN Groups<br \/>\t\t\t&#8211; 802.1Q tag VLAN<br \/>\t\t\t&#8211; MAC VLAN: 12 Entries<br \/>\t\t\t&#8211; Protocol VLAN<br \/>\t\t\t&#8211; GVRP<br \/>\t\t\t&#8211; Voice VLAN<br \/>\t\t\t<strong>Lista de Control de Acceso&nbsp;&nbsp;&nbsp; &nbsp;<\/strong><br \/>\t\t\t&#8211; Support up to 230 entries<br \/>\t\t\t&#8211; Time-based ACL<br \/>\t\t\t&#8211; MAC ACL<br \/>\t\t\t&#8211; IP ACL<br \/>\t\t\t&#8211; IPv6 ACL<br \/>\t\t\t&#8211; Combined ACL<br \/>\t\t\t&#8211; Rule Operation: Permit\/Deny<br \/>\t\t\t&#8211; Policy Action:<br \/>\t\t\t&nbsp; Mirroring<br \/>\t\t\t&nbsp; Redirect<br \/>\t\t\t&nbsp; Rate Limit<br \/>\t\t\t&nbsp; QoS Remark<br \/>\t\t\t&#8211; ACL Rules Binding<br \/>\t\t\t&nbsp; Port Binding<br \/>\t\t\t&nbsp; VLAN Binding<br \/>\t\t\t<strong>Seguridad&nbsp;&nbsp;&nbsp; &nbsp;<\/strong><br \/>\t\t\t&#8211; IP-MAC-Port Binding<br \/>\t\t\t&#8211; AAA<br \/>\t\t\t&#8211; 802.1X:<br \/>\t\t\t&nbsp; Port based authentication<br \/>\t\t\t&nbsp; MAC (Host) based authentication<br \/>\t\t\t&nbsp; Authentication Method includes PAP\/EAP-MD5<br \/>\t\t\t&nbsp; MAB<br \/>\t\t\t&nbsp; Guest VLAN<br \/>\t\t\t&nbsp; Radius authentication and accountability support<br \/>\t\t\t&#8211; IP\/IPv6-MAC Binding<br \/>\t\t\t&nbsp; 512 Binding Entries<br \/>\t\t\t&nbsp; DHCP Snooping<br \/>\t\t\t&nbsp; DHCPv6 Snooping<br \/>\t\t\t&nbsp; ARP Inspection<br \/>\t\t\t&nbsp; ND Detection<br \/>\t\t\t&#8211; IP Source Guard<br \/>\t\t\t&nbsp; 253 Entries<br \/>\t\t\t&nbsp; Source IP+Source MAC<br \/>\t\t\t&#8211; IPv6 Source Guard<br \/>\t\t\t&nbsp; 183 Entries<br \/>\t\t\t&nbsp; Source IPv6 Address+Source MAC<br \/>\t\t\t&#8211; DoS Defend<br \/>\t\t\t&#8211; Static\/Dynamic\/Permanent Port Security: Up to 64 MAC addresses per port<br \/>\t\t\t&#8211; Broadcast\/Multicast\/Unicast Storm Control: kbps\/ratio control mode<br \/>\t\t\t&#8211; Port Isolation<br \/>\t\t\t&#8211; Secure web management through HTTPS with SSLv3\/TLS 1.2<br \/>\t\t\t&#8211; Secure Command Line Interface (CLI) management with SSHv1\/SSHv2<br \/>\t\t\t&#8211; IP\/Port\/MAC-based access control<br \/>\t\t\t<strong>IPv6&nbsp;&nbsp;&nbsp; &nbsp;<\/strong><br \/>\t\t\t&#8211; IPv6 Static Routing and ACL<br \/>\t\t\t&#8211; IPv6 Dual IPv4\/IPv6<br \/>\t\t\t&#8211; IPv6 Interface<br \/>\t\t\t&#8211; Multicast Listener Discovery (MLD) Snooping<br \/>\t\t\t&#8211; IPv6 neighbor discovery (ND)<br \/>\t\t\t&#8211; Path maximum transmission unit (MTU) discovery<br \/>\t\t\t&#8211; Internet Control Message Protocol (ICMP) version 6<br \/>\t\t\t&#8211; TCPv6\/UDPv6<br \/>\t\t\t&#8211; IPv6 applications: DHCPv6 Client, Ping6, Tracert6, Telnet(v6), IPv6 SNMP, IPv6 SSH, IPv6 SSL, Http\/Https, IPv6 TFTP<br \/>\t\t\t<strong>MIBs&nbsp;&nbsp;&nbsp; &nbsp;<\/strong><br \/>\t\t\t&#8211; MIB II (RFC1213)<br \/>\t\t\t&#8211; Bridge MIB (RFC1493)<br \/>\t\t\t&#8211; P\/Q-Bridge MIB (RFC2674)<br \/>\t\t\t&#8211; Radius Accounting Client MIB (RFC2620)<br \/>\t\t\t&#8211; Radius Authentication Client MIB (RFC2618)<br \/>\t\t\t&#8211; Remote Ping, Traceroute MIB (RFC2925)<br \/>\t\t\t&#8211; Support TP-Link private MIBs<br \/>\t\t\t&#8211; RMON MIB(RFC1757, rmon 1,2,3,9)<\/td>\n<\/tr>\n<tr>\n<td valign=\"top\">\n<div><strong>Especificaciones<\/strong><\/div>\n<\/td>\n<td>\n<div>&#8211; Cantidad de Ventiladores: Sin ventilador<br \/>\t\t\t&#8211; Bloqueo de Seguridad F&iacute;sico<br \/>\t\t\t&#8211; Fuente de Alimentaci&oacute;n: 100-240 V AC~50\/60 Hz<br \/>\t\t\t&#8211; Montaje en rack<br \/>\t\t\t&#8211; Consumo de potencia m&aacute;ximo: 304.5W (110 V\/60 Hz) (con 230 W PD connected)<br \/>\t\t\t&#8211; Disipaci&oacute;n m&aacute;xima de calor: 1035.4 BTU\/hr (110 V\/60 Hz) (con 230 W PD connected)<br \/>\t\t\t<strong>Gesti&oacute;n<\/strong><br \/>\t\t\t&#8211; Omada App: Requiring the use of the Omada Hardware Controller, Omada Cloud-Based Controller, or Omada Software Controller.<br \/>\t\t\t&#8211; Gesti&oacute;n Centralizada&nbsp;&nbsp;&nbsp; &nbsp;<br \/>\t\t\t&nbsp; Omada Cloud-Based Controller<br \/>\t\t\t&nbsp; Omada Hardware Controller<br \/>\t\t\t&nbsp; Omada Software Controller<br \/>\t\t\t&#8211; Acceso a la nube: Requiring the use of the Omada Hardware Controller, Omada Cloud-Based Controller, or Omada Software Controller.<br \/>\t\t\t&#8211; Aprovisionamiento sin contacto:&nbsp; Requiring the use of the Omada Cloud-Based Controller.<br \/>\t\t\t&#8211; Funciones de gesti&oacute;n:<br \/>\t\t\t&nbsp;  Web-based GUI<br \/>\t\t\t&nbsp; Command Line Interface (CLI) through telnet<br \/>\t\t\t&nbsp; SNMPv1\/v2c\/v3<br \/>\t\t\t&nbsp; SNMP Trap\/Inform<br \/>\t\t\t&nbsp; RMON (1,2,3,9 groups)<br \/>\t\t\t&nbsp; SDM Template<br \/>\t\t\t&nbsp; DHCP\/BOOTP Client<br \/>\t\t\t&nbsp; Dual Image, Dual Configuration<br \/>\t\t\t&nbsp; CPU Monitoring<br \/>\t\t\t&nbsp; Cable Diagnostics<br \/>\t\t\t&nbsp; EEE<br \/>\t\t\t&nbsp; SNTP<br \/>\t\t\t&nbsp; System Log<br \/>\t\t\t<strong>Certificaciones<br \/>\t\t\t&#8211; <\/strong>CE<br \/>\t\t\t&#8211; FCC<br \/>\t\t\t&#8211; RoHS<br \/>\t\t\t<strong>Requisitos del sistema<\/strong><br \/>\t\t\t&#8211; Microsoft Windows 98SE, NT, 2000, XP<br \/>\t\t\t&#8211; Vista or Windows 7\/8\/10\/11<br \/>\t\t\t&#8211; MAC OS, NetWare&reg;, UNIX&reg; or Linux.<br \/>\t\t\t<strong>Factores Ambientales<\/strong><br \/>\t\t\t&#8211; Temperatura de Operaci&oacute;n: 0 &ordm;C a 40 &ordm;C<br \/>\t\t\t&#8211; Temperatura de almacenamiento: -40 &ordm;C a 70 &ordm;C<br \/>\t\t\t&#8211; Humedad de funcionamiento: 10&ndash;90% HR sin condensaci&oacute;n<br \/>\t\t\t&#8211; Humedad de almacenamiento: 5&ndash;90% RH sin condensaci&oacute;n<br \/>\t\t\t<strong>Dimensiones<\/strong><br \/>\t\t\t&#8211; 440 &times; 330 &times; 44 mm<\/div>\n<div><strong>Contenido<\/strong><br \/>\t\t\t&#8211; SG2452LP<br \/>\t\t\t&#8211; Power Cord<br \/>\t\t\t&#8211; Quick Installation Guide<br \/>\t\t\t&#8211; Rackmount Kit<br \/>\t\t\t&#8211; Rubber Feet<\/div>\n<\/td>\n<\/tr>\n<tr>\n<td><strong>Fecha de revisi&oacute;n<\/strong><\/td>\n<td>24-09-2024 por RTY<\/td>\n<\/tr>\n<\/table>\n","protected":false},"excerpt":{"rendered":"<p>Marca TP-Link Modelo SG2452LP Puertos &#8211; 32 &times; 10\/100\/1000 Mbps PoE+ RJ45 Ports (Auto Negotiation\/Auto MDI\/MDIX) &#8211; 16 &times; 10\/100\/1000 Mbps non-PoE RJ45 Ports (Auto Negotiation\/Auto MDI\/MDIX) &#8211; 4 &times; Gigabit SFP Slots Puertos PoE (RJ45)&nbsp;&nbsp;&nbsp;&nbsp; &#8211; Standard: 802.3at\/af compliant &#8211; PoE+ Ports: 32 Ports (up to 30 W PoE Output per Port) &#8211; PoE&hellip;&nbsp;<a href=\"https:\/\/aivlisoft.net\/shop\/producto\/tp-link-sg2452lp-switch-32xgb-poe-16xgb-4xsfp\/\" rel=\"bookmark\"><span class=\"screen-reader-text\">TP-Link SG2452LP Switch 32xGb PoE+ 16xGb 4xSFP<\/span><\/a><\/p>\n","protected":false},"featured_media":20912,"template":"","meta":{"neve_meta_sidebar":"","neve_meta_container":"","neve_meta_enable_content_width":"","neve_meta_content_width":0,"neve_meta_title_alignment":"","neve_meta_author_avatar":"","neve_post_elements_order":"","neve_meta_disable_header":"","neve_meta_disable_footer":"","neve_meta_disable_title":""},"product_brand":[],"product_cat":[8771],"product_tag":[7426],"class_list":{"0":"post-20911","1":"product","2":"type-product","3":"status-publish","4":"has-post-thumbnail","6":"product_cat-switches-armario","7":"product_tag-sg2452lp","9":"first","10":"instock","11":"taxable","12":"shipping-taxable","13":"purchasable","14":"product-type-simple"},"yoast_head":"<!-- This site is optimized with the Yoast SEO plugin v26.0 - https:\/\/yoast.com\/wordpress\/plugins\/seo\/ -->\n<title>TP-Link SG2452LP Switch 32xGb PoE+ 16xGb 4xSFP - Aivlisoft Inform\u00e1tica<\/title>\n<meta name=\"robots\" content=\"index, follow, max-snippet:-1, max-image-preview:large, max-video-preview:-1\" \/>\n<link rel=\"canonical\" href=\"https:\/\/aivlisoft.net\/shop\/producto\/tp-link-sg2452lp-switch-32xgb-poe-16xgb-4xsfp\/\" \/>\n<meta property=\"og:locale\" content=\"es_ES\" \/>\n<meta property=\"og:type\" content=\"article\" \/>\n<meta property=\"og:title\" content=\"TP-Link SG2452LP Switch 32xGb PoE+ 16xGb 4xSFP - Aivlisoft Inform\u00e1tica\" \/>\n<meta property=\"og:description\" content=\"Marca TP-Link Modelo SG2452LP Puertos &#8211; 32 &times; 10\/100\/1000 Mbps PoE+ RJ45 Ports (Auto Negotiation\/Auto MDI\/MDIX) &#8211; 16 &times; 10\/100\/1000 Mbps non-PoE RJ45 Ports (Auto Negotiation\/Auto MDI\/MDIX) &#8211; 4 &times; Gigabit SFP Slots Puertos PoE (RJ45)&nbsp;&nbsp;&nbsp;&nbsp; &#8211; Standard: 802.3at\/af compliant &#8211; PoE+ Ports: 32 Ports (up to 30 W PoE Output per Port) &#8211; PoE&hellip;&nbsp;TP-Link SG2452LP Switch 32xGb PoE+ 16xGb 4xSFP\" \/>\n<meta property=\"og:url\" content=\"https:\/\/aivlisoft.net\/shop\/producto\/tp-link-sg2452lp-switch-32xgb-poe-16xgb-4xsfp\/\" \/>\n<meta property=\"og:site_name\" content=\"Aivlisoft Inform\u00e1tica\" \/>\n<meta property=\"article:modified_time\" content=\"2025-01-14T11:53:17+00:00\" \/>\n<meta property=\"og:image\" content=\"https:\/\/aivlisoft.net\/shop\/wp-content\/uploads\/2025\/01\/NSWSAR0426_800.jpg\" \/>\n\t<meta property=\"og:image:width\" content=\"800\" \/>\n\t<meta property=\"og:image:height\" content=\"800\" \/>\n\t<meta property=\"og:image:type\" content=\"image\/jpeg\" \/>\n<meta name=\"twitter:card\" content=\"summary_large_image\" \/>\n<meta name=\"twitter:label1\" content=\"Tiempo de lectura\" \/>\n\t<meta name=\"twitter:data1\" content=\"5 minutos\" \/>\n<script type=\"application\/ld+json\" class=\"yoast-schema-graph\">{\"@context\":\"https:\/\/schema.org\",\"@graph\":[{\"@type\":\"WebPage\",\"@id\":\"https:\/\/aivlisoft.net\/shop\/producto\/tp-link-sg2452lp-switch-32xgb-poe-16xgb-4xsfp\/\",\"url\":\"https:\/\/aivlisoft.net\/shop\/producto\/tp-link-sg2452lp-switch-32xgb-poe-16xgb-4xsfp\/\",\"name\":\"TP-Link SG2452LP Switch 32xGb PoE+ 16xGb 4xSFP - Aivlisoft Inform\u00e1tica\",\"isPartOf\":{\"@id\":\"https:\/\/aivlisoft.net\/shop\/#website\"},\"primaryImageOfPage\":{\"@id\":\"https:\/\/aivlisoft.net\/shop\/producto\/tp-link-sg2452lp-switch-32xgb-poe-16xgb-4xsfp\/#primaryimage\"},\"image\":{\"@id\":\"https:\/\/aivlisoft.net\/shop\/producto\/tp-link-sg2452lp-switch-32xgb-poe-16xgb-4xsfp\/#primaryimage\"},\"thumbnailUrl\":\"https:\/\/aivlisoft.net\/shop\/wp-content\/uploads\/2025\/01\/NSWSAR0426_800.jpg\",\"datePublished\":\"2025-01-13T15:48:05+00:00\",\"dateModified\":\"2025-01-14T11:53:17+00:00\",\"breadcrumb\":{\"@id\":\"https:\/\/aivlisoft.net\/shop\/producto\/tp-link-sg2452lp-switch-32xgb-poe-16xgb-4xsfp\/#breadcrumb\"},\"inLanguage\":\"es\",\"potentialAction\":[{\"@type\":\"ReadAction\",\"target\":[\"https:\/\/aivlisoft.net\/shop\/producto\/tp-link-sg2452lp-switch-32xgb-poe-16xgb-4xsfp\/\"]}]},{\"@type\":\"ImageObject\",\"inLanguage\":\"es\",\"@id\":\"https:\/\/aivlisoft.net\/shop\/producto\/tp-link-sg2452lp-switch-32xgb-poe-16xgb-4xsfp\/#primaryimage\",\"url\":\"https:\/\/aivlisoft.net\/shop\/wp-content\/uploads\/2025\/01\/NSWSAR0426_800.jpg\",\"contentUrl\":\"https:\/\/aivlisoft.net\/shop\/wp-content\/uploads\/2025\/01\/NSWSAR0426_800.jpg\",\"width\":800,\"height\":800},{\"@type\":\"BreadcrumbList\",\"@id\":\"https:\/\/aivlisoft.net\/shop\/producto\/tp-link-sg2452lp-switch-32xgb-poe-16xgb-4xsfp\/#breadcrumb\",\"itemListElement\":[{\"@type\":\"ListItem\",\"position\":1,\"name\":\"Portada\",\"item\":\"https:\/\/aivlisoft.net\/shop\/\"},{\"@type\":\"ListItem\",\"position\":2,\"name\":\"Tienda\",\"item\":\"https:\/\/aivlisoft.net\/shop\/tienda\/\"},{\"@type\":\"ListItem\",\"position\":3,\"name\":\"TP-Link SG2452LP Switch 32xGb PoE+ 16xGb 4xSFP\"}]},{\"@type\":\"WebSite\",\"@id\":\"https:\/\/aivlisoft.net\/shop\/#website\",\"url\":\"https:\/\/aivlisoft.net\/shop\/\",\"name\":\"Aivlisoft Inform\u00e1tica\",\"description\":\"En Aivlisoft Inform\u00e1tica ofrecemos soluciones tecnol\u00f3gicas para empresas: venta de ordenadores, consumibles, perif\u00e9ricos y m\u00e1s. Calidad, atenci\u00f3n personalizada y los mejores precios para tu negocio.\",\"publisher\":{\"@id\":\"https:\/\/aivlisoft.net\/shop\/#organization\"},\"potentialAction\":[{\"@type\":\"SearchAction\",\"target\":{\"@type\":\"EntryPoint\",\"urlTemplate\":\"https:\/\/aivlisoft.net\/shop\/?s={search_term_string}\"},\"query-input\":{\"@type\":\"PropertyValueSpecification\",\"valueRequired\":true,\"valueName\":\"search_term_string\"}}],\"inLanguage\":\"es\"},{\"@type\":\"Organization\",\"@id\":\"https:\/\/aivlisoft.net\/shop\/#organization\",\"name\":\"Aivlisoft Inform\u00e1tica\",\"url\":\"https:\/\/aivlisoft.net\/shop\/\",\"logo\":{\"@type\":\"ImageObject\",\"inLanguage\":\"es\",\"@id\":\"https:\/\/aivlisoft.net\/shop\/#\/schema\/logo\/image\/\",\"url\":\"https:\/\/aivlisoft.net\/shop\/wp-content\/uploads\/2024\/12\/removal.ai_5b848c54-0cdf-4140-95c5-c5536bb7573b-logodef.png\",\"contentUrl\":\"https:\/\/aivlisoft.net\/shop\/wp-content\/uploads\/2024\/12\/removal.ai_5b848c54-0cdf-4140-95c5-c5536bb7573b-logodef.png\",\"width\":484,\"height\":182,\"caption\":\"Aivlisoft Inform\u00e1tica\"},\"image\":{\"@id\":\"https:\/\/aivlisoft.net\/shop\/#\/schema\/logo\/image\/\"}}]}<\/script>\n<!-- \/ Yoast SEO plugin. -->","yoast_head_json":{"title":"TP-Link SG2452LP Switch 32xGb PoE+ 16xGb 4xSFP - Aivlisoft Inform\u00e1tica","robots":{"index":"index","follow":"follow","max-snippet":"max-snippet:-1","max-image-preview":"max-image-preview:large","max-video-preview":"max-video-preview:-1"},"canonical":"https:\/\/aivlisoft.net\/shop\/producto\/tp-link-sg2452lp-switch-32xgb-poe-16xgb-4xsfp\/","og_locale":"es_ES","og_type":"article","og_title":"TP-Link SG2452LP Switch 32xGb PoE+ 16xGb 4xSFP - Aivlisoft Inform\u00e1tica","og_description":"Marca TP-Link Modelo SG2452LP Puertos &#8211; 32 &times; 10\/100\/1000 Mbps PoE+ RJ45 Ports (Auto Negotiation\/Auto MDI\/MDIX) &#8211; 16 &times; 10\/100\/1000 Mbps non-PoE RJ45 Ports (Auto Negotiation\/Auto MDI\/MDIX) &#8211; 4 &times; Gigabit SFP Slots Puertos PoE (RJ45)&nbsp;&nbsp;&nbsp;&nbsp; &#8211; Standard: 802.3at\/af compliant &#8211; PoE+ Ports: 32 Ports (up to 30 W PoE Output per Port) &#8211; PoE&hellip;&nbsp;TP-Link SG2452LP Switch 32xGb PoE+ 16xGb 4xSFP","og_url":"https:\/\/aivlisoft.net\/shop\/producto\/tp-link-sg2452lp-switch-32xgb-poe-16xgb-4xsfp\/","og_site_name":"Aivlisoft Inform\u00e1tica","article_modified_time":"2025-01-14T11:53:17+00:00","og_image":[{"width":800,"height":800,"url":"https:\/\/aivlisoft.net\/shop\/wp-content\/uploads\/2025\/01\/NSWSAR0426_800.jpg","type":"image\/jpeg"}],"twitter_card":"summary_large_image","twitter_misc":{"Tiempo de lectura":"5 minutos"},"schema":{"@context":"https:\/\/schema.org","@graph":[{"@type":"WebPage","@id":"https:\/\/aivlisoft.net\/shop\/producto\/tp-link-sg2452lp-switch-32xgb-poe-16xgb-4xsfp\/","url":"https:\/\/aivlisoft.net\/shop\/producto\/tp-link-sg2452lp-switch-32xgb-poe-16xgb-4xsfp\/","name":"TP-Link SG2452LP Switch 32xGb PoE+ 16xGb 4xSFP - Aivlisoft Inform\u00e1tica","isPartOf":{"@id":"https:\/\/aivlisoft.net\/shop\/#website"},"primaryImageOfPage":{"@id":"https:\/\/aivlisoft.net\/shop\/producto\/tp-link-sg2452lp-switch-32xgb-poe-16xgb-4xsfp\/#primaryimage"},"image":{"@id":"https:\/\/aivlisoft.net\/shop\/producto\/tp-link-sg2452lp-switch-32xgb-poe-16xgb-4xsfp\/#primaryimage"},"thumbnailUrl":"https:\/\/aivlisoft.net\/shop\/wp-content\/uploads\/2025\/01\/NSWSAR0426_800.jpg","datePublished":"2025-01-13T15:48:05+00:00","dateModified":"2025-01-14T11:53:17+00:00","breadcrumb":{"@id":"https:\/\/aivlisoft.net\/shop\/producto\/tp-link-sg2452lp-switch-32xgb-poe-16xgb-4xsfp\/#breadcrumb"},"inLanguage":"es","potentialAction":[{"@type":"ReadAction","target":["https:\/\/aivlisoft.net\/shop\/producto\/tp-link-sg2452lp-switch-32xgb-poe-16xgb-4xsfp\/"]}]},{"@type":"ImageObject","inLanguage":"es","@id":"https:\/\/aivlisoft.net\/shop\/producto\/tp-link-sg2452lp-switch-32xgb-poe-16xgb-4xsfp\/#primaryimage","url":"https:\/\/aivlisoft.net\/shop\/wp-content\/uploads\/2025\/01\/NSWSAR0426_800.jpg","contentUrl":"https:\/\/aivlisoft.net\/shop\/wp-content\/uploads\/2025\/01\/NSWSAR0426_800.jpg","width":800,"height":800},{"@type":"BreadcrumbList","@id":"https:\/\/aivlisoft.net\/shop\/producto\/tp-link-sg2452lp-switch-32xgb-poe-16xgb-4xsfp\/#breadcrumb","itemListElement":[{"@type":"ListItem","position":1,"name":"Portada","item":"https:\/\/aivlisoft.net\/shop\/"},{"@type":"ListItem","position":2,"name":"Tienda","item":"https:\/\/aivlisoft.net\/shop\/tienda\/"},{"@type":"ListItem","position":3,"name":"TP-Link SG2452LP Switch 32xGb PoE+ 16xGb 4xSFP"}]},{"@type":"WebSite","@id":"https:\/\/aivlisoft.net\/shop\/#website","url":"https:\/\/aivlisoft.net\/shop\/","name":"Aivlisoft Inform\u00e1tica","description":"En Aivlisoft Inform\u00e1tica ofrecemos soluciones tecnol\u00f3gicas para empresas: venta de ordenadores, consumibles, perif\u00e9ricos y m\u00e1s. Calidad, atenci\u00f3n personalizada y los mejores precios para tu negocio.","publisher":{"@id":"https:\/\/aivlisoft.net\/shop\/#organization"},"potentialAction":[{"@type":"SearchAction","target":{"@type":"EntryPoint","urlTemplate":"https:\/\/aivlisoft.net\/shop\/?s={search_term_string}"},"query-input":{"@type":"PropertyValueSpecification","valueRequired":true,"valueName":"search_term_string"}}],"inLanguage":"es"},{"@type":"Organization","@id":"https:\/\/aivlisoft.net\/shop\/#organization","name":"Aivlisoft Inform\u00e1tica","url":"https:\/\/aivlisoft.net\/shop\/","logo":{"@type":"ImageObject","inLanguage":"es","@id":"https:\/\/aivlisoft.net\/shop\/#\/schema\/logo\/image\/","url":"https:\/\/aivlisoft.net\/shop\/wp-content\/uploads\/2024\/12\/removal.ai_5b848c54-0cdf-4140-95c5-c5536bb7573b-logodef.png","contentUrl":"https:\/\/aivlisoft.net\/shop\/wp-content\/uploads\/2024\/12\/removal.ai_5b848c54-0cdf-4140-95c5-c5536bb7573b-logodef.png","width":484,"height":182,"caption":"Aivlisoft Inform\u00e1tica"},"image":{"@id":"https:\/\/aivlisoft.net\/shop\/#\/schema\/logo\/image\/"}}]}},"_links":{"self":[{"href":"https:\/\/aivlisoft.net\/shop\/wp-json\/wp\/v2\/product\/20911","targetHints":{"allow":["GET"]}}],"collection":[{"href":"https:\/\/aivlisoft.net\/shop\/wp-json\/wp\/v2\/product"}],"about":[{"href":"https:\/\/aivlisoft.net\/shop\/wp-json\/wp\/v2\/types\/product"}],"wp:featuredmedia":[{"embeddable":true,"href":"https:\/\/aivlisoft.net\/shop\/wp-json\/wp\/v2\/media\/20912"}],"wp:attachment":[{"href":"https:\/\/aivlisoft.net\/shop\/wp-json\/wp\/v2\/media?parent=20911"}],"wp:term":[{"taxonomy":"product_brand","embeddable":true,"href":"https:\/\/aivlisoft.net\/shop\/wp-json\/wp\/v2\/product_brand?post=20911"},{"taxonomy":"product_cat","embeddable":true,"href":"https:\/\/aivlisoft.net\/shop\/wp-json\/wp\/v2\/product_cat?post=20911"},{"taxonomy":"product_tag","embeddable":true,"href":"https:\/\/aivlisoft.net\/shop\/wp-json\/wp\/v2\/product_tag?post=20911"}],"curies":[{"name":"wp","href":"https:\/\/api.w.org\/{rel}","templated":true}]}}